[INFO] cloning repository https://github.com/realaravinth/cache-buster
[INFO] running `Command { std: "git" "-c" "credential.helper=" "-c" "credential.helper=/workspace/cargo-home/bin/git-credential-null" "clone" "--bare" "https://github.com/realaravinth/cache-buster" "/workspace/cache/git-repos/https%3A%2F%2Fgithub.com%2Frealaravinth%2Fcache-buster", kill_on_drop: false }`
[INFO] [stderr] Cloning into bare repository '/workspace/cache/git-repos/https%3A%2F%2Fgithub.com%2Frealaravinth%2Fcache-buster'...
[INFO] running `Command { std: "git" "rev-parse" "HEAD", kill_on_drop: false }`
[INFO] [stdout] 7ca4545722fb99be30698a5e72c7d982a70fa11f
[INFO] testing realaravinth/cache-buster against nightly-2025-01-18 for randomize-layout-2
[INFO] running `Command { std: "git" "clone" "/workspace/cache/git-repos/https%3A%2F%2Fgithub.com%2Frealaravinth%2Fcache-buster" "/workspace/builds/worker-6-tc1/source", kill_on_drop: false }`
[INFO] [stderr] Cloning into '/workspace/builds/worker-6-tc1/source'...
[INFO] [stderr] done.
[INFO] validating manifest of git repo https://github.com/realaravinth/cache-buster on toolchain nightly-2025-01-18
[INFO] running `Command { std: CARGO_HOME="/workspace/cargo-home" RUSTUP_HOME="/workspace/rustup-home" "/workspace/cargo-home/bin/cargo" "+nightly-2025-01-18" "metadata" "--manifest-path" "Cargo.toml" "--no-deps", kill_on_drop: false }`
[INFO] started tweaking git repo https://github.com/realaravinth/cache-buster
[INFO] finished tweaking git repo https://github.com/realaravinth/cache-buster
[INFO] tweaked toml for git repo https://github.com/realaravinth/cache-buster written to /workspace/builds/worker-6-tc1/source/Cargo.toml
[INFO] crate git repo https://github.com/realaravinth/cache-buster already has a lockfile, it will not be regenerated
[INFO] running `Command { std: CARGO_HOME="/workspace/cargo-home" RUSTUP_HOME="/workspace/rustup-home" "/workspace/cargo-home/bin/cargo" "+nightly-2025-01-18" "fetch" "--manifest-path" "Cargo.toml", kill_on_drop: false }`
[INFO] [stderr]     Blocking waiting for file lock on package cache
[INFO] running `Command { std: "docker" "create" "-v" "/var/lib/crater-agent-workspace/builds/worker-6-tc1/target:/opt/rustwide/target:rw,Z" "-v" "/var/lib/crater-agent-workspace/builds/worker-6-tc1/source:/opt/rustwide/workdir:ro,Z" "-v" "/var/lib/crater-agent-workspace/cargo-home:/opt/rustwide/cargo-home:ro,Z" "-v" "/var/lib/crater-agent-workspace/rustup-home:/opt/rustwide/rustup-home:ro,Z" "-e" "SOURCE_DIR=/opt/rustwide/workdir" "-e" "CARGO_TARGET_DIR=/opt/rustwide/target" "-e" "CARGO_HOME=/opt/rustwide/cargo-home" "-e" "RUSTUP_HOME=/opt/rustwide/rustup-home" "-w" "/opt/rustwide/workdir" "-m" "1610612736" "--user" "0:0" "--network" "none" "ghcr.io/rust-lang/crates-build-env/linux@sha256:819108c5571ea2e421544af4d832f968d213c87fbe3707a016657f43d2f853bc" "/opt/rustwide/cargo-home/bin/cargo" "+nightly-2025-01-18" "metadata" "--no-deps" "--format-version=1", kill_on_drop: false }`
[INFO] [stdout] cda94a7f43dd48cd98f0e3e656b16cadaac46b33d9e224b013eb8001733cccf6
[INFO] running `Command { std: "docker" "start" "-a" "cda94a7f43dd48cd98f0e3e656b16cadaac46b33d9e224b013eb8001733cccf6", kill_on_drop: false }`
[INFO] running `Command { std: "docker" "inspect" "cda94a7f43dd48cd98f0e3e656b16cadaac46b33d9e224b013eb8001733cccf6", kill_on_drop: false }`
[INFO] running `Command { std: "docker" "rm" "-f" "cda94a7f43dd48cd98f0e3e656b16cadaac46b33d9e224b013eb8001733cccf6", kill_on_drop: false }`
[INFO] [stdout] cda94a7f43dd48cd98f0e3e656b16cadaac46b33d9e224b013eb8001733cccf6
[INFO] running `Command { std: "docker" "create" "-v" "/var/lib/crater-agent-workspace/builds/worker-6-tc1/target:/opt/rustwide/target:rw,Z" "-v" "/var/lib/crater-agent-workspace/builds/worker-6-tc1/source:/opt/rustwide/workdir:ro,Z" "-v" "/var/lib/crater-agent-workspace/cargo-home:/opt/rustwide/cargo-home:ro,Z" "-v" "/var/lib/crater-agent-workspace/rustup-home:/opt/rustwide/rustup-home:ro,Z" "-e" "SOURCE_DIR=/opt/rustwide/workdir" "-e" "CARGO_TARGET_DIR=/opt/rustwide/target" "-e" "CARGO_INCREMENTAL=0" "-e" "RUST_BACKTRACE=full" "-e" "RUSTFLAGS=--cap-lints=forbid" "-e" "RUSTDOCFLAGS=--cap-lints=forbid" "-e" "CARGO_HOME=/opt/rustwide/cargo-home" "-e" "RUSTUP_HOME=/opt/rustwide/rustup-home" "-w" "/opt/rustwide/workdir" "-m" "1610612736" "--user" "0:0" "--network" "none" "ghcr.io/rust-lang/crates-build-env/linux@sha256:819108c5571ea2e421544af4d832f968d213c87fbe3707a016657f43d2f853bc" "/opt/rustwide/cargo-home/bin/cargo" "+nightly-2025-01-18" "build" "--frozen" "--message-format=json", kill_on_drop: false }`
[INFO] [stdout] 31c26c0b1fd77015ef9de3148829c9ae33a29f89d13c84a0ecde5b0c7f35f2e7
[INFO] running `Command { std: "docker" "start" "-a" "31c26c0b1fd77015ef9de3148829c9ae33a29f89d13c84a0ecde5b0c7f35f2e7", kill_on_drop: false }`
[INFO] [stderr]    Compiling proc-macro2 v1.0.38
[INFO] [stderr]    Compiling version_check v0.9.4
[INFO] [stderr]    Compiling unicode-xid v0.2.3
[INFO] [stderr]    Compiling syn v1.0.92
[INFO] [stderr]    Compiling typenum v1.15.0
[INFO] [stderr]    Compiling fnv v1.0.7
[INFO] [stderr]    Compiling strsim v0.10.0
[INFO] [stderr]    Compiling ident_case v1.0.1
[INFO] [stderr]    Compiling serde_derive v1.0.137
[INFO] [stderr]    Compiling serde v1.0.137
[INFO] [stderr]    Compiling serde_json v1.0.81
[INFO] [stderr]    Compiling cfg-if v1.0.0
[INFO] [stderr]    Compiling same-file v1.0.6
[INFO] [stderr]    Compiling ryu v1.0.9
[INFO] [stderr]    Compiling cpufeatures v0.2.2
[INFO] [stderr]    Compiling mime v0.3.16
[INFO] [stderr]    Compiling itoa v1.0.1
[INFO] [stderr]    Compiling data-encoding v2.3.2
[INFO] [stderr]    Compiling walkdir v2.3.2
[INFO] [stderr]    Compiling generic-array v0.14.5
[INFO] [stderr]    Compiling unicase v2.6.0
[INFO] [stderr]    Compiling mime_guess v2.0.4
[INFO] [stderr]    Compiling quote v1.0.18
[INFO] [stderr]    Compiling crypto-common v0.1.3
[INFO] [stderr]    Compiling block-buffer v0.10.2
[INFO] [stderr]    Compiling digest v0.10.3
[INFO] [stderr]    Compiling sha2 v0.10.2
[INFO] [stderr]    Compiling darling_core v0.14.1
[INFO] [stderr]    Compiling darling_macro v0.14.1
[INFO] [stderr]    Compiling darling v0.14.1
[INFO] [stderr]    Compiling derive_builder_core v0.11.2
[INFO] [stderr]    Compiling derive_builder_macro v0.11.2
[INFO] [stderr]    Compiling derive_builder v0.11.2
[INFO] [stderr]    Compiling cache-buster v0.2.0 (/opt/rustwide/workdir)
[INFO] [stderr]     Finished `dev` profile [unoptimized + debuginfo] target(s) in 16.11s
[INFO] running `Command { std: "docker" "inspect" "31c26c0b1fd77015ef9de3148829c9ae33a29f89d13c84a0ecde5b0c7f35f2e7", kill_on_drop: false }`
[INFO] running `Command { std: "docker" "rm" "-f" "31c26c0b1fd77015ef9de3148829c9ae33a29f89d13c84a0ecde5b0c7f35f2e7", kill_on_drop: false }`
[INFO] [stdout] 31c26c0b1fd77015ef9de3148829c9ae33a29f89d13c84a0ecde5b0c7f35f2e7
[INFO] running `Command { std: "docker" "create" "-v" "/var/lib/crater-agent-workspace/builds/worker-6-tc1/target:/opt/rustwide/target:rw,Z" "-v" "/var/lib/crater-agent-workspace/builds/worker-6-tc1/source:/opt/rustwide/workdir:ro,Z" "-v" "/var/lib/crater-agent-workspace/cargo-home:/opt/rustwide/cargo-home:ro,Z" "-v" "/var/lib/crater-agent-workspace/rustup-home:/opt/rustwide/rustup-home:ro,Z" "-e" "SOURCE_DIR=/opt/rustwide/workdir" "-e" "CARGO_TARGET_DIR=/opt/rustwide/target" "-e" "CARGO_INCREMENTAL=0" "-e" "RUST_BACKTRACE=full" "-e" "RUSTFLAGS=--cap-lints=forbid" "-e" "RUSTDOCFLAGS=--cap-lints=forbid" "-e" "CARGO_HOME=/opt/rustwide/cargo-home" "-e" "RUSTUP_HOME=/opt/rustwide/rustup-home" "-w" "/opt/rustwide/workdir" "-m" "1610612736" "--user" "0:0" "--network" "none" "ghcr.io/rust-lang/crates-build-env/linux@sha256:819108c5571ea2e421544af4d832f968d213c87fbe3707a016657f43d2f853bc" "/opt/rustwide/cargo-home/bin/cargo" "+nightly-2025-01-18" "test" "--frozen" "--no-run" "--message-format=json", kill_on_drop: false }`
[INFO] [stdout] 600b2752c0bc7acdefcc692a2186c591bb0fc625b5c4fc882da7fd3d4adf2331
[INFO] running `Command { std: "docker" "start" "-a" "600b2752c0bc7acdefcc692a2186c591bb0fc625b5c4fc882da7fd3d4adf2331", kill_on_drop: false }`
[INFO] [stderr]    Compiling cache-buster v0.2.0 (/opt/rustwide/workdir)
[INFO] [stdout] warning: missing documentation for a module
[INFO] [stdout]    --> src/processor.rs:341:1
[INFO] [stdout]     |
[INFO] [stdout] 341 | pub mod tests {
[INFO] [stdout]     | ^^^^^^^^^^^^^
[INFO] [stdout]     |
[INFO] [stdout] note: the lint level is defined here
[INFO] [stdout]    --> src/lib.rs:7:9
[INFO] [stdout]     |
[INFO] [stdout] 7   | #![warn(missing_docs, missing_debug_implementations, rust_2018_idioms)]
[INFO] [stdout]     |         ^^^^^^^^^^^^
[INFO] [stdout] 
[INFO] [stdout] 
[INFO] [stdout] warning: missing documentation for a function
[INFO] [stdout]    --> src/processor.rs:344:5
[INFO] [stdout]     |
[INFO] [stdout] 344 |     pub fn cleanup(config: &Buster<'_>) {
[INFO] [stdout]     |     ^^^^^^^^^^^^^^^^^^^^^^^^^^^^^^^^^^^
[INFO] [stdout] 
[INFO] [stdout] 
[INFO] [stdout] warning: missing documentation for a function
[INFO] [stdout]    --> src/processor.rs:349:5
[INFO] [stdout]     |
[INFO] [stdout] 349 |     pub fn delete_file() {
[INFO] [stdout]     |     ^^^^^^^^^^^^^^^^^^^^
[INFO] [stdout] 
[INFO] [stdout] 
[INFO] [stdout] warning: missing documentation for a function
[INFO] [stdout]    --> src/processor.rs:522:5
[INFO] [stdout]     |
[INFO] [stdout] 522 |     pub fn runner() {
[INFO] [stdout]     |     ^^^^^^^^^^^^^^^
[INFO] [stdout] 
[INFO] [stdout] 
[INFO] [stderr]     Finished `test` profile [unoptimized + debuginfo] target(s) in 0.97s
[INFO] running `Command { std: "docker" "inspect" "600b2752c0bc7acdefcc692a2186c591bb0fc625b5c4fc882da7fd3d4adf2331", kill_on_drop: false }`
[INFO] running `Command { std: "docker" "rm" "-f" "600b2752c0bc7acdefcc692a2186c591bb0fc625b5c4fc882da7fd3d4adf2331", kill_on_drop: false }`
[INFO] [stdout] 600b2752c0bc7acdefcc692a2186c591bb0fc625b5c4fc882da7fd3d4adf2331
[INFO] running `Command { std: "docker" "create" "-v" "/var/lib/crater-agent-workspace/builds/worker-6-tc1/target:/opt/rustwide/target:rw,Z" "-v" "/var/lib/crater-agent-workspace/builds/worker-6-tc1/source:/opt/rustwide/workdir:ro,Z" "-v" "/var/lib/crater-agent-workspace/cargo-home:/opt/rustwide/cargo-home:ro,Z" "-v" "/var/lib/crater-agent-workspace/rustup-home:/opt/rustwide/rustup-home:ro,Z" "-e" "SOURCE_DIR=/opt/rustwide/workdir" "-e" "CARGO_TARGET_DIR=/opt/rustwide/target" "-e" "CARGO_INCREMENTAL=0" "-e" "RUST_BACKTRACE=full" "-e" "RUSTFLAGS=--cap-lints=forbid" "-e" "RUSTDOCFLAGS=--cap-lints=forbid" "-e" "CARGO_HOME=/opt/rustwide/cargo-home" "-e" "RUSTUP_HOME=/opt/rustwide/rustup-home" "-w" "/opt/rustwide/workdir" "-m" "1610612736" "--user" "0:0" "--network" "none" "ghcr.io/rust-lang/crates-build-env/linux@sha256:819108c5571ea2e421544af4d832f968d213c87fbe3707a016657f43d2f853bc" "/opt/rustwide/cargo-home/bin/cargo" "+nightly-2025-01-18" "test" "--frozen", kill_on_drop: false }`
[INFO] [stdout] cdc0f3c9649699e4c8f8ede93f7a5b3c42fd2812c998dbdcf2f6af8c5a65b1de
[INFO] running `Command { std: "docker" "start" "-a" "cdc0f3c9649699e4c8f8ede93f7a5b3c42fd2812c998dbdcf2f6af8c5a65b1de", kill_on_drop: false }`
[INFO] [stderr] warning: missing documentation for a module
[INFO] [stderr]    --> src/processor.rs:341:1
[INFO] [stderr]     |
[INFO] [stderr] 341 | pub mod tests {
[INFO] [stderr]     | ^^^^^^^^^^^^^
[INFO] [stderr]     |
[INFO] [stderr] note: the lint level is defined here
[INFO] [stderr]    --> src/lib.rs:7:9
[INFO] [stderr]     |
[INFO] [stderr] 7   | #![warn(missing_docs, missing_debug_implementations, rust_2018_idioms)]
[INFO] [stderr]     |         ^^^^^^^^^^^^
[INFO] [stderr] 
[INFO] [stderr] warning: missing documentation for a function
[INFO] [stderr]    --> src/processor.rs:344:5
[INFO] [stderr]     |
[INFO] [stderr] 344 |     pub fn cleanup(config: &Buster<'_>) {
[INFO] [stderr]     |     ^^^^^^^^^^^^^^^^^^^^^^^^^^^^^^^^^^^
[INFO] [stderr] 
[INFO] [stderr] warning: missing documentation for a function
[INFO] [stderr]    --> src/processor.rs:349:5
[INFO] [stderr]     |
[INFO] [stderr] 349 |     pub fn delete_file() {
[INFO] [stderr]     |     ^^^^^^^^^^^^^^^^^^^^
[INFO] [stderr] 
[INFO] [stderr] warning: missing documentation for a function
[INFO] [stderr]    --> src/processor.rs:522:5
[INFO] [stderr]     |
[INFO] [stderr] 522 |     pub fn runner() {
[INFO] [stderr]     |     ^^^^^^^^^^^^^^^
[INFO] [stderr] 
[INFO] [stderr] warning: `cache-buster` (lib test) generated 4 warnings
[INFO] [stderr]     Finished `test` profile [unoptimized + debuginfo] target(s) in 0.09s
[INFO] [stderr]      Running unittests src/lib.rs (/opt/rustwide/target/debug/deps/cache_buster-4d6b9af17e20d6a0)
[INFO] [stdout] 
[INFO] [stdout] running 2 tests
[INFO] [stdout] test processor::tests::no_hash_validation_works ... ok
[INFO] [stderr] error: test failed, to rerun pass `--lib`
[INFO] [stdout] test filemap::tests::runner ... FAILED
[INFO] [stdout] 
[INFO] [stdout] failures:
[INFO] [stdout] 
[INFO] [stdout] ---- filemap::tests::runner stdout ----
[INFO] [stdout] cargo:rerun-if-changed=./dist
[INFO] [stdout] 
[INFO] [stdout] thread 'filemap::tests::runner' panicked at src/processor.rs:328:50:
[INFO] [stdout] called `Result::unwrap()` on an `Err` value: Os { code: 30, kind: ReadOnlyFilesystem, message: "Read-only file system" }
[INFO] [stdout] stack backtrace:
[INFO] [stdout]    0:     0x5a93bbb8285a - std::backtrace_rs::backtrace::libunwind::trace::hb059275cfc8d6126
[INFO] [stdout]                                at /rustc/6067b36314ab5eb2eb47cecc464545ba58e1ad24/library/std/src/../../backtrace/src/backtrace/libunwind.rs:116:5
[INFO] [stdout]    1:     0x5a93bbb8285a - std::backtrace_rs::backtrace::trace_unsynchronized::h2da071e4327ce3ee
[INFO] [stdout]                                at /rustc/6067b36314ab5eb2eb47cecc464545ba58e1ad24/library/std/src/../../backtrace/src/backtrace/mod.rs:66:5
[INFO] [stdout]    2:     0x5a93bbb8285a - std::sys::backtrace::_print_fmt::h842a1474e6f8d23f
[INFO] [stdout]                                at /rustc/6067b36314ab5eb2eb47cecc464545ba58e1ad24/library/std/src/sys/backtrace.rs:66:9
[INFO] [stdout]    3:     0x5a93bbb8285a - <std::sys::backtrace::BacktraceLock::print::DisplayBacktrace as core::fmt::Display>::fmt::h71a62eb3b9696b12
[INFO] [stdout]                                at /rustc/6067b36314ab5eb2eb47cecc464545ba58e1ad24/library/std/src/sys/backtrace.rs:39:26
[INFO] [stdout]    4:     0x5a93bbbab973 - core::fmt::rt::Argument::fmt::hdb6b616786b41dc1
[INFO] [stdout]                                at /rustc/6067b36314ab5eb2eb47cecc464545ba58e1ad24/library/core/src/fmt/rt.rs:177:76
[INFO] [stdout]    5:     0x5a93bbbab973 - core::fmt::write::h2cc1698af7e2d686
[INFO] [stdout]                                at /rustc/6067b36314ab5eb2eb47cecc464545ba58e1ad24/library/core/src/fmt/mod.rs:1440:21
[INFO] [stdout]    6:     0x5a93bbb7ee13 - std::io::Write::write_fmt::hab1b4cd059a79022
[INFO] [stdout]                                at /rustc/6067b36314ab5eb2eb47cecc464545ba58e1ad24/library/std/src/io/mod.rs:1887:15
[INFO] [stdout]    7:     0x5a93bbb826a2 - std::sys::backtrace::BacktraceLock::print::h147fe35b4ea13b08
[INFO] [stdout]                                at /rustc/6067b36314ab5eb2eb47cecc464545ba58e1ad24/library/std/src/sys/backtrace.rs:42:9
[INFO] [stdout]    8:     0x5a93bbb83c7f - std::panicking::default_hook::{{closure}}::hbd44223dbdc0d208
[INFO] [stdout]                                at /rustc/6067b36314ab5eb2eb47cecc464545ba58e1ad24/library/std/src/panicking.rs:298:22
[INFO] [stdout]    9:     0x5a93bbb83a98 - std::panicking::default_hook::h20f81eb0576efcec
[INFO] [stdout]                                at /rustc/6067b36314ab5eb2eb47cecc464545ba58e1ad24/library/std/src/panicking.rs:322:9
[INFO] [stdout]   10:     0x5a93bbb01863 - <alloc::boxed::Box<F,A> as core::ops::function::Fn<Args>>::call::hdb53814c496a4d34
[INFO] [stdout]                                at /rustc/6067b36314ab5eb2eb47cecc464545ba58e1ad24/library/alloc/src/boxed.rs:2027:9
[INFO] [stdout]   11:     0x5a93bbb01863 - test::test_main::{{closure}}::hc0a4963c59427c24
[INFO] [stdout]                                at /rustc/6067b36314ab5eb2eb47cecc464545ba58e1ad24/library/test/src/lib.rs:134:21
[INFO] [stdout]   12:     0x5a93bbb84773 - <alloc::boxed::Box<F,A> as core::ops::function::Fn<Args>>::call::h591b2225413a77e9
[INFO] [stdout]                                at /rustc/6067b36314ab5eb2eb47cecc464545ba58e1ad24/library/alloc/src/boxed.rs:2027:9
[INFO] [stdout]   13:     0x5a93bbb84773 - std::panicking::rust_panic_with_hook::h625eea43051b2edc
[INFO] [stdout]                                at /rustc/6067b36314ab5eb2eb47cecc464545ba58e1ad24/library/std/src/panicking.rs:839:13
[INFO] [stdout]   14:     0x5a93bbb8442a - std::panicking::begin_panic_handler::{{closure}}::h4f9159cfbc3f6bd3
[INFO] [stdout]                                at /rustc/6067b36314ab5eb2eb47cecc464545ba58e1ad24/library/std/src/panicking.rs:704:13
[INFO] [stdout]   15:     0x5a93bbb82d59 - std::sys::backtrace::__rust_end_short_backtrace::h0390abce48353151
[INFO] [stdout]                                at /rustc/6067b36314ab5eb2eb47cecc464545ba58e1ad24/library/std/src/sys/backtrace.rs:168:18
[INFO] [stdout]   16:     0x5a93bbb840bd - rust_begin_unwind
[INFO] [stdout]                                at /rustc/6067b36314ab5eb2eb47cecc464545ba58e1ad24/library/std/src/panicking.rs:695:5
[INFO] [stdout]   17:     0x5a93bbbaa350 - core::panicking::panic_fmt::h9e7c637e9e5f29c9
[INFO] [stdout]                                at /rustc/6067b36314ab5eb2eb47cecc464545ba58e1ad24/library/core/src/panicking.rs:75:14
[INFO] [stdout]   18:     0x5a93bbbaa7c6 - core::result::unwrap_failed::h7979f09313fe1849
[INFO] [stdout]                                at /rustc/6067b36314ab5eb2eb47cecc464545ba58e1ad24/library/core/src/result.rs:1704:5
[INFO] [stdout]   19:     0x5a93bba943ae - core::result::Result<T,E>::unwrap::h4c322a220b31608b
[INFO] [stdout]                                at /rustc/6067b36314ab5eb2eb47cecc464545ba58e1ad24/library/core/src/result.rs:1109:23
[INFO] [stdout]   20:     0x5a93bba943ae - cache_buster::processor::Files::to_env::ha7cce303d750cf3e
[INFO] [stdout]                                at /opt/rustwide/workdir/src/processor.rs:328:9
[INFO] [stdout]   21:     0x5a93bba91915 - cache_buster::processor::Buster::process::h0dc31439e5de5480
[INFO] [stdout]                                at /opt/rustwide/workdir/src/processor.rs:225:9
[INFO] [stdout]   22:     0x5a93bbaa4fbb - cache_buster::filemap::tests::get_works::hb453b5171922bede
[INFO] [stdout]                                at /opt/rustwide/workdir/src/filemap.rs:132:9
[INFO] [stdout]   23:     0x5a93bbaa5546 - cache_buster::filemap::tests::runner::hf543dea0840c0f55
[INFO] [stdout]                                at /opt/rustwide/workdir/src/filemap.rs:158:9
[INFO] [stdout]   24:     0x5a93bbaa5527 - cache_buster::filemap::tests::runner::{{closure}}::ha4bfc106937fcf16
[INFO] [stdout]                                at /opt/rustwide/workdir/src/filemap.rs:157:20
[INFO] [stdout]   25:     0x5a93bba987e6 - core::ops::function::FnOnce::call_once::h8ae2d02908d4a540
[INFO] [stdout]                                at /rustc/6067b36314ab5eb2eb47cecc464545ba58e1ad24/library/core/src/ops/function.rs:250:5
[INFO] [stdout]   26:     0x5a93bbb06fbb - core::ops::function::FnOnce::call_once::he27718dfdd183f43
[INFO] [stdout]                                at /rustc/6067b36314ab5eb2eb47cecc464545ba58e1ad24/library/core/src/ops/function.rs:250:5
[INFO] [stdout]   27:     0x5a93bbb06fbb - test::__rust_begin_short_backtrace::h4e84902998457a5d
[INFO] [stdout]                                at /rustc/6067b36314ab5eb2eb47cecc464545ba58e1ad24/library/test/src/lib.rs:632:18
[INFO] [stdout]   28:     0x5a93bbb05ef3 - test::run_test_in_process::{{closure}}::h7176fd18fc1feca0
[INFO] [stdout]                                at /rustc/6067b36314ab5eb2eb47cecc464545ba58e1ad24/library/test/src/lib.rs:655:60
[INFO] [stdout]   29:     0x5a93bbb05ef3 - <core::panic::unwind_safe::AssertUnwindSafe<F> as core::ops::function::FnOnce<()>>::call_once::hf79cff2a624d8cf7
[INFO] [stdout]                                at /rustc/6067b36314ab5eb2eb47cecc464545ba58e1ad24/library/core/src/panic/unwind_safe.rs:272:9
[INFO] [stdout]   30:     0x5a93bbb05ef3 - std::panicking::try::do_call::h3da0561d9ab99c25
[INFO] [stdout]                                at /rustc/6067b36314ab5eb2eb47cecc464545ba58e1ad24/library/std/src/panicking.rs:587:40
[INFO] [stdout]   31:     0x5a93bbb05ef3 - std::panicking::try::h41c9fa508bc61df6
[INFO] [stdout]                                at /rustc/6067b36314ab5eb2eb47cecc464545ba58e1ad24/library/std/src/panicking.rs:550:19
[INFO] [stdout]   32:     0x5a93bbb05ef3 - std::panic::catch_unwind::h6b3ff07bb5afad93
[INFO] [stdout]                                at /rustc/6067b36314ab5eb2eb47cecc464545ba58e1ad24/library/std/src/panic.rs:358:14
[INFO] [stdout]   33:     0x5a93bbb05ef3 - test::run_test_in_process::hc7253dd11b39b9f4
[INFO] [stdout]                                at /rustc/6067b36314ab5eb2eb47cecc464545ba58e1ad24/library/test/src/lib.rs:655:27
[INFO] [stdout]   34:     0x5a93bbb05ef3 - test::run_test::{{closure}}::hfb2007f8649c30bb
[INFO] [stdout]                                at /rustc/6067b36314ab5eb2eb47cecc464545ba58e1ad24/library/test/src/lib.rs:576:43
[INFO] [stdout]   35:     0x5a93bbac8fd5 - test::run_test::{{closure}}::h56a17aa7a282a9f4
[INFO] [stdout]                                at /rustc/6067b36314ab5eb2eb47cecc464545ba58e1ad24/library/test/src/lib.rs:606:41
[INFO] [stdout]   36:     0x5a93bbac8fd5 - std::sys::backtrace::__rust_begin_short_backtrace::hd2d2d2fb8e8c6aac
[INFO] [stdout]                                at /rustc/6067b36314ab5eb2eb47cecc464545ba58e1ad24/library/std/src/sys/backtrace.rs:152:18
[INFO] [stdout]   37:     0x5a93bbacc8ba - std::thread::Builder::spawn_unchecked_::{{closure}}::{{closure}}::h4faa3f9db6133423
[INFO] [stdout]                                at /rustc/6067b36314ab5eb2eb47cecc464545ba58e1ad24/library/std/src/thread/mod.rs:559:17
[INFO] [stdout]   38:     0x5a93bbacc8ba - <core::panic::unwind_safe::AssertUnwindSafe<F> as core::ops::function::FnOnce<()>>::call_once::hf2e855a36a4ea846
[INFO] [stdout]                                at /rustc/6067b36314ab5eb2eb47cecc464545ba58e1ad24/library/core/src/panic/unwind_safe.rs:272:9
[INFO] [stdout]   39:     0x5a93bbacc8ba - std::panicking::try::do_call::h2f73af3616c35465
[INFO] [stdout]                                at /rustc/6067b36314ab5eb2eb47cecc464545ba58e1ad24/library/std/src/panicking.rs:587:40
[INFO] [stdout]   40:     0x5a93bbacc8ba - std::panicking::try::hd1660ce9efadef5a
[INFO] [stdout]                                at /rustc/6067b36314ab5eb2eb47cecc464545ba58e1ad24/library/std/src/panicking.rs:550:19
[INFO] [stdout]   41:     0x5a93bbacc8ba - std::panic::catch_unwind::h5ee8d7823b8ca744
[INFO] [stdout]                                at /rustc/6067b36314ab5eb2eb47cecc464545ba58e1ad24/library/std/src/panic.rs:358:14
[INFO] [stdout]   42:     0x5a93bbacc8ba - std::thread::Builder::spawn_unchecked_::{{closure}}::h53c3a1894dce8407
[INFO] [stdout]                                at /rustc/6067b36314ab5eb2eb47cecc464545ba58e1ad24/library/std/src/thread/mod.rs:557:30
[INFO] [stdout]   43:     0x5a93bbacc8ba - core::ops::function::FnOnce::call_once{{vtable.shim}}::h048ce291ad4f62bf
[INFO] [stdout]                                at /rustc/6067b36314ab5eb2eb47cecc464545ba58e1ad24/library/core/src/ops/function.rs:250:5
[INFO] [stdout]   44:     0x5a93bbb89f8b - <alloc::boxed::Box<F,A> as core::ops::function::FnOnce<Args>>::call_once::ha52bedf99a3b4981
[INFO] [stdout]                                at /rustc/6067b36314ab5eb2eb47cecc464545ba58e1ad24/library/alloc/src/boxed.rs:2013:9
[INFO] [stdout]   45:     0x5a93bbb89f8b - <alloc::boxed::Box<F,A> as core::ops::function::FnOnce<Args>>::call_once::h567748934d80ccf8
[INFO] [stdout]                                at /rustc/6067b36314ab5eb2eb47cecc464545ba58e1ad24/library/alloc/src/boxed.rs:2013:9
[INFO] [stdout]   46:     0x5a93bbb89f8b - std::sys::pal::unix::thread::Thread::new::thread_start::h2d970728ae887adc
[INFO] [stdout]                                at /rustc/6067b36314ab5eb2eb47cecc464545ba58e1ad24/library/std/src/sys/pal/unix/thread.rs:106:17
[INFO] [stdout]   47:     0x76324c5c9ac3 - <unknown>
[INFO] [stdout]   48:     0x76324c65aa04 - clone
[INFO] [stdout]   49:                0x0 - <unknown>
[INFO] [stdout] 
[INFO] [stdout] 
[INFO] [stdout] failures:
[INFO] [stdout]     filemap::tests::runner
[INFO] [stdout] 
[INFO] [stdout] test result: FAILED. 1 passed; 1 failed; 0 ignored; 0 measured; 0 filtered out; finished in 0.14s
[INFO] [stdout] 
[INFO] running `Command { std: "docker" "inspect" "cdc0f3c9649699e4c8f8ede93f7a5b3c42fd2812c998dbdcf2f6af8c5a65b1de", kill_on_drop: false }`
[INFO] running `Command { std: "docker" "rm" "-f" "cdc0f3c9649699e4c8f8ede93f7a5b3c42fd2812c998dbdcf2f6af8c5a65b1de", kill_on_drop: false }`
[INFO] [stdout] cdc0f3c9649699e4c8f8ede93f7a5b3c42fd2812c998dbdcf2f6af8c5a65b1de
