[INFO] cloning repository https://github.com/rcorre/spelgud
[INFO] running `Command { std: "git" "-c" "credential.helper=" "-c" "credential.helper=/workspace/cargo-home/bin/git-credential-null" "clone" "--bare" "https://github.com/rcorre/spelgud" "/workspace/cache/git-repos/https%3A%2F%2Fgithub.com%2Frcorre%2Fspelgud", kill_on_drop: false }`
[INFO] [stderr] Cloning into bare repository '/workspace/cache/git-repos/https%3A%2F%2Fgithub.com%2Frcorre%2Fspelgud'...
[INFO] running `Command { std: "git" "rev-parse" "HEAD", kill_on_drop: false }`
[INFO] [stdout] 3c1e72f7ddf090583d66be12eab8ffa620d85b59
[INFO] testing rcorre/spelgud against nightly-2025-01-18 for randomize-layout-2
[INFO] running `Command { std: "git" "clone" "/workspace/cache/git-repos/https%3A%2F%2Fgithub.com%2Frcorre%2Fspelgud" "/workspace/builds/worker-0-tc1/source", kill_on_drop: false }`
[INFO] [stderr] Cloning into '/workspace/builds/worker-0-tc1/source'...
[INFO] [stderr] done.
[INFO] validating manifest of git repo https://github.com/rcorre/spelgud on toolchain nightly-2025-01-18
[INFO] running `Command { std: CARGO_HOME="/workspace/cargo-home" RUSTUP_HOME="/workspace/rustup-home" "/workspace/cargo-home/bin/cargo" "+nightly-2025-01-18" "metadata" "--manifest-path" "Cargo.toml" "--no-deps", kill_on_drop: false }`
[INFO] started tweaking git repo https://github.com/rcorre/spelgud
[INFO] finished tweaking git repo https://github.com/rcorre/spelgud
[INFO] tweaked toml for git repo https://github.com/rcorre/spelgud written to /workspace/builds/worker-0-tc1/source/Cargo.toml
[INFO] crate git repo https://github.com/rcorre/spelgud already has a lockfile, it will not be regenerated
[INFO] running `Command { std: CARGO_HOME="/workspace/cargo-home" RUSTUP_HOME="/workspace/rustup-home" "/workspace/cargo-home/bin/cargo" "+nightly-2025-01-18" "fetch" "--manifest-path" "Cargo.toml", kill_on_drop: false }`
[INFO] [stderr]     Blocking waiting for file lock on package cache
[INFO] [stderr]     Updating crates.io index
[INFO] [stderr]  Downloading crates ...
[INFO] [stderr]   Downloaded lsp-server v0.7.4
[INFO] [stderr]   Downloaded which v6.0.0
[INFO] [stderr]   Downloaded env_logger v0.10.1
[INFO] [stderr]   Downloaded serde_repr v0.1.16
[INFO] [stderr]   Downloaded lsp-types v0.94.1
[INFO] running `Command { std: "docker" "create" "-v" "/var/lib/crater-agent-workspace/builds/worker-0-tc1/target:/opt/rustwide/target:rw,Z" "-v" "/var/lib/crater-agent-workspace/builds/worker-0-tc1/source:/opt/rustwide/workdir:ro,Z" "-v" "/var/lib/crater-agent-workspace/cargo-home:/opt/rustwide/cargo-home:ro,Z" "-v" "/var/lib/crater-agent-workspace/rustup-home:/opt/rustwide/rustup-home:ro,Z" "-e" "SOURCE_DIR=/opt/rustwide/workdir" "-e" "CARGO_TARGET_DIR=/opt/rustwide/target" "-e" "CARGO_HOME=/opt/rustwide/cargo-home" "-e" "RUSTUP_HOME=/opt/rustwide/rustup-home" "-w" "/opt/rustwide/workdir" "-m" "1610612736" "--user" "0:0" "--network" "none" "ghcr.io/rust-lang/crates-build-env/linux@sha256:819108c5571ea2e421544af4d832f968d213c87fbe3707a016657f43d2f853bc" "/opt/rustwide/cargo-home/bin/cargo" "+nightly-2025-01-18" "metadata" "--no-deps" "--format-version=1", kill_on_drop: false }`
[INFO] [stdout] 73364bc7b466208115ca8800b20a210aca5bfd91c8de8e25c368ba1f8bf38729
[INFO] running `Command { std: "docker" "start" "-a" "73364bc7b466208115ca8800b20a210aca5bfd91c8de8e25c368ba1f8bf38729", kill_on_drop: false }`
[INFO] running `Command { std: "docker" "inspect" "73364bc7b466208115ca8800b20a210aca5bfd91c8de8e25c368ba1f8bf38729", kill_on_drop: false }`
[INFO] running `Command { std: "docker" "rm" "-f" "73364bc7b466208115ca8800b20a210aca5bfd91c8de8e25c368ba1f8bf38729", kill_on_drop: false }`
[INFO] [stdout] 73364bc7b466208115ca8800b20a210aca5bfd91c8de8e25c368ba1f8bf38729
[INFO] running `Command { std: "docker" "create" "-v" "/var/lib/crater-agent-workspace/builds/worker-0-tc1/target:/opt/rustwide/target:rw,Z" "-v" "/var/lib/crater-agent-workspace/builds/worker-0-tc1/source:/opt/rustwide/workdir:ro,Z" "-v" "/var/lib/crater-agent-workspace/cargo-home:/opt/rustwide/cargo-home:ro,Z" "-v" "/var/lib/crater-agent-workspace/rustup-home:/opt/rustwide/rustup-home:ro,Z" "-e" "SOURCE_DIR=/opt/rustwide/workdir" "-e" "CARGO_TARGET_DIR=/opt/rustwide/target" "-e" "CARGO_INCREMENTAL=0" "-e" "RUST_BACKTRACE=full" "-e" "RUSTFLAGS=--cap-lints=forbid" "-e" "RUSTDOCFLAGS=--cap-lints=forbid" "-e" "CARGO_HOME=/opt/rustwide/cargo-home" "-e" "RUSTUP_HOME=/opt/rustwide/rustup-home" "-w" "/opt/rustwide/workdir" "-m" "1610612736" "--user" "0:0" "--network" "none" "ghcr.io/rust-lang/crates-build-env/linux@sha256:819108c5571ea2e421544af4d832f968d213c87fbe3707a016657f43d2f853bc" "/opt/rustwide/cargo-home/bin/cargo" "+nightly-2025-01-18" "build" "--frozen" "--message-format=json", kill_on_drop: false }`
[INFO] [stdout] 19e317e06de0076999ab46c5d41c6e92d7385136ea61def9300855d41338208c
[INFO] running `Command { std: "docker" "start" "-a" "19e317e06de0076999ab46c5d41c6e92d7385136ea61def9300855d41338208c", kill_on_drop: false }`
[INFO] [stderr]    Compiling proc-macro2 v1.0.69
[INFO] [stderr]    Compiling serde v1.0.189
[INFO] [stderr]    Compiling crossbeam-utils v0.8.16
[INFO] [stderr]    Compiling serde_json v1.0.107
[INFO] [stderr]    Compiling rustix v0.38.30
[INFO] [stderr]    Compiling ryu v1.0.15
[INFO] [stderr]    Compiling unicode-bidi v0.3.13
[INFO] [stderr]    Compiling itoa v1.0.9
[INFO] [stderr]    Compiling percent-encoding v2.3.0
[INFO] [stderr]    Compiling log v0.4.20
[INFO] [stderr]    Compiling linux-raw-sys v0.4.13
[INFO] [stderr]    Compiling bitflags v2.4.1
[INFO] [stderr]    Compiling either v1.9.0
[INFO] [stderr]    Compiling home v0.5.9
[INFO] [stderr]    Compiling form_urlencoded v1.2.0
[INFO] [stderr]    Compiling env_logger v0.10.1
[INFO] [stderr]    Compiling idna v0.4.0
[INFO] [stderr]    Compiling crossbeam-channel v0.5.8
[INFO] [stderr]    Compiling quote v1.0.33
[INFO] [stderr]    Compiling syn v2.0.38
[INFO] [stderr]    Compiling which v6.0.0
[INFO] [stderr]    Compiling serde_derive v1.0.189
[INFO] [stderr]    Compiling serde_repr v0.1.16
[INFO] [stderr]    Compiling url v2.4.1
[INFO] [stderr]    Compiling lsp-server v0.7.4
[INFO] [stderr]    Compiling lsp-types v0.94.1
[INFO] [stderr]    Compiling spelgud v1.0.1 (/opt/rustwide/workdir)
[INFO] [stdout] warning: unused variable: `uri`
[INFO] [stdout]   --> src/workspace.rs:50:9
[INFO] [stdout]    |
[INFO] [stdout] 50 |         uri: &Url,
[INFO] [stdout]    |         ^^^ help: if this is intentional, prefix it with an underscore: `_uri`
[INFO] [stdout]    |
[INFO] [stdout]    = note: `#[warn(unused_variables)]` on by default
[INFO] [stdout] 
[INFO] [stdout] 
[INFO] [stdout] warning: unused variable: `line`
[INFO] [stdout]   --> src/workspace.rs:51:9
[INFO] [stdout]    |
[INFO] [stdout] 51 |         line: usize,
[INFO] [stdout]    |         ^^^^ help: if this is intentional, prefix it with an underscore: `_line`
[INFO] [stdout] 
[INFO] [stdout] 
[INFO] [stdout] warning: unused variable: `character`
[INFO] [stdout]   --> src/workspace.rs:52:9
[INFO] [stdout]    |
[INFO] [stdout] 52 |         character: usize,
[INFO] [stdout]    |         ^^^^^^^^^ help: if this is intentional, prefix it with an underscore: `_character`
[INFO] [stdout] 
[INFO] [stdout] 
[INFO] [stdout] warning: unused variable: `workspace`
[INFO] [stdout]    --> src/lib.rs:104:5
[INFO] [stdout]     |
[INFO] [stdout] 104 |     workspace: &mut workspace::Workspace,
[INFO] [stdout]     |     ^^^^^^^^^ help: if this is intentional, prefix it with an underscore: `_workspace`
[INFO] [stdout] 
[INFO] [stdout] 
[INFO] [stdout] warning: unused variable: `params`
[INFO] [stdout]    --> src/lib.rs:105:5
[INFO] [stdout]     |
[INFO] [stdout] 105 |     params: ReferenceParams,
[INFO] [stdout]     |     ^^^^^^ help: if this is intentional, prefix it with an underscore: `_params`
[INFO] [stdout] 
[INFO] [stdout] 
[INFO] [stderr]     Finished `dev` profile [unoptimized + debuginfo] target(s) in 38.62s
[INFO] running `Command { std: "docker" "inspect" "19e317e06de0076999ab46c5d41c6e92d7385136ea61def9300855d41338208c", kill_on_drop: false }`
[INFO] running `Command { std: "docker" "rm" "-f" "19e317e06de0076999ab46c5d41c6e92d7385136ea61def9300855d41338208c", kill_on_drop: false }`
[INFO] [stdout] 19e317e06de0076999ab46c5d41c6e92d7385136ea61def9300855d41338208c
[INFO] running `Command { std: "docker" "create" "-v" "/var/lib/crater-agent-workspace/builds/worker-0-tc1/target:/opt/rustwide/target:rw,Z" "-v" "/var/lib/crater-agent-workspace/builds/worker-0-tc1/source:/opt/rustwide/workdir:ro,Z" "-v" "/var/lib/crater-agent-workspace/cargo-home:/opt/rustwide/cargo-home:ro,Z" "-v" "/var/lib/crater-agent-workspace/rustup-home:/opt/rustwide/rustup-home:ro,Z" "-e" "SOURCE_DIR=/opt/rustwide/workdir" "-e" "CARGO_TARGET_DIR=/opt/rustwide/target" "-e" "CARGO_INCREMENTAL=0" "-e" "RUST_BACKTRACE=full" "-e" "RUSTFLAGS=--cap-lints=forbid" "-e" "RUSTDOCFLAGS=--cap-lints=forbid" "-e" "CARGO_HOME=/opt/rustwide/cargo-home" "-e" "RUSTUP_HOME=/opt/rustwide/rustup-home" "-w" "/opt/rustwide/workdir" "-m" "1610612736" "--user" "0:0" "--network" "none" "ghcr.io/rust-lang/crates-build-env/linux@sha256:819108c5571ea2e421544af4d832f968d213c87fbe3707a016657f43d2f853bc" "/opt/rustwide/cargo-home/bin/cargo" "+nightly-2025-01-18" "test" "--frozen" "--no-run" "--message-format=json", kill_on_drop: false }`
[INFO] [stdout] abd6dcdb523d659e541bacc0590091cc3835905d7208bcd44918615e99d458a1
[INFO] running `Command { std: "docker" "start" "-a" "abd6dcdb523d659e541bacc0590091cc3835905d7208bcd44918615e99d458a1", kill_on_drop: false }`
[INFO] [stderr]    Compiling rustix v0.38.30
[INFO] [stderr]    Compiling yansi v0.5.1
[INFO] [stderr]    Compiling fastrand v2.0.1
[INFO] [stderr]    Compiling diff v0.1.13
[INFO] [stderr]    Compiling pretty_assertions v1.4.0
[INFO] [stderr]    Compiling which v6.0.0
[INFO] [stderr]    Compiling tempfile v3.8.1
[INFO] [stderr]    Compiling spelgud v1.0.1 (/opt/rustwide/workdir)
[INFO] [stdout] warning: unused variable: `uri`
[INFO] [stdout]   --> src/workspace.rs:50:9
[INFO] [stdout]    |
[INFO] [stdout] 50 |         uri: &Url,
[INFO] [stdout]    |         ^^^ help: if this is intentional, prefix it with an underscore: `_uri`
[INFO] [stdout]    |
[INFO] [stdout]    = note: `#[warn(unused_variables)]` on by default
[INFO] [stdout] 
[INFO] [stdout] 
[INFO] [stdout] warning: unused variable: `line`
[INFO] [stdout]   --> src/workspace.rs:51:9
[INFO] [stdout]    |
[INFO] [stdout] 51 |         line: usize,
[INFO] [stdout]    |         ^^^^ help: if this is intentional, prefix it with an underscore: `_line`
[INFO] [stdout] 
[INFO] [stdout] 
[INFO] [stdout] warning: unused variable: `character`
[INFO] [stdout]   --> src/workspace.rs:52:9
[INFO] [stdout]    |
[INFO] [stdout] 52 |         character: usize,
[INFO] [stdout]    |         ^^^^^^^^^ help: if this is intentional, prefix it with an underscore: `_character`
[INFO] [stdout] 
[INFO] [stdout] 
[INFO] [stdout] warning: unused variable: `workspace`
[INFO] [stdout]    --> src/lib.rs:104:5
[INFO] [stdout]     |
[INFO] [stdout] 104 |     workspace: &mut workspace::Workspace,
[INFO] [stdout]     |     ^^^^^^^^^ help: if this is intentional, prefix it with an underscore: `_workspace`
[INFO] [stdout] 
[INFO] [stdout] 
[INFO] [stdout] warning: unused variable: `params`
[INFO] [stdout]    --> src/lib.rs:105:5
[INFO] [stdout]     |
[INFO] [stdout] 105 |     params: ReferenceParams,
[INFO] [stdout]     |     ^^^^^^ help: if this is intentional, prefix it with an underscore: `_params`
[INFO] [stdout] 
[INFO] [stdout] 
[INFO] [stdout] warning: unused variable: `uri`
[INFO] [stdout]   --> src/workspace.rs:50:9
[INFO] [stdout]    |
[INFO] [stdout] 50 |         uri: &Url,
[INFO] [stdout]    |         ^^^ help: if this is intentional, prefix it with an underscore: `_uri`
[INFO] [stdout]    |
[INFO] [stdout]    = note: `#[warn(unused_variables)]` on by default
[INFO] [stdout] 
[INFO] [stdout] 
[INFO] [stdout] warning: unused variable: `line`
[INFO] [stdout]   --> src/workspace.rs:51:9
[INFO] [stdout]    |
[INFO] [stdout] 51 |         line: usize,
[INFO] [stdout]    |         ^^^^ help: if this is intentional, prefix it with an underscore: `_line`
[INFO] [stdout] 
[INFO] [stdout] 
[INFO] [stdout] warning: unused variable: `character`
[INFO] [stdout]   --> src/workspace.rs:52:9
[INFO] [stdout]    |
[INFO] [stdout] 52 |         character: usize,
[INFO] [stdout]    |         ^^^^^^^^^ help: if this is intentional, prefix it with an underscore: `_character`
[INFO] [stdout] 
[INFO] [stdout] 
[INFO] [stdout] warning: unused variable: `workspace`
[INFO] [stdout]    --> src/lib.rs:104:5
[INFO] [stdout]     |
[INFO] [stdout] 104 |     workspace: &mut workspace::Workspace,
[INFO] [stdout]     |     ^^^^^^^^^ help: if this is intentional, prefix it with an underscore: `_workspace`
[INFO] [stdout] 
[INFO] [stdout] 
[INFO] [stdout] warning: unused variable: `params`
[INFO] [stdout]    --> src/lib.rs:105:5
[INFO] [stdout]     |
[INFO] [stdout] 105 |     params: ReferenceParams,
[INFO] [stdout]     |     ^^^^^^ help: if this is intentional, prefix it with an underscore: `_params`
[INFO] [stdout] 
[INFO] [stdout] 
[INFO] [stdout] warning: unused import: `CodeAction`
[INFO] [stdout]  --> tests/integration_test.rs:9:5
[INFO] [stdout]   |
[INFO] [stdout] 9 |     CodeAction, CodeActionContext, CodeActionOrCommand, CodeActionParams, CompletionParams,
[INFO] [stdout]   |     ^^^^^^^^^^
[INFO] [stdout]   |
[INFO] [stdout]   = note: `#[warn(unused_imports)]` on by default
[INFO] [stdout] 
[INFO] [stdout] 
[INFO] [stdout] warning: unused import: `std::fmt::Debug`
[INFO] [stdout]   --> tests/integration_test.rs:20:5
[INFO] [stdout]    |
[INFO] [stdout] 20 | use std::fmt::Debug;
[INFO] [stdout]    |     ^^^^^^^^^^^^^^^
[INFO] [stdout] 
[INFO] [stdout] 
[INFO] [stdout] warning: unreachable statement
[INFO] [stdout]    --> tests/integration_test.rs:476:5
[INFO] [stdout]     |
[INFO] [stdout] 474 |       return Ok(());
[INFO] [stdout]     |       ------------- any code following this expression is unreachable
[INFO] [stdout] 475 |
[INFO] [stdout] 476 | /     assert_eq!(
[INFO] [stdout] 477 | |         client.request::<lsp_types::request::References>(lsp_types::ReferenceParams {
[INFO] [stdout] 478 | |             text_document_position: position(example_uri(), "message Foo", 9),
[INFO] [stdout] 479 | |             work_done_progress_params: lsp_types::WorkDoneProgressParams {
[INFO] [stdout] ...   |
[INFO] [stdout] 489 | |         Some(vec![])
[INFO] [stdout] 490 | |     );
[INFO] [stdout]     | |_____^ unreachable statement
[INFO] [stdout]     |
[INFO] [stdout]     = note: `#[warn(unreachable_code)]` on by default
[INFO] [stdout]     = note: this warning originates in the macro `assert_eq` (in Nightly builds, run with -Z macro-backtrace for more info)
[INFO] [stdout] 
[INFO] [stdout] 
[INFO] [stdout] warning: unreachable statement
[INFO] [stdout]    --> tests/integration_test.rs:511:5
[INFO] [stdout]     |
[INFO] [stdout] 509 |       return Ok(());
[INFO] [stdout]     |       ------------- any code following this expression is unreachable
[INFO] [stdout] 510 |
[INFO] [stdout] 511 | /     let Some(lsp_types::CompletionResponse::Array(actual)) = resp else {
[INFO] [stdout] 512 | |         panic!("Unexpected completion response {resp:?}");
[INFO] [stdout] 513 | |     };
[INFO] [stdout]     | |______^ unreachable statement
[INFO] [stdout] 
[INFO] [stdout] 
[INFO] [stdout] warning: variable does not need to be mutable
[INFO] [stdout]    --> tests/integration_test.rs:470:9
[INFO] [stdout]     |
[INFO] [stdout] 470 |     let mut client = TestClient::new()?;
[INFO] [stdout]     |         ----^^^^^^
[INFO] [stdout]     |         |
[INFO] [stdout]     |         help: remove this `mut`
[INFO] [stdout]     |
[INFO] [stdout]     = note: `#[warn(unused_mut)]` on by default
[INFO] [stdout] 
[INFO] [stdout] 
[INFO] [stdout] warning: unused variable: `resp`
[INFO] [stdout]    --> tests/integration_test.rs:500:9
[INFO] [stdout]     |
[INFO] [stdout] 500 |     let resp = client.request::<Completion>(completion_params(
[INFO] [stdout]     |         ^^^^ help: if this is intentional, prefix it with an underscore: `_resp`
[INFO] [stdout]     |
[INFO] [stdout]     = note: `#[warn(unused_variables)]` on by default
[INFO] [stdout] 
[INFO] [stdout] 
[INFO] [stdout] warning: function `sym` is never used
[INFO] [stdout]   --> tests/integration_test.rs:44:4
[INFO] [stdout]    |
[INFO] [stdout] 44 | fn sym(uri: Url, name: &str, text: &str) -> SymbolInformation {
[INFO] [stdout]    |    ^^^
[INFO] [stdout]    |
[INFO] [stdout]    = note: `#[warn(dead_code)]` on by default
[INFO] [stdout] 
[INFO] [stdout] 
[INFO] [stdout] warning: function `goto` is never used
[INFO] [stdout]   --> tests/integration_test.rs:87:4
[INFO] [stdout]    |
[INFO] [stdout] 87 | fn goto(uri: Url, text: &str, column: u32) -> GotoDefinitionParams {
[INFO] [stdout]    |    ^^^^
[INFO] [stdout] 
[INFO] [stdout] 
[INFO] [stderr]     Finished `test` profile [unoptimized + debuginfo] target(s) in 13.87s
[INFO] running `Command { std: "docker" "inspect" "abd6dcdb523d659e541bacc0590091cc3835905d7208bcd44918615e99d458a1", kill_on_drop: false }`
[INFO] running `Command { std: "docker" "rm" "-f" "abd6dcdb523d659e541bacc0590091cc3835905d7208bcd44918615e99d458a1", kill_on_drop: false }`
[INFO] [stdout] abd6dcdb523d659e541bacc0590091cc3835905d7208bcd44918615e99d458a1
[INFO] running `Command { std: "docker" "create" "-v" "/var/lib/crater-agent-workspace/builds/worker-0-tc1/target:/opt/rustwide/target:rw,Z" "-v" "/var/lib/crater-agent-workspace/builds/worker-0-tc1/source:/opt/rustwide/workdir:ro,Z" "-v" "/var/lib/crater-agent-workspace/cargo-home:/opt/rustwide/cargo-home:ro,Z" "-v" "/var/lib/crater-agent-workspace/rustup-home:/opt/rustwide/rustup-home:ro,Z" "-e" "SOURCE_DIR=/opt/rustwide/workdir" "-e" "CARGO_TARGET_DIR=/opt/rustwide/target" "-e" "CARGO_INCREMENTAL=0" "-e" "RUST_BACKTRACE=full" "-e" "RUSTFLAGS=--cap-lints=forbid" "-e" "RUSTDOCFLAGS=--cap-lints=forbid" "-e" "CARGO_HOME=/opt/rustwide/cargo-home" "-e" "RUSTUP_HOME=/opt/rustwide/rustup-home" "-w" "/opt/rustwide/workdir" "-m" "1610612736" "--user" "0:0" "--network" "none" "ghcr.io/rust-lang/crates-build-env/linux@sha256:819108c5571ea2e421544af4d832f968d213c87fbe3707a016657f43d2f853bc" "/opt/rustwide/cargo-home/bin/cargo" "+nightly-2025-01-18" "test" "--frozen", kill_on_drop: false }`
[INFO] [stdout] 582ca4e786d1d065d4ec03e31e1f4cc98fe6dc3c2bebc3e051c93bb79b686088
[INFO] running `Command { std: "docker" "start" "-a" "582ca4e786d1d065d4ec03e31e1f4cc98fe6dc3c2bebc3e051c93bb79b686088", kill_on_drop: false }`
[INFO] [stderr] warning: unused variable: `uri`
[INFO] [stderr]   --> src/workspace.rs:50:9
[INFO] [stderr]    |
[INFO] [stderr] 50 |         uri: &Url,
[INFO] [stderr]    |         ^^^ help: if this is intentional, prefix it with an underscore: `_uri`
[INFO] [stderr]    |
[INFO] [stderr]    = note: `#[warn(unused_variables)]` on by default
[INFO] [stderr] 
[INFO] [stderr] warning: unused variable: `line`
[INFO] [stderr]   --> src/workspace.rs:51:9
[INFO] [stderr]    |
[INFO] [stderr] 51 |         line: usize,
[INFO] [stderr]    |         ^^^^ help: if this is intentional, prefix it with an underscore: `_line`
[INFO] [stderr] 
[INFO] [stderr] warning: unused variable: `character`
[INFO] [stderr]   --> src/workspace.rs:52:9
[INFO] [stderr]    |
[INFO] [stderr] 52 |         character: usize,
[INFO] [stderr]    |         ^^^^^^^^^ help: if this is intentional, prefix it with an underscore: `_character`
[INFO] [stderr] 
[INFO] [stderr] warning: unused variable: `workspace`
[INFO] [stderr]    --> src/lib.rs:104:5
[INFO] [stderr]     |
[INFO] [stderr] 104 |     workspace: &mut workspace::Workspace,
[INFO] [stderr]     |     ^^^^^^^^^ help: if this is intentional, prefix it with an underscore: `_workspace`
[INFO] [stderr] 
[INFO] [stderr] warning: unused variable: `params`
[INFO] [stderr]    --> src/lib.rs:105:5
[INFO] [stderr]     |
[INFO] [stderr] 105 |     params: ReferenceParams,
[INFO] [stderr]     |     ^^^^^^ help: if this is intentional, prefix it with an underscore: `_params`
[INFO] [stderr] 
[INFO] [stderr] warning: `spelgud` (lib) generated 5 warnings
[INFO] [stderr] warning: `spelgud` (lib test) generated 5 warnings (5 duplicates)
[INFO] [stderr] warning: unused import: `CodeAction`
[INFO] [stderr]  --> tests/integration_test.rs:9:5
[INFO] [stderr]   |
[INFO] [stderr] 9 |     CodeAction, CodeActionContext, CodeActionOrCommand, CodeActionParams, CompletionParams,
[INFO] [stderr]   |     ^^^^^^^^^^
[INFO] [stderr]   |
[INFO] [stderr]   = note: `#[warn(unused_imports)]` on by default
[INFO] [stderr] 
[INFO] [stderr] warning: unused import: `std::fmt::Debug`
[INFO] [stderr]   --> tests/integration_test.rs:20:5
[INFO] [stderr]    |
[INFO] [stderr] 20 | use std::fmt::Debug;
[INFO] [stderr]    |     ^^^^^^^^^^^^^^^
[INFO] [stderr] 
[INFO] [stderr] warning: unreachable statement
[INFO] [stderr]    --> tests/integration_test.rs:476:5
[INFO] [stderr]     |
[INFO] [stderr] 474 |       return Ok(());
[INFO] [stderr]     |       ------------- any code following this expression is unreachable
[INFO] [stderr] 475 |
[INFO] [stderr] 476 | /     assert_eq!(
[INFO] [stderr] 477 | |         client.request::<lsp_types::request::References>(lsp_types::ReferenceParams {
[INFO] [stderr] 478 | |             text_document_position: position(example_uri(), "message Foo", 9),
[INFO] [stderr] 479 | |             work_done_progress_params: lsp_types::WorkDoneProgressParams {
[INFO] [stderr] ...   |
[INFO] [stderr] 489 | |         Some(vec![])
[INFO] [stderr] 490 | |     );
[INFO] [stderr]     | |_____^ unreachable statement
[INFO] [stderr]     |
[INFO] [stderr]     = note: `#[warn(unreachable_code)]` on by default
[INFO] [stderr]     = note: this warning originates in the macro `assert_eq` (in Nightly builds, run with -Z macro-backtrace for more info)
[INFO] [stderr] 
[INFO] [stderr] warning: unreachable statement
[INFO] [stderr]    --> tests/integration_test.rs:511:5
[INFO] [stderr]     |
[INFO] [stderr] 509 |       return Ok(());
[INFO] [stderr]     |       ------------- any code following this expression is unreachable
[INFO] [stderr] 510 |
[INFO] [stderr] 511 | /     let Some(lsp_types::CompletionResponse::Array(actual)) = resp else {
[INFO] [stderr] 512 | |         panic!("Unexpected completion response {resp:?}");
[INFO] [stderr] 513 | |     };
[INFO] [stderr]     | |______^ unreachable statement
[INFO] [stderr] 
[INFO] [stderr] warning: variable does not need to be mutable
[INFO] [stderr]    --> tests/integration_test.rs:470:9
[INFO] [stderr]     |
[INFO] [stderr] 470 |     let mut client = TestClient::new()?;
[INFO] [stderr]     |         ----^^^^^^
[INFO] [stderr]     |         |
[INFO] [stderr]     |         help: remove this `mut`
[INFO] [stderr]     |
[INFO] [stderr]     = note: `#[warn(unused_mut)]` on by default
[INFO] [stderr] 
[INFO] [stderr] warning: unused variable: `resp`
[INFO] [stderr]    --> tests/integration_test.rs:500:9
[INFO] [stderr]     |
[INFO] [stderr] 500 |     let resp = client.request::<Completion>(completion_params(
[INFO] [stderr]     |         ^^^^ help: if this is intentional, prefix it with an underscore: `_resp`
[INFO] [stderr]     |
[INFO] [stderr]     = note: `#[warn(unused_variables)]` on by default
[INFO] [stderr] 
[INFO] [stderr] warning: function `sym` is never used
[INFO] [stderr]   --> tests/integration_test.rs:44:4
[INFO] [stderr]    |
[INFO] [stderr] 44 | fn sym(uri: Url, name: &str, text: &str) -> SymbolInformation {
[INFO] [stderr]    |    ^^^
[INFO] [stderr]    |
[INFO] [stderr]    = note: `#[warn(dead_code)]` on by default
[INFO] [stderr] 
[INFO] [stderr] warning: function `goto` is never used
[INFO] [stderr]   --> tests/integration_test.rs:87:4
[INFO] [stderr]    |
[INFO] [stderr] 87 | fn goto(uri: Url, text: &str, column: u32) -> GotoDefinitionParams {
[INFO] [stderr]    |    ^^^^
[INFO] [stderr] 
[INFO] [stderr] warning: `spelgud` (test "integration_test") generated 8 warnings (run `cargo fix --test "integration_test"` to apply 3 suggestions)
[INFO] [stderr]     Finished `test` profile [unoptimized + debuginfo] target(s) in 0.06s
[INFO] [stderr]      Running unittests src/lib.rs (/opt/rustwide/target/debug/deps/spelgud-f552cad30c4fb973)
[INFO] [stdout] 
[INFO] [stdout] running 4 tests
[INFO] [stdout] test file::tests::test_edit ... ok
[INFO] [stdout] test file::tests::test_edit_unicode ... ok
[INFO] [stdout] test file::tests::test_symbols ... ok
[INFO] [stdout] test spell::tests::test_diags ... FAILED
[INFO] [stdout] 
[INFO] [stdout] failures:
[INFO] [stdout] 
[INFO] [stdout] ---- spell::tests::test_diags stdout ----
[INFO] [stdout] test_diags_impl(Some("/usr/bin/aspell"))
[INFO] [stdout] [Diagnostic { range: Range { start: Position { line: 2, character: 4 }, end: Position { line: 2, character: 9 } }, severity: Some(Error), code: None, code_description: None, source: None, message: "kwick", related_information: None, tags: None, data: Some(Object {"fixes": Array [String("kick"), String("wick"), String("Keck"), String("kicky"), String("Kirk"), String("wack"), String("kink"), String("quick"), String("Crick"), String("click"), String("crick"), String("kike"), String("kiwi"), String("wiki"), String("wok"), String("KC"), String("kc"), String("kicker"), String("wicker"), String("Vicki"), String("Vicky"), String("Wicca"), String("wacko"), String("wacky"), String("whack"), String("Vic"), String("WAC"), String("Wac"), String("wig"), String("Pickwick")], "original": String("kwick"), "range": Object {"end": Object {"character": Number(9), "line": Number(2)}, "start": Object {"character": Number(4), "line": Number(2)}}}) }, Diagnostic { range: Range { start: Position { line: 2, character: 36 }, end: Position { line: 2, character: 41 } }, severity: Some(Error), code: None, code_description: None, source: None, message: "lazzy", related_information: None, tags: None, data: Some(Object {"fixes": Array [String("lazy"), String("Lizzy"), String("jazzy"), String("Lacy"), String("lacy"), String("laze"), String("Lacey"), String("lays"), String("lay"), String("lazily"), String("Las"), String("Liz"), String("Luz"), String("Lizzie"), String("lazier"), String("Lady"), String("hazy"), String("jazz"), String("lady"), String("razz"), String("Liza"), String("La's"), String("Laos"), String("Lars"), String("Lucy"), String("la's"), String("lace"), String("lase"), String("lass"), String("laws"), String("lazed"), String("lazes"), String("Lao's"), String("law's"), String("lay's"), String("Lizzy's"), String("laze's")], "original": String("lazzy"), "range": Object {"end": Object {"character": Number(41), "line": Number(2)}, "start": Object {"character": Number(36), "line": Number(2)}}}) }]
[INFO] [stdout] test_diags_impl(None)
[INFO] [stdout] 
[INFO] [stdout] thread 'spell::tests::test_diags' panicked at src/spell.rs:180:46:
[INFO] [stdout] called `Result::unwrap()` on an `Err` value: "No spell checker found"
[INFO] [stdout] stack backtrace:
[INFO] [stdout]    0:     0x5c42ab549f2a - std::backtrace_rs::backtrace::libunwind::trace::hb059275cfc8d6126
[INFO] [stdout]                                at /rustc/6067b36314ab5eb2eb47cecc464545ba58e1ad24/library/std/src/../../backtrace/src/backtrace/libunwind.rs:116:5
[INFO] [stdout]    1:     0x5c42ab549f2a - std::backtrace_rs::backtrace::trace_unsynchronized::h2da071e4327ce3ee
[INFO] [stdout]                                at /rustc/6067b36314ab5eb2eb47cecc464545ba58e1ad24/library/std/src/../../backtrace/src/backtrace/mod.rs:66:5
[INFO] [stdout]    2:     0x5c42ab549f2a - std::sys::backtrace::_print_fmt::h842a1474e6f8d23f
[INFO] [stdout]                                at /rustc/6067b36314ab5eb2eb47cecc464545ba58e1ad24/library/std/src/sys/backtrace.rs:66:9
[INFO] [stdout]    3:     0x5c42ab549f2a - <std::sys::backtrace::BacktraceLock::print::DisplayBacktrace as core::fmt::Display>::fmt::h71a62eb3b9696b12
[INFO] [stdout]                                at /rustc/6067b36314ab5eb2eb47cecc464545ba58e1ad24/library/std/src/sys/backtrace.rs:39:26
[INFO] [stdout]    4:     0x5c42ab572dc3 - core::fmt::rt::Argument::fmt::hdb6b616786b41dc1
[INFO] [stdout]                                at /rustc/6067b36314ab5eb2eb47cecc464545ba58e1ad24/library/core/src/fmt/rt.rs:177:76
[INFO] [stdout]    5:     0x5c42ab572dc3 - core::fmt::write::h2cc1698af7e2d686
[INFO] [stdout]                                at /rustc/6067b36314ab5eb2eb47cecc464545ba58e1ad24/library/core/src/fmt/mod.rs:1440:21
[INFO] [stdout]    6:     0x5c42ab546763 - std::io::Write::write_fmt::hab1b4cd059a79022
[INFO] [stdout]                                at /rustc/6067b36314ab5eb2eb47cecc464545ba58e1ad24/library/std/src/io/mod.rs:1887:15
[INFO] [stdout]    7:     0x5c42ab549d72 - std::sys::backtrace::BacktraceLock::print::h147fe35b4ea13b08
[INFO] [stdout]                                at /rustc/6067b36314ab5eb2eb47cecc464545ba58e1ad24/library/std/src/sys/backtrace.rs:42:9
[INFO] [stdout]    8:     0x5c42ab54b34f - std::panicking::default_hook::{{closure}}::hbd44223dbdc0d208
[INFO] [stdout]                                at /rustc/6067b36314ab5eb2eb47cecc464545ba58e1ad24/library/std/src/panicking.rs:298:22
[INFO] [stdout]    9:     0x5c42ab54b168 - std::panicking::default_hook::h20f81eb0576efcec
[INFO] [stdout]                                at /rustc/6067b36314ab5eb2eb47cecc464545ba58e1ad24/library/std/src/panicking.rs:322:9
[INFO] [stdout]   10:     0x5c42ab4a1983 - <alloc::boxed::Box<F,A> as core::ops::function::Fn<Args>>::call::hdb53814c496a4d34
[INFO] [stdout]                                at /rustc/6067b36314ab5eb2eb47cecc464545ba58e1ad24/library/alloc/src/boxed.rs:2027:9
[INFO] [stdout]   11:     0x5c42ab4a1983 - test::test_main::{{closure}}::hc0a4963c59427c24
[INFO] [stdout]                                at /rustc/6067b36314ab5eb2eb47cecc464545ba58e1ad24/library/test/src/lib.rs:134:21
[INFO] [stdout]   12:     0x5c42ab54be43 - <alloc::boxed::Box<F,A> as core::ops::function::Fn<Args>>::call::h591b2225413a77e9
[INFO] [stdout]                                at /rustc/6067b36314ab5eb2eb47cecc464545ba58e1ad24/library/alloc/src/boxed.rs:2027:9
[INFO] [stdout]   13:     0x5c42ab54be43 - std::panicking::rust_panic_with_hook::h625eea43051b2edc
[INFO] [stdout]                                at /rustc/6067b36314ab5eb2eb47cecc464545ba58e1ad24/library/std/src/panicking.rs:839:13
[INFO] [stdout]   14:     0x5c42ab54bafa - std::panicking::begin_panic_handler::{{closure}}::h4f9159cfbc3f6bd3
[INFO] [stdout]                                at /rustc/6067b36314ab5eb2eb47cecc464545ba58e1ad24/library/std/src/panicking.rs:704:13
[INFO] [stdout]   15:     0x5c42ab54a429 - std::sys::backtrace::__rust_end_short_backtrace::h0390abce48353151
[INFO] [stdout]                                at /rustc/6067b36314ab5eb2eb47cecc464545ba58e1ad24/library/std/src/sys/backtrace.rs:168:18
[INFO] [stdout]   16:     0x5c42ab54b78d - rust_begin_unwind
[INFO] [stdout]                                at /rustc/6067b36314ab5eb2eb47cecc464545ba58e1ad24/library/std/src/panicking.rs:695:5
[INFO] [stdout]   17:     0x5c42ab571270 - core::panicking::panic_fmt::h9e7c637e9e5f29c9
[INFO] [stdout]                                at /rustc/6067b36314ab5eb2eb47cecc464545ba58e1ad24/library/core/src/panicking.rs:75:14
[INFO] [stdout]   18:     0x5c42ab5716e6 - core::result::unwrap_failed::h7979f09313fe1849
[INFO] [stdout]                                at /rustc/6067b36314ab5eb2eb47cecc464545ba58e1ad24/library/core/src/result.rs:1704:5
[INFO] [stdout]   19:     0x5c42ab4565c8 - core::result::Result<T,E>::unwrap::h048da34579054b70
[INFO] [stdout]                                at /rustc/6067b36314ab5eb2eb47cecc464545ba58e1ad24/library/core/src/result.rs:1109:23
[INFO] [stdout]   20:     0x5c42ab4565c8 - spelgud::spell::tests::test_diags_impl::h526cb98d45a143d4
[INFO] [stdout]                                at /opt/rustwide/workdir/src/spell.rs:180:24
[INFO] [stdout]   21:     0x5c42ab4570cf - spelgud::spell::tests::test_diags::he932c151efe7d325
[INFO] [stdout]                                at /opt/rustwide/workdir/src/spell.rs:174:9
[INFO] [stdout]   22:     0x5c42ab457097 - spelgud::spell::tests::test_diags::{{closure}}::h30b3f41c154c10d6
[INFO] [stdout]                                at /opt/rustwide/workdir/src/spell.rs:172:20
[INFO] [stdout]   23:     0x5c42ab4579d6 - core::ops::function::FnOnce::call_once::he491f22b33b4f659
[INFO] [stdout]                                at /rustc/6067b36314ab5eb2eb47cecc464545ba58e1ad24/library/core/src/ops/function.rs:250:5
[INFO] [stdout]   24:     0x5c42ab4a70db - core::ops::function::FnOnce::call_once::he27718dfdd183f43
[INFO] [stdout]                                at /rustc/6067b36314ab5eb2eb47cecc464545ba58e1ad24/library/core/src/ops/function.rs:250:5
[INFO] [stdout]   25:     0x5c42ab4a70db - test::__rust_begin_short_backtrace::h4e84902998457a5d
[INFO] [stdout]                                at /rustc/6067b36314ab5eb2eb47cecc464545ba58e1ad24/library/test/src/lib.rs:632:18
[INFO] [stdout]   26:     0x5c42ab4a6013 - test::run_test_in_process::{{closure}}::h7176fd18fc1feca0
[INFO] [stdout]                                at /rustc/6067b36314ab5eb2eb47cecc464545ba58e1ad24/library/test/src/lib.rs:655:60
[INFO] [stdout]   27:     0x5c42ab4a6013 - <core::panic::unwind_safe::AssertUnwindSafe<F> as core::ops::function::FnOnce<()>>::call_once::hf79cff2a624d8cf7
[INFO] [stdout]                                at /rustc/6067b36314ab5eb2eb47cecc464545ba58e1ad24/library/core/src/panic/unwind_safe.rs:272:9
[INFO] [stdout]   28:     0x5c42ab4a6013 - std::panicking::try::do_call::h3da0561d9ab99c25
[INFO] [stdout]                                at /rustc/6067b36314ab5eb2eb47cecc464545ba58e1ad24/library/std/src/panicking.rs:587:40
[INFO] [stdout]   29:     0x5c42ab4a6013 - std::panicking::try::h41c9fa508bc61df6
[INFO] [stdout]                                at /rustc/6067b36314ab5eb2eb47cecc464545ba58e1ad24/library/std/src/panicking.rs:550:19
[INFO] [stdout]   30:     0x5c42ab4a6013 - std::panic::catch_unwind::h6b3ff07bb5afad93
[INFO] [stdout]                                at /rustc/6067b36314ab5eb2eb47cecc464545ba58e1ad24/library/std/src/panic.rs:358:14
[INFO] [stdout]   31:     0x5c42ab4a6013 - test::run_test_in_process::hc7253dd11b39b9f4
[INFO] [stdout]                                at /rustc/6067b36314ab5eb2eb47cecc464545ba58e1ad24/library/test/src/lib.rs:655:27
[INFO] [stdout]   32:     0x5c42ab4a6013 - test::run_test::{{closure}}::hfb2007f8649c30bb
[INFO] [stdout]                                at /rustc/6067b36314ab5eb2eb47cecc464545ba58e1ad24/library/test/src/lib.rs:576:43
[INFO] [stdout]   33:     0x5c42ab4690f5 - test::run_test::{{closure}}::h56a17aa7a282a9f4
[INFO] [stdout]                                at /rustc/6067b36314ab5eb2eb47cecc464545ba58e1ad24/library/test/src/lib.rs:606:41
[INFO] [stdout]   34:     0x5c42ab4690f5 - std::sys::backtrace::__rust_begin_short_backtrace::hd2d2d2fb8e8c6aac
[INFO] [stdout]                                at /rustc/6067b36314ab5eb2eb47cecc464545ba58e1ad24/library/std/src/sys/backtrace.rs:152:18
[INFO] [stdout]   35:     0x5c42ab46c9da - std::thread::Builder::spawn_unchecked_::{{closure}}::{{closure}}::h4faa3f9db6133423
[INFO] [stdout]                                at /rustc/6067b36314ab5eb2eb47cecc464545ba58e1ad24/library/std/src/thread/mod.rs:559:17
[INFO] [stdout]   36:     0x5c42ab46c9da - <core::panic::unwind_safe::AssertUnwindSafe<F> as core::ops::function::FnOnce<()>>::call_once::hf2e855a36a4ea846
[INFO] [stdout]                                at /rustc/6067b36314ab5eb2eb47cecc464545ba58e1ad24/library/core/src/panic/unwind_safe.rs:272:9
[INFO] [stdout]   37:     0x5c42ab46c9da - std::panicking::try::do_call::h2f73af3616c35465
[INFO] [stdout]                                at /rustc/6067b36314ab5eb2eb47cecc464545ba58e1ad24/library/std/src/panicking.rs:587:40
[INFO] [stdout]   38:     0x5c42ab46c9da - std::panicking::try::hd1660ce9efadef5a
[INFO] [stdout]                                at /rustc/6067b36314ab5eb2eb47cecc464545ba58e1ad24/library/std/src/panicking.rs:550:19
[INFO] [stdout]   39:     0x5c42ab46c9da - std::panic::catch_unwind::h5ee8d7823b8ca744
[INFO] [stdout]                                at /rustc/6067b36314ab5eb2eb47cecc464545ba58e1ad24/library/std/src/panic.rs:358:14
[INFO] [stdout]   40:     0x5c42ab46c9da - std::thread::Builder::spawn_unchecked_::{{closure}}::h53c3a1894dce8407
[INFO] [stdout]                                at /rustc/6067b36314ab5eb2eb47cecc464545ba58e1ad24/library/std/src/thread/mod.rs:557:30
[INFO] [stdout]   41:     0x5c42ab46c9da - core::ops::function::FnOnce::call_once{{vtable.shim}}::h048ce291ad4f62bf
[INFO] [stdout]                                at /rustc/6067b36314ab5eb2eb47cecc464545ba58e1ad24/library/core/src/ops/function.rs:250:5
[INFO] [stdout]   42:     0x5c42ab54ff9b - <alloc::boxed::Box<F,A> as core::ops::function::FnOnce<Args>>::call_once::ha52bedf99a3b4981
[INFO] [stdout]                                at /rustc/6067b36314ab5eb2eb47cecc464545ba58e1ad24/library/alloc/src/boxed.rs:2013:9
[INFO] [stdout]   43:     0x5c42ab54ff9b - <alloc::boxed::Box<F,A> as core::ops::function::FnOnce<Args>>::call_once::h567748934d80ccf8
[INFO] [stdout]                                at /rustc/6067b36314ab5eb2eb47cecc464545ba58e1ad24/library/alloc/src/boxed.rs:2013:9
[INFO] [stdout]   44:     0x5c42ab54ff9b - std::sys::pal::unix::thread::Thread::new::thread_start::h2d970728ae887adc
[INFO] [stdout]                                at /rustc/6067b36314ab5eb2eb47cecc464545ba58e1ad24/library/std/src/sys/pal/unix/thread.rs:106:17
[INFO] [stdout]   45:     0x7f32d02eaac3 - <unknown>
[INFO] [stdout]   46:     0x7f32d037ba04 - clone
[INFO] [stdout]   47:                0x0 - <unknown>
[INFO] [stdout] 
[INFO] [stdout] 
[INFO] [stdout] failures:
[INFO] [stdout]     spell::tests::test_diags
[INFO] [stdout] 
[INFO] [stdout] test result: FAILED. 3 passed; 1 failed; 0 ignored; 0 measured; 0 filtered out; finished in 0.15s
[INFO] [stdout] 
[INFO] [stderr] error: test failed, to rerun pass `--lib`
[INFO] running `Command { std: "docker" "inspect" "582ca4e786d1d065d4ec03e31e1f4cc98fe6dc3c2bebc3e051c93bb79b686088", kill_on_drop: false }`
[INFO] running `Command { std: "docker" "rm" "-f" "582ca4e786d1d065d4ec03e31e1f4cc98fe6dc3c2bebc3e051c93bb79b686088", kill_on_drop: false }`
[INFO] [stdout] 582ca4e786d1d065d4ec03e31e1f4cc98fe6dc3c2bebc3e051c93bb79b686088
