[INFO] cloning repository https://github.com/rasviitanen/DimensionDB
[INFO] running `Command { std: "git" "-c" "credential.helper=" "-c" "credential.helper=/workspace/cargo-home/bin/git-credential-null" "clone" "--bare" "https://github.com/rasviitanen/DimensionDB" "/workspace/cache/git-repos/https%3A%2F%2Fgithub.com%2Frasviitanen%2FDimensionDB", kill_on_drop: false }`
[INFO] [stderr] Cloning into bare repository '/workspace/cache/git-repos/https%3A%2F%2Fgithub.com%2Frasviitanen%2FDimensionDB'...
[INFO] running `Command { std: "git" "rev-parse" "HEAD", kill_on_drop: false }`
[INFO] [stdout] d9b00abfbbf13e5556d47d9fa079dd5e6ac90ef9
[INFO] testing rasviitanen/DimensionDB against nightly-2025-01-18 for randomize-layout-2
[INFO] running `Command { std: "git" "clone" "/workspace/cache/git-repos/https%3A%2F%2Fgithub.com%2Frasviitanen%2FDimensionDB" "/workspace/builds/worker-6-tc1/source", kill_on_drop: false }`
[INFO] [stderr] Cloning into '/workspace/builds/worker-6-tc1/source'...
[INFO] [stderr] done.
[INFO] validating manifest of git repo https://github.com/rasviitanen/DimensionDB on toolchain nightly-2025-01-18
[INFO] running `Command { std: CARGO_HOME="/workspace/cargo-home" RUSTUP_HOME="/workspace/rustup-home" "/workspace/cargo-home/bin/cargo" "+nightly-2025-01-18" "metadata" "--manifest-path" "Cargo.toml" "--no-deps", kill_on_drop: false }`
[INFO] started tweaking git repo https://github.com/rasviitanen/DimensionDB
[INFO] finished tweaking git repo https://github.com/rasviitanen/DimensionDB
[INFO] tweaked toml for git repo https://github.com/rasviitanen/DimensionDB written to /workspace/builds/worker-6-tc1/source/Cargo.toml
[INFO] crate git repo https://github.com/rasviitanen/DimensionDB already has a lockfile, it will not be regenerated
[INFO] running `Command { std: CARGO_HOME="/workspace/cargo-home" RUSTUP_HOME="/workspace/rustup-home" "/workspace/cargo-home/bin/cargo" "+nightly-2025-01-18" "fetch" "--manifest-path" "Cargo.toml", kill_on_drop: false }`
[INFO] [stderr]     Updating crates.io index
[INFO] [stderr]  Downloading crates ...
[INFO] [stderr]   Downloaded proc-macro2 v1.0.75
[INFO] [stderr]   Downloaded rio v0.9.4
[INFO] running `Command { std: "docker" "create" "-v" "/var/lib/crater-agent-workspace/builds/worker-6-tc1/target:/opt/rustwide/target:rw,Z" "-v" "/var/lib/crater-agent-workspace/builds/worker-6-tc1/source:/opt/rustwide/workdir:ro,Z" "-v" "/var/lib/crater-agent-workspace/cargo-home:/opt/rustwide/cargo-home:ro,Z" "-v" "/var/lib/crater-agent-workspace/rustup-home:/opt/rustwide/rustup-home:ro,Z" "-e" "SOURCE_DIR=/opt/rustwide/workdir" "-e" "CARGO_TARGET_DIR=/opt/rustwide/target" "-e" "CARGO_HOME=/opt/rustwide/cargo-home" "-e" "RUSTUP_HOME=/opt/rustwide/rustup-home" "-w" "/opt/rustwide/workdir" "-m" "1610612736" "--user" "0:0" "--network" "none" "ghcr.io/rust-lang/crates-build-env/linux@sha256:819108c5571ea2e421544af4d832f968d213c87fbe3707a016657f43d2f853bc" "/opt/rustwide/cargo-home/bin/cargo" "+nightly-2025-01-18" "metadata" "--no-deps" "--format-version=1", kill_on_drop: false }`
[INFO] [stdout] ab35895d50b6db7ab1e514d3d3d437526ef51977a928420bdc850388de23862c
[INFO] running `Command { std: "docker" "start" "-a" "ab35895d50b6db7ab1e514d3d3d437526ef51977a928420bdc850388de23862c", kill_on_drop: false }`
[INFO] running `Command { std: "docker" "inspect" "ab35895d50b6db7ab1e514d3d3d437526ef51977a928420bdc850388de23862c", kill_on_drop: false }`
[INFO] running `Command { std: "docker" "rm" "-f" "ab35895d50b6db7ab1e514d3d3d437526ef51977a928420bdc850388de23862c", kill_on_drop: false }`
[INFO] [stdout] ab35895d50b6db7ab1e514d3d3d437526ef51977a928420bdc850388de23862c
[INFO] running `Command { std: "docker" "create" "-v" "/var/lib/crater-agent-workspace/builds/worker-6-tc1/target:/opt/rustwide/target:rw,Z" "-v" "/var/lib/crater-agent-workspace/builds/worker-6-tc1/source:/opt/rustwide/workdir:ro,Z" "-v" "/var/lib/crater-agent-workspace/cargo-home:/opt/rustwide/cargo-home:ro,Z" "-v" "/var/lib/crater-agent-workspace/rustup-home:/opt/rustwide/rustup-home:ro,Z" "-e" "SOURCE_DIR=/opt/rustwide/workdir" "-e" "CARGO_TARGET_DIR=/opt/rustwide/target" "-e" "CARGO_INCREMENTAL=0" "-e" "RUST_BACKTRACE=full" "-e" "RUSTFLAGS=--cap-lints=forbid" "-e" "RUSTDOCFLAGS=--cap-lints=forbid" "-e" "CARGO_HOME=/opt/rustwide/cargo-home" "-e" "RUSTUP_HOME=/opt/rustwide/rustup-home" "-w" "/opt/rustwide/workdir" "-m" "1610612736" "--user" "0:0" "--network" "none" "ghcr.io/rust-lang/crates-build-env/linux@sha256:819108c5571ea2e421544af4d832f968d213c87fbe3707a016657f43d2f853bc" "/opt/rustwide/cargo-home/bin/cargo" "+nightly-2025-01-18" "build" "--frozen" "--message-format=json", kill_on_drop: false }`
[INFO] [stdout] fd1981f4535e00db967d6f961260e7ac56e0cb56ad5e7457e2115cfec90b1a7a
[INFO] running `Command { std: "docker" "start" "-a" "fd1981f4535e00db967d6f961260e7ac56e0cb56ad5e7457e2115cfec90b1a7a", kill_on_drop: false }`
[INFO] [stderr]    Compiling libc v0.2.151
[INFO] [stderr]    Compiling proc-macro2 v1.0.75
[INFO] [stderr]    Compiling unicode-ident v1.0.12
[INFO] [stderr]    Compiling crossbeam-utils v0.8.18
[INFO] [stderr]    Compiling parking_lot_core v0.9.9
[INFO] [stderr]    Compiling smallvec v1.11.2
[INFO] [stderr]    Compiling rayon-core v1.12.0
[INFO] [stderr]    Compiling serde v1.0.194
[INFO] [stderr]    Compiling anyhow v1.0.79
[INFO] [stderr]    Compiling serde_json v1.0.111
[INFO] [stderr]    Compiling bytes v1.5.0
[INFO] [stderr]    Compiling either v1.9.0
[INFO] [stderr]    Compiling crossbeam-epoch v0.9.17
[INFO] [stderr]    Compiling quote v1.0.35
[INFO] [stderr]    Compiling crossbeam-deque v0.8.4
[INFO] [stderr]    Compiling syn v2.0.48
[INFO] [stderr]    Compiling signal-hook-registry v1.4.1
[INFO] [stderr]    Compiling socket2 v0.5.5
[INFO] [stderr]    Compiling num_cpus v1.16.0
[INFO] [stderr]    Compiling mio v0.8.10
[INFO] [stderr]    Compiling rio v0.9.4
[INFO] [stderr]    Compiling parking_lot v0.12.1
[INFO] [stderr]    Compiling rayon v1.8.0
[INFO] [stderr]    Compiling serde_derive v1.0.194
[INFO] [stderr]    Compiling tokio-macros v2.2.0
[INFO] [stderr]    Compiling tokio v1.35.1
[INFO] [stderr]    Compiling DimensionDB v0.1.0 (/opt/rustwide/workdir)
[INFO] [stdout] warning: unexpected `cfg` condition value: `lock_free_delays`
[INFO] [stdout]   --> src/ebr/internal.rs:56:11
[INFO] [stdout]    |
[INFO] [stdout] 56 | #[cfg(not(feature = "lock_free_delays"))]
[INFO] [stdout]    |           ^^^^^^^^^^^^^^^^^^^^^^^^^^^^ help: remove the condition
[INFO] [stdout]    |
[INFO] [stdout]    = note: no expected values for `feature`
[INFO] [stdout]    = help: consider adding `lock_free_delays` as a feature in `Cargo.toml`
[INFO] [stdout]    = note: see <https://doc.rust-lang.org/nightly/rustc/check-cfg/cargo-specifics.html> for more information about checking conditional configuration
[INFO] [stdout]    = note: `#[warn(unexpected_cfgs)]` on by default
[INFO] [stdout] 
[INFO] [stdout] 
[INFO] [stdout] warning: unexpected `cfg` condition value: `lock_free_delays`
[INFO] [stdout]   --> src/ebr/internal.rs:58:7
[INFO] [stdout]    |
[INFO] [stdout] 58 | #[cfg(feature = "lock_free_delays")]
[INFO] [stdout]    |       ^^^^^^^^^^^^^^^^^^^^^^^^^^^^ help: remove the condition
[INFO] [stdout]    |
[INFO] [stdout]    = note: no expected values for `feature`
[INFO] [stdout]    = help: consider adding `lock_free_delays` as a feature in `Cargo.toml`
[INFO] [stdout]    = note: see <https://doc.rust-lang.org/nightly/rustc/check-cfg/cargo-specifics.html> for more information about checking conditional configuration
[INFO] [stdout] 
[INFO] [stdout] 
[INFO] [stdout] warning: unexpected `cfg` condition value: `lock_free_delays`
[INFO] [stdout]    --> src/ebr/internal.rs:110:19
[INFO] [stdout]     |
[INFO] [stdout] 110 |         #[cfg(not(feature = "lock_free_delays"))]
[INFO] [stdout]     |                   ^^^^^^^^^^^^^^^^^^^^^^^^^^^^ help: remove the condition
[INFO] [stdout]     |
[INFO] [stdout]     = note: no expected values for `feature`
[INFO] [stdout]     = help: consider adding `lock_free_delays` as a feature in `Cargo.toml`
[INFO] [stdout]     = note: see <https://doc.rust-lang.org/nightly/rustc/check-cfg/cargo-specifics.html> for more information about checking conditional configuration
[INFO] [stdout] 
[INFO] [stdout] 
[INFO] [stdout] warning: unexpected `cfg` condition value: `lock_free_delays`
[INFO] [stdout]    --> src/ebr/internal.rs:178:15
[INFO] [stdout]     |
[INFO] [stdout] 178 |         #[cfg(feature = "lock_free_delays")]
[INFO] [stdout]     |               ^^^^^^^^^^^^^^^^^^^^^^^^^^^^ help: remove the condition
[INFO] [stdout]     |
[INFO] [stdout]     = note: no expected values for `feature`
[INFO] [stdout]     = help: consider adding `lock_free_delays` as a feature in `Cargo.toml`
[INFO] [stdout]     = note: see <https://doc.rust-lang.org/nightly/rustc/check-cfg/cargo-specifics.html> for more information about checking conditional configuration
[INFO] [stdout] 
[INFO] [stdout] 
[INFO] [stdout] warning: unexpected `cfg` condition value: `testing`
[INFO] [stdout]    --> src/ebr/internal.rs:284:15
[INFO] [stdout]     |
[INFO] [stdout] 284 |         #[cfg(feature = "testing")]
[INFO] [stdout]     |               ^^^^^^^^^^^^^^^^^^^ help: remove the condition
[INFO] [stdout]     |
[INFO] [stdout]     = note: no expected values for `feature`
[INFO] [stdout]     = help: consider adding `testing` as a feature in `Cargo.toml`
[INFO] [stdout]     = note: see <https://doc.rust-lang.org/nightly/rustc/check-cfg/cargo-specifics.html> for more information about checking conditional configuration
[INFO] [stdout] 
[INFO] [stdout] 
[INFO] [stdout] warning: unexpected `cfg` condition value: `testing`
[INFO] [stdout]    --> src/ebr/internal.rs:304:15
[INFO] [stdout]     |
[INFO] [stdout] 304 |         #[cfg(feature = "testing")]
[INFO] [stdout]     |               ^^^^^^^^^^^^^^^^^^^ help: remove the condition
[INFO] [stdout]     |
[INFO] [stdout]     = note: no expected values for `feature`
[INFO] [stdout]     = help: consider adding `testing` as a feature in `Cargo.toml`
[INFO] [stdout]     = note: see <https://doc.rust-lang.org/nightly/rustc/check-cfg/cargo-specifics.html> for more information about checking conditional configuration
[INFO] [stdout] 
[INFO] [stdout] 
[INFO] [stdout] warning: unexpected `cfg` condition value: `testing`
[INFO] [stdout]    --> src/ebr/internal.rs:296:27
[INFO] [stdout]     |
[INFO] [stdout] 296 |                     #[cfg(feature = "testing")]
[INFO] [stdout]     |                           ^^^^^^^^^^^^^^^^^^^ help: remove the condition
[INFO] [stdout]     |
[INFO] [stdout]     = note: no expected values for `feature`
[INFO] [stdout]     = help: consider adding `testing` as a feature in `Cargo.toml`
[INFO] [stdout]     = note: see <https://doc.rust-lang.org/nightly/rustc/check-cfg/cargo-specifics.html> for more information about checking conditional configuration
[INFO] [stdout] 
[INFO] [stdout] 
[INFO] [stdout] warning: unexpected `cfg` condition value: `testing`
[INFO] [stdout]    --> src/ebr/internal.rs:472:19
[INFO] [stdout]     |
[INFO] [stdout] 472 |             #[cfg(feature = "testing")]
[INFO] [stdout]     |                   ^^^^^^^^^^^^^^^^^^^ help: remove the condition
[INFO] [stdout]     |
[INFO] [stdout]     = note: no expected values for `feature`
[INFO] [stdout]     = help: consider adding `testing` as a feature in `Cargo.toml`
[INFO] [stdout]     = note: see <https://doc.rust-lang.org/nightly/rustc/check-cfg/cargo-specifics.html> for more information about checking conditional configuration
[INFO] [stdout] 
[INFO] [stdout] 
[INFO] [stdout] warning: unexpected `cfg` condition value: `testing`
[INFO] [stdout]   --> src/ebr/mod.rs:29:11
[INFO] [stdout]    |
[INFO] [stdout] 29 |     #[cfg(feature = "testing")]
[INFO] [stdout]    |           ^^^^^^^^^^^^^^^^^^^ help: remove the condition
[INFO] [stdout]    |
[INFO] [stdout]    = note: no expected values for `feature`
[INFO] [stdout]    = help: consider adding `testing` as a feature in `Cargo.toml`
[INFO] [stdout]    = note: see <https://doc.rust-lang.org/nightly/rustc/check-cfg/cargo-specifics.html> for more information about checking conditional configuration
[INFO] [stdout] 
[INFO] [stdout] 
[INFO] [stdout] warning: unexpected `cfg` condition value: `testing`
[INFO] [stdout]   --> src/ebr/mod.rs:72:15
[INFO] [stdout]    |
[INFO] [stdout] 72 |         #[cfg(feature = "testing")]
[INFO] [stdout]    |               ^^^^^^^^^^^^^^^^^^^ help: remove the condition
[INFO] [stdout]    |
[INFO] [stdout]    = note: no expected values for `feature`
[INFO] [stdout]    = help: consider adding `testing` as a feature in `Cargo.toml`
[INFO] [stdout]    = note: see <https://doc.rust-lang.org/nightly/rustc/check-cfg/cargo-specifics.html> for more information about checking conditional configuration
[INFO] [stdout] 
[INFO] [stdout] 
[INFO] [stdout] warning: unused import: `cmp`
[INFO] [stdout]  --> src/layout.rs:6:5
[INFO] [stdout]   |
[INFO] [stdout] 6 |     cmp,
[INFO] [stdout]   |     ^^^
[INFO] [stdout]   |
[INFO] [stdout]   = note: `#[warn(unused_imports)]` on by default
[INFO] [stdout] 
[INFO] [stdout] 
[INFO] [stdout] warning: unused import: `std::borrow::Borrow`
[INFO] [stdout]  --> src/mdlist.rs:3:5
[INFO] [stdout]   |
[INFO] [stdout] 3 | use std::borrow::Borrow;
[INFO] [stdout]   |     ^^^^^^^^^^^^^^^^^^^
[INFO] [stdout] 
[INFO] [stdout] 
[INFO] [stdout] warning: elided lifetime has a name
[INFO] [stdout]    --> src/mdlist.rs:270:91
[INFO] [stdout]     |
[INFO] [stdout] 270 |     pub(crate) unsafe fn get<'g>(&'g self, coords: [u8; DIM], guard: &'g Guard) -> Option<&T> {
[INFO] [stdout]     |                              -- lifetime `'g` declared here                               ^ this elided lifetime gets resolved as `'g`
[INFO] [stdout]     |
[INFO] [stdout]     = note: `#[warn(elided_named_lifetimes)]` on by default
[INFO] [stdout] 
[INFO] [stdout] 
[INFO] [stdout] warning: elided lifetime has a name
[INFO] [stdout]    --> src/mdlist.rs:425:36
[INFO] [stdout]     |
[INFO] [stdout] 422 |     pub fn starts_with<'q, Q: ?Sized + AsRef<[u8]>>(
[INFO] [stdout]     |                        -- lifetime `'q` declared here
[INFO] [stdout] ...
[INFO] [stdout] 425 |     ) -> impl 'q + Iterator<Item = &T> {
[INFO] [stdout]     |                                    ^ this elided lifetime gets resolved as `'q`
[INFO] [stdout] 
[INFO] [stdout] 
[INFO] [stdout] warning: unused variable: `v`
[INFO] [stdout]   --> src/mdlist.rs:60:13
[INFO] [stdout]    |
[INFO] [stdout] 60 |         let v = Shared::from(Self::element_of(entry) as *const _);
[INFO] [stdout]    |             ^ help: if this is intentional, prefix it with an underscore: `_v`
[INFO] [stdout]    |
[INFO] [stdout]    = note: `#[warn(unused_variables)]` on by default
[INFO] [stdout] 
[INFO] [stdout] 
[INFO] [stdout] warning: unused variable: `guard`
[INFO] [stdout]   --> src/mdlist.rs:59:43
[INFO] [stdout]    |
[INFO] [stdout] 59 |     unsafe fn finalize(entry: &Node<DIM>, guard: &Guard) {
[INFO] [stdout]    |                                           ^^^^^ help: if this is intentional, prefix it with an underscore: `_guard`
[INFO] [stdout] 
[INFO] [stdout] 
[INFO] [stdout] warning: methods `defer` and `flush` are never used
[INFO] [stdout]   --> src/ebr/mod.rs:34:19
[INFO] [stdout]    |
[INFO] [stdout] 33 | impl Guard {
[INFO] [stdout]    | ---------- methods in this implementation
[INFO] [stdout] 34 |     pub(crate) fn defer<F, R>(&self, f: F)
[INFO] [stdout]    |                   ^^^^^
[INFO] [stdout] ...
[INFO] [stdout] 58 |     pub fn flush(&self) {
[INFO] [stdout]    |            ^^^^^
[INFO] [stdout]    |
[INFO] [stdout]    = note: `#[warn(dead_code)]` on by default
[INFO] [stdout] 
[INFO] [stdout] 
[INFO] [stdout] warning: methods `swap` and `fetch_and` are never used
[INFO] [stdout]    --> src/ebr/atomic.rs:323:19
[INFO] [stdout]     |
[INFO] [stdout] 280 | impl<T: ?Sized + Pointable> Atomic<T> {
[INFO] [stdout]     | ------------------------------------- methods in this implementation
[INFO] [stdout] ...
[INFO] [stdout] 323 |     pub(crate) fn swap<'g, P: Pointer<T>>(
[INFO] [stdout]     |                   ^^^^
[INFO] [stdout] ...
[INFO] [stdout] 419 |     pub(crate) fn fetch_and<'g>(&self, val: usize, ord: Ordering, _: &'g Guard) -> Shared<'g, T> {
[INFO] [stdout]     |                   ^^^^^^^^^
[INFO] [stdout] 
[INFO] [stdout] 
[INFO] [stdout] warning: method `is_empty` is never used
[INFO] [stdout]   --> src/ebr/internal.rs:78:25
[INFO] [stdout]    |
[INFO] [stdout] 71 | impl Bag {
[INFO] [stdout]    | -------- method in this implementation
[INFO] [stdout] ...
[INFO] [stdout] 78 |     pub(super) const fn is_empty(&self) -> bool {
[INFO] [stdout]    |                         ^^^^^^^^
[INFO] [stdout] 
[INFO] [stdout] 
[INFO] [stdout] warning: method `flush` is never used
[INFO] [stdout]    --> src/ebr/internal.rs:457:19
[INFO] [stdout]     |
[INFO] [stdout] 404 | impl Local {
[INFO] [stdout]     | ---------- method in this implementation
[INFO] [stdout] ...
[INFO] [stdout] 457 |     pub(super) fn flush(&self, guard: &Guard) {
[INFO] [stdout]     |                   ^^^^^
[INFO] [stdout] 
[INFO] [stdout] 
[INFO] [stdout] warning: struct `Engine` is never constructed
[INFO] [stdout]   --> src/engine.rs:19:12
[INFO] [stdout]    |
[INFO] [stdout] 19 | pub struct Engine {
[INFO] [stdout]    |            ^^^^^^
[INFO] [stdout] 
[INFO] [stdout] 
[INFO] [stdout] warning: associated items `new`, `get`, and `set` are never used
[INFO] [stdout]   --> src/engine.rs:32:12
[INFO] [stdout]    |
[INFO] [stdout] 31 | impl Engine {
[INFO] [stdout]    | ----------- associated items in this implementation
[INFO] [stdout] 32 |     pub fn new(threads: usize) -> Self {
[INFO] [stdout]    |            ^^^
[INFO] [stdout] ...
[INFO] [stdout] 51 |     pub async fn get(&self, key: String) -> anyhow::Result<Option<String>> {
[INFO] [stdout]    |                  ^^^
[INFO] [stdout] ...
[INFO] [stdout] 74 |     pub async fn set(&self, key: String, value: String) -> anyhow::Result<()> {
[INFO] [stdout]    |                  ^^^
[INFO] [stdout] 
[INFO] [stdout] 
[INFO] [stdout] warning: associated functions `set` and `remove` are never used
[INFO] [stdout]    --> src/engine.rs:122:8
[INFO] [stdout]     |
[INFO] [stdout] 121 | impl Command {
[INFO] [stdout]     | ------------ associated functions in this implementation
[INFO] [stdout] 122 |     fn set(key: String, value: String) -> Command {
[INFO] [stdout]     |        ^^^
[INFO] [stdout] ...
[INFO] [stdout] 126 |     fn remove(key: String) -> Command {
[INFO] [stdout]     |        ^^^^^^
[INFO] [stdout] 
[INFO] [stdout] 
[INFO] [stdout] warning: fields `page`, `pos`, and `len` are never read
[INFO] [stdout]    --> src/engine.rs:134:5
[INFO] [stdout]     |
[INFO] [stdout] 133 | struct CommandPos {
[INFO] [stdout]     |        ---------- fields in this struct
[INFO] [stdout] 134 |     page: PageId,
[INFO] [stdout]     |     ^^^^
[INFO] [stdout] 135 |     pos: u64,
[INFO] [stdout]     |     ^^^
[INFO] [stdout] 136 |     len: u64,
[INFO] [stdout]     |     ^^^
[INFO] [stdout]     |
[INFO] [stdout]     = note: `CommandPos` has derived impls for the traits `Clone` and `Debug`, but these are intentionally ignored during dead code analysis
[INFO] [stdout] 
[INFO] [stdout] 
[INFO] [stdout] warning: associated function `new` is never used
[INFO] [stdout]   --> src/io.rs:10:12
[INFO] [stdout]    |
[INFO] [stdout] 9  | impl<R: Read + Seek> BufReaderWithPos<R> {
[INFO] [stdout]    | ---------------------------------------- associated function in this implementation
[INFO] [stdout] 10 |     pub fn new(mut inner: R) -> anyhow::Result<Self> {
[INFO] [stdout]    |            ^^^
[INFO] [stdout] 
[INFO] [stdout] 
[INFO] [stdout] warning: associated function `new` is never used
[INFO] [stdout]   --> src/io.rs:40:12
[INFO] [stdout]    |
[INFO] [stdout] 39 | impl<W: Write + Seek> BufWriterWithPos<W> {
[INFO] [stdout]    | ----------------------------------------- associated function in this implementation
[INFO] [stdout] 40 |     pub fn new(mut inner: W) -> anyhow::Result<Self> {
[INFO] [stdout]    |            ^^^
[INFO] [stdout] 
[INFO] [stdout] 
[INFO] [stdout] warning: constant `PAGE_SIZE` is never used
[INFO] [stdout]   --> src/layout.rs:11:11
[INFO] [stdout]    |
[INFO] [stdout] 11 | pub const PAGE_SIZE: u64 = 4096 * 1;
[INFO] [stdout]    |           ^^^^^^^^^
[INFO] [stdout] 
[INFO] [stdout] 
[INFO] [stdout] warning: constant `CHUNK_SIZE` is never used
[INFO] [stdout]   --> src/layout.rs:12:7
[INFO] [stdout]    |
[INFO] [stdout] 12 | const CHUNK_SIZE: u64 = 4096 * 2;
[INFO] [stdout]    |       ^^^^^^^^^^
[INFO] [stdout] 
[INFO] [stdout] 
[INFO] [stdout] warning: struct `Aligned` is never constructed
[INFO] [stdout]   --> src/layout.rs:15:8
[INFO] [stdout]    |
[INFO] [stdout] 15 | struct Aligned([u8; CHUNK_SIZE as usize]);
[INFO] [stdout]    |        ^^^^^^^
[INFO] [stdout] 
[INFO] [stdout] 
[INFO] [stdout] warning: associated functions `open` and `open_additional` are never used
[INFO] [stdout]   --> src/layout.rs:37:12
[INFO] [stdout]    |
[INFO] [stdout] 36 | impl PageSlottedFile {
[INFO] [stdout]    | -------------------- associated functions in this implementation
[INFO] [stdout] 37 |     pub fn open(path: impl AsRef<Path>, ring: &rio::Rio) -> Self {
[INFO] [stdout]    |            ^^^^
[INFO] [stdout] ...
[INFO] [stdout] 62 |     pub fn open_additional(path: impl AsRef<Path>) -> Self {
[INFO] [stdout]    |            ^^^^^^^^^^^^^^^
[INFO] [stdout] 
[INFO] [stdout] 
[INFO] [stdout] warning: enum `TxStatus` is never used
[INFO] [stdout]  --> src/lftt.rs:3:10
[INFO] [stdout]   |
[INFO] [stdout] 3 | pub enum TxStatus {
[INFO] [stdout]   |          ^^^^^^^^
[INFO] [stdout] 
[INFO] [stdout] 
[INFO] [stdout] warning: enum `OpType` is never used
[INFO] [stdout]   --> src/lftt.rs:10:10
[INFO] [stdout]    |
[INFO] [stdout] 10 | pub enum OpType {
[INFO] [stdout]    |          ^^^^^^
[INFO] [stdout]    |
[INFO] [stdout]    = note: `OpType` has a derived impl for the trait `Clone`, but this is intentionally ignored during dead code analysis
[INFO] [stdout] 
[INFO] [stdout] 
[INFO] [stdout] warning: struct `Operation` is never constructed
[INFO] [stdout]   --> src/lftt.rs:18:12
[INFO] [stdout]    |
[INFO] [stdout] 18 | pub struct Operation<const DIM: usize> {
[INFO] [stdout]    |            ^^^^^^^^^
[INFO] [stdout] 
[INFO] [stdout] 
[INFO] [stdout] warning: struct `Desc` is never constructed
[INFO] [stdout]   --> src/lftt.rs:23:12
[INFO] [stdout]    |
[INFO] [stdout] 23 | pub struct Desc<const DIM: usize> {
[INFO] [stdout]    |            ^^^^
[INFO] [stdout] 
[INFO] [stdout] 
[INFO] [stdout] warning: struct `NodeDesc` is never constructed
[INFO] [stdout]   --> src/lftt.rs:30:12
[INFO] [stdout]    |
[INFO] [stdout] 30 | pub struct NodeDesc<const DIM: usize> {
[INFO] [stdout]    |            ^^^^^^^^
[INFO] [stdout] 
[INFO] [stdout] 
[INFO] [stdout] warning: fields `dp`, `dc`, and `curr` are never read
[INFO] [stdout]   --> src/mdlist.rs:11:5
[INFO] [stdout]    |
[INFO] [stdout] 10 | pub struct AdoptDesc<const DIM: usize> {
[INFO] [stdout]    |            --------- fields in this struct
[INFO] [stdout] 11 |     dp: usize,
[INFO] [stdout]    |     ^^
[INFO] [stdout] 12 |     dc: usize,
[INFO] [stdout]    |     ^^
[INFO] [stdout] 13 |     curr: Owned<Node<DIM>>,
[INFO] [stdout]    |     ^^^^
[INFO] [stdout]    |
[INFO] [stdout]    = note: `AdoptDesc` has a derived impl for the trait `Debug`, but this is intentionally ignored during dead code analysis
[INFO] [stdout] 
[INFO] [stdout] 
[INFO] [stdout] warning: struct `Pred` is never constructed
[INFO] [stdout]   --> src/mdlist.rs:17:12
[INFO] [stdout]    |
[INFO] [stdout] 17 | pub struct Pred<'g, const DIM: usize> {
[INFO] [stdout]    |            ^^^^
[INFO] [stdout]    |
[INFO] [stdout]    = note: `Pred` has a derived impl for the trait `Debug`, but this is intentionally ignored during dead code analysis
[INFO] [stdout] 
[INFO] [stdout] 
[INFO] [stdout] warning: field `dimension` is never read
[INFO] [stdout]   --> src/mdlist.rs:28:5
[INFO] [stdout]    |
[INFO] [stdout] 25 | pub struct Node<const DIM: usize> {
[INFO] [stdout]    |            ---- field in this struct
[INFO] [stdout] ...
[INFO] [stdout] 28 |     dimension: usize,
[INFO] [stdout]    |     ^^^^^^^^^
[INFO] [stdout]    |
[INFO] [stdout]    = note: `Node` has a derived impl for the trait `Debug`, but this is intentionally ignored during dead code analysis
[INFO] [stdout] 
[INFO] [stdout] 
[INFO] [stdout] warning: associated function `new` is never used
[INFO] [stdout]   --> src/mdlist.rs:80:12
[INFO] [stdout]    |
[INFO] [stdout] 78 | impl<const DIM: usize, V> NodeWithValue<DIM, V> {
[INFO] [stdout]    | ----------------------------------------------- associated function in this implementation
[INFO] [stdout] 79 |     #[inline]
[INFO] [stdout] 80 |     pub fn new(coords: [u8; DIM], value: V) -> Self {
[INFO] [stdout]    |            ^^^
[INFO] [stdout] 
[INFO] [stdout] 
[INFO] [stdout] warning: associated function `entry_of` is never used
[INFO] [stdout]    --> src/mdlist.rs:120:8
[INFO] [stdout]     |
[INFO] [stdout] 119 | pub trait IsElement<const DIM: usize, T> {
[INFO] [stdout]     |           --------- associated function in this trait
[INFO] [stdout] 120 |     fn entry_of(_: &T) -> &Node<DIM>;
[INFO] [stdout]     |        ^^^^^^^^
[INFO] [stdout] 
[INFO] [stdout] 
[INFO] [stdout] warning: associated function `new` is never used
[INFO] [stdout]    --> src/mdlist.rs:176:8
[INFO] [stdout]     |
[INFO] [stdout] 174 | impl<const DIM: usize> Node<DIM> {
[INFO] [stdout]     | -------------------------------- associated function in this implementation
[INFO] [stdout] 175 |     #[inline]
[INFO] [stdout] 176 |     fn new(coords: [u8; DIM]) -> Self {
[INFO] [stdout]     |        ^^^
[INFO] [stdout] 
[INFO] [stdout] 
[INFO] [stdout] warning: multiple associated items are never used
[INFO] [stdout]    --> src/mdlist.rs:192:11
[INFO] [stdout]     |
[INFO] [stdout] 191 | impl<const DIM: usize, T, C: IsElement<DIM, T>> List<DIM, T, C> {
[INFO] [stdout]     | --------------------------------------------------------------- associated items in this implementation
[INFO] [stdout] 192 |     const UNMARKED: usize = 0;
[INFO] [stdout]     |           ^^^^^^^^
[INFO] [stdout] 193 |     const ADP: usize = 1;
[INFO] [stdout]     |           ^^^
[INFO] [stdout] 194 |     const DEL: usize = 2;
[INFO] [stdout]     |           ^^^
[INFO] [stdout] 195 |     const ALL: usize = Self::ADP | Self::DEL;
[INFO] [stdout]     |           ^^^
[INFO] [stdout] ...
[INFO] [stdout] 204 |     pub(crate) unsafe fn finish_inserting<'g>(
[INFO] [stdout]     |                          ^^^^^^^^^^^^^^^^
[INFO] [stdout] ...
[INFO] [stdout] 236 |     pub(crate) unsafe fn locate_pred<'g>(
[INFO] [stdout]     |                          ^^^^^^^^^^^
[INFO] [stdout] ...
[INFO] [stdout] 270 |     pub(crate) unsafe fn get<'g>(&'g self, coords: [u8; DIM], guard: &'g Guard) -> Option<&T> {
[INFO] [stdout]     |                          ^^^
[INFO] [stdout] ...
[INFO] [stdout] 283 |     pub(crate) unsafe fn insert<'g>(&'g self, container: Shared<'g, T>, guard: &'g Guard) {
[INFO] [stdout]     |                          ^^^^^^
[INFO] [stdout] ...
[INFO] [stdout] 358 |     pub fn starts_with<'g>(&'g self, needle: &'g [u8], guard: &'g Guard) -> Iter<'g, DIM, T, C> {
[INFO] [stdout]     |            ^^^^^^^^^^^
[INFO] [stdout] 
[INFO] [stdout] 
[INFO] [stdout] warning: field `list` is never read
[INFO] [stdout]    --> src/mdlist.rs:384:5
[INFO] [stdout]     |
[INFO] [stdout] 383 | pub struct MdList<K, T, const DIM: usize = 16> {
[INFO] [stdout]     |            ------ field in this struct
[INFO] [stdout] 384 |     list: List<DIM, NodeWithValue<DIM, T>>,
[INFO] [stdout]     |     ^^^^
[INFO] [stdout] 
[INFO] [stdout] 
[INFO] [stdout] warning: associated items `new`, `insert`, `get`, `starts_with`, and `iter` are never used
[INFO] [stdout]    --> src/mdlist.rs:398:12
[INFO] [stdout]     |
[INFO] [stdout] 397 | impl<const DIM: usize, K, T> MdList<K, T, DIM> {
[INFO] [stdout]     | ---------------------------------------------- associated items in this implementation
[INFO] [stdout] 398 |     pub fn new() -> Self {
[INFO] [stdout]     |            ^^^
[INFO] [stdout] ...
[INFO] [stdout] 406 |     pub fn insert<Q: ToCoords<DIM>>(&self, key: Q, value: T) {
[INFO] [stdout]     |            ^^^^^^
[INFO] [stdout] ...
[INFO] [stdout] 415 |     pub fn get<Q: ToCoords<DIM>>(&self, key: Q) -> Option<&T> {
[INFO] [stdout]     |            ^^^
[INFO] [stdout] ...
[INFO] [stdout] 422 |     pub fn starts_with<'q, Q: ?Sized + AsRef<[u8]>>(
[INFO] [stdout]     |            ^^^^^^^^^^^
[INFO] [stdout] ...
[INFO] [stdout] 434 |     pub fn iter(&self) -> impl Iterator<Item = &T> {
[INFO] [stdout]     |            ^^^^
[INFO] [stdout] 
[INFO] [stdout] 
[INFO] [stdout] warning: method `to_coords` is never used
[INFO] [stdout]    --> src/mdlist.rs:443:8
[INFO] [stdout]     |
[INFO] [stdout] 442 | pub trait ToCoords<const DIM: usize> {
[INFO] [stdout]     |           -------- method in this trait
[INFO] [stdout] 443 |     fn to_coords(self) -> [u8; DIM];
[INFO] [stdout]     |        ^^^^^^^^^
[INFO] [stdout] 
[INFO] [stdout] 
[INFO] [stdout] warning: crate `DimensionDB` should have a snake case name
[INFO] [stdout]   |
[INFO] [stdout]   = help: convert the identifier to snake case: `dimension_db`
[INFO] [stdout]   = note: `#[warn(non_snake_case)]` on by default
[INFO] [stdout] 
[INFO] [stdout] 
[INFO] [stderr]     Finished `dev` profile [unoptimized + debuginfo] target(s) in 18.15s
[INFO] running `Command { std: "docker" "inspect" "fd1981f4535e00db967d6f961260e7ac56e0cb56ad5e7457e2115cfec90b1a7a", kill_on_drop: false }`
[INFO] running `Command { std: "docker" "rm" "-f" "fd1981f4535e00db967d6f961260e7ac56e0cb56ad5e7457e2115cfec90b1a7a", kill_on_drop: false }`
[INFO] [stdout] fd1981f4535e00db967d6f961260e7ac56e0cb56ad5e7457e2115cfec90b1a7a
[INFO] running `Command { std: "docker" "create" "-v" "/var/lib/crater-agent-workspace/builds/worker-6-tc1/target:/opt/rustwide/target:rw,Z" "-v" "/var/lib/crater-agent-workspace/builds/worker-6-tc1/source:/opt/rustwide/workdir:ro,Z" "-v" "/var/lib/crater-agent-workspace/cargo-home:/opt/rustwide/cargo-home:ro,Z" "-v" "/var/lib/crater-agent-workspace/rustup-home:/opt/rustwide/rustup-home:ro,Z" "-e" "SOURCE_DIR=/opt/rustwide/workdir" "-e" "CARGO_TARGET_DIR=/opt/rustwide/target" "-e" "CARGO_INCREMENTAL=0" "-e" "RUST_BACKTRACE=full" "-e" "RUSTFLAGS=--cap-lints=forbid" "-e" "RUSTDOCFLAGS=--cap-lints=forbid" "-e" "CARGO_HOME=/opt/rustwide/cargo-home" "-e" "RUSTUP_HOME=/opt/rustwide/rustup-home" "-w" "/opt/rustwide/workdir" "-m" "1610612736" "--user" "0:0" "--network" "none" "ghcr.io/rust-lang/crates-build-env/linux@sha256:819108c5571ea2e421544af4d832f968d213c87fbe3707a016657f43d2f853bc" "/opt/rustwide/cargo-home/bin/cargo" "+nightly-2025-01-18" "test" "--frozen" "--no-run" "--message-format=json", kill_on_drop: false }`
[INFO] [stdout] ff70250d410379f5deb3efafcfcdaebffea9f0397029d17f44414b62f863dfd8
[INFO] running `Command { std: "docker" "start" "-a" "ff70250d410379f5deb3efafcfcdaebffea9f0397029d17f44414b62f863dfd8", kill_on_drop: false }`
[INFO] [stdout] warning: unexpected `cfg` condition value: `lock_free_delays`
[INFO] [stdout]   --> src/ebr/internal.rs:56:11
[INFO] [stdout]    |
[INFO] [stdout] 56 | #[cfg(not(feature = "lock_free_delays"))]
[INFO] [stdout]    |           ^^^^^^^^^^^^^^^^^^^^^^^^^^^^ help: remove the condition
[INFO] [stdout]    |
[INFO] [stdout]    = note: no expected values for `feature`
[INFO] [stdout]    = help: consider adding `lock_free_delays` as a feature in `Cargo.toml`
[INFO] [stdout]    = note: see <https://doc.rust-lang.org/nightly/rustc/check-cfg/cargo-specifics.html> for more information about checking conditional configuration
[INFO] [stdout]    = note: `#[warn(unexpected_cfgs)]` on by default
[INFO] [stdout] 
[INFO] [stdout] 
[INFO] [stdout] warning: unexpected `cfg` condition value: `lock_free_delays`
[INFO] [stdout]   --> src/ebr/internal.rs:58:7
[INFO] [stdout]    |
[INFO] [stdout] 58 | #[cfg(feature = "lock_free_delays")]
[INFO] [stdout]    |       ^^^^^^^^^^^^^^^^^^^^^^^^^^^^ help: remove the condition
[INFO] [stdout]    |
[INFO] [stdout]    = note: no expected values for `feature`
[INFO] [stdout]    = help: consider adding `lock_free_delays` as a feature in `Cargo.toml`
[INFO] [stdout]    = note: see <https://doc.rust-lang.org/nightly/rustc/check-cfg/cargo-specifics.html> for more information about checking conditional configuration
[INFO] [stdout] 
[INFO] [stdout] 
[INFO] [stdout] warning: unexpected `cfg` condition value: `lock_free_delays`
[INFO] [stdout]    --> src/ebr/internal.rs:110:19
[INFO] [stdout]     |
[INFO] [stdout] 110 |         #[cfg(not(feature = "lock_free_delays"))]
[INFO] [stdout]     |                   ^^^^^^^^^^^^^^^^^^^^^^^^^^^^ help: remove the condition
[INFO] [stdout]     |
[INFO] [stdout]     = note: no expected values for `feature`
[INFO] [stdout]     = help: consider adding `lock_free_delays` as a feature in `Cargo.toml`
[INFO] [stdout]     = note: see <https://doc.rust-lang.org/nightly/rustc/check-cfg/cargo-specifics.html> for more information about checking conditional configuration
[INFO] [stdout] 
[INFO] [stdout] 
[INFO] [stdout] warning: unexpected `cfg` condition value: `lock_free_delays`
[INFO] [stdout]    --> src/ebr/internal.rs:178:15
[INFO] [stdout]     |
[INFO] [stdout] 178 |         #[cfg(feature = "lock_free_delays")]
[INFO] [stdout]     |               ^^^^^^^^^^^^^^^^^^^^^^^^^^^^ help: remove the condition
[INFO] [stdout]     |
[INFO] [stdout]     = note: no expected values for `feature`
[INFO] [stdout]     = help: consider adding `lock_free_delays` as a feature in `Cargo.toml`
[INFO] [stdout]     = note: see <https://doc.rust-lang.org/nightly/rustc/check-cfg/cargo-specifics.html> for more information about checking conditional configuration
[INFO] [stdout] 
[INFO] [stdout] 
[INFO] [stdout] warning: unexpected `cfg` condition value: `testing`
[INFO] [stdout]    --> src/ebr/internal.rs:284:15
[INFO] [stdout]     |
[INFO] [stdout] 284 |         #[cfg(feature = "testing")]
[INFO] [stdout]     |               ^^^^^^^^^^^^^^^^^^^ help: remove the condition
[INFO] [stdout]     |
[INFO] [stdout]     = note: no expected values for `feature`
[INFO] [stdout]     = help: consider adding `testing` as a feature in `Cargo.toml`
[INFO] [stdout]     = note: see <https://doc.rust-lang.org/nightly/rustc/check-cfg/cargo-specifics.html> for more information about checking conditional configuration
[INFO] [stdout] 
[INFO] [stdout] 
[INFO] [stdout] warning: unexpected `cfg` condition value: `testing`
[INFO] [stdout]    --> src/ebr/internal.rs:304:15
[INFO] [stdout]     |
[INFO] [stdout] 304 |         #[cfg(feature = "testing")]
[INFO] [stdout]     |               ^^^^^^^^^^^^^^^^^^^ help: remove the condition
[INFO] [stdout]     |
[INFO] [stdout]     = note: no expected values for `feature`
[INFO] [stdout]     = help: consider adding `testing` as a feature in `Cargo.toml`
[INFO] [stdout]     = note: see <https://doc.rust-lang.org/nightly/rustc/check-cfg/cargo-specifics.html> for more information about checking conditional configuration
[INFO] [stdout] 
[INFO] [stdout] 
[INFO] [stdout] warning: unexpected `cfg` condition value: `testing`
[INFO] [stdout]    --> src/ebr/internal.rs:296:27
[INFO] [stdout]     |
[INFO] [stdout] 296 |                     #[cfg(feature = "testing")]
[INFO] [stdout]     |                           ^^^^^^^^^^^^^^^^^^^ help: remove the condition
[INFO] [stdout]     |
[INFO] [stdout]     = note: no expected values for `feature`
[INFO] [stdout]     = help: consider adding `testing` as a feature in `Cargo.toml`
[INFO] [stdout]     = note: see <https://doc.rust-lang.org/nightly/rustc/check-cfg/cargo-specifics.html> for more information about checking conditional configuration
[INFO] [stdout] 
[INFO] [stdout] 
[INFO] [stdout] warning: unexpected `cfg` condition value: `testing`
[INFO] [stdout]    --> src/ebr/internal.rs:472:19
[INFO] [stdout]     |
[INFO] [stdout] 472 |             #[cfg(feature = "testing")]
[INFO] [stdout]     |                   ^^^^^^^^^^^^^^^^^^^ help: remove the condition
[INFO] [stdout]     |
[INFO] [stdout]     = note: no expected values for `feature`
[INFO] [stdout]     = help: consider adding `testing` as a feature in `Cargo.toml`
[INFO] [stdout]     = note: see <https://doc.rust-lang.org/nightly/rustc/check-cfg/cargo-specifics.html> for more information about checking conditional configuration
[INFO] [stdout] 
[INFO] [stdout] 
[INFO] [stdout] warning: unexpected `cfg` condition value: `testing`
[INFO] [stdout]   --> src/ebr/mod.rs:29:11
[INFO] [stdout]    |
[INFO] [stdout] 29 |     #[cfg(feature = "testing")]
[INFO] [stdout]    |           ^^^^^^^^^^^^^^^^^^^ help: remove the condition
[INFO] [stdout]    |
[INFO] [stdout]    = note: no expected values for `feature`
[INFO] [stdout]    = help: consider adding `testing` as a feature in `Cargo.toml`
[INFO] [stdout]    = note: see <https://doc.rust-lang.org/nightly/rustc/check-cfg/cargo-specifics.html> for more information about checking conditional configuration
[INFO] [stdout] 
[INFO] [stdout] 
[INFO] [stdout] warning: unexpected `cfg` condition value: `testing`
[INFO] [stdout]   --> src/ebr/mod.rs:72:15
[INFO] [stdout]    |
[INFO] [stdout] 72 |         #[cfg(feature = "testing")]
[INFO] [stdout]    |               ^^^^^^^^^^^^^^^^^^^ help: remove the condition
[INFO] [stdout]    |
[INFO] [stdout]    = note: no expected values for `feature`
[INFO] [stdout]    = help: consider adding `testing` as a feature in `Cargo.toml`
[INFO] [stdout]    = note: see <https://doc.rust-lang.org/nightly/rustc/check-cfg/cargo-specifics.html> for more information about checking conditional configuration
[INFO] [stdout] 
[INFO] [stdout] 
[INFO] [stdout] warning: unused import: `cmp`
[INFO] [stdout]  --> src/layout.rs:6:5
[INFO] [stdout]   |
[INFO] [stdout] 6 |     cmp,
[INFO] [stdout]   |     ^^^
[INFO] [stdout]   |
[INFO] [stdout]   = note: `#[warn(unused_imports)]` on by default
[INFO] [stdout] 
[INFO] [stdout] 
[INFO] [stdout] warning: unused import: `std::borrow::Borrow`
[INFO] [stdout]  --> src/mdlist.rs:3:5
[INFO] [stdout]   |
[INFO] [stdout] 3 | use std::borrow::Borrow;
[INFO] [stdout]   |     ^^^^^^^^^^^^^^^^^^^
[INFO] [stdout] 
[INFO] [stdout] 
[INFO] [stdout] warning: elided lifetime has a name
[INFO] [stdout]    --> src/mdlist.rs:270:91
[INFO] [stdout]     |
[INFO] [stdout] 270 |     pub(crate) unsafe fn get<'g>(&'g self, coords: [u8; DIM], guard: &'g Guard) -> Option<&T> {
[INFO] [stdout]     |                              -- lifetime `'g` declared here                               ^ this elided lifetime gets resolved as `'g`
[INFO] [stdout]     |
[INFO] [stdout]     = note: `#[warn(elided_named_lifetimes)]` on by default
[INFO] [stdout] 
[INFO] [stdout] 
[INFO] [stdout] warning: elided lifetime has a name
[INFO] [stdout]    --> src/mdlist.rs:425:36
[INFO] [stdout]     |
[INFO] [stdout] 422 |     pub fn starts_with<'q, Q: ?Sized + AsRef<[u8]>>(
[INFO] [stdout]     |                        -- lifetime `'q` declared here
[INFO] [stdout] ...
[INFO] [stdout] 425 |     ) -> impl 'q + Iterator<Item = &T> {
[INFO] [stdout]     |                                    ^ this elided lifetime gets resolved as `'q`
[INFO] [stdout] 
[INFO] [stdout] 
[INFO] [stdout] warning: unused variable: `v`
[INFO] [stdout]   --> src/mdlist.rs:60:13
[INFO] [stdout]    |
[INFO] [stdout] 60 |         let v = Shared::from(Self::element_of(entry) as *const _);
[INFO] [stdout]    |             ^ help: if this is intentional, prefix it with an underscore: `_v`
[INFO] [stdout]    |
[INFO] [stdout]    = note: `#[warn(unused_variables)]` on by default
[INFO] [stdout] 
[INFO] [stdout] 
[INFO] [stdout] warning: unused variable: `guard`
[INFO] [stdout]   --> src/mdlist.rs:59:43
[INFO] [stdout]    |
[INFO] [stdout] 59 |     unsafe fn finalize(entry: &Node<DIM>, guard: &Guard) {
[INFO] [stdout]    |                                           ^^^^^ help: if this is intentional, prefix it with an underscore: `_guard`
[INFO] [stdout] 
[INFO] [stdout] 
[INFO] [stdout] warning: methods `defer` and `flush` are never used
[INFO] [stdout]   --> src/ebr/mod.rs:34:19
[INFO] [stdout]    |
[INFO] [stdout] 33 | impl Guard {
[INFO] [stdout]    | ---------- methods in this implementation
[INFO] [stdout] 34 |     pub(crate) fn defer<F, R>(&self, f: F)
[INFO] [stdout]    |                   ^^^^^
[INFO] [stdout] ...
[INFO] [stdout] 58 |     pub fn flush(&self) {
[INFO] [stdout]    |            ^^^^^
[INFO] [stdout]    |
[INFO] [stdout]    = note: `#[warn(dead_code)]` on by default
[INFO] [stdout] 
[INFO] [stdout] 
[INFO] [stdout] warning: methods `swap` and `fetch_and` are never used
[INFO] [stdout]    --> src/ebr/atomic.rs:323:19
[INFO] [stdout]     |
[INFO] [stdout] 280 | impl<T: ?Sized + Pointable> Atomic<T> {
[INFO] [stdout]     | ------------------------------------- methods in this implementation
[INFO] [stdout] ...
[INFO] [stdout] 323 |     pub(crate) fn swap<'g, P: Pointer<T>>(
[INFO] [stdout]     |                   ^^^^
[INFO] [stdout] ...
[INFO] [stdout] 419 |     pub(crate) fn fetch_and<'g>(&self, val: usize, ord: Ordering, _: &'g Guard) -> Shared<'g, T> {
[INFO] [stdout]     |                   ^^^^^^^^^
[INFO] [stdout] 
[INFO] [stdout] 
[INFO] [stdout] warning: method `is_empty` is never used
[INFO] [stdout]   --> src/ebr/internal.rs:78:25
[INFO] [stdout]    |
[INFO] [stdout] 71 | impl Bag {
[INFO] [stdout]    | -------- method in this implementation
[INFO] [stdout] ...
[INFO] [stdout] 78 |     pub(super) const fn is_empty(&self) -> bool {
[INFO] [stdout]    |                         ^^^^^^^^
[INFO] [stdout] 
[INFO] [stdout] 
[INFO] [stdout] warning: method `flush` is never used
[INFO] [stdout]    --> src/ebr/internal.rs:457:19
[INFO] [stdout]     |
[INFO] [stdout] 404 | impl Local {
[INFO] [stdout]     | ---------- method in this implementation
[INFO] [stdout] ...
[INFO] [stdout] 457 |     pub(super) fn flush(&self, guard: &Guard) {
[INFO] [stdout]     |                   ^^^^^
[INFO] [stdout] 
[INFO] [stdout] 
[INFO] [stdout] warning: struct `Engine` is never constructed
[INFO] [stdout]   --> src/engine.rs:19:12
[INFO] [stdout]    |
[INFO] [stdout] 19 | pub struct Engine {
[INFO] [stdout]    |            ^^^^^^
[INFO] [stdout] 
[INFO] [stdout] 
[INFO] [stdout] warning: associated items `new`, `get`, and `set` are never used
[INFO] [stdout]   --> src/engine.rs:32:12
[INFO] [stdout]    |
[INFO] [stdout] 31 | impl Engine {
[INFO] [stdout]    | ----------- associated items in this implementation
[INFO] [stdout] 32 |     pub fn new(threads: usize) -> Self {
[INFO] [stdout]    |            ^^^
[INFO] [stdout] ...
[INFO] [stdout] 51 |     pub async fn get(&self, key: String) -> anyhow::Result<Option<String>> {
[INFO] [stdout]    |                  ^^^
[INFO] [stdout] ...
[INFO] [stdout] 74 |     pub async fn set(&self, key: String, value: String) -> anyhow::Result<()> {
[INFO] [stdout]    |                  ^^^
[INFO] [stdout] 
[INFO] [stdout] 
[INFO] [stdout] warning: associated functions `set` and `remove` are never used
[INFO] [stdout]    --> src/engine.rs:122:8
[INFO] [stdout]     |
[INFO] [stdout] 121 | impl Command {
[INFO] [stdout]     | ------------ associated functions in this implementation
[INFO] [stdout] 122 |     fn set(key: String, value: String) -> Command {
[INFO] [stdout]     |        ^^^
[INFO] [stdout] ...
[INFO] [stdout] 126 |     fn remove(key: String) -> Command {
[INFO] [stdout]     |        ^^^^^^
[INFO] [stdout] 
[INFO] [stdout] 
[INFO] [stdout] warning: fields `page`, `pos`, and `len` are never read
[INFO] [stdout]    --> src/engine.rs:134:5
[INFO] [stdout]     |
[INFO] [stdout] 133 | struct CommandPos {
[INFO] [stdout]     |        ---------- fields in this struct
[INFO] [stdout] 134 |     page: PageId,
[INFO] [stdout]     |     ^^^^
[INFO] [stdout] 135 |     pos: u64,
[INFO] [stdout]     |     ^^^
[INFO] [stdout] 136 |     len: u64,
[INFO] [stdout]     |     ^^^
[INFO] [stdout]     |
[INFO] [stdout]     = note: `CommandPos` has derived impls for the traits `Clone` and `Debug`, but these are intentionally ignored during dead code analysis
[INFO] [stdout] 
[INFO] [stdout] 
[INFO] [stdout] warning: associated function `new` is never used
[INFO] [stdout]   --> src/io.rs:10:12
[INFO] [stdout]    |
[INFO] [stdout] 9  | impl<R: Read + Seek> BufReaderWithPos<R> {
[INFO] [stdout]    | ---------------------------------------- associated function in this implementation
[INFO] [stdout] 10 |     pub fn new(mut inner: R) -> anyhow::Result<Self> {
[INFO] [stdout]    |            ^^^
[INFO] [stdout] 
[INFO] [stdout] 
[INFO] [stdout] warning: associated function `new` is never used
[INFO] [stdout]   --> src/io.rs:40:12
[INFO] [stdout]    |
[INFO] [stdout] 39 | impl<W: Write + Seek> BufWriterWithPos<W> {
[INFO] [stdout]    | ----------------------------------------- associated function in this implementation
[INFO] [stdout] 40 |     pub fn new(mut inner: W) -> anyhow::Result<Self> {
[INFO] [stdout]    |            ^^^
[INFO] [stdout] 
[INFO] [stdout] 
[INFO] [stdout] warning: constant `PAGE_SIZE` is never used
[INFO] [stdout]   --> src/layout.rs:11:11
[INFO] [stdout]    |
[INFO] [stdout] 11 | pub const PAGE_SIZE: u64 = 4096 * 1;
[INFO] [stdout]    |           ^^^^^^^^^
[INFO] [stdout] 
[INFO] [stdout] 
[INFO] [stdout] warning: constant `CHUNK_SIZE` is never used
[INFO] [stdout]   --> src/layout.rs:12:7
[INFO] [stdout]    |
[INFO] [stdout] 12 | const CHUNK_SIZE: u64 = 4096 * 2;
[INFO] [stdout]    |       ^^^^^^^^^^
[INFO] [stdout] 
[INFO] [stdout] 
[INFO] [stdout] warning: struct `Aligned` is never constructed
[INFO] [stdout]   --> src/layout.rs:15:8
[INFO] [stdout]    |
[INFO] [stdout] 15 | struct Aligned([u8; CHUNK_SIZE as usize]);
[INFO] [stdout]    |        ^^^^^^^
[INFO] [stdout] 
[INFO] [stdout] 
[INFO] [stdout] warning: associated functions `open` and `open_additional` are never used
[INFO] [stdout]   --> src/layout.rs:37:12
[INFO] [stdout]    |
[INFO] [stdout] 36 | impl PageSlottedFile {
[INFO] [stdout]    | -------------------- associated functions in this implementation
[INFO] [stdout] 37 |     pub fn open(path: impl AsRef<Path>, ring: &rio::Rio) -> Self {
[INFO] [stdout]    |            ^^^^
[INFO] [stdout] ...
[INFO] [stdout] 62 |     pub fn open_additional(path: impl AsRef<Path>) -> Self {
[INFO] [stdout]    |            ^^^^^^^^^^^^^^^
[INFO] [stdout] 
[INFO] [stdout] 
[INFO] [stdout] warning: enum `TxStatus` is never used
[INFO] [stdout]  --> src/lftt.rs:3:10
[INFO] [stdout]   |
[INFO] [stdout] 3 | pub enum TxStatus {
[INFO] [stdout]   |          ^^^^^^^^
[INFO] [stdout] 
[INFO] [stdout] 
[INFO] [stdout] warning: enum `OpType` is never used
[INFO] [stdout]   --> src/lftt.rs:10:10
[INFO] [stdout]    |
[INFO] [stdout] 10 | pub enum OpType {
[INFO] [stdout]    |          ^^^^^^
[INFO] [stdout]    |
[INFO] [stdout]    = note: `OpType` has a derived impl for the trait `Clone`, but this is intentionally ignored during dead code analysis
[INFO] [stdout] 
[INFO] [stdout] 
[INFO] [stdout] warning: struct `Operation` is never constructed
[INFO] [stdout]   --> src/lftt.rs:18:12
[INFO] [stdout]    |
[INFO] [stdout] 18 | pub struct Operation<const DIM: usize> {
[INFO] [stdout]    |            ^^^^^^^^^
[INFO] [stdout] 
[INFO] [stdout] 
[INFO] [stdout] warning: struct `Desc` is never constructed
[INFO] [stdout]   --> src/lftt.rs:23:12
[INFO] [stdout]    |
[INFO] [stdout] 23 | pub struct Desc<const DIM: usize> {
[INFO] [stdout]    |            ^^^^
[INFO] [stdout] 
[INFO] [stdout] 
[INFO] [stdout] warning: struct `NodeDesc` is never constructed
[INFO] [stdout]   --> src/lftt.rs:30:12
[INFO] [stdout]    |
[INFO] [stdout] 30 | pub struct NodeDesc<const DIM: usize> {
[INFO] [stdout]    |            ^^^^^^^^
[INFO] [stdout] 
[INFO] [stdout] 
[INFO] [stdout] warning: fields `dp`, `dc`, and `curr` are never read
[INFO] [stdout]   --> src/mdlist.rs:11:5
[INFO] [stdout]    |
[INFO] [stdout] 10 | pub struct AdoptDesc<const DIM: usize> {
[INFO] [stdout]    |            --------- fields in this struct
[INFO] [stdout] 11 |     dp: usize,
[INFO] [stdout]    |     ^^
[INFO] [stdout] 12 |     dc: usize,
[INFO] [stdout]    |     ^^
[INFO] [stdout] 13 |     curr: Owned<Node<DIM>>,
[INFO] [stdout]    |     ^^^^
[INFO] [stdout]    |
[INFO] [stdout]    = note: `AdoptDesc` has a derived impl for the trait `Debug`, but this is intentionally ignored during dead code analysis
[INFO] [stdout] 
[INFO] [stdout] 
[INFO] [stdout] warning: struct `Pred` is never constructed
[INFO] [stdout]   --> src/mdlist.rs:17:12
[INFO] [stdout]    |
[INFO] [stdout] 17 | pub struct Pred<'g, const DIM: usize> {
[INFO] [stdout]    |            ^^^^
[INFO] [stdout]    |
[INFO] [stdout]    = note: `Pred` has a derived impl for the trait `Debug`, but this is intentionally ignored during dead code analysis
[INFO] [stdout] 
[INFO] [stdout] 
[INFO] [stdout] warning: field `dimension` is never read
[INFO] [stdout]   --> src/mdlist.rs:28:5
[INFO] [stdout]    |
[INFO] [stdout] 25 | pub struct Node<const DIM: usize> {
[INFO] [stdout]    |            ---- field in this struct
[INFO] [stdout] ...
[INFO] [stdout] 28 |     dimension: usize,
[INFO] [stdout]    |     ^^^^^^^^^
[INFO] [stdout]    |
[INFO] [stdout]    = note: `Node` has a derived impl for the trait `Debug`, but this is intentionally ignored during dead code analysis
[INFO] [stdout] 
[INFO] [stdout] 
[INFO] [stdout] warning: associated function `new` is never used
[INFO] [stdout]   --> src/mdlist.rs:80:12
[INFO] [stdout]    |
[INFO] [stdout] 78 | impl<const DIM: usize, V> NodeWithValue<DIM, V> {
[INFO] [stdout]    | ----------------------------------------------- associated function in this implementation
[INFO] [stdout] 79 |     #[inline]
[INFO] [stdout] 80 |     pub fn new(coords: [u8; DIM], value: V) -> Self {
[INFO] [stdout]    |            ^^^
[INFO] [stdout] 
[INFO] [stdout] 
[INFO] [stdout] warning: associated function `entry_of` is never used
[INFO] [stdout]    --> src/mdlist.rs:120:8
[INFO] [stdout]     |
[INFO] [stdout] 119 | pub trait IsElement<const DIM: usize, T> {
[INFO] [stdout]     |           --------- associated function in this trait
[INFO] [stdout] 120 |     fn entry_of(_: &T) -> &Node<DIM>;
[INFO] [stdout]     |        ^^^^^^^^
[INFO] [stdout] 
[INFO] [stdout] 
[INFO] [stdout] warning: associated function `new` is never used
[INFO] [stdout]    --> src/mdlist.rs:176:8
[INFO] [stdout]     |
[INFO] [stdout] 174 | impl<const DIM: usize> Node<DIM> {
[INFO] [stdout]     | -------------------------------- associated function in this implementation
[INFO] [stdout] 175 |     #[inline]
[INFO] [stdout] 176 |     fn new(coords: [u8; DIM]) -> Self {
[INFO] [stdout]     |        ^^^
[INFO] [stdout] 
[INFO] [stdout] 
[INFO] [stdout] warning: multiple associated items are never used
[INFO] [stdout]    --> src/mdlist.rs:192:11
[INFO] [stdout]     |
[INFO] [stdout] 191 | impl<const DIM: usize, T, C: IsElement<DIM, T>> List<DIM, T, C> {
[INFO] [stdout]     | --------------------------------------------------------------- associated items in this implementation
[INFO] [stdout] 192 |     const UNMARKED: usize = 0;
[INFO] [stdout]     |           ^^^^^^^^
[INFO] [stdout] 193 |     const ADP: usize = 1;
[INFO] [stdout]     |           ^^^
[INFO] [stdout] 194 |     const DEL: usize = 2;
[INFO] [stdout]     |           ^^^
[INFO] [stdout] 195 |     const ALL: usize = Self::ADP | Self::DEL;
[INFO] [stdout]     |           ^^^
[INFO] [stdout] ...
[INFO] [stdout] 204 |     pub(crate) unsafe fn finish_inserting<'g>(
[INFO] [stdout]     |                          ^^^^^^^^^^^^^^^^
[INFO] [stdout] ...
[INFO] [stdout] 236 |     pub(crate) unsafe fn locate_pred<'g>(
[INFO] [stdout]     |                          ^^^^^^^^^^^
[INFO] [stdout] ...
[INFO] [stdout] 270 |     pub(crate) unsafe fn get<'g>(&'g self, coords: [u8; DIM], guard: &'g Guard) -> Option<&T> {
[INFO] [stdout]     |                          ^^^
[INFO] [stdout] ...
[INFO] [stdout] 283 |     pub(crate) unsafe fn insert<'g>(&'g self, container: Shared<'g, T>, guard: &'g Guard) {
[INFO] [stdout]     |                          ^^^^^^
[INFO] [stdout] ...
[INFO] [stdout] 358 |     pub fn starts_with<'g>(&'g self, needle: &'g [u8], guard: &'g Guard) -> Iter<'g, DIM, T, C> {
[INFO] [stdout]     |            ^^^^^^^^^^^
[INFO] [stdout] 
[INFO] [stdout] 
[INFO] [stdout] warning: field `list` is never read
[INFO] [stdout]    --> src/mdlist.rs:384:5
[INFO] [stdout]     |
[INFO] [stdout] 383 | pub struct MdList<K, T, const DIM: usize = 16> {
[INFO] [stdout]     |            ------ field in this struct
[INFO] [stdout] 384 |     list: List<DIM, NodeWithValue<DIM, T>>,
[INFO] [stdout]     |     ^^^^
[INFO] [stdout] 
[INFO] [stdout] 
[INFO] [stdout] warning: associated items `new`, `insert`, `get`, `starts_with`, and `iter` are never used
[INFO] [stdout]    --> src/mdlist.rs:398:12
[INFO] [stdout]     |
[INFO] [stdout] 397 | impl<const DIM: usize, K, T> MdList<K, T, DIM> {
[INFO] [stdout]     | ---------------------------------------------- associated items in this implementation
[INFO] [stdout] 398 |     pub fn new() -> Self {
[INFO] [stdout]     |            ^^^
[INFO] [stdout] ...
[INFO] [stdout] 406 |     pub fn insert<Q: ToCoords<DIM>>(&self, key: Q, value: T) {
[INFO] [stdout]     |            ^^^^^^
[INFO] [stdout] ...
[INFO] [stdout] 415 |     pub fn get<Q: ToCoords<DIM>>(&self, key: Q) -> Option<&T> {
[INFO] [stdout]     |            ^^^
[INFO] [stdout] ...
[INFO] [stdout] 422 |     pub fn starts_with<'q, Q: ?Sized + AsRef<[u8]>>(
[INFO] [stdout]     |            ^^^^^^^^^^^
[INFO] [stdout] ...
[INFO] [stdout] 434 |     pub fn iter(&self) -> impl Iterator<Item = &T> {
[INFO] [stdout]     |            ^^^^
[INFO] [stdout] 
[INFO] [stdout] 
[INFO] [stdout] warning: method `to_coords` is never used
[INFO] [stdout]    --> src/mdlist.rs:443:8
[INFO] [stdout]     |
[INFO] [stdout] 442 | pub trait ToCoords<const DIM: usize> {
[INFO] [stdout]     |           -------- method in this trait
[INFO] [stdout] 443 |     fn to_coords(self) -> [u8; DIM];
[INFO] [stdout]     |        ^^^^^^^^^
[INFO] [stdout] 
[INFO] [stdout] 
[INFO] [stdout] warning: crate `DimensionDB` should have a snake case name
[INFO] [stdout]   |
[INFO] [stdout]   = help: convert the identifier to snake case: `dimension_db`
[INFO] [stdout]   = note: `#[warn(non_snake_case)]` on by default
[INFO] [stdout] 
[INFO] [stdout] 
[INFO] [stderr]    Compiling DimensionDB v0.1.0 (/opt/rustwide/workdir)
[INFO] [stdout] warning: unexpected `cfg` condition value: `lock_free_delays`
[INFO] [stdout]   --> src/ebr/internal.rs:56:11
[INFO] [stdout]    |
[INFO] [stdout] 56 | #[cfg(not(feature = "lock_free_delays"))]
[INFO] [stdout]    |           ^^^^^^^^^^^^^^^^^^^^^^^^^^^^ help: remove the condition
[INFO] [stdout]    |
[INFO] [stdout]    = note: no expected values for `feature`
[INFO] [stdout]    = help: consider adding `lock_free_delays` as a feature in `Cargo.toml`
[INFO] [stdout]    = note: see <https://doc.rust-lang.org/nightly/rustc/check-cfg/cargo-specifics.html> for more information about checking conditional configuration
[INFO] [stdout]    = note: `#[warn(unexpected_cfgs)]` on by default
[INFO] [stdout] 
[INFO] [stdout] 
[INFO] [stdout] warning: unexpected `cfg` condition value: `lock_free_delays`
[INFO] [stdout]   --> src/ebr/internal.rs:58:7
[INFO] [stdout]    |
[INFO] [stdout] 58 | #[cfg(feature = "lock_free_delays")]
[INFO] [stdout]    |       ^^^^^^^^^^^^^^^^^^^^^^^^^^^^ help: remove the condition
[INFO] [stdout]    |
[INFO] [stdout]    = note: no expected values for `feature`
[INFO] [stdout]    = help: consider adding `lock_free_delays` as a feature in `Cargo.toml`
[INFO] [stdout]    = note: see <https://doc.rust-lang.org/nightly/rustc/check-cfg/cargo-specifics.html> for more information about checking conditional configuration
[INFO] [stdout] 
[INFO] [stdout] 
[INFO] [stdout] warning: unexpected `cfg` condition value: `lock_free_delays`
[INFO] [stdout]    --> src/ebr/internal.rs:110:19
[INFO] [stdout]     |
[INFO] [stdout] 110 |         #[cfg(not(feature = "lock_free_delays"))]
[INFO] [stdout]     |                   ^^^^^^^^^^^^^^^^^^^^^^^^^^^^ help: remove the condition
[INFO] [stdout]     |
[INFO] [stdout]     = note: no expected values for `feature`
[INFO] [stdout]     = help: consider adding `lock_free_delays` as a feature in `Cargo.toml`
[INFO] [stdout]     = note: see <https://doc.rust-lang.org/nightly/rustc/check-cfg/cargo-specifics.html> for more information about checking conditional configuration
[INFO] [stdout] 
[INFO] [stdout] 
[INFO] [stdout] warning: unexpected `cfg` condition value: `lock_free_delays`
[INFO] [stdout]    --> src/ebr/internal.rs:178:15
[INFO] [stdout]     |
[INFO] [stdout] 178 |         #[cfg(feature = "lock_free_delays")]
[INFO] [stdout]     |               ^^^^^^^^^^^^^^^^^^^^^^^^^^^^ help: remove the condition
[INFO] [stdout]     |
[INFO] [stdout]     = note: no expected values for `feature`
[INFO] [stdout]     = help: consider adding `lock_free_delays` as a feature in `Cargo.toml`
[INFO] [stdout]     = note: see <https://doc.rust-lang.org/nightly/rustc/check-cfg/cargo-specifics.html> for more information about checking conditional configuration
[INFO] [stdout] 
[INFO] [stdout] 
[INFO] [stdout] warning: unexpected `cfg` condition value: `testing`
[INFO] [stdout]    --> src/ebr/internal.rs:284:15
[INFO] [stdout]     |
[INFO] [stdout] 284 |         #[cfg(feature = "testing")]
[INFO] [stdout]     |               ^^^^^^^^^^^^^^^^^^^ help: remove the condition
[INFO] [stdout]     |
[INFO] [stdout]     = note: no expected values for `feature`
[INFO] [stdout]     = help: consider adding `testing` as a feature in `Cargo.toml`
[INFO] [stdout]     = note: see <https://doc.rust-lang.org/nightly/rustc/check-cfg/cargo-specifics.html> for more information about checking conditional configuration
[INFO] [stdout] 
[INFO] [stdout] 
[INFO] [stdout] warning: unexpected `cfg` condition value: `testing`
[INFO] [stdout]    --> src/ebr/internal.rs:304:15
[INFO] [stdout]     |
[INFO] [stdout] 304 |         #[cfg(feature = "testing")]
[INFO] [stdout]     |               ^^^^^^^^^^^^^^^^^^^ help: remove the condition
[INFO] [stdout]     |
[INFO] [stdout]     = note: no expected values for `feature`
[INFO] [stdout]     = help: consider adding `testing` as a feature in `Cargo.toml`
[INFO] [stdout]     = note: see <https://doc.rust-lang.org/nightly/rustc/check-cfg/cargo-specifics.html> for more information about checking conditional configuration
[INFO] [stdout] 
[INFO] [stdout] 
[INFO] [stdout] warning: unexpected `cfg` condition value: `testing`
[INFO] [stdout]    --> src/ebr/internal.rs:296:27
[INFO] [stdout]     |
[INFO] [stdout] 296 |                     #[cfg(feature = "testing")]
[INFO] [stdout]     |                           ^^^^^^^^^^^^^^^^^^^ help: remove the condition
[INFO] [stdout]     |
[INFO] [stdout]     = note: no expected values for `feature`
[INFO] [stdout]     = help: consider adding `testing` as a feature in `Cargo.toml`
[INFO] [stdout]     = note: see <https://doc.rust-lang.org/nightly/rustc/check-cfg/cargo-specifics.html> for more information about checking conditional configuration
[INFO] [stdout] 
[INFO] [stdout] 
[INFO] [stdout] warning: unexpected `cfg` condition value: `testing`
[INFO] [stdout]    --> src/ebr/internal.rs:472:19
[INFO] [stdout]     |
[INFO] [stdout] 472 |             #[cfg(feature = "testing")]
[INFO] [stdout]     |                   ^^^^^^^^^^^^^^^^^^^ help: remove the condition
[INFO] [stdout]     |
[INFO] [stdout]     = note: no expected values for `feature`
[INFO] [stdout]     = help: consider adding `testing` as a feature in `Cargo.toml`
[INFO] [stdout]     = note: see <https://doc.rust-lang.org/nightly/rustc/check-cfg/cargo-specifics.html> for more information about checking conditional configuration
[INFO] [stdout] 
[INFO] [stdout] 
[INFO] [stdout] warning: unexpected `cfg` condition value: `testing`
[INFO] [stdout]   --> src/ebr/mod.rs:29:11
[INFO] [stdout]    |
[INFO] [stdout] 29 |     #[cfg(feature = "testing")]
[INFO] [stdout]    |           ^^^^^^^^^^^^^^^^^^^ help: remove the condition
[INFO] [stdout]    |
[INFO] [stdout]    = note: no expected values for `feature`
[INFO] [stdout]    = help: consider adding `testing` as a feature in `Cargo.toml`
[INFO] [stdout]    = note: see <https://doc.rust-lang.org/nightly/rustc/check-cfg/cargo-specifics.html> for more information about checking conditional configuration
[INFO] [stdout] 
[INFO] [stdout] 
[INFO] [stdout] warning: unexpected `cfg` condition value: `testing`
[INFO] [stdout]   --> src/ebr/mod.rs:72:15
[INFO] [stdout]    |
[INFO] [stdout] 72 |         #[cfg(feature = "testing")]
[INFO] [stdout]    |               ^^^^^^^^^^^^^^^^^^^ help: remove the condition
[INFO] [stdout]    |
[INFO] [stdout]    = note: no expected values for `feature`
[INFO] [stdout]    = help: consider adding `testing` as a feature in `Cargo.toml`
[INFO] [stdout]    = note: see <https://doc.rust-lang.org/nightly/rustc/check-cfg/cargo-specifics.html> for more information about checking conditional configuration
[INFO] [stdout] 
[INFO] [stdout] 
[INFO] [stdout] warning: unused import: `cmp`
[INFO] [stdout]  --> src/layout.rs:6:5
[INFO] [stdout]   |
[INFO] [stdout] 6 |     cmp,
[INFO] [stdout]   |     ^^^
[INFO] [stdout]   |
[INFO] [stdout]   = note: `#[warn(unused_imports)]` on by default
[INFO] [stdout] 
[INFO] [stdout] 
[INFO] [stdout] warning: unused import: `super::*`
[INFO] [stdout]    --> src/layout.rs:100:9
[INFO] [stdout]     |
[INFO] [stdout] 100 |     use super::*;
[INFO] [stdout]     |         ^^^^^^^^
[INFO] [stdout] 
[INFO] [stdout] 
[INFO] [stdout] warning: unused import: `std::borrow::Borrow`
[INFO] [stdout]  --> src/mdlist.rs:3:5
[INFO] [stdout]   |
[INFO] [stdout] 3 | use std::borrow::Borrow;
[INFO] [stdout]   |     ^^^^^^^^^^^^^^^^^^^
[INFO] [stdout] 
[INFO] [stdout] 
[INFO] [stdout] warning: elided lifetime has a name
[INFO] [stdout]    --> src/mdlist.rs:270:91
[INFO] [stdout]     |
[INFO] [stdout] 270 |     pub(crate) unsafe fn get<'g>(&'g self, coords: [u8; DIM], guard: &'g Guard) -> Option<&T> {
[INFO] [stdout]     |                              -- lifetime `'g` declared here                               ^ this elided lifetime gets resolved as `'g`
[INFO] [stdout]     |
[INFO] [stdout]     = note: `#[warn(elided_named_lifetimes)]` on by default
[INFO] [stdout] 
[INFO] [stdout] 
[INFO] [stdout] warning: elided lifetime has a name
[INFO] [stdout]    --> src/mdlist.rs:425:36
[INFO] [stdout]     |
[INFO] [stdout] 422 |     pub fn starts_with<'q, Q: ?Sized + AsRef<[u8]>>(
[INFO] [stdout]     |                        -- lifetime `'q` declared here
[INFO] [stdout] ...
[INFO] [stdout] 425 |     ) -> impl 'q + Iterator<Item = &T> {
[INFO] [stdout]     |                                    ^ this elided lifetime gets resolved as `'q`
[INFO] [stdout] 
[INFO] [stdout] 
[INFO] [stdout] warning: unused variable: `v`
[INFO] [stdout]   --> src/mdlist.rs:60:13
[INFO] [stdout]    |
[INFO] [stdout] 60 |         let v = Shared::from(Self::element_of(entry) as *const _);
[INFO] [stdout]    |             ^ help: if this is intentional, prefix it with an underscore: `_v`
[INFO] [stdout]    |
[INFO] [stdout]    = note: `#[warn(unused_variables)]` on by default
[INFO] [stdout] 
[INFO] [stdout] 
[INFO] [stdout] warning: unused variable: `guard`
[INFO] [stdout]   --> src/mdlist.rs:59:43
[INFO] [stdout]    |
[INFO] [stdout] 59 |     unsafe fn finalize(entry: &Node<DIM>, guard: &Guard) {
[INFO] [stdout]    |                                           ^^^^^ help: if this is intentional, prefix it with an underscore: `_guard`
[INFO] [stdout] 
[INFO] [stdout] 
[INFO] [stdout] warning: methods `defer` and `flush` are never used
[INFO] [stdout]   --> src/ebr/mod.rs:34:19
[INFO] [stdout]    |
[INFO] [stdout] 33 | impl Guard {
[INFO] [stdout]    | ---------- methods in this implementation
[INFO] [stdout] 34 |     pub(crate) fn defer<F, R>(&self, f: F)
[INFO] [stdout]    |                   ^^^^^
[INFO] [stdout] ...
[INFO] [stdout] 58 |     pub fn flush(&self) {
[INFO] [stdout]    |            ^^^^^
[INFO] [stdout]    |
[INFO] [stdout]    = note: `#[warn(dead_code)]` on by default
[INFO] [stdout] 
[INFO] [stdout] 
[INFO] [stdout] warning: methods `swap` and `fetch_and` are never used
[INFO] [stdout]    --> src/ebr/atomic.rs:323:19
[INFO] [stdout]     |
[INFO] [stdout] 280 | impl<T: ?Sized + Pointable> Atomic<T> {
[INFO] [stdout]     | ------------------------------------- methods in this implementation
[INFO] [stdout] ...
[INFO] [stdout] 323 |     pub(crate) fn swap<'g, P: Pointer<T>>(
[INFO] [stdout]     |                   ^^^^
[INFO] [stdout] ...
[INFO] [stdout] 419 |     pub(crate) fn fetch_and<'g>(&self, val: usize, ord: Ordering, _: &'g Guard) -> Shared<'g, T> {
[INFO] [stdout]     |                   ^^^^^^^^^
[INFO] [stdout] 
[INFO] [stdout] 
[INFO] [stdout] warning: method `flush` is never used
[INFO] [stdout]    --> src/ebr/internal.rs:457:19
[INFO] [stdout]     |
[INFO] [stdout] 404 | impl Local {
[INFO] [stdout]     | ---------- method in this implementation
[INFO] [stdout] ...
[INFO] [stdout] 457 |     pub(super) fn flush(&self, guard: &Guard) {
[INFO] [stdout]     |                   ^^^^^
[INFO] [stdout] 
[INFO] [stdout] 
[INFO] [stdout] warning: fields `ring` and `file` are never read
[INFO] [stdout]   --> src/engine.rs:20:5
[INFO] [stdout]    |
[INFO] [stdout] 19 | pub struct Engine {
[INFO] [stdout]    |            ------ fields in this struct
[INFO] [stdout] 20 |     ring: Rio,
[INFO] [stdout]    |     ^^^^
[INFO] [stdout] ...
[INFO] [stdout] 28 |     file: Arc<PageSlottedFile>,
[INFO] [stdout]    |     ^^^^
[INFO] [stdout] 
[INFO] [stdout] 
[INFO] [stdout] warning: associated functions `set` and `remove` are never used
[INFO] [stdout]    --> src/engine.rs:122:8
[INFO] [stdout]     |
[INFO] [stdout] 121 | impl Command {
[INFO] [stdout]     | ------------ associated functions in this implementation
[INFO] [stdout] 122 |     fn set(key: String, value: String) -> Command {
[INFO] [stdout]     |        ^^^
[INFO] [stdout] ...
[INFO] [stdout] 126 |     fn remove(key: String) -> Command {
[INFO] [stdout]     |        ^^^^^^
[INFO] [stdout] 
[INFO] [stdout] 
[INFO] [stdout] warning: field `page` is never read
[INFO] [stdout]    --> src/engine.rs:134:5
[INFO] [stdout]     |
[INFO] [stdout] 133 | struct CommandPos {
[INFO] [stdout]     |        ---------- field in this struct
[INFO] [stdout] 134 |     page: PageId,
[INFO] [stdout]     |     ^^^^
[INFO] [stdout]     |
[INFO] [stdout]     = note: `CommandPos` has derived impls for the traits `Clone` and `Debug`, but these are intentionally ignored during dead code analysis
[INFO] [stdout] 
[INFO] [stdout] 
[INFO] [stdout] warning: enum `TxStatus` is never used
[INFO] [stdout]  --> src/lftt.rs:3:10
[INFO] [stdout]   |
[INFO] [stdout] 3 | pub enum TxStatus {
[INFO] [stdout]   |          ^^^^^^^^
[INFO] [stdout] 
[INFO] [stdout] 
[INFO] [stdout] warning: enum `OpType` is never used
[INFO] [stdout]   --> src/lftt.rs:10:10
[INFO] [stdout]    |
[INFO] [stdout] 10 | pub enum OpType {
[INFO] [stdout]    |          ^^^^^^
[INFO] [stdout]    |
[INFO] [stdout]    = note: `OpType` has a derived impl for the trait `Clone`, but this is intentionally ignored during dead code analysis
[INFO] [stdout] 
[INFO] [stdout] 
[INFO] [stdout] warning: struct `Operation` is never constructed
[INFO] [stdout]   --> src/lftt.rs:18:12
[INFO] [stdout]    |
[INFO] [stdout] 18 | pub struct Operation<const DIM: usize> {
[INFO] [stdout]    |            ^^^^^^^^^
[INFO] [stdout] 
[INFO] [stdout] 
[INFO] [stdout] warning: struct `Desc` is never constructed
[INFO] [stdout]   --> src/lftt.rs:23:12
[INFO] [stdout]    |
[INFO] [stdout] 23 | pub struct Desc<const DIM: usize> {
[INFO] [stdout]    |            ^^^^
[INFO] [stdout] 
[INFO] [stdout] 
[INFO] [stdout] warning: struct `NodeDesc` is never constructed
[INFO] [stdout]   --> src/lftt.rs:30:12
[INFO] [stdout]    |
[INFO] [stdout] 30 | pub struct NodeDesc<const DIM: usize> {
[INFO] [stdout]    |            ^^^^^^^^
[INFO] [stdout] 
[INFO] [stdout] 
[INFO] [stdout] warning: field `dimension` is never read
[INFO] [stdout]   --> src/mdlist.rs:28:5
[INFO] [stdout]    |
[INFO] [stdout] 25 | pub struct Node<const DIM: usize> {
[INFO] [stdout]    |            ---- field in this struct
[INFO] [stdout] ...
[INFO] [stdout] 28 |     dimension: usize,
[INFO] [stdout]    |     ^^^^^^^^^
[INFO] [stdout]    |
[INFO] [stdout]    = note: `Node` has a derived impl for the trait `Debug`, but this is intentionally ignored during dead code analysis
[INFO] [stdout] 
[INFO] [stdout] 
[INFO] [stdout] warning: associated constant `ALL` is never used
[INFO] [stdout]    --> src/mdlist.rs:195:11
[INFO] [stdout]     |
[INFO] [stdout] 191 | impl<const DIM: usize, T, C: IsElement<DIM, T>> List<DIM, T, C> {
[INFO] [stdout]     | --------------------------------------------------------------- associated constant in this implementation
[INFO] [stdout] ...
[INFO] [stdout] 195 |     const ALL: usize = Self::ADP | Self::DEL;
[INFO] [stdout]     |           ^^^
[INFO] [stdout] 
[INFO] [stdout] 
[INFO] [stdout] warning: methods `starts_with` and `iter` are never used
[INFO] [stdout]    --> src/mdlist.rs:422:12
[INFO] [stdout]     |
[INFO] [stdout] 397 | impl<const DIM: usize, K, T> MdList<K, T, DIM> {
[INFO] [stdout]     | ---------------------------------------------- methods in this implementation
[INFO] [stdout] ...
[INFO] [stdout] 422 |     pub fn starts_with<'q, Q: ?Sized + AsRef<[u8]>>(
[INFO] [stdout]     |            ^^^^^^^^^^^
[INFO] [stdout] ...
[INFO] [stdout] 434 |     pub fn iter(&self) -> impl Iterator<Item = &T> {
[INFO] [stdout]     |            ^^^^
[INFO] [stdout] 
[INFO] [stdout] 
[INFO] [stdout] warning: calls to `std::mem::drop` with a value that implements `Copy` does nothing
[INFO] [stdout]   --> src/ebr/deferred.rs:95:13
[INFO] [stdout]    |
[INFO] [stdout] 95 |             drop(a);
[INFO] [stdout]    |             ^^^^^-^
[INFO] [stdout]    |                  |
[INFO] [stdout]    |                  argument has type `[usize; 1]`
[INFO] [stdout]    |
[INFO] [stdout]    = note: `#[warn(dropping_copy_types)]` on by default
[INFO] [stdout] help: use `let _ = ...` to ignore the expression or result
[INFO] [stdout]    |
[INFO] [stdout] 95 -             drop(a);
[INFO] [stdout] 95 +             let _ = a;
[INFO] [stdout]    |
[INFO] [stdout] 
[INFO] [stdout] 
[INFO] [stdout] warning: calls to `std::mem::drop` with a value that implements `Copy` does nothing
[INFO] [stdout]    --> src/ebr/deferred.rs:110:13
[INFO] [stdout]     |
[INFO] [stdout] 110 |             drop(a);
[INFO] [stdout]     |             ^^^^^-^
[INFO] [stdout]     |                  |
[INFO] [stdout]     |                  argument has type `[usize; 10]`
[INFO] [stdout]     |
[INFO] [stdout] help: use `let _ = ...` to ignore the expression or result
[INFO] [stdout]     |
[INFO] [stdout] 110 -             drop(a);
[INFO] [stdout] 110 +             let _ = a;
[INFO] [stdout]     |
[INFO] [stdout] 
[INFO] [stdout] 
[INFO] [stderr]     Finished `test` profile [unoptimized + debuginfo] target(s) in 1.72s
[INFO] running `Command { std: "docker" "inspect" "ff70250d410379f5deb3efafcfcdaebffea9f0397029d17f44414b62f863dfd8", kill_on_drop: false }`
[INFO] running `Command { std: "docker" "rm" "-f" "ff70250d410379f5deb3efafcfcdaebffea9f0397029d17f44414b62f863dfd8", kill_on_drop: false }`
[INFO] [stdout] ff70250d410379f5deb3efafcfcdaebffea9f0397029d17f44414b62f863dfd8
[INFO] running `Command { std: "docker" "create" "-v" "/var/lib/crater-agent-workspace/builds/worker-6-tc1/target:/opt/rustwide/target:rw,Z" "-v" "/var/lib/crater-agent-workspace/builds/worker-6-tc1/source:/opt/rustwide/workdir:ro,Z" "-v" "/var/lib/crater-agent-workspace/cargo-home:/opt/rustwide/cargo-home:ro,Z" "-v" "/var/lib/crater-agent-workspace/rustup-home:/opt/rustwide/rustup-home:ro,Z" "-e" "SOURCE_DIR=/opt/rustwide/workdir" "-e" "CARGO_TARGET_DIR=/opt/rustwide/target" "-e" "CARGO_INCREMENTAL=0" "-e" "RUST_BACKTRACE=full" "-e" "RUSTFLAGS=--cap-lints=forbid" "-e" "RUSTDOCFLAGS=--cap-lints=forbid" "-e" "CARGO_HOME=/opt/rustwide/cargo-home" "-e" "RUSTUP_HOME=/opt/rustwide/rustup-home" "-w" "/opt/rustwide/workdir" "-m" "1610612736" "--user" "0:0" "--network" "none" "ghcr.io/rust-lang/crates-build-env/linux@sha256:819108c5571ea2e421544af4d832f968d213c87fbe3707a016657f43d2f853bc" "/opt/rustwide/cargo-home/bin/cargo" "+nightly-2025-01-18" "test" "--frozen", kill_on_drop: false }`
[INFO] [stdout] 4b1b1bee75ca6c17e2af149d456b61d4354bb33b382c46067016d8aca9e68841
[INFO] running `Command { std: "docker" "start" "-a" "4b1b1bee75ca6c17e2af149d456b61d4354bb33b382c46067016d8aca9e68841", kill_on_drop: false }`
[INFO] [stderr] warning: unexpected `cfg` condition value: `lock_free_delays`
[INFO] [stderr]   --> src/ebr/internal.rs:56:11
[INFO] [stderr]    |
[INFO] [stderr] 56 | #[cfg(not(feature = "lock_free_delays"))]
[INFO] [stderr]    |           ^^^^^^^^^^^^^^^^^^^^^^^^^^^^ help: remove the condition
[INFO] [stderr]    |
[INFO] [stderr]    = note: no expected values for `feature`
[INFO] [stderr]    = help: consider adding `lock_free_delays` as a feature in `Cargo.toml`
[INFO] [stderr]    = note: see <https://doc.rust-lang.org/nightly/rustc/check-cfg/cargo-specifics.html> for more information about checking conditional configuration
[INFO] [stderr]    = note: `#[warn(unexpected_cfgs)]` on by default
[INFO] [stderr] 
[INFO] [stderr] warning: unexpected `cfg` condition value: `lock_free_delays`
[INFO] [stderr]   --> src/ebr/internal.rs:58:7
[INFO] [stderr]    |
[INFO] [stderr] 58 | #[cfg(feature = "lock_free_delays")]
[INFO] [stderr]    |       ^^^^^^^^^^^^^^^^^^^^^^^^^^^^ help: remove the condition
[INFO] [stderr]    |
[INFO] [stderr]    = note: no expected values for `feature`
[INFO] [stderr]    = help: consider adding `lock_free_delays` as a feature in `Cargo.toml`
[INFO] [stderr]    = note: see <https://doc.rust-lang.org/nightly/rustc/check-cfg/cargo-specifics.html> for more information about checking conditional configuration
[INFO] [stderr] 
[INFO] [stderr] warning: unexpected `cfg` condition value: `lock_free_delays`
[INFO] [stderr]    --> src/ebr/internal.rs:110:19
[INFO] [stderr]     |
[INFO] [stderr] 110 |         #[cfg(not(feature = "lock_free_delays"))]
[INFO] [stderr]     |                   ^^^^^^^^^^^^^^^^^^^^^^^^^^^^ help: remove the condition
[INFO] [stderr]     |
[INFO] [stderr]     = note: no expected values for `feature`
[INFO] [stdout] 
[INFO] [stderr]     = help: consider adding `lock_free_delays` as a feature in `Cargo.toml`
[INFO] [stdout] running 28 tests
[INFO] [stderr]     = note: see <https://doc.rust-lang.org/nightly/rustc/check-cfg/cargo-specifics.html> for more information about checking conditional configuration
[INFO] [stderr] 
[INFO] [stderr] warning: unexpected `cfg` condition value: `lock_free_delays`
[INFO] [stderr]    --> src/ebr/internal.rs:178:15
[INFO] [stderr]     |
[INFO] [stderr] 178 |         #[cfg(feature = "lock_free_delays")]
[INFO] [stderr]     |               ^^^^^^^^^^^^^^^^^^^^^^^^^^^^ help: remove the condition
[INFO] [stderr]     |
[INFO] [stderr]     = note: no expected values for `feature`
[INFO] [stderr]     = help: consider adding `lock_free_delays` as a feature in `Cargo.toml`
[INFO] [stderr]     = note: see <https://doc.rust-lang.org/nightly/rustc/check-cfg/cargo-specifics.html> for more information about checking conditional configuration
[INFO] [stderr] 
[INFO] [stderr] warning: unexpected `cfg` condition value: `testing`
[INFO] [stderr]    --> src/ebr/internal.rs:284:15
[INFO] [stderr]     |
[INFO] [stderr] 284 |         #[cfg(feature = "testing")]
[INFO] [stderr]     |               ^^^^^^^^^^^^^^^^^^^ help: remove the condition
[INFO] [stderr]     |
[INFO] [stderr]     = note: no expected values for `feature`
[INFO] [stderr]     = help: consider adding `testing` as a feature in `Cargo.toml`
[INFO] [stderr]     = note: see <https://doc.rust-lang.org/nightly/rustc/check-cfg/cargo-specifics.html> for more information about checking conditional configuration
[INFO] [stderr] 
[INFO] [stderr] warning: unexpected `cfg` condition value: `testing`
[INFO] [stderr]    --> src/ebr/internal.rs:304:15
[INFO] [stderr]     |
[INFO] [stderr] 304 |         #[cfg(feature = "testing")]
[INFO] [stderr]     |               ^^^^^^^^^^^^^^^^^^^ help: remove the condition
[INFO] [stderr]     |
[INFO] [stderr]     = note: no expected values for `feature`
[INFO] [stderr]     = help: consider adding `testing` as a feature in `Cargo.toml`
[INFO] [stderr]     = note: see <https://doc.rust-lang.org/nightly/rustc/check-cfg/cargo-specifics.html> for more information about checking conditional configuration
[INFO] [stderr] 
[INFO] [stderr] warning: unexpected `cfg` condition value: `testing`
[INFO] [stderr]    --> src/ebr/internal.rs:296:27
[INFO] [stderr]     |
[INFO] [stderr] 296 |                     #[cfg(feature = "testing")]
[INFO] [stderr]     |                           ^^^^^^^^^^^^^^^^^^^ help: remove the condition
[INFO] [stderr]     |
[INFO] [stderr]     = note: no expected values for `feature`
[INFO] [stderr]     = help: consider adding `testing` as a feature in `Cargo.toml`
[INFO] [stderr]     = note: see <https://doc.rust-lang.org/nightly/rustc/check-cfg/cargo-specifics.html> for more information about checking conditional configuration
[INFO] [stderr] 
[INFO] [stderr] warning: unexpected `cfg` condition value: `testing`
[INFO] [stderr]    --> src/ebr/internal.rs:472:19
[INFO] [stderr]     |
[INFO] [stderr] 472 |             #[cfg(feature = "testing")]
[INFO] [stderr]     |                   ^^^^^^^^^^^^^^^^^^^ help: remove the condition
[INFO] [stderr]     |
[INFO] [stderr]     = note: no expected values for `feature`
[INFO] [stderr]     = help: consider adding `testing` as a feature in `Cargo.toml`
[INFO] [stderr]     = note: see <https://doc.rust-lang.org/nightly/rustc/check-cfg/cargo-specifics.html> for more information about checking conditional configuration
[INFO] [stderr] 
[INFO] [stderr] warning: unexpected `cfg` condition value: `testing`
[INFO] [stderr]   --> src/ebr/mod.rs:29:11
[INFO] [stderr]    |
[INFO] [stderr] 29 |     #[cfg(feature = "testing")]
[INFO] [stderr]    |           ^^^^^^^^^^^^^^^^^^^ help: remove the condition
[INFO] [stderr]    |
[INFO] [stderr]    = note: no expected values for `feature`
[INFO] [stderr]    = help: consider adding `testing` as a feature in `Cargo.toml`
[INFO] [stderr]    = note: see <https://doc.rust-lang.org/nightly/rustc/check-cfg/cargo-specifics.html> for more information about checking conditional configuration
[INFO] [stderr] 
[INFO] [stderr] warning: unexpected `cfg` condition value: `testing`
[INFO] [stderr]   --> src/ebr/mod.rs:72:15
[INFO] [stderr]    |
[INFO] [stderr] 72 |         #[cfg(feature = "testing")]
[INFO] [stderr]    |               ^^^^^^^^^^^^^^^^^^^ help: remove the condition
[INFO] [stderr]    |
[INFO] [stderr]    = note: no expected values for `feature`
[INFO] [stderr]    = help: consider adding `testing` as a feature in `Cargo.toml`
[INFO] [stderr]    = note: see <https://doc.rust-lang.org/nightly/rustc/check-cfg/cargo-specifics.html> for more information about checking conditional configuration
[INFO] [stderr] 
[INFO] [stderr] warning: unused import: `cmp`
[INFO] [stderr]  --> src/layout.rs:6:5
[INFO] [stderr]   |
[INFO] [stderr] 6 |     cmp,
[INFO] [stderr]   |     ^^^
[INFO] [stderr]   |
[INFO] [stderr]   = note: `#[warn(unused_imports)]` on by default
[INFO] [stderr] 
[INFO] [stderr] warning: unused import: `std::borrow::Borrow`
[INFO] [stderr]  --> src/mdlist.rs:3:5
[INFO] [stderr]   |
[INFO] [stderr] 3 | use std::borrow::Borrow;
[INFO] [stderr]   |     ^^^^^^^^^^^^^^^^^^^
[INFO] [stderr] 
[INFO] [stderr] warning: elided lifetime has a name
[INFO] [stderr]    --> src/mdlist.rs:270:91
[INFO] [stderr]     |
[INFO] [stderr] 270 |     pub(crate) unsafe fn get<'g>(&'g self, coords: [u8; DIM], guard: &'g Guard) -> Option<&T> {
[INFO] [stderr]     |                              -- lifetime `'g` declared here                               ^ this elided lifetime gets resolved as `'g`
[INFO] [stderr]     |
[INFO] [stderr]     = note: `#[warn(elided_named_lifetimes)]` on by default
[INFO] [stderr] 
[INFO] [stderr] warning: elided lifetime has a name
[INFO] [stderr]    --> src/mdlist.rs:425:36
[INFO] [stderr]     |
[INFO] [stderr] 422 |     pub fn starts_with<'q, Q: ?Sized + AsRef<[u8]>>(
[INFO] [stderr]     |                        -- lifetime `'q` declared here
[INFO] [stderr] ...
[INFO] [stderr] 425 |     ) -> impl 'q + Iterator<Item = &T> {
[INFO] [stderr]     |                                    ^ this elided lifetime gets resolved as `'q`
[INFO] [stderr] 
[INFO] [stderr] warning: unused variable: `v`
[INFO] [stderr]   --> src/mdlist.rs:60:13
[INFO] [stderr]    |
[INFO] [stderr] 60 |         let v = Shared::from(Self::element_of(entry) as *const _);
[INFO] [stderr]    |             ^ help: if this is intentional, prefix it with an underscore: `_v`
[INFO] [stderr]    |
[INFO] [stderr]    = note: `#[warn(unused_variables)]` on by default
[INFO] [stderr] 
[INFO] [stderr] warning: unused variable: `guard`
[INFO] [stderr]   --> src/mdlist.rs:59:43
[INFO] [stderr]    |
[INFO] [stderr] 59 |     unsafe fn finalize(entry: &Node<DIM>, guard: &Guard) {
[INFO] [stderr]    |                                           ^^^^^ help: if this is intentional, prefix it with an underscore: `_guard`
[INFO] [stderr] 
[INFO] [stderr] warning: methods `defer` and `flush` are never used
[INFO] [stderr]   --> src/ebr/mod.rs:34:19
[INFO] [stderr]    |
[INFO] [stderr] 33 | impl Guard {
[INFO] [stderr]    | ---------- methods in this implementation
[INFO] [stderr] 34 |     pub(crate) fn defer<F, R>(&self, f: F)
[INFO] [stderr]    |                   ^^^^^
[INFO] [stderr] ...
[INFO] [stderr] 58 |     pub fn flush(&self) {
[INFO] [stderr]    |            ^^^^^
[INFO] [stderr]    |
[INFO] [stderr]    = note: `#[warn(dead_code)]` on by default
[INFO] [stderr] 
[INFO] [stderr] warning: methods `swap` and `fetch_and` are never used
[INFO] [stderr]    --> src/ebr/atomic.rs:323:19
[INFO] [stderr]     |
[INFO] [stderr] 280 | impl<T: ?Sized + Pointable> Atomic<T> {
[INFO] [stderr]     | ------------------------------------- methods in this implementation
[INFO] [stderr] ...
[INFO] [stderr] 323 |     pub(crate) fn swap<'g, P: Pointer<T>>(
[INFO] [stderr]     |                   ^^^^
[INFO] [stderr] ...
[INFO] [stderr] 419 |     pub(crate) fn fetch_and<'g>(&self, val: usize, ord: Ordering, _: &'g Guard) -> Shared<'g, T> {
[INFO] [stderr]     |                   ^^^^^^^^^
[INFO] [stderr] 
[INFO] [stderr] warning: method `is_empty` is never used
[INFO] [stderr]   --> src/ebr/internal.rs:78:25
[INFO] [stderr]    |
[INFO] [stderr] 71 | impl Bag {
[INFO] [stderr]    | -------- method in this implementation
[INFO] [stderr] ...
[INFO] [stderr] 78 |     pub(super) const fn is_empty(&self) -> bool {
[INFO] [stderr]    |                         ^^^^^^^^
[INFO] [stderr] 
[INFO] [stderr] warning: method `flush` is never used
[INFO] [stderr]    --> src/ebr/internal.rs:457:19
[INFO] [stderr]     |
[INFO] [stderr] 404 | impl Local {
[INFO] [stderr]     | ---------- method in this implementation
[INFO] [stderr] ...
[INFO] [stderr] 457 |     pub(super) fn flush(&self, guard: &Guard) {
[INFO] [stderr]     |                   ^^^^^
[INFO] [stderr] 
[INFO] [stderr] warning: struct `Engine` is never constructed
[INFO] [stderr]   --> src/engine.rs:19:12
[INFO] [stderr]    |
[INFO] [stderr] 19 | pub struct Engine {
[INFO] [stderr]    |            ^^^^^^
[INFO] [stderr] 
[INFO] [stderr] warning: associated items `new`, `get`, and `set` are never used
[INFO] [stderr]   --> src/engine.rs:32:12
[INFO] [stderr]    |
[INFO] [stderr] 31 | impl Engine {
[INFO] [stderr]    | ----------- associated items in this implementation
[INFO] [stderr] 32 |     pub fn new(threads: usize) -> Self {
[INFO] [stderr]    |            ^^^
[INFO] [stderr] ...
[INFO] [stderr] 51 |     pub async fn get(&self, key: String) -> anyhow::Result<Option<String>> {
[INFO] [stderr]    |                  ^^^
[INFO] [stderr] ...
[INFO] [stderr] 74 |     pub async fn set(&self, key: String, value: String) -> anyhow::Result<()> {
[INFO] [stderr]    |                  ^^^
[INFO] [stderr] 
[INFO] [stderr] warning: associated functions `set` and `remove` are never used
[INFO] [stderr]    --> src/engine.rs:122:8
[INFO] [stderr]     |
[INFO] [stderr] 121 | impl Command {
[INFO] [stderr]     | ------------ associated functions in this implementation
[INFO] [stderr] 122 |     fn set(key: String, value: String) -> Command {
[INFO] [stderr]     |        ^^^
[INFO] [stderr] ...
[INFO] [stderr] 126 |     fn remove(key: String) -> Command {
[INFO] [stderr]     |        ^^^^^^
[INFO] [stderr] 
[INFO] [stderr] warning: fields `page`, `pos`, and `len` are never read
[INFO] [stderr]    --> src/engine.rs:134:5
[INFO] [stderr]     |
[INFO] [stderr] 133 | struct CommandPos {
[INFO] [stderr]     |        ---------- fields in this struct
[INFO] [stderr] 134 |     page: PageId,
[INFO] [stderr]     |     ^^^^
[INFO] [stderr] 135 |     pos: u64,
[INFO] [stderr]     |     ^^^
[INFO] [stderr] 136 |     len: u64,
[INFO] [stderr]     |     ^^^
[INFO] [stderr]     |
[INFO] [stderr]     = note: `CommandPos` has derived impls for the traits `Clone` and `Debug`, but these are intentionally ignored during dead code analysis
[INFO] [stderr] 
[INFO] [stderr] warning: associated function `new` is never used
[INFO] [stderr]   --> src/io.rs:10:12
[INFO] [stderr]    |
[INFO] [stderr] 9  | impl<R: Read + Seek> BufReaderWithPos<R> {
[INFO] [stderr]    | ---------------------------------------- associated function in this implementation
[INFO] [stderr] 10 |     pub fn new(mut inner: R) -> anyhow::Result<Self> {
[INFO] [stderr]    |            ^^^
[INFO] [stderr] 
[INFO] [stderr] warning: associated function `new` is never used
[INFO] [stderr]   --> src/io.rs:40:12
[INFO] [stderr]    |
[INFO] [stderr] 39 | impl<W: Write + Seek> BufWriterWithPos<W> {
[INFO] [stderr]    | ----------------------------------------- associated function in this implementation
[INFO] [stderr] 40 |     pub fn new(mut inner: W) -> anyhow::Result<Self> {
[INFO] [stderr]    |            ^^^
[INFO] [stderr] 
[INFO] [stderr] warning: constant `PAGE_SIZE` is never used
[INFO] [stderr]   --> src/layout.rs:11:11
[INFO] [stderr]    |
[INFO] [stderr] 11 | pub const PAGE_SIZE: u64 = 4096 * 1;
[INFO] [stderr]    |           ^^^^^^^^^
[INFO] [stderr] 
[INFO] [stderr] warning: constant `CHUNK_SIZE` is never used
[INFO] [stderr]   --> src/layout.rs:12:7
[INFO] [stderr]    |
[INFO] [stderr] 12 | const CHUNK_SIZE: u64 = 4096 * 2;
[INFO] [stderr]    |       ^^^^^^^^^^
[INFO] [stderr] 
[INFO] [stderr] warning: struct `Aligned` is never constructed
[INFO] [stderr]   --> src/layout.rs:15:8
[INFO] [stderr]    |
[INFO] [stderr] 15 | struct Aligned([u8; CHUNK_SIZE as usize]);
[INFO] [stderr]    |        ^^^^^^^
[INFO] [stderr] 
[INFO] [stderr] warning: associated functions `open` and `open_additional` are never used
[INFO] [stderr]   --> src/layout.rs:37:12
[INFO] [stderr]    |
[INFO] [stderr] 36 | impl PageSlottedFile {
[INFO] [stderr]    | -------------------- associated functions in this implementation
[INFO] [stderr] 37 |     pub fn open(path: impl AsRef<Path>, ring: &rio::Rio) -> Self {
[INFO] [stderr]    |            ^^^^
[INFO] [stderr] ...
[INFO] [stderr] 62 |     pub fn open_additional(path: impl AsRef<Path>) -> Self {
[INFO] [stderr]    |            ^^^^^^^^^^^^^^^
[INFO] [stderr] 
[INFO] [stderr] warning: enum `TxStatus` is never used
[INFO] [stderr]  --> src/lftt.rs:3:10
[INFO] [stderr]   |
[INFO] [stderr] 3 | pub enum TxStatus {
[INFO] [stderr]   |          ^^^^^^^^
[INFO] [stderr] 
[INFO] [stderr] warning: enum `OpType` is never used
[INFO] [stderr]   --> src/lftt.rs:10:10
[INFO] [stderr]    |
[INFO] [stderr] 10 | pub enum OpType {
[INFO] [stderr]    |          ^^^^^^
[INFO] [stderr]    |
[INFO] [stderr]    = note: `OpType` has a derived impl for the trait `Clone`, but this is intentionally ignored during dead code analysis
[INFO] [stderr] 
[INFO] [stderr] warning: struct `Operation` is never constructed
[INFO] [stderr]   --> src/lftt.rs:18:12
[INFO] [stderr]    |
[INFO] [stderr] 18 | pub struct Operation<const DIM: usize> {
[INFO] [stderr]    |            ^^^^^^^^^
[INFO] [stderr] 
[INFO] [stderr] warning: struct `Desc` is never constructed
[INFO] [stderr]   --> src/lftt.rs:23:12
[INFO] [stderr]    |
[INFO] [stderr] 23 | pub struct Desc<const DIM: usize> {
[INFO] [stderr]    |            ^^^^
[INFO] [stderr] 
[INFO] [stderr] warning: struct `NodeDesc` is never constructed
[INFO] [stderr]   --> src/lftt.rs:30:12
[INFO] [stderr]    |
[INFO] [stderr] 30 | pub struct NodeDesc<const DIM: usize> {
[INFO] [stderr]    |            ^^^^^^^^
[INFO] [stderr] 
[INFO] [stderr] warning: fields `dp`, `dc`, and `curr` are never read
[INFO] [stderr]   --> src/mdlist.rs:11:5
[INFO] [stderr]    |
[INFO] [stderr] 10 | pub struct AdoptDesc<const DIM: usize> {
[INFO] [stderr]    |            --------- fields in this struct
[INFO] [stderr] 11 |     dp: usize,
[INFO] [stderr]    |     ^^
[INFO] [stderr] 12 |     dc: usize,
[INFO] [stderr]    |     ^^
[INFO] [stderr] 13 |     curr: Owned<Node<DIM>>,
[INFO] [stderr]    |     ^^^^
[INFO] [stderr]    |
[INFO] [stderr]    = note: `AdoptDesc` has a derived impl for the trait `Debug`, but this is intentionally ignored during dead code analysis
[INFO] [stderr] 
[INFO] [stderr] warning: struct `Pred` is never constructed
[INFO] [stderr]   --> src/mdlist.rs:17:12
[INFO] [stderr]    |
[INFO] [stderr] 17 | pub struct Pred<'g, const DIM: usize> {
[INFO] [stderr]    |            ^^^^
[INFO] [stderr]    |
[INFO] [stderr]    = note: `Pred` has a derived impl for the trait `Debug`, but this is intentionally ignored during dead code analysis
[INFO] [stderr] 
[INFO] [stderr] warning: field `dimension` is never read
[INFO] [stderr]   --> src/mdlist.rs:28:5
[INFO] [stderr]    |
[INFO] [stderr] 25 | pub struct Node<const DIM: usize> {
[INFO] [stderr]    |            ---- field in this struct
[INFO] [stderr] ...
[INFO] [stderr] 28 |     dimension: usize,
[INFO] [stderr]    |     ^^^^^^^^^
[INFO] [stderr]    |
[INFO] [stderr]    = note: `Node` has a derived impl for the trait `Debug`, but this is intentionally ignored during dead code analysis
[INFO] [stderr] 
[INFO] [stderr] warning: associated function `new` is never used
[INFO] [stderr]   --> src/mdlist.rs:80:12
[INFO] [stderr]    |
[INFO] [stderr] 78 | impl<const DIM: usize, V> NodeWithValue<DIM, V> {
[INFO] [stderr]    | ----------------------------------------------- associated function in this implementation
[INFO] [stderr] 79 |     #[inline]
[INFO] [stderr] 80 |     pub fn new(coords: [u8; DIM], value: V) -> Self {
[INFO] [stderr]    |            ^^^
[INFO] [stderr] 
[INFO] [stderr] warning: associated function `entry_of` is never used
[INFO] [stderr]    --> src/mdlist.rs:120:8
[INFO] [stderr]     |
[INFO] [stderr] 119 | pub trait IsElement<const DIM: usize, T> {
[INFO] [stderr]     |           --------- associated function in this trait
[INFO] [stderr] 120 |     fn entry_of(_: &T) -> &Node<DIM>;
[INFO] [stderr]     |        ^^^^^^^^
[INFO] [stderr] 
[INFO] [stderr] warning: associated function `new` is never used
[INFO] [stderr]    --> src/mdlist.rs:176:8
[INFO] [stderr]     |
[INFO] [stderr] 174 | impl<const DIM: usize> Node<DIM> {
[INFO] [stderr]     | -------------------------------- associated function in this implementation
[INFO] [stderr] 175 |     #[inline]
[INFO] [stderr] 176 |     fn new(coords: [u8; DIM]) -> Self {
[INFO] [stderr]     |        ^^^
[INFO] [stderr] 
[INFO] [stderr] warning: multiple associated items are never used
[INFO] [stderr]    --> src/mdlist.rs:192:11
[INFO] [stderr]     |
[INFO] [stderr] 191 | impl<const DIM: usize, T, C: IsElement<DIM, T>> List<DIM, T, C> {
[INFO] [stderr]     | --------------------------------------------------------------- associated items in this implementation
[INFO] [stderr] 192 |     const UNMARKED: usize = 0;
[INFO] [stderr]     |           ^^^^^^^^
[INFO] [stderr] 193 |     const ADP: usize = 1;
[INFO] [stderr]     |           ^^^
[INFO] [stderr] 194 |     const DEL: usize = 2;
[INFO] [stderr]     |           ^^^
[INFO] [stderr] 195 |     const ALL: usize = Self::ADP | Self::DEL;
[INFO] [stderr]     |           ^^^
[INFO] [stderr] ...
[INFO] [stderr] 204 |     pub(crate) unsafe fn finish_inserting<'g>(
[INFO] [stderr]     |                          ^^^^^^^^^^^^^^^^
[INFO] [stderr] ...
[INFO] [stderr] 236 |     pub(crate) unsafe fn locate_pred<'g>(
[INFO] [stderr]     |                          ^^^^^^^^^^^
[INFO] [stderr] ...
[INFO] [stderr] 270 |     pub(crate) unsafe fn get<'g>(&'g self, coords: [u8; DIM], guard: &'g Guard) -> Option<&T> {
[INFO] [stderr]     |                          ^^^
[INFO] [stderr] ...
[INFO] [stderr] 283 |     pub(crate) unsafe fn insert<'g>(&'g self, container: Shared<'g, T>, guard: &'g Guard) {
[INFO] [stderr]     |                          ^^^^^^
[INFO] [stderr] ...
[INFO] [stderr] 358 |     pub fn starts_with<'g>(&'g self, needle: &'g [u8], guard: &'g Guard) -> Iter<'g, DIM, T, C> {
[INFO] [stderr]     |            ^^^^^^^^^^^
[INFO] [stderr] 
[INFO] [stderr] warning: field `list` is never read
[INFO] [stderr]    --> src/mdlist.rs:384:5
[INFO] [stderr]     |
[INFO] [stderr] 383 | pub struct MdList<K, T, const DIM: usize = 16> {
[INFO] [stderr]     |            ------ field in this struct
[INFO] [stderr] 384 |     list: List<DIM, NodeWithValue<DIM, T>>,
[INFO] [stderr]     |     ^^^^
[INFO] [stderr] 
[INFO] [stderr] warning: associated items `new`, `insert`, `get`, `starts_with`, and `iter` are never used
[INFO] [stderr]    --> src/mdlist.rs:398:12
[INFO] [stderr]     |
[INFO] [stderr] 397 | impl<const DIM: usize, K, T> MdList<K, T, DIM> {
[INFO] [stderr]     | ---------------------------------------------- associated items in this implementation
[INFO] [stderr] 398 |     pub fn new() -> Self {
[INFO] [stderr]     |            ^^^
[INFO] [stderr] ...
[INFO] [stderr] 406 |     pub fn insert<Q: ToCoords<DIM>>(&self, key: Q, value: T) {
[INFO] [stderr]     |            ^^^^^^
[INFO] [stderr] ...
[INFO] [stderr] 415 |     pub fn get<Q: ToCoords<DIM>>(&self, key: Q) -> Option<&T> {
[INFO] [stderr]     |            ^^^
[INFO] [stderr] ...
[INFO] [stderr] 422 |     pub fn starts_with<'q, Q: ?Sized + AsRef<[u8]>>(
[INFO] [stderr]     |            ^^^^^^^^^^^
[INFO] [stderr] ...
[INFO] [stderr] 434 |     pub fn iter(&self) -> impl Iterator<Item = &T> {
[INFO] [stderr]     |            ^^^^
[INFO] [stderr] 
[INFO] [stderr] warning: method `to_coords` is never used
[INFO] [stderr]    --> src/mdlist.rs:443:8
[INFO] [stderr]     |
[INFO] [stderr] 442 | pub trait ToCoords<const DIM: usize> {
[INFO] [stderr]     |           -------- method in this trait
[INFO] [stderr] 443 |     fn to_coords(self) -> [u8; DIM];
[INFO] [stderr]     |        ^^^^^^^^^
[INFO] [stderr] 
[INFO] [stderr] warning: crate `DimensionDB` should have a snake case name
[INFO] [stderr]   |
[INFO] [stderr]   = help: convert the identifier to snake case: `dimension_db`
[INFO] [stderr]   = note: `#[warn(non_snake_case)]` on by default
[INFO] [stderr] 
[INFO] [stderr] warning: `DimensionDB` (lib) generated 46 warnings (run `cargo fix --lib -p DimensionDB` to apply 2 suggestions)
[INFO] [stderr] warning: unused import: `super::*`
[INFO] [stderr]    --> src/layout.rs:100:9
[INFO] [stderr]     |
[INFO] [stderr] 100 |     use super::*;
[INFO] [stderr]     |         ^^^^^^^^
[INFO] [stderr] 
[INFO] [stderr] warning: fields `ring` and `file` are never read
[INFO] [stderr]   --> src/engine.rs:20:5
[INFO] [stderr]    |
[INFO] [stderr] 19 | pub struct Engine {
[INFO] [stderr]    |            ------ fields in this struct
[INFO] [stderr] 20 |     ring: Rio,
[INFO] [stderr]    |     ^^^^
[INFO] [stderr] ...
[INFO] [stderr] 28 |     file: Arc<PageSlottedFile>,
[INFO] [stderr]    |     ^^^^
[INFO] [stderr] 
[INFO] [stderr] warning: field `page` is never read
[INFO] [stderr]    --> src/engine.rs:134:5
[INFO] [stderr]     |
[INFO] [stderr] 133 | struct CommandPos {
[INFO] [stderr]     |        ---------- field in this struct
[INFO] [stderr] 134 |     page: PageId,
[INFO] [stderr]     |     ^^^^
[INFO] [stderr]     |
[INFO] [stderr]     = note: `CommandPos` has derived impls for the traits `Clone` and `Debug`, but these are intentionally ignored during dead code analysis
[INFO] [stderr] 
[INFO] [stderr] warning: associated constant `ALL` is never used
[INFO] [stderr]    --> src/mdlist.rs:195:11
[INFO] [stderr]     |
[INFO] [stderr] 191 | impl<const DIM: usize, T, C: IsElement<DIM, T>> List<DIM, T, C> {
[INFO] [stderr]     | --------------------------------------------------------------- associated constant in this implementation
[INFO] [stderr] ...
[INFO] [stderr] 195 |     const ALL: usize = Self::ADP | Self::DEL;
[INFO] [stderr]     |           ^^^
[INFO] [stderr] 
[INFO] [stderr] warning: methods `starts_with` and `iter` are never used
[INFO] [stderr]    --> src/mdlist.rs:422:12
[INFO] [stderr]     |
[INFO] [stderr] 397 | impl<const DIM: usize, K, T> MdList<K, T, DIM> {
[INFO] [stderr]     | ---------------------------------------------- methods in this implementation
[INFO] [stderr] ...
[INFO] [stderr] 422 |     pub fn starts_with<'q, Q: ?Sized + AsRef<[u8]>>(
[INFO] [stderr]     |            ^^^^^^^^^^^
[INFO] [stderr] ...
[INFO] [stderr] 434 |     pub fn iter(&self) -> impl Iterator<Item = &T> {
[INFO] [stderr]     |            ^^^^
[INFO] [stderr] 
[INFO] [stderr] warning: calls to `std::mem::drop` with a value that implements `Copy` does nothing
[INFO] [stderr]   --> src/ebr/deferred.rs:95:13
[INFO] [stderr]    |
[INFO] [stderr] 95 |             drop(a);
[INFO] [stderr]    |             ^^^^^-^
[INFO] [stderr]    |                  |
[INFO] [stderr]    |                  argument has type `[usize; 1]`
[INFO] [stderr]    |
[INFO] [stderr]    = note: `#[warn(dropping_copy_types)]` on by default
[INFO] [stderr] help: use `let _ = ...` to ignore the expression or result
[INFO] [stderr]    |
[INFO] [stderr] 95 -             drop(a);
[INFO] [stderr] 95 +             let _ = a;
[INFO] [stderr]    |
[INFO] [stderr] 
[INFO] [stderr] warning: calls to `std::mem::drop` with a value that implements `Copy` does nothing
[INFO] [stderr]    --> src/ebr/deferred.rs:110:13
[INFO] [stderr]     |
[INFO] [stderr] 110 |             drop(a);
[INFO] [stderr]     |             ^^^^^-^
[INFO] [stderr]     |                  |
[INFO] [stderr]     |                  argument has type `[usize; 10]`
[INFO] [stderr]     |
[INFO] [stderr] help: use `let _ = ...` to ignore the expression or result
[INFO] [stderr]     |
[INFO] [stderr] 110 -             drop(a);
[INFO] [stderr] 110 +             let _ = a;
[INFO] [stderr]     |
[INFO] [stderr] 
[INFO] [stderr] warning: `DimensionDB` (lib test) generated 33 warnings (26 duplicates) (run `cargo fix --lib -p DimensionDB --tests` to apply 1 suggestion)
[INFO] [stderr]     Finished `test` profile [unoptimized + debuginfo] target(s) in 0.06s
[INFO] [stderr]      Running unittests src/lib.rs (/opt/rustwide/target/debug/deps/DimensionDB-ac8c82e86243f6fa)
[INFO] [stdout] test ebr::atomic::tests::valid_tag_i64 ... ok
[INFO] [stdout] test ebr::atomic::tests::valid_tag_i8 ... ok
[INFO] [stdout] test ebr::deferred::tests::boxed_slice_i32 ... ok
[INFO] [stdout] test ebr::deferred::tests::long_slice_usize ... ok
[INFO] [stdout] test ebr::deferred::tests::on_heap ... ok
[INFO] [stdout] test ebr::deferred::tests::on_stack ... ok
[INFO] [stdout] test ebr::internal::local_size ... ok
[INFO] [stdout] test ebr::deferred::tests::string ... ok
[INFO] [stdout] test ebr::internal::tests::check_bag ... ok
[INFO] [stdout] test ebr::internal::tests::check_defer ... ok
[INFO] [stdout] test ebr::list::tests::delete ... ok
[INFO] [stdout] test ebr::queue::test::is_empty_dont_pop ... ok
[INFO] [stdout] test ebr::queue::test::push_pop_1 ... ok
[INFO] [stdout] test ebr::queue::test::push_try_pop_1 ... ok
[INFO] [stdout] test ebr::queue::test::push_pop_2 ... ok
[INFO] [stdout] test ebr::queue::test::push_pop_many_seq ... ok
[INFO] [stdout] test ebr::queue::test::push_try_pop_2 ... ok
[INFO] [stdout] test tests::it_works ... ok
[INFO] [stdout] test ebr::list::tests::insert ... ok
[INFO] [stdout] test ebr::queue::test::push_try_pop_many_seq ... ok
[INFO] [stdout] test layout::tests::test_slotted_page ... ok
[INFO] [stdout] test mdlist::tests::insert ... ok
[INFO] [stdout] test mdlist::tests::test_iter ... ok
[INFO] [stdout] test mdlist::tests::insert_with_value ... ok
[INFO] [stdout] test mdlist::tests::test_string_coords ... ok
[INFO] [stdout] test engine::tests::test_allocate_page ... FAILED
[INFO] [stdout] test engine::tests::test_update ... FAILED
[INFO] [stdout] test mdlist::tests::test_parallel ... ok
[INFO] [stdout] 
[INFO] [stdout] failures:
[INFO] [stdout] 
[INFO] [stdout] ---- engine::tests::test_allocate_page stdout ----
[INFO] [stdout] 
[INFO] [stdout] thread 'engine::tests::test_allocate_page' panicked at src/engine.rs:33:31:
[INFO] [stdout] called `Result::unwrap()` on an `Err` value: Os { code: 1, kind: PermissionDenied, message: "Operation not permitted" }
[INFO] [stdout] stack backtrace:
[INFO] [stdout]    0:     0x63b9f77c467a - std::backtrace_rs::backtrace::libunwind::trace::hb059275cfc8d6126
[INFO] [stdout]                                at /rustc/6067b36314ab5eb2eb47cecc464545ba58e1ad24/library/std/src/../../backtrace/src/backtrace/libunwind.rs:116:5
[INFO] [stdout]    1:     0x63b9f77c467a - std::backtrace_rs::backtrace::trace_unsynchronized::h2da071e4327ce3ee
[INFO] [stdout]                                at /rustc/6067b36314ab5eb2eb47cecc464545ba58e1ad24/library/std/src/../../backtrace/src/backtrace/mod.rs:66:5
[INFO] [stdout]    2:     0x63b9f77c467a - std::sys::backtrace::_print_fmt::h842a1474e6f8d23f
[INFO] [stdout]                                at /rustc/6067b36314ab5eb2eb47cecc464545ba58e1ad24/library/std/src/sys/backtrace.rs:66:9
[INFO] [stdout]    3:     0x63b9f77c467a - <std::sys::backtrace::BacktraceLock::print::DisplayBacktrace as core::fmt::Display>::fmt::h71a62eb3b9696b12
[INFO] [stdout]                                at /rustc/6067b36314ab5eb2eb47cecc464545ba58e1ad24/library/std/src/sys/backtrace.rs:39:26
[INFO] [stdout]    4:     0x63b9f77ec3c3 - core::fmt::rt::Argument::fmt::hdb6b616786b41dc1
[INFO] [stdout]                                at /rustc/6067b36314ab5eb2eb47cecc464545ba58e1ad24/library/core/src/fmt/rt.rs:177:76
[INFO] [stdout]    5:     0x63b9f77ec3c3 - core::fmt::write::h2cc1698af7e2d686
[INFO] [stdout]                                at /rustc/6067b36314ab5eb2eb47cecc464545ba58e1ad24/library/core/src/fmt/mod.rs:1440:21
[INFO] [stdout]    6:     0x63b9f77c0c73 - std::io::Write::write_fmt::hab1b4cd059a79022
[INFO] [stdout]                                at /rustc/6067b36314ab5eb2eb47cecc464545ba58e1ad24/library/std/src/io/mod.rs:1887:15
[INFO] [stdout]    7:     0x63b9f77c44c2 - std::sys::backtrace::BacktraceLock::print::h147fe35b4ea13b08
[INFO] [stdout]                                at /rustc/6067b36314ab5eb2eb47cecc464545ba58e1ad24/library/std/src/sys/backtrace.rs:42:9
[INFO] [stdout]    8:     0x63b9f77c5a9f - std::panicking::default_hook::{{closure}}::hbd44223dbdc0d208
[INFO] [stdout]                                at /rustc/6067b36314ab5eb2eb47cecc464545ba58e1ad24/library/std/src/panicking.rs:298:22
[INFO] [stdout]    9:     0x63b9f77c58b8 - std::panicking::default_hook::h20f81eb0576efcec
[INFO] [stdout]                                at /rustc/6067b36314ab5eb2eb47cecc464545ba58e1ad24/library/std/src/panicking.rs:322:9
[INFO] [stdout]   10:     0x63b9f76a8533 - <alloc::boxed::Box<F,A> as core::ops::function::Fn<Args>>::call::hdb53814c496a4d34
[INFO] [stdout]                                at /rustc/6067b36314ab5eb2eb47cecc464545ba58e1ad24/library/alloc/src/boxed.rs:2027:9
[INFO] [stdout]   11:     0x63b9f76a8533 - test::test_main::{{closure}}::hc0a4963c59427c24
[INFO] [stdout]                                at /rustc/6067b36314ab5eb2eb47cecc464545ba58e1ad24/library/test/src/lib.rs:134:21
[INFO] [stdout]   12:     0x63b9f77c6593 - <alloc::boxed::Box<F,A> as core::ops::function::Fn<Args>>::call::h591b2225413a77e9
[INFO] [stdout]                                at /rustc/6067b36314ab5eb2eb47cecc464545ba58e1ad24/library/alloc/src/boxed.rs:2027:9
[INFO] [stdout]   13:     0x63b9f77c6593 - std::panicking::rust_panic_with_hook::h625eea43051b2edc
[INFO] [stdout]                                at /rustc/6067b36314ab5eb2eb47cecc464545ba58e1ad24/library/std/src/panicking.rs:839:13
[INFO] [stdout]   14:     0x63b9f77c624a - std::panicking::begin_panic_handler::{{closure}}::h4f9159cfbc3f6bd3
[INFO] [stdout]                                at /rustc/6067b36314ab5eb2eb47cecc464545ba58e1ad24/library/std/src/panicking.rs:704:13
[INFO] [stdout]   15:     0x63b9f77c4b79 - std::sys::backtrace::__rust_end_short_backtrace::h0390abce48353151
[INFO] [stdout]                                at /rustc/6067b36314ab5eb2eb47cecc464545ba58e1ad24/library/std/src/sys/backtrace.rs:168:18
[INFO] [stdout]   16:     0x63b9f77c5edd - rust_begin_unwind
[INFO] [stdout]                                at /rustc/6067b36314ab5eb2eb47cecc464545ba58e1ad24/library/std/src/panicking.rs:695:5
[INFO] [stdout]   17:     0x63b9f77ead40 - core::panicking::panic_fmt::h9e7c637e9e5f29c9
[INFO] [stdout]                                at /rustc/6067b36314ab5eb2eb47cecc464545ba58e1ad24/library/core/src/panicking.rs:75:14
[INFO] [stdout]   18:     0x63b9f77eb216 - core::result::unwrap_failed::h7979f09313fe1849
[INFO] [stdout]                                at /rustc/6067b36314ab5eb2eb47cecc464545ba58e1ad24/library/core/src/result.rs:1704:5
[INFO] [stdout]   19:     0x63b9f7635bae - core::result::Result<T,E>::unwrap::he16487fa79c7ab6e
[INFO] [stdout]                                at /rustc/6067b36314ab5eb2eb47cecc464545ba58e1ad24/library/core/src/result.rs:1109:23
[INFO] [stdout]   20:     0x63b9f7635bae - DimensionDB::engine::Engine::new::h1bb9dceb9ff09336
[INFO] [stdout]                                at /opt/rustwide/workdir/src/engine.rs:33:20
[INFO] [stdout]   21:     0x63b9f76303f1 - DimensionDB::engine::tests::test_allocate_page::{{closure}}::h0176d6cc26c300fb
[INFO] [stdout]                                at /opt/rustwide/workdir/src/engine.rs:181:22
[INFO] [stdout]   22:     0x63b9f762db05 - <core::pin::Pin<P> as core::future::future::Future>::poll::h1cab3f26691f4863
[INFO] [stdout]                                at /rustc/6067b36314ab5eb2eb47cecc464545ba58e1ad24/library/core/src/future/future.rs:124:9
[INFO] [stdout]   23:     0x63b9f762db3d - <core::pin::Pin<P> as core::future::future::Future>::poll::he229e819c358b56b
[INFO] [stdout]                                at /rustc/6067b36314ab5eb2eb47cecc464545ba58e1ad24/library/core/src/future/future.rs:124:9
[INFO] [stdout]   24:     0x63b9f766159f - tokio::runtime::scheduler::current_thread::CoreGuard::block_on::{{closure}}::{{closure}}::{{closure}}::hbec369da933c1e4a
[INFO] [stdout]                                at /opt/rustwide/cargo-home/registry/src/index.crates.io-1949cf8c6b5b557f/tokio-1.35.1/src/runtime/scheduler/current_thread/mod.rs:665:57
[INFO] [stdout]   25:     0x63b9f76614d6 - tokio::runtime::coop::with_budget::hf6c88563465f6041
[INFO] [stdout]                                at /opt/rustwide/cargo-home/registry/src/index.crates.io-1949cf8c6b5b557f/tokio-1.35.1/src/runtime/coop.rs:107:5
[INFO] [stdout]   26:     0x63b9f76614d6 - tokio::runtime::coop::budget::h996c506efbeed1eb
[INFO] [stdout]                                at /opt/rustwide/cargo-home/registry/src/index.crates.io-1949cf8c6b5b557f/tokio-1.35.1/src/runtime/coop.rs:73:5
[INFO] [stdout]   27:     0x63b9f76614d6 - tokio::runtime::scheduler::current_thread::CoreGuard::block_on::{{closure}}::{{closure}}::h8232e411cd3512be
[INFO] [stdout]                                at /opt/rustwide/cargo-home/registry/src/index.crates.io-1949cf8c6b5b557f/tokio-1.35.1/src/runtime/scheduler/current_thread/mod.rs:665:25
[INFO] [stdout]   28:     0x63b9f765fe5a - tokio::runtime::scheduler::current_thread::Context::enter::h35cf5d21a5a1daa8
[INFO] [stdout]                                at /opt/rustwide/cargo-home/registry/src/index.crates.io-1949cf8c6b5b557f/tokio-1.35.1/src/runtime/scheduler/current_thread/mod.rs:410:19
[INFO] [stdout]   29:     0x63b9f7660cae - tokio::runtime::scheduler::current_thread::CoreGuard::block_on::{{closure}}::h118afe84a6339709
[INFO] [stdout]                                at /opt/rustwide/cargo-home/registry/src/index.crates.io-1949cf8c6b5b557f/tokio-1.35.1/src/runtime/scheduler/current_thread/mod.rs:664:36
[INFO] [stdout]   30:     0x63b9f76609fb - tokio::runtime::scheduler::current_thread::CoreGuard::enter::{{closure}}::h4921763a9292ea3e
[INFO] [stdout]                                at /opt/rustwide/cargo-home/registry/src/index.crates.io-1949cf8c6b5b557f/tokio-1.35.1/src/runtime/scheduler/current_thread/mod.rs:743:68
[INFO] [stdout]   31:     0x63b9f764402a - tokio::runtime::context::scoped::Scoped<T>::set::h4afd0e8e04d0e7bd
[INFO] [stdout]                                at /opt/rustwide/cargo-home/registry/src/index.crates.io-1949cf8c6b5b557f/tokio-1.35.1/src/runtime/context/scoped.rs:40:9
[INFO] [stdout]   32:     0x63b9f764e14a - tokio::runtime::context::set_scheduler::{{closure}}::hd3146cc70b644e26
[INFO] [stdout]                                at /opt/rustwide/cargo-home/registry/src/index.crates.io-1949cf8c6b5b557f/tokio-1.35.1/src/runtime/context.rs:176:26
[INFO] [stdout]   33:     0x63b9f76492f6 - std::thread::local::LocalKey<T>::try_with::h4cfe1ceae6aea914
[INFO] [stdout]                                at /rustc/6067b36314ab5eb2eb47cecc464545ba58e1ad24/library/std/src/thread/local.rs:308:12
[INFO] [stdout]   34:     0x63b9f7648f1d - std::thread::local::LocalKey<T>::with::hc5de069b499cb547
[INFO] [stdout]                                at /rustc/6067b36314ab5eb2eb47cecc464545ba58e1ad24/library/std/src/thread/local.rs:272:9
[INFO] [stdout]   35:     0x63b9f764e0f1 - tokio::runtime::context::set_scheduler::h6ff7a720e02b1f36
[INFO] [stdout]                                at /opt/rustwide/cargo-home/registry/src/index.crates.io-1949cf8c6b5b557f/tokio-1.35.1/src/runtime/context.rs:176:9
[INFO] [stdout]   36:     0x63b9f7660769 - tokio::runtime::scheduler::current_thread::CoreGuard::enter::h2e70c9d9bf70b08d
[INFO] [stdout]                                at /opt/rustwide/cargo-home/registry/src/index.crates.io-1949cf8c6b5b557f/tokio-1.35.1/src/runtime/scheduler/current_thread/mod.rs:743:27
[INFO] [stdout]   37:     0x63b9f7660a23 - tokio::runtime::scheduler::current_thread::CoreGuard::block_on::h4fe5620be1bd12b7
[INFO] [stdout]                                at /opt/rustwide/cargo-home/registry/src/index.crates.io-1949cf8c6b5b557f/tokio-1.35.1/src/runtime/scheduler/current_thread/mod.rs:652:19
[INFO] [stdout]   38:     0x63b9f765f8d3 - tokio::runtime::scheduler::current_thread::CurrentThread::block_on::{{closure}}::h9e0cf083e15ecc3f
[INFO] [stdout]                                at /opt/rustwide/cargo-home/registry/src/index.crates.io-1949cf8c6b5b557f/tokio-1.35.1/src/runtime/scheduler/current_thread/mod.rs:175:28
[INFO] [stdout]   39:     0x63b9f7659d76 - tokio::runtime::context::runtime::enter_runtime::h745360eed0fa6a89
[INFO] [stdout]                                at /opt/rustwide/cargo-home/registry/src/index.crates.io-1949cf8c6b5b557f/tokio-1.35.1/src/runtime/context/runtime.rs:65:16
[INFO] [stdout]   40:     0x63b9f765f7d1 - tokio::runtime::scheduler::current_thread::CurrentThread::block_on::hd62b5ff82149aa0b
[INFO] [stdout]                                at /opt/rustwide/cargo-home/registry/src/index.crates.io-1949cf8c6b5b557f/tokio-1.35.1/src/runtime/scheduler/current_thread/mod.rs:167:9
[INFO] [stdout]   41:     0x63b9f7644139 - tokio::runtime::runtime::Runtime::block_on::h94e11848b0a62c88
[INFO] [stdout]                                at /opt/rustwide/cargo-home/registry/src/index.crates.io-1949cf8c6b5b557f/tokio-1.35.1/src/runtime/runtime.rs:348:47
[INFO] [stdout]   42:     0x63b9f76302f0 - DimensionDB::engine::tests::test_allocate_page::hfcaa9d2cd60b5626
[INFO] [stdout]                                at /opt/rustwide/workdir/src/engine.rs:182:9
[INFO] [stdout]   43:     0x63b9f7630197 - DimensionDB::engine::tests::test_allocate_page::{{closure}}::hf0eb9eb54013b61c
[INFO] [stdout]                                at /opt/rustwide/workdir/src/engine.rs:180:38
[INFO] [stdout]   44:     0x63b9f7638a16 - core::ops::function::FnOnce::call_once::h095fd71ebfa339d3
[INFO] [stdout]                                at /rustc/6067b36314ab5eb2eb47cecc464545ba58e1ad24/library/core/src/ops/function.rs:250:5
[INFO] [stdout]   45:     0x63b9f76adc8b - core::ops::function::FnOnce::call_once::he27718dfdd183f43
[INFO] [stdout]                                at /rustc/6067b36314ab5eb2eb47cecc464545ba58e1ad24/library/core/src/ops/function.rs:250:5
[INFO] [stdout]   46:     0x63b9f76adc8b - test::__rust_begin_short_backtrace::h4e84902998457a5d
[INFO] [stdout]                                at /rustc/6067b36314ab5eb2eb47cecc464545ba58e1ad24/library/test/src/lib.rs:632:18
[INFO] [stdout]   47:     0x63b9f76acbc3 - test::run_test_in_process::{{closure}}::h7176fd18fc1feca0
[INFO] [stdout]                                at /rustc/6067b36314ab5eb2eb47cecc464545ba58e1ad24/library/test/src/lib.rs:655:60
[INFO] [stdout]   48:     0x63b9f76acbc3 - <core::panic::unwind_safe::AssertUnwindSafe<F> as core::ops::function::FnOnce<()>>::call_once::hf79cff2a624d8cf7
[INFO] [stdout]                                at /rustc/6067b36314ab5eb2eb47cecc464545ba58e1ad24/library/core/src/panic/unwind_safe.rs:272:9
[INFO] [stdout]   49:     0x63b9f76acbc3 - std::panicking::try::do_call::h3da0561d9ab99c25
[INFO] [stdout]                                at /rustc/6067b36314ab5eb2eb47cecc464545ba58e1ad24/library/std/src/panicking.rs:587:40
[INFO] [stdout]   50:     0x63b9f76acbc3 - std::panicking::try::h41c9fa508bc61df6
[INFO] [stdout]                                at /rustc/6067b36314ab5eb2eb47cecc464545ba58e1ad24/library/std/src/panicking.rs:550:19
[INFO] [stdout]   51:     0x63b9f76acbc3 - std::panic::catch_unwind::h6b3ff07bb5afad93
[INFO] [stdout]                                at /rustc/6067b36314ab5eb2eb47cecc464545ba58e1ad24/library/std/src/panic.rs:358:14
[INFO] [stdout]   52:     0x63b9f76acbc3 - test::run_test_in_process::hc7253dd11b39b9f4
[INFO] [stdout]                                at /rustc/6067b36314ab5eb2eb47cecc464545ba58e1ad24/library/test/src/lib.rs:655:27
[INFO] [stdout]   53:     0x63b9f76acbc3 - test::run_test::{{closure}}::hfb2007f8649c30bb
[INFO] [stdout]                                at /rustc/6067b36314ab5eb2eb47cecc464545ba58e1ad24/library/test/src/lib.rs:576:43
[INFO] [stdout]   54:     0x63b9f766fca5 - test::run_test::{{closure}}::h56a17aa7a282a9f4
[INFO] [stdout]                                at /rustc/6067b36314ab5eb2eb47cecc464545ba58e1ad24/library/test/src/lib.rs:606:41
[INFO] [stdout]   55:     0x63b9f766fca5 - std::sys::backtrace::__rust_begin_short_backtrace::hd2d2d2fb8e8c6aac
[INFO] [stdout]                                at /rustc/6067b36314ab5eb2eb47cecc464545ba58e1ad24/library/std/src/sys/backtrace.rs:152:18
[INFO] [stdout]   56:     0x63b9f767358a - std::thread::Builder::spawn_unchecked_::{{closure}}::{{closure}}::h4faa3f9db6133423
[INFO] [stdout]                                at /rustc/6067b36314ab5eb2eb47cecc464545ba58e1ad24/library/std/src/thread/mod.rs:559:17
[INFO] [stdout]   57:     0x63b9f767358a - <core::panic::unwind_safe::AssertUnwindSafe<F> as core::ops::function::FnOnce<()>>::call_once::hf2e855a36a4ea846
[INFO] [stdout]                                at /rustc/6067b36314ab5eb2eb47cecc464545ba58e1ad24/library/core/src/panic/unwind_safe.rs:272:9
[INFO] [stdout]   58:     0x63b9f767358a - std::panicking::try::do_call::h2f73af3616c35465
[INFO] [stdout]                                at /rustc/6067b36314ab5eb2eb47cecc464545ba58e1ad24/library/std/src/panicking.rs:587:40
[INFO] [stdout]   59:     0x63b9f767358a - std::panicking::try::hd1660ce9efadef5a
[INFO] [stdout]                                at /rustc/6067b36314ab5eb2eb47cecc464545ba58e1ad24/library/std/src/panicking.rs:550:19
[INFO] [stdout]   60:     0x63b9f767358a - std::panic::catch_unwind::h5ee8d7823b8ca744
[INFO] [stdout]                                at /rustc/6067b36314ab5eb2eb47cecc464545ba58e1ad24/library/std/src/panic.rs:358:14
[INFO] [stdout]   61:     0x63b9f767358a - std::thread::Builder::spawn_unchecked_::{{closure}}::h53c3a1894dce8407
[INFO] [stdout]                                at /rustc/6067b36314ab5eb2eb47cecc464545ba58e1ad24/library/std/src/thread/mod.rs:557:30
[INFO] [stdout]   62:     0x63b9f767358a - core::ops::function::FnOnce::call_once{{vtable.shim}}::h048ce291ad4f62bf
[INFO] [stdout]                                at /rustc/6067b36314ab5eb2eb47cecc464545ba58e1ad24/library/core/src/ops/function.rs:250:5
[INFO] [stdout]   63:     0x63b9f77ca75b - <alloc::boxed::Box<F,A> as core::ops::function::FnOnce<Args>>::call_once::ha52bedf99a3b4981
[INFO] [stdout]                                at /rustc/6067b36314ab5eb2eb47cecc464545ba58e1ad24/library/alloc/src/boxed.rs:2013:9
[INFO] [stdout]   64:     0x63b9f77ca75b - <alloc::boxed::Box<F,A> as core::ops::function::FnOnce<Args>>::call_once::h567748934d80ccf8
[INFO] [stdout]                                at /rustc/6067b36314ab5eb2eb47cecc464545ba58e1ad24/library/alloc/src/boxed.rs:2013:9
[INFO] [stdout]   65:     0x63b9f77ca75b - std::sys::pal::unix::thread::Thread::new::thread_start::h2d970728ae887adc
[INFO] [stdout]                                at /rustc/6067b36314ab5eb2eb47cecc464545ba58e1ad24/library/std/src/sys/pal/unix/thread.rs:106:17
[INFO] [stdout]   66:     0x774aa9aebac3 - <unknown>
[INFO] [stdout]   67:     0x774aa9b7ca04 - clone
[INFO] [stdout]   68:                0x0 - <unknown>
[INFO] [stdout] 
[INFO] [stdout] ---- engine::tests::test_update stdout ----
[INFO] [stdout] 
[INFO] [stdout] thread 'engine::tests::test_update' panicked at src/engine.rs:33:31:
[INFO] [stdout] called `Result::unwrap()` on an `Err` value: Os { code: 1, kind: PermissionDenied, message: "Operation not permitted" }
[INFO] [stdout] stack backtrace:
[INFO] [stdout]    0:     0x63b9f77c467a - std::backtrace_rs::backtrace::libunwind::trace::hb059275cfc8d6126
[INFO] [stdout]                                at /rustc/6067b36314ab5eb2eb47cecc464545ba58e1ad24/library/std/src/../../backtrace/src/backtrace/libunwind.rs:116:5
[INFO] [stdout]    1:     0x63b9f77c467a - std::backtrace_rs::backtrace::trace_unsynchronized::h2da071e4327ce3ee
[INFO] [stdout]                                at /rustc/6067b36314ab5eb2eb47cecc464545ba58e1ad24/library/std/src/../../backtrace/src/backtrace/mod.rs:66:5
[INFO] [stdout]    2:     0x63b9f77c467a - std::sys::backtrace::_print_fmt::h842a1474e6f8d23f
[INFO] [stdout]                                at /rustc/6067b36314ab5eb2eb47cecc464545ba58e1ad24/library/std/src/sys/backtrace.rs:66:9
[INFO] [stdout]    3:     0x63b9f77c467a - <std::sys::backtrace::BacktraceLock::print::DisplayBacktrace as core::fmt::Display>::fmt::h71a62eb3b9696b12
[INFO] [stdout]                                at /rustc/6067b36314ab5eb2eb47cecc464545ba58e1ad24/library/std/src/sys/backtrace.rs:39:26
[INFO] [stdout]    4:     0x63b9f77ec3c3 - core::fmt::rt::Argument::fmt::hdb6b616786b41dc1
[INFO] [stdout]                                at /rustc/6067b36314ab5eb2eb47cecc464545ba58e1ad24/library/core/src/fmt/rt.rs:177:76
[INFO] [stdout]    5:     0x63b9f77ec3c3 - core::fmt::write::h2cc1698af7e2d686
[INFO] [stdout]                                at /rustc/6067b36314ab5eb2eb47cecc464545ba58e1ad24/library/core/src/fmt/mod.rs:1440:21
[INFO] [stdout]    6:     0x63b9f77c0c73 - std::io::Write::write_fmt::hab1b4cd059a79022
[INFO] [stdout]                                at /rustc/6067b36314ab5eb2eb47cecc464545ba58e1ad24/library/std/src/io/mod.rs:1887:15
[INFO] [stdout]    7:     0x63b9f77c44c2 - std::sys::backtrace::BacktraceLock::print::h147fe35b4ea13b08
[INFO] [stdout]                                at /rustc/6067b36314ab5eb2eb47cecc464545ba58e1ad24/library/std/src/sys/backtrace.rs:42:9
[INFO] [stdout]    8:     0x63b9f77c5a9f - std::panicking::default_hook::{{closure}}::hbd44223dbdc0d208
[INFO] [stdout]                                at /rustc/6067b36314ab5eb2eb47cecc464545ba58e1ad24/library/std/src/panicking.rs:298:22
[INFO] [stdout]    9:     0x63b9f77c58b8 - std::panicking::default_hook::h20f81eb0576efcec
[INFO] [stdout]                                at /rustc/6067b36314ab5eb2eb47cecc464545ba58e1ad24/library/std/src/panicking.rs:322:9
[INFO] [stdout]   10:     0x63b9f76a8533 - <alloc::boxed::Box<F,A> as core::ops::function::Fn<Args>>::call::hdb53814c496a4d34
[INFO] [stdout]                                at /rustc/6067b36314ab5eb2eb47cecc464545ba58e1ad24/library/alloc/src/boxed.rs:2027:9
[INFO] [stdout]   11:     0x63b9f76a8533 - test::test_main::{{closure}}::hc0a4963c59427c24
[INFO] [stdout]                                at /rustc/6067b36314ab5eb2eb47cecc464545ba58e1ad24/library/test/src/lib.rs:134:21
[INFO] [stdout]   12:     0x63b9f77c6593 - <alloc::boxed::Box<F,A> as core::ops::function::Fn<Args>>::call::h591b2225413a77e9
[INFO] [stdout]                                at /rustc/6067b36314ab5eb2eb47cecc464545ba58e1ad24/library/alloc/src/boxed.rs:2027:9
[INFO] [stdout]   13:     0x63b9f77c6593 - std::panicking::rust_panic_with_hook::h625eea43051b2edc
[INFO] [stdout]                                at /rustc/6067b36314ab5eb2eb47cecc464545ba58e1ad24/library/std/src/panicking.rs:839:13
[INFO] [stdout]   14:     0x63b9f77c624a - std::panicking::begin_panic_handler::{{closure}}::h4f9159cfbc3f6bd3
[INFO] [stdout]                                at /rustc/6067b36314ab5eb2eb47cecc464545ba58e1ad24/library/std/src/panicking.rs:704:13
[INFO] [stdout]   15:     0x63b9f77c4b79 - std::sys::backtrace::__rust_end_short_backtrace::h0390abce48353151
[INFO] [stdout]                                at /rustc/6067b36314ab5eb2eb47cecc464545ba58e1ad24/library/std/src/sys/backtrace.rs:168:18
[INFO] [stdout]   16:     0x63b9f77c5edd - rust_begin_unwind
[INFO] [stdout]                                at /rustc/6067b36314ab5eb2eb47cecc464545ba58e1ad24/library/std/src/panicking.rs:695:5
[INFO] [stdout]   17:     0x63b9f77ead40 - core::panicking::panic_fmt::h9e7c637e9e5f29c9
[INFO] [stdout]                                at /rustc/6067b36314ab5eb2eb47cecc464545ba58e1ad24/library/core/src/panicking.rs:75:14
[INFO] [stdout]   18:     0x63b9f77eb216 - core::result::unwrap_failed::h7979f09313fe1849
[INFO] [stdout]                                at /rustc/6067b36314ab5eb2eb47cecc464545ba58e1ad24/library/core/src/result.rs:1704:5
[INFO] [stdout]   19:     0x63b9f7635bae - core::result::Result<T,E>::unwrap::he16487fa79c7ab6e
[INFO] [stdout]                                at /rustc/6067b36314ab5eb2eb47cecc464545ba58e1ad24/library/core/src/result.rs:1109:23
[INFO] [stdout]   20:     0x63b9f7635bae - DimensionDB::engine::Engine::new::h1bb9dceb9ff09336
[INFO] [stdout]                                at /opt/rustwide/workdir/src/engine.rs:33:20
[INFO] [stdout]   21:     0x63b9f762f1f7 - DimensionDB::engine::tests::test_update::{{closure}}::h0113e799d71d32d4
[INFO] [stdout]                                at /opt/rustwide/workdir/src/engine.rs:155:22
[INFO] [stdout]   22:     0x63b9f762db05 - <core::pin::Pin<P> as core::future::future::Future>::poll::h1cab3f26691f4863
[INFO] [stdout]                                at /rustc/6067b36314ab5eb2eb47cecc464545ba58e1ad24/library/core/src/future/future.rs:124:9
[INFO] [stdout]   23:     0x63b9f762db3d - <core::pin::Pin<P> as core::future::future::Future>::poll::he229e819c358b56b
[INFO] [stdout]                                at /rustc/6067b36314ab5eb2eb47cecc464545ba58e1ad24/library/core/src/future/future.rs:124:9
[INFO] [stdout]   24:     0x63b9f766159f - tokio::runtime::scheduler::current_thread::CoreGuard::block_on::{{closure}}::{{closure}}::{{closure}}::hbec369da933c1e4a
[INFO] [stdout]                                at /opt/rustwide/cargo-home/registry/src/index.crates.io-1949cf8c6b5b557f/tokio-1.35.1/src/runtime/scheduler/current_thread/mod.rs:665:57
[INFO] [stdout]   25:     0x63b9f76614d6 - tokio::runtime::coop::with_budget::hf6c88563465f6041
[INFO] [stdout]                                at /opt/rustwide/cargo-home/registry/src/index.crates.io-1949cf8c6b5b557f/tokio-1.35.1/src/runtime/coop.rs:107:5
[INFO] [stdout]   26:     0x63b9f76614d6 - tokio::runtime::coop::budget::h996c506efbeed1eb
[INFO] [stdout]                                at /opt/rustwide/cargo-home/registry/src/index.crates.io-1949cf8c6b5b557f/tokio-1.35.1/src/runtime/coop.rs:73:5
[INFO] [stdout]   27:     0x63b9f76614d6 - tokio::runtime::scheduler::current_thread::CoreGuard::block_on::{{closure}}::{{closure}}::h8232e411cd3512be
[INFO] [stdout]                                at /opt/rustwide/cargo-home/registry/src/index.crates.io-1949cf8c6b5b557f/tokio-1.35.1/src/runtime/scheduler/current_thread/mod.rs:665:25
[INFO] [stdout]   28:     0x63b9f765fe5a - tokio::runtime::scheduler::current_thread::Context::enter::h35cf5d21a5a1daa8
[INFO] [stdout]                                at /opt/rustwide/cargo-home/registry/src/index.crates.io-1949cf8c6b5b557f/tokio-1.35.1/src/runtime/scheduler/current_thread/mod.rs:410:19
[INFO] [stdout]   29:     0x63b9f7660cae - tokio::runtime::scheduler::current_thread::CoreGuard::block_on::{{closure}}::h118afe84a6339709
[INFO] [stdout]                                at /opt/rustwide/cargo-home/registry/src/index.crates.io-1949cf8c6b5b557f/tokio-1.35.1/src/runtime/scheduler/current_thread/mod.rs:664:36
[INFO] [stdout]   30:     0x63b9f76609fb - tokio::runtime::scheduler::current_thread::CoreGuard::enter::{{closure}}::h4921763a9292ea3e
[INFO] [stdout]                                at /opt/rustwide/cargo-home/registry/src/index.crates.io-1949cf8c6b5b557f/tokio-1.35.1/src/runtime/scheduler/current_thread/mod.rs:743:68
[INFO] [stdout]   31:     0x63b9f764402a - tokio::runtime::context::scoped::Scoped<T>::set::h4afd0e8e04d0e7bd
[INFO] [stdout]                                at /opt/rustwide/cargo-home/registry/src/index.crates.io-1949cf8c6b5b557f/tokio-1.35.1/src/runtime/context/scoped.rs:40:9
[INFO] [stdout]   32:     0x63b9f764e14a - tokio::runtime::context::set_scheduler::{{closure}}::hd3146cc70b644e26
[INFO] [stdout]                                at /opt/rustwide/cargo-home/registry/src/index.crates.io-1949cf8c6b5b557f/tokio-1.35.1/src/runtime/context.rs:176:26
[INFO] [stdout]   33:     0x63b9f76492f6 - std::thread::local::LocalKey<T>::try_with::h4cfe1ceae6aea914
[INFO] [stdout]                                at /rustc/6067b36314ab5eb2eb47cecc464545ba58e1ad24/library/std/src/thread/local.rs:308:12
[INFO] [stdout]   34:     0x63b9f7648f1d - std::thread::local::LocalKey<T>::with::hc5de069b499cb547
[INFO] [stdout]                                at /rustc/6067b36314ab5eb2eb47cecc464545ba58e1ad24/library/std/src/thread/local.rs:272:9
[INFO] [stdout]   35:     0x63b9f764e0f1 - tokio::runtime::context::set_scheduler::h6ff7a720e02b1f36
[INFO] [stdout]                                at /opt/rustwide/cargo-home/registry/src/index.crates.io-1949cf8c6b5b557f/tokio-1.35.1/src/runtime/context.rs:176:9
[INFO] [stdout]   36:     0x63b9f7660769 - tokio::runtime::scheduler::current_thread::CoreGuard::enter::h2e70c9d9bf70b08d
[INFO] [stdout]                                at /opt/rustwide/cargo-home/registry/src/index.crates.io-1949cf8c6b5b557f/tokio-1.35.1/src/runtime/scheduler/current_thread/mod.rs:743:27
[INFO] [stdout]   37:     0x63b9f7660a23 - tokio::runtime::scheduler::current_thread::CoreGuard::block_on::h4fe5620be1bd12b7
[INFO] [stdout]                                at /opt/rustwide/cargo-home/registry/src/index.crates.io-1949cf8c6b5b557f/tokio-1.35.1/src/runtime/scheduler/current_thread/mod.rs:652:19
[INFO] [stdout]   38:     0x63b9f765f8d3 - tokio::runtime::scheduler::current_thread::CurrentThread::block_on::{{closure}}::h9e0cf083e15ecc3f
[INFO] [stdout]                                at /opt/rustwide/cargo-home/registry/src/index.crates.io-1949cf8c6b5b557f/tokio-1.35.1/src/runtime/scheduler/current_thread/mod.rs:175:28
[INFO] [stdout]   39:     0x63b9f7659d76 - tokio::runtime::context::runtime::enter_runtime::h745360eed0fa6a89
[INFO] [stdout]                                at /opt/rustwide/cargo-home/registry/src/index.crates.io-1949cf8c6b5b557f/tokio-1.35.1/src/runtime/context/runtime.rs:65:16
[INFO] [stdout]   40:     0x63b9f765f7d1 - tokio::runtime::scheduler::current_thread::CurrentThread::block_on::hd62b5ff82149aa0b
[INFO] [stdout]                                at /opt/rustwide/cargo-home/registry/src/index.crates.io-1949cf8c6b5b557f/tokio-1.35.1/src/runtime/scheduler/current_thread/mod.rs:167:9
[INFO] [stdout]   41:     0x63b9f7644139 - tokio::runtime::runtime::Runtime::block_on::h94e11848b0a62c88
[INFO] [stdout]                                at /opt/rustwide/cargo-home/registry/src/index.crates.io-1949cf8c6b5b557f/tokio-1.35.1/src/runtime/runtime.rs:348:47
[INFO] [stdout]   42:     0x63b9f762f0e0 - DimensionDB::engine::tests::test_update::h3d07c1e145cc846e
[INFO] [stdout]                                at /opt/rustwide/workdir/src/engine.rs:176:9
[INFO] [stdout]   43:     0x63b9f762ef87 - DimensionDB::engine::tests::test_update::{{closure}}::he345db8eb5191c99
[INFO] [stdout]                                at /opt/rustwide/workdir/src/engine.rs:154:31
[INFO] [stdout]   44:     0x63b9f7639166 - core::ops::function::FnOnce::call_once::hc6b07e8bc646377f
[INFO] [stdout]                                at /rustc/6067b36314ab5eb2eb47cecc464545ba58e1ad24/library/core/src/ops/function.rs:250:5
[INFO] [stdout]   45:     0x63b9f76adc8b - core::ops::function::FnOnce::call_once::he27718dfdd183f43
[INFO] [stdout]                                at /rustc/6067b36314ab5eb2eb47cecc464545ba58e1ad24/library/core/src/ops/function.rs:250:5
[INFO] [stdout]   46:     0x63b9f76adc8b - test::__rust_begin_short_backtrace::h4e84902998457a5d
[INFO] [stdout]                                at /rustc/6067b36314ab5eb2eb47cecc464545ba58e1ad24/library/test/src/lib.rs:632:18
[INFO] [stdout]   47:     0x63b9f76acbc3 - test::run_test_in_process::{{closure}}::h7176fd18fc1feca0
[INFO] [stdout]                                at /rustc/6067b36314ab5eb2eb47cecc464545ba58e1ad24/library/test/src/lib.rs:655:60
[INFO] [stdout]   48:     0x63b9f76acbc3 - <core::panic::unwind_safe::AssertUnwindSafe<F> as core::ops::function::FnOnce<()>>::call_once::hf79cff2a624d8cf7
[INFO] [stdout]                                at /rustc/6067b36314ab5eb2eb47cecc464545ba58e1ad24/library/core/src/panic/unwind_safe.rs:272:9
[INFO] [stdout]   49:     0x63b9f76acbc3 - std::panicking::try::do_call::h3da0561d9ab99c25
[INFO] [stdout]                                at /rustc/6067b36314ab5eb2eb47cecc464545ba58e1ad24/library/std/src/panicking.rs:587:40
[INFO] [stdout]   50:     0x63b9f76acbc3 - std::panicking::try::h41c9fa508bc61df6
[INFO] [stdout]                                at /rustc/6067b36314ab5eb2eb47cecc464545ba58e1ad24/library/std/src/panicking.rs:550:19
[INFO] [stdout]   51:     0x63b9f76acbc3 - std::panic::catch_unwind::h6b3ff07bb5afad93
[INFO] [stdout]                                at /rustc/6067b36314ab5eb2eb47cecc464545ba58e1ad24/library/std/src/panic.rs:358:14
[INFO] [stdout]   52:     0x63b9f76acbc3 - test::run_test_in_process::hc7253dd11b39b9f4
[INFO] [stdout]                                at /rustc/6067b36314ab5eb2eb47cecc464545ba58e1ad24/library/test/src/lib.rs:655:27
[INFO] [stdout]   53:     0x63b9f76acbc3 - test::run_test::{{closure}}::hfb2007f8649c30bb
[INFO] [stdout]                                at /rustc/6067b36314ab5eb2eb47cecc464545ba58e1ad24/library/test/src/lib.rs:576:43
[INFO] [stdout]   54:     0x63b9f766fca5 - test::run_test::{{closure}}::h56a17aa7a282a9f4
[INFO] [stdout]                                at /rustc/6067b36314ab5eb2eb47cecc464545ba58e1ad24/library/test/src/lib.rs:606:41
[INFO] [stdout]   55:     0x63b9f766fca5 - std::sys::backtrace::__rust_begin_short_backtrace::hd2d2d2fb8e8c6aac
[INFO] [stdout]                                at /rustc/6067b36314ab5eb2eb47cecc464545ba58e1ad24/library/std/src/sys/backtrace.rs:152:18
[INFO] [stdout]   56:     0x63b9f767358a - std::thread::Builder::spawn_unchecked_::{{closure}}::{{closure}}::h4faa3f9db6133423
[INFO] [stdout]                                at /rustc/6067b36314ab5eb2eb47cecc464545ba58e1ad24/library/std/src/thread/mod.rs:559:17
[INFO] [stdout]   57:     0x63b9f767358a - <core::panic::unwind_safe::AssertUnwindSafe<F> as core::ops::function::FnOnce<()>>::call_once::hf2e855a36a4ea846
[INFO] [stdout]                                at /rustc/6067b36314ab5eb2eb47cecc464545ba58e1ad24/library/core/src/panic/unwind_safe.rs:272:9
[INFO] [stdout]   58:     0x63b9f767358a - std::panicking::try::do_call::h2f73af3616c35465
[INFO] [stdout]                                at /rustc/6067b36314ab5eb2eb47cecc464545ba58e1ad24/library/std/src/panicking.rs:587:40
[INFO] [stdout]   59:     0x63b9f767358a - std::panicking::try::hd1660ce9efadef5a
[INFO] [stdout]                                at /rustc/6067b36314ab5eb2eb47cecc464545ba58e1ad24/library/std/src/panicking.rs:550:19
[INFO] [stdout]   60:     0x63b9f767358a - std::panic::catch_unwind::h5ee8d7823b8ca744
[INFO] [stdout]                                at /rustc/6067b36314ab5eb2eb47cecc464545ba58e1ad24/library/std/src/panic.rs:358:14
[INFO] [stdout]   61:     0x63b9f767358a - std::thread::Builder::spawn_unchecked_::{{closure}}::h53c3a1894dce8407
[INFO] [stdout]                                at /rustc/6067b36314ab5eb2eb47cecc464545ba58e1ad24/library/std/src/thread/mod.rs:557:30
[INFO] [stdout]   62:     0x63b9f767358a - core::ops::function::FnOnce::call_once{{vtable.shim}}::h048ce291ad4f62bf
[INFO] [stdout]                                at /rustc/6067b36314ab5eb2eb47cecc464545ba58e1ad24/library/core/src/ops/function.rs:250:5
[INFO] [stdout]   63:     0x63b9f77ca75b - <alloc::boxed::Box<F,A> as core::ops::function::FnOnce<Args>>::call_once::ha52bedf99a3b4981
[INFO] [stdout]                                at /rustc/6067b36314ab5eb2eb47cecc464545ba58e1ad24/library/alloc/src/boxed.rs:2013:9
[INFO] [stdout]   64:     0x63b9f77ca75b - <alloc::boxed::Box<F,A> as core::ops::function::FnOnce<Args>>::call_once::h567748934d80ccf8
[INFO] [stdout]                                at /rustc/6067b36314ab5eb2eb47cecc464545ba58e1ad24/library/alloc/src/boxed.rs:2013:9
[INFO] [stdout]   65:     0x63b9f77ca75b - std::sys::pal::unix::thread::Thread::new::thread_start::h2d970728ae887adc
[INFO] [stdout]                                at /rustc/6067b36314ab5eb2eb47cecc464545ba58e1ad24/library/std/src/sys/pal/unix/thread.rs:106:17
[INFO] [stdout]   66:     0x774aa9aebac3 - <unknown>
[INFO] [stdout]   67:     0x774aa9b7ca04 - clone
[INFO] [stdout]   68:                0x0 - <unknown>
[INFO] [stdout] 
[INFO] [stdout] 
[INFO] [stdout] failures:
[INFO] [stdout]     engine::tests::test_allocate_page
[INFO] [stdout]     engine::tests::test_update
[INFO] [stdout] 
[INFO] [stdout] test result: FAILED. 26 passed; 2 failed; 0 ignored; 0 measured; 0 filtered out; finished in 0.31s
[INFO] [stdout] 
[INFO] [stderr] error: test failed, to rerun pass `--lib`
[INFO] running `Command { std: "docker" "inspect" "4b1b1bee75ca6c17e2af149d456b61d4354bb33b382c46067016d8aca9e68841", kill_on_drop: false }`
[INFO] running `Command { std: "docker" "rm" "-f" "4b1b1bee75ca6c17e2af149d456b61d4354bb33b382c46067016d8aca9e68841", kill_on_drop: false }`
[INFO] [stdout] 4b1b1bee75ca6c17e2af149d456b61d4354bb33b382c46067016d8aca9e68841
