[INFO] cloning repository https://github.com/raphaelkieling/advent-rust
[INFO] running `Command { std: "git" "-c" "credential.helper=" "-c" "credential.helper=/workspace/cargo-home/bin/git-credential-null" "clone" "--bare" "https://github.com/raphaelkieling/advent-rust" "/workspace/cache/git-repos/https%3A%2F%2Fgithub.com%2Fraphaelkieling%2Fadvent-rust", kill_on_drop: false }`
[INFO] [stderr] Cloning into bare repository '/workspace/cache/git-repos/https%3A%2F%2Fgithub.com%2Fraphaelkieling%2Fadvent-rust'...
[INFO] running `Command { std: "git" "rev-parse" "HEAD", kill_on_drop: false }`
[INFO] [stdout] d2d833d74663ea39594f7cb75616bb523b92f6fe
[INFO] testing raphaelkieling/advent-rust against nightly-2025-01-18+rustflags=-Zrandomize-layout for randomize-layout-2
[INFO] running `Command { std: "git" "clone" "/workspace/cache/git-repos/https%3A%2F%2Fgithub.com%2Fraphaelkieling%2Fadvent-rust" "/workspace/builds/worker-6-tc2/source", kill_on_drop: false }`
[INFO] [stderr] Cloning into '/workspace/builds/worker-6-tc2/source'...
[INFO] [stderr] done.
[INFO] validating manifest of git repo https://github.com/raphaelkieling/advent-rust on toolchain nightly-2025-01-18
[INFO] running `Command { std: CARGO_HOME="/workspace/cargo-home" RUSTUP_HOME="/workspace/rustup-home" "/workspace/cargo-home/bin/cargo" "+nightly-2025-01-18" "metadata" "--manifest-path" "Cargo.toml" "--no-deps", kill_on_drop: false }`
[INFO] started tweaking git repo https://github.com/raphaelkieling/advent-rust
[INFO] finished tweaking git repo https://github.com/raphaelkieling/advent-rust
[INFO] tweaked toml for git repo https://github.com/raphaelkieling/advent-rust written to /workspace/builds/worker-6-tc2/source/Cargo.toml
[INFO] crate git repo https://github.com/raphaelkieling/advent-rust already has a lockfile, it will not be regenerated
[INFO] running `Command { std: CARGO_HOME="/workspace/cargo-home" RUSTUP_HOME="/workspace/rustup-home" "/workspace/cargo-home/bin/cargo" "+nightly-2025-01-18" "fetch" "--manifest-path" "Cargo.toml", kill_on_drop: false }`
[INFO] [stderr]     Blocking waiting for file lock on package cache
[INFO] running `Command { std: "docker" "create" "-v" "/var/lib/crater-agent-workspace/builds/worker-6-tc2/target:/opt/rustwide/target:rw,Z" "-v" "/var/lib/crater-agent-workspace/builds/worker-6-tc2/source:/opt/rustwide/workdir:ro,Z" "-v" "/var/lib/crater-agent-workspace/cargo-home:/opt/rustwide/cargo-home:ro,Z" "-v" "/var/lib/crater-agent-workspace/rustup-home:/opt/rustwide/rustup-home:ro,Z" "-e" "SOURCE_DIR=/opt/rustwide/workdir" "-e" "CARGO_TARGET_DIR=/opt/rustwide/target" "-e" "CARGO_HOME=/opt/rustwide/cargo-home" "-e" "RUSTUP_HOME=/opt/rustwide/rustup-home" "-w" "/opt/rustwide/workdir" "-m" "1610612736" "--user" "0:0" "--network" "none" "ghcr.io/rust-lang/crates-build-env/linux@sha256:819108c5571ea2e421544af4d832f968d213c87fbe3707a016657f43d2f853bc" "/opt/rustwide/cargo-home/bin/cargo" "+nightly-2025-01-18" "metadata" "--no-deps" "--format-version=1", kill_on_drop: false }`
[INFO] [stdout] 8a92203e9298ff4254629605eb98780472433590bdca211af057e3b1d8fb7635
[INFO] running `Command { std: "docker" "start" "-a" "8a92203e9298ff4254629605eb98780472433590bdca211af057e3b1d8fb7635", kill_on_drop: false }`
[INFO] running `Command { std: "docker" "inspect" "8a92203e9298ff4254629605eb98780472433590bdca211af057e3b1d8fb7635", kill_on_drop: false }`
[INFO] running `Command { std: "docker" "rm" "-f" "8a92203e9298ff4254629605eb98780472433590bdca211af057e3b1d8fb7635", kill_on_drop: false }`
[INFO] [stdout] 8a92203e9298ff4254629605eb98780472433590bdca211af057e3b1d8fb7635
[INFO] running `Command { std: "docker" "create" "-v" "/var/lib/crater-agent-workspace/builds/worker-6-tc2/target:/opt/rustwide/target:rw,Z" "-v" "/var/lib/crater-agent-workspace/builds/worker-6-tc2/source:/opt/rustwide/workdir:ro,Z" "-v" "/var/lib/crater-agent-workspace/cargo-home:/opt/rustwide/cargo-home:ro,Z" "-v" "/var/lib/crater-agent-workspace/rustup-home:/opt/rustwide/rustup-home:ro,Z" "-e" "SOURCE_DIR=/opt/rustwide/workdir" "-e" "CARGO_TARGET_DIR=/opt/rustwide/target" "-e" "CARGO_INCREMENTAL=0" "-e" "RUST_BACKTRACE=full" "-e" "RUSTFLAGS=--cap-lints=forbid -Zrandomize-layout" "-e" "RUSTDOCFLAGS=--cap-lints=forbid" "-e" "CARGO_HOME=/opt/rustwide/cargo-home" "-e" "RUSTUP_HOME=/opt/rustwide/rustup-home" "-w" "/opt/rustwide/workdir" "-m" "1610612736" "--user" "0:0" "--network" "none" "ghcr.io/rust-lang/crates-build-env/linux@sha256:819108c5571ea2e421544af4d832f968d213c87fbe3707a016657f43d2f853bc" "/opt/rustwide/cargo-home/bin/cargo" "+nightly-2025-01-18" "build" "--frozen" "--message-format=json", kill_on_drop: false }`
[INFO] [stdout] 33339af333784677eda9fce7e4a1bb33bc0479e8d84094e9ddae1377901d8409
[INFO] running `Command { std: "docker" "start" "-a" "33339af333784677eda9fce7e4a1bb33bc0479e8d84094e9ddae1377901d8409", kill_on_drop: false }`
[INFO] [stderr]    Compiling memchr v2.7.4
[INFO] [stderr]    Compiling regex-syntax v0.8.5
[INFO] [stderr]    Compiling lazy_static v1.5.0
[INFO] [stderr]    Compiling colored v2.2.0
[INFO] [stderr]    Compiling aho-corasick v1.1.3
[INFO] [stderr]    Compiling regex-automata v0.4.9
[INFO] [stderr]    Compiling regex v1.11.1
[INFO] [stderr]    Compiling advent-rust v0.1.0 (/opt/rustwide/workdir)
[INFO] [stdout] warning: fields `sum` and `score` are never read
[INFO] [stdout]   --> src/_01.rs:58:5
[INFO] [stdout]    |
[INFO] [stdout] 57 | struct HistorianResult {
[INFO] [stdout]    |        --------------- fields in this struct
[INFO] [stdout] 58 |     sum: f32,
[INFO] [stdout]    |     ^^^
[INFO] [stdout] 59 |     score: f32,
[INFO] [stdout]    |     ^^^^^
[INFO] [stdout]    |
[INFO] [stdout]    = note: `HistorianResult` has a derived impl for the trait `Debug`, but this is intentionally ignored during dead code analysis
[INFO] [stdout]    = note: `#[warn(dead_code)]` on by default
[INFO] [stdout] 
[INFO] [stdout] 
[INFO] [stderr]     Finished `dev` profile [unoptimized + debuginfo] target(s) in 6.81s
[INFO] running `Command { std: "docker" "inspect" "33339af333784677eda9fce7e4a1bb33bc0479e8d84094e9ddae1377901d8409", kill_on_drop: false }`
[INFO] running `Command { std: "docker" "rm" "-f" "33339af333784677eda9fce7e4a1bb33bc0479e8d84094e9ddae1377901d8409", kill_on_drop: false }`
[INFO] [stdout] 33339af333784677eda9fce7e4a1bb33bc0479e8d84094e9ddae1377901d8409
[INFO] running `Command { std: "docker" "create" "-v" "/var/lib/crater-agent-workspace/builds/worker-6-tc2/target:/opt/rustwide/target:rw,Z" "-v" "/var/lib/crater-agent-workspace/builds/worker-6-tc2/source:/opt/rustwide/workdir:ro,Z" "-v" "/var/lib/crater-agent-workspace/cargo-home:/opt/rustwide/cargo-home:ro,Z" "-v" "/var/lib/crater-agent-workspace/rustup-home:/opt/rustwide/rustup-home:ro,Z" "-e" "SOURCE_DIR=/opt/rustwide/workdir" "-e" "CARGO_TARGET_DIR=/opt/rustwide/target" "-e" "CARGO_INCREMENTAL=0" "-e" "RUST_BACKTRACE=full" "-e" "RUSTFLAGS=--cap-lints=forbid -Zrandomize-layout" "-e" "RUSTDOCFLAGS=--cap-lints=forbid" "-e" "CARGO_HOME=/opt/rustwide/cargo-home" "-e" "RUSTUP_HOME=/opt/rustwide/rustup-home" "-w" "/opt/rustwide/workdir" "-m" "1610612736" "--user" "0:0" "--network" "none" "ghcr.io/rust-lang/crates-build-env/linux@sha256:819108c5571ea2e421544af4d832f968d213c87fbe3707a016657f43d2f853bc" "/opt/rustwide/cargo-home/bin/cargo" "+nightly-2025-01-18" "test" "--frozen" "--no-run" "--message-format=json", kill_on_drop: false }`
[INFO] [stdout] 35744ff35eadd96b8c1afc1e6426014539a170bdb55a3aa51a5507998ef494eb
[INFO] running `Command { std: "docker" "start" "-a" "35744ff35eadd96b8c1afc1e6426014539a170bdb55a3aa51a5507998ef494eb", kill_on_drop: false }`
[INFO] [stderr]    Compiling advent-rust v0.1.0 (/opt/rustwide/workdir)
[INFO] [stderr]     Finished `test` profile [unoptimized + debuginfo] target(s) in 0.74s
[INFO] running `Command { std: "docker" "inspect" "35744ff35eadd96b8c1afc1e6426014539a170bdb55a3aa51a5507998ef494eb", kill_on_drop: false }`
[INFO] running `Command { std: "docker" "rm" "-f" "35744ff35eadd96b8c1afc1e6426014539a170bdb55a3aa51a5507998ef494eb", kill_on_drop: false }`
[INFO] [stdout] 35744ff35eadd96b8c1afc1e6426014539a170bdb55a3aa51a5507998ef494eb
[INFO] running `Command { std: "docker" "create" "-v" "/var/lib/crater-agent-workspace/builds/worker-6-tc2/target:/opt/rustwide/target:rw,Z" "-v" "/var/lib/crater-agent-workspace/builds/worker-6-tc2/source:/opt/rustwide/workdir:ro,Z" "-v" "/var/lib/crater-agent-workspace/cargo-home:/opt/rustwide/cargo-home:ro,Z" "-v" "/var/lib/crater-agent-workspace/rustup-home:/opt/rustwide/rustup-home:ro,Z" "-e" "SOURCE_DIR=/opt/rustwide/workdir" "-e" "CARGO_TARGET_DIR=/opt/rustwide/target" "-e" "CARGO_INCREMENTAL=0" "-e" "RUST_BACKTRACE=full" "-e" "RUSTFLAGS=--cap-lints=forbid -Zrandomize-layout" "-e" "RUSTDOCFLAGS=--cap-lints=forbid" "-e" "CARGO_HOME=/opt/rustwide/cargo-home" "-e" "RUSTUP_HOME=/opt/rustwide/rustup-home" "-w" "/opt/rustwide/workdir" "-m" "1610612736" "--user" "0:0" "--network" "none" "ghcr.io/rust-lang/crates-build-env/linux@sha256:819108c5571ea2e421544af4d832f968d213c87fbe3707a016657f43d2f853bc" "/opt/rustwide/cargo-home/bin/cargo" "+nightly-2025-01-18" "test" "--frozen", kill_on_drop: false }`
[INFO] [stdout] f5e3a636df65cd0272ad56d152e063f33f600de4a2b0b9503cd7c569a7c0d81b
[INFO] running `Command { std: "docker" "start" "-a" "f5e3a636df65cd0272ad56d152e063f33f600de4a2b0b9503cd7c569a7c0d81b", kill_on_drop: false }`
[INFO] [stderr]     Finished `test` profile [unoptimized + debuginfo] target(s) in 0.02s
[INFO] [stderr]      Running unittests src/main.rs (/opt/rustwide/target/debug/deps/advent_rust-4dd013f3467de0ff)
[INFO] [stdout] 
[INFO] [stdout] running 13 tests
[INFO] [stdout] test _01::tests::sum_is_2 ... ok
[INFO] [stdout] test _01::tests::score_is_10 ... ok
[INFO] [stdout] test _02::test::resolve_first_skip ... ok
[INFO] [stdout] test _02::test::return_2 ... ok
[INFO] [stdout] test _02::test::return_4 ... ok
[INFO] [stdout] test _03::test::get_result_of_corruped_call ... ok
[INFO] [stdout] test _04::test::get_quantity_v2 ... ok
[INFO] [stdout] test _04::test::get_quantity ... ok
[INFO] [stdout] test _03::test::get_0_since_all_wrong ... ok
[INFO] [stdout] test _03::test::partial ... ok
[INFO] [stdout] test _03::test::get_corrupted_calls ... ok
[INFO] [stdout] test _03::test::get_corrupted_calls_using_do_dont ... ok
[INFO] [stdout] test _05::tests::get_123_middle_updates ... FAILED
[INFO] [stdout] 
[INFO] [stdout] failures:
[INFO] [stdout] 
[INFO] [stdout] ---- _05::tests::get_123_middle_updates stdout ----
[INFO] [stdout] -------
[INFO] [stdout] For: UpdateLine { data: [75, 47, 61, 53, 29] }
[INFO] [stdout] -------
[INFO] [stdout] For: UpdateLine { data: [97, 61, 53, 29, 13] }
[INFO] [stdout] -------
[INFO] [stdout] For: UpdateLine { data: [75, 29, 13] }
[INFO] [stdout] -------
[INFO] [stdout] For: UpdateLine { data: [75, 97, 47, 61, 53] }
[INFO] [stdout] Trying: 75 do not find 97
[INFO] [stdout] For this, now is: [97, 75, 47, 61, 53]
[INFO] [stdout] All poss: [UpdateLine { data: [97, 75, 47, 61, 53] }]
[INFO] [stdout] >>>>>>>>>>>>>
[INFO] [stdout] For: UpdateLine { data: [97, 75, 47, 61, 53] }
[INFO] [stdout] The final valid is: UpdateLine { data: [97, 75, 47, 61, 53] }
[INFO] [stdout] -------
[INFO] [stdout] For: UpdateLine { data: [61, 13, 29] }
[INFO] [stdout] Trying: 13 do not find 29
[INFO] [stdout] For this, now is: [61, 29, 13]
[INFO] [stdout] All poss: [UpdateLine { data: [61, 29, 13] }]
[INFO] [stdout] >>>>>>>>>>>>>
[INFO] [stdout] For: UpdateLine { data: [61, 29, 13] }
[INFO] [stdout] The final valid is: UpdateLine { data: [61, 29, 13] }
[INFO] [stdout] -------
[INFO] [stdout] For: UpdateLine { data: [97, 13, 75, 29, 47] }
[INFO] [stdout] Trying: 13 do not find 29
[INFO] [stdout] Trying: 29 do not find 47
[INFO] [stdout] Trying: 13 do not find 47
[INFO] [stdout] For this, now is: [97, 75, 47, 13, 29]
[INFO] [stdout] For this, now is: [97, 75, 13, 47, 29]
[INFO] [stdout] For this, now is: [97, 75, 29, 13, 47]
[INFO] [stdout] Trying: 13 do not find 47
[INFO] [stdout] Trying: 29 do not find 47
[INFO] [stdout] For this, now is: [97, 75, 47, 29, 13]
[INFO] [stdout] For this, now is: [97, 75, 29, 47, 13]
[INFO] [stdout] Trying: 13 do not find 75
[INFO] [stdout] Trying: 13 do not find 29
[INFO] [stdout] Trying: 29 do not find 47
[INFO] [stdout] Trying: 13 do not find 47
[INFO] [stdout] For this, now is: [97, 75, 47, 13, 29]
[INFO] [stdout] For this, now is: [97, 75, 13, 47, 29]
[INFO] [stdout] For this, now is: [97, 75, 29, 13, 47]
[INFO] [stdout] Trying: 13 do not find 47
[INFO] [stdout] Trying: 29 do not find 47
[INFO] [stdout] For this, now is: [97, 75, 47, 29, 13]
[INFO] [stdout] For this, now is: [97, 75, 29, 47, 13]
[INFO] [stdout] For this, now is: [97, 75, 13, 29, 47]
[INFO] [stdout] All poss: [UpdateLine { data: [97, 75, 29, 13, 47] }, UpdateLine { data: [97, 75, 13, 47, 29] }, UpdateLine { data: [97, 75, 47, 13, 29] }, UpdateLine { data: [97, 75, 29, 47, 13] }, UpdateLine { data: [97, 75, 47, 29, 13] }, UpdateLine { data: [97, 75, 13, 29, 47] }, UpdateLine { data: [97, 75, 29, 13, 47] }, UpdateLine { data: [97, 75, 13, 47, 29] }, UpdateLine { data: [97, 75, 47, 13, 29] }, UpdateLine { data: [97, 75, 29, 47, 13] }, UpdateLine { data: [97, 75, 47, 29, 13] }]
[INFO] [stdout] >>>>>>>>>>>>>
[INFO] [stdout] For: UpdateLine { data: [97, 75, 29, 13, 47] }
[INFO] [stdout] >>>>>>>>>>>>>
[INFO] [stdout] For: UpdateLine { data: [97, 75, 13, 47, 29] }
[INFO] [stdout] The final valid is: UpdateLine { data: [97, 75, 13, 47, 29] }
[INFO] [stdout] >>>>>>>>>>>>>
[INFO] [stdout] For: UpdateLine { data: [97, 75, 47, 13, 29] }
[INFO] [stdout] The final valid is: UpdateLine { data: [97, 75, 47, 13, 29] }
[INFO] [stdout] >>>>>>>>>>>>>
[INFO] [stdout] For: UpdateLine { data: [97, 75, 29, 47, 13] }
[INFO] [stdout] >>>>>>>>>>>>>
[INFO] [stdout] For: UpdateLine { data: [97, 75, 47, 29, 13] }
[INFO] [stdout] The final valid is: UpdateLine { data: [97, 75, 47, 29, 13] }
[INFO] [stdout] >>>>>>>>>>>>>
[INFO] [stdout] For: UpdateLine { data: [97, 75, 13, 29, 47] }
[INFO] [stdout] >>>>>>>>>>>>>
[INFO] [stdout] For: UpdateLine { data: [97, 75, 29, 13, 47] }
[INFO] [stdout] >>>>>>>>>>>>>
[INFO] [stdout] For: UpdateLine { data: [97, 75, 13, 47, 29] }
[INFO] [stdout] The final valid is: UpdateLine { data: [97, 75, 13, 47, 29] }
[INFO] [stdout] >>>>>>>>>>>>>
[INFO] [stdout] For: UpdateLine { data: [97, 75, 47, 13, 29] }
[INFO] [stdout] The final valid is: UpdateLine { data: [97, 75, 47, 13, 29] }
[INFO] [stdout] >>>>>>>>>>>>>
[INFO] [stdout] For: UpdateLine { data: [97, 75, 29, 47, 13] }
[INFO] [stdout] >>>>>>>>>>>>>
[INFO] [stdout] For: UpdateLine { data: [97, 75, 47, 29, 13] }
[INFO] [stdout] The final valid is: UpdateLine { data: [97, 75, 47, 29, 13] }
[INFO] [stdout] 
[INFO] [stdout] thread '_05::tests::get_123_middle_updates' panicked at src/_05.rs:220:9:
[INFO] [stdout] assertion `left == right` failed
[INFO] [stdout]   left: 290
[INFO] [stdout]  right: 123
[INFO] [stdout] stack backtrace:
[INFO] [stdout]    0:     0x55e4cd8d91ca - std::backtrace_rs::backtrace::libunwind::trace::hb059275cfc8d6126
[INFO] [stdout]                                at /rustc/6067b36314ab5eb2eb47cecc464545ba58e1ad24/library/std/src/../../backtrace/src/backtrace/libunwind.rs:116:5
[INFO] [stdout]    1:     0x55e4cd8d91ca - std::backtrace_rs::backtrace::trace_unsynchronized::h2da071e4327ce3ee
[INFO] [stdout]                                at /rustc/6067b36314ab5eb2eb47cecc464545ba58e1ad24/library/std/src/../../backtrace/src/backtrace/mod.rs:66:5
[INFO] [stdout]    2:     0x55e4cd8d91ca - std::sys::backtrace::_print_fmt::h842a1474e6f8d23f
[INFO] [stdout]                                at /rustc/6067b36314ab5eb2eb47cecc464545ba58e1ad24/library/std/src/sys/backtrace.rs:66:9
[INFO] [stdout]    3:     0x55e4cd8d91ca - <std::sys::backtrace::BacktraceLock::print::DisplayBacktrace as core::fmt::Display>::fmt::h71a62eb3b9696b12
[INFO] [stdout]                                at /rustc/6067b36314ab5eb2eb47cecc464545ba58e1ad24/library/std/src/sys/backtrace.rs:39:26
[INFO] [stdout]    4:     0x55e4cd903413 - core::fmt::rt::Argument::fmt::hdb6b616786b41dc1
[INFO] [stdout]                                at /rustc/6067b36314ab5eb2eb47cecc464545ba58e1ad24/library/core/src/fmt/rt.rs:177:76
[INFO] [stdout]    5:     0x55e4cd903413 - core::fmt::write::h2cc1698af7e2d686
[INFO] [stdout]                                at /rustc/6067b36314ab5eb2eb47cecc464545ba58e1ad24/library/core/src/fmt/mod.rs:1440:21
[INFO] [stdout]    6:     0x55e4cd8d5d23 - std::io::Write::write_fmt::hab1b4cd059a79022
[INFO] [stdout]                                at /rustc/6067b36314ab5eb2eb47cecc464545ba58e1ad24/library/std/src/io/mod.rs:1887:15
[INFO] [stdout]    7:     0x55e4cd8d9012 - std::sys::backtrace::BacktraceLock::print::h147fe35b4ea13b08
[INFO] [stdout]                                at /rustc/6067b36314ab5eb2eb47cecc464545ba58e1ad24/library/std/src/sys/backtrace.rs:42:9
[INFO] [stdout]    8:     0x55e4cd8da5ef - std::panicking::default_hook::{{closure}}::hbd44223dbdc0d208
[INFO] [stdout]                                at /rustc/6067b36314ab5eb2eb47cecc464545ba58e1ad24/library/std/src/panicking.rs:298:22
[INFO] [stdout]    9:     0x55e4cd8da408 - std::panicking::default_hook::h20f81eb0576efcec
[INFO] [stdout]                                at /rustc/6067b36314ab5eb2eb47cecc464545ba58e1ad24/library/std/src/panicking.rs:322:9
[INFO] [stdout]   10:     0x55e4cd626a13 - <alloc::boxed::Box<F,A> as core::ops::function::Fn<Args>>::call::hdb53814c496a4d34
[INFO] [stdout]                                at /rustc/6067b36314ab5eb2eb47cecc464545ba58e1ad24/library/alloc/src/boxed.rs:2027:9
[INFO] [stdout]   11:     0x55e4cd626a13 - test::test_main::{{closure}}::hc0a4963c59427c24
[INFO] [stdout]                                at /rustc/6067b36314ab5eb2eb47cecc464545ba58e1ad24/library/test/src/lib.rs:134:21
[INFO] [stdout]   12:     0x55e4cd8db0e3 - <alloc::boxed::Box<F,A> as core::ops::function::Fn<Args>>::call::h591b2225413a77e9
[INFO] [stdout]                                at /rustc/6067b36314ab5eb2eb47cecc464545ba58e1ad24/library/alloc/src/boxed.rs:2027:9
[INFO] [stdout]   13:     0x55e4cd8db0e3 - std::panicking::rust_panic_with_hook::h625eea43051b2edc
[INFO] [stdout]                                at /rustc/6067b36314ab5eb2eb47cecc464545ba58e1ad24/library/std/src/panicking.rs:839:13
[INFO] [stdout]   14:     0x55e4cd8dad9a - std::panicking::begin_panic_handler::{{closure}}::h4f9159cfbc3f6bd3
[INFO] [stdout]                                at /rustc/6067b36314ab5eb2eb47cecc464545ba58e1ad24/library/std/src/panicking.rs:704:13
[INFO] [stdout]   15:     0x55e4cd8d96c9 - std::sys::backtrace::__rust_end_short_backtrace::h0390abce48353151
[INFO] [stdout]                                at /rustc/6067b36314ab5eb2eb47cecc464545ba58e1ad24/library/std/src/sys/backtrace.rs:168:18
[INFO] [stdout]   16:     0x55e4cd8daa2d - rust_begin_unwind
[INFO] [stdout]                                at /rustc/6067b36314ab5eb2eb47cecc464545ba58e1ad24/library/std/src/panicking.rs:695:5
[INFO] [stdout]   17:     0x55e4cd900c90 - core::panicking::panic_fmt::h9e7c637e9e5f29c9
[INFO] [stdout]                                at /rustc/6067b36314ab5eb2eb47cecc464545ba58e1ad24/library/core/src/panicking.rs:75:14
[INFO] [stdout]   18:     0x55e4cd901082 - core::panicking::assert_failed_inner::h538bec7c1374cd9c
[INFO] [stdout]   19:     0x55e4cd5e16e8 - core::panicking::assert_failed::h38267cc2dbd436f4
[INFO] [stdout]                                at /rustc/6067b36314ab5eb2eb47cecc464545ba58e1ad24/library/core/src/panicking.rs:364:5
[INFO] [stdout]   20:     0x55e4cd5d619e - advent_rust::_05::tests::get_123_middle_updates::h4b8d4190e92e87a4
[INFO] [stdout]                                at /opt/rustwide/workdir/src/_05.rs:220:9
[INFO] [stdout]   21:     0x55e4cd5d6057 - advent_rust::_05::tests::get_123_middle_updates::{{closure}}::h64454f6487cf6b81
[INFO] [stdout]                                at /opt/rustwide/workdir/src/_05.rs:214:32
[INFO] [stdout]   22:     0x55e4cd5d8176 - core::ops::function::FnOnce::call_once::h6cf756adcf7b5db3
[INFO] [stdout]                                at /rustc/6067b36314ab5eb2eb47cecc464545ba58e1ad24/library/core/src/ops/function.rs:250:5
[INFO] [stdout]   23:     0x55e4cd62c16b - core::ops::function::FnOnce::call_once::he27718dfdd183f43
[INFO] [stdout]                                at /rustc/6067b36314ab5eb2eb47cecc464545ba58e1ad24/library/core/src/ops/function.rs:250:5
[INFO] [stdout]   24:     0x55e4cd62c16b - test::__rust_begin_short_backtrace::h4e84902998457a5d
[INFO] [stdout]                                at /rustc/6067b36314ab5eb2eb47cecc464545ba58e1ad24/library/test/src/lib.rs:632:18
[INFO] [stdout]   25:     0x55e4cd62b0a3 - test::run_test_in_process::{{closure}}::h7176fd18fc1feca0
[INFO] [stdout]                                at /rustc/6067b36314ab5eb2eb47cecc464545ba58e1ad24/library/test/src/lib.rs:655:60
[INFO] [stdout]   26:     0x55e4cd62b0a3 - <core::panic::unwind_safe::AssertUnwindSafe<F> as core::ops::function::FnOnce<()>>::call_once::hf79cff2a624d8cf7
[INFO] [stdout]                                at /rustc/6067b36314ab5eb2eb47cecc464545ba58e1ad24/library/core/src/panic/unwind_safe.rs:272:9
[INFO] [stdout]   27:     0x55e4cd62b0a3 - std::panicking::try::do_call::h3da0561d9ab99c25
[INFO] [stdout]                                at /rustc/6067b36314ab5eb2eb47cecc464545ba58e1ad24/library/std/src/panicking.rs:587:40
[INFO] [stdout]   28:     0x55e4cd62b0a3 - std::panicking::try::h41c9fa508bc61df6
[INFO] [stdout]                                at /rustc/6067b36314ab5eb2eb47cecc464545ba58e1ad24/library/std/src/panicking.rs:550:19
[INFO] [stdout]   29:     0x55e4cd62b0a3 - std::panic::catch_unwind::h6b3ff07bb5afad93
[INFO] [stdout]                                at /rustc/6067b36314ab5eb2eb47cecc464545ba58e1ad24/library/std/src/panic.rs:358:14
[INFO] [stdout]   30:     0x55e4cd62b0a3 - test::run_test_in_process::hc7253dd11b39b9f4
[INFO] [stdout]                                at /rustc/6067b36314ab5eb2eb47cecc464545ba58e1ad24/library/test/src/lib.rs:655:27
[INFO] [stdout]   31:     0x55e4cd62b0a3 - test::run_test::{{closure}}::hfb2007f8649c30bb
[INFO] [stdout]                                at /rustc/6067b36314ab5eb2eb47cecc464545ba58e1ad24/library/test/src/lib.rs:576:43
[INFO] [stdout]   32:     0x55e4cd5ee185 - test::run_test::{{closure}}::h56a17aa7a282a9f4
[INFO] [stdout]                                at /rustc/6067b36314ab5eb2eb47cecc464545ba58e1ad24/library/test/src/lib.rs:606:41
[INFO] [stdout]   33:     0x55e4cd5ee185 - std::sys::backtrace::__rust_begin_short_backtrace::hd2d2d2fb8e8c6aac
[INFO] [stdout]                                at /rustc/6067b36314ab5eb2eb47cecc464545ba58e1ad24/library/std/src/sys/backtrace.rs:152:18
[INFO] [stdout]   34:     0x55e4cd5f1a6a - std::thread::Builder::spawn_unchecked_::{{closure}}::{{closure}}::h4faa3f9db6133423
[INFO] [stdout]                                at /rustc/6067b36314ab5eb2eb47cecc464545ba58e1ad24/library/std/src/thread/mod.rs:559:17
[INFO] [stdout]   35:     0x55e4cd5f1a6a - <core::panic::unwind_safe::AssertUnwindSafe<F> as core::ops::function::FnOnce<()>>::call_once::hf2e855a36a4ea846
[INFO] [stdout]                                at /rustc/6067b36314ab5eb2eb47cecc464545ba58e1ad24/library/core/src/panic/unwind_safe.rs:272:9
[INFO] [stdout]   36:     0x55e4cd5f1a6a - std::panicking::try::do_call::h2f73af3616c35465
[INFO] [stdout]                                at /rustc/6067b36314ab5eb2eb47cecc464545ba58e1ad24/library/std/src/panicking.rs:587:40
[INFO] [stdout]   37:     0x55e4cd5f1a6a - std::panicking::try::hd1660ce9efadef5a
[INFO] [stdout]                                at /rustc/6067b36314ab5eb2eb47cecc464545ba58e1ad24/library/std/src/panicking.rs:550:19
[INFO] [stdout]   38:     0x55e4cd5f1a6a - std::panic::catch_unwind::h5ee8d7823b8ca744
[INFO] [stdout]                                at /rustc/6067b36314ab5eb2eb47cecc464545ba58e1ad24/library/std/src/panic.rs:358:14
[INFO] [stdout]   39:     0x55e4cd5f1a6a - std::thread::Builder::spawn_unchecked_::{{closure}}::h53c3a1894dce8407
[INFO] [stdout]                                at /rustc/6067b36314ab5eb2eb47cecc464545ba58e1ad24/library/std/src/thread/mod.rs:557:30
[INFO] [stdout]   40:     0x55e4cd5f1a6a - core::ops::function::FnOnce::call_once{{vtable.shim}}::h048ce291ad4f62bf
[INFO] [stdout]                                at /rustc/6067b36314ab5eb2eb47cecc464545ba58e1ad24/library/core/src/ops/function.rs:250:5
[INFO] [stdout]   41:     0x55e4cd8df01b - <alloc::boxed::Box<F,A> as core::ops::function::FnOnce<Args>>::call_once::ha52bedf99a3b4981
[INFO] [stdout]                                at /rustc/6067b36314ab5eb2eb47cecc464545ba58e1ad24/library/alloc/src/boxed.rs:2013:9
[INFO] [stdout]   42:     0x55e4cd8df01b - <alloc::boxed::Box<F,A> as core::ops::function::FnOnce<Args>>::call_once::h567748934d80ccf8
[INFO] [stdout]                                at /rustc/6067b36314ab5eb2eb47cecc464545ba58e1ad24/library/alloc/src/boxed.rs:2013:9
[INFO] [stdout]   43:     0x55e4cd8df01b - std::sys::pal::unix::thread::Thread::new::thread_start::h2d970728ae887adc
[INFO] [stdout]                                at /rustc/6067b36314ab5eb2eb47cecc464545ba58e1ad24/library/std/src/sys/pal/unix/thread.rs:106:17
[INFO] [stdout]   44:     0x7d4ee36bcac3 - <unknown>
[INFO] [stdout]   45:     0x7d4ee374da04 - clone
[INFO] [stdout]   46:                0x0 - <unknown>
[INFO] [stdout] 
[INFO] [stdout] 
[INFO] [stdout] failures:
[INFO] [stdout]     _05::tests::get_123_middle_updates
[INFO] [stdout] 
[INFO] [stdout] test result: FAILED. 12 passed; 1 failed; 0 ignored; 0 measured; 0 filtered out; finished in 0.02s
[INFO] [stdout] 
[INFO] [stderr] error: test failed, to rerun pass `--bin advent-rust`
[INFO] running `Command { std: "docker" "inspect" "f5e3a636df65cd0272ad56d152e063f33f600de4a2b0b9503cd7c569a7c0d81b", kill_on_drop: false }`
[INFO] running `Command { std: "docker" "rm" "-f" "f5e3a636df65cd0272ad56d152e063f33f600de4a2b0b9503cd7c569a7c0d81b", kill_on_drop: false }`
[INFO] [stdout] f5e3a636df65cd0272ad56d152e063f33f600de4a2b0b9503cd7c569a7c0d81b
