[INFO] cloning repository https://github.com/raian621/rust-raytracer
[INFO] running `Command { std: "git" "-c" "credential.helper=" "-c" "credential.helper=/workspace/cargo-home/bin/git-credential-null" "clone" "--bare" "https://github.com/raian621/rust-raytracer" "/workspace/cache/git-repos/https%3A%2F%2Fgithub.com%2Fraian621%2Frust-raytracer", kill_on_drop: false }`
[INFO] [stderr] Cloning into bare repository '/workspace/cache/git-repos/https%3A%2F%2Fgithub.com%2Fraian621%2Frust-raytracer'...
[INFO] running `Command { std: "git" "rev-parse" "HEAD", kill_on_drop: false }`
[INFO] [stdout] 30e7aa9940c912c7f46a4d234e063c236a7e36a4
[INFO] testing raian621/rust-raytracer against nightly-2025-01-18+rustflags=-Zrandomize-layout for randomize-layout-2
[INFO] running `Command { std: "git" "clone" "/workspace/cache/git-repos/https%3A%2F%2Fgithub.com%2Fraian621%2Frust-raytracer" "/workspace/builds/worker-2-tc2/source", kill_on_drop: false }`
[INFO] [stderr] Cloning into '/workspace/builds/worker-2-tc2/source'...
[INFO] [stderr] done.
[INFO] validating manifest of git repo https://github.com/raian621/rust-raytracer on toolchain nightly-2025-01-18
[INFO] running `Command { std: CARGO_HOME="/workspace/cargo-home" RUSTUP_HOME="/workspace/rustup-home" "/workspace/cargo-home/bin/cargo" "+nightly-2025-01-18" "metadata" "--manifest-path" "Cargo.toml" "--no-deps", kill_on_drop: false }`
[INFO] started tweaking git repo https://github.com/raian621/rust-raytracer
[INFO] finished tweaking git repo https://github.com/raian621/rust-raytracer
[INFO] tweaked toml for git repo https://github.com/raian621/rust-raytracer written to /workspace/builds/worker-2-tc2/source/Cargo.toml
[INFO] crate git repo https://github.com/raian621/rust-raytracer already has a lockfile, it will not be regenerated
[INFO] running `Command { std: CARGO_HOME="/workspace/cargo-home" RUSTUP_HOME="/workspace/rustup-home" "/workspace/cargo-home/bin/cargo" "+nightly-2025-01-18" "fetch" "--manifest-path" "Cargo.toml", kill_on_drop: false }`
[INFO] running `Command { std: "docker" "create" "-v" "/var/lib/crater-agent-workspace/builds/worker-2-tc2/target:/opt/rustwide/target:rw,Z" "-v" "/var/lib/crater-agent-workspace/builds/worker-2-tc2/source:/opt/rustwide/workdir:ro,Z" "-v" "/var/lib/crater-agent-workspace/cargo-home:/opt/rustwide/cargo-home:ro,Z" "-v" "/var/lib/crater-agent-workspace/rustup-home:/opt/rustwide/rustup-home:ro,Z" "-e" "SOURCE_DIR=/opt/rustwide/workdir" "-e" "CARGO_TARGET_DIR=/opt/rustwide/target" "-e" "CARGO_HOME=/opt/rustwide/cargo-home" "-e" "RUSTUP_HOME=/opt/rustwide/rustup-home" "-w" "/opt/rustwide/workdir" "-m" "1610612736" "--user" "0:0" "--network" "none" "ghcr.io/rust-lang/crates-build-env/linux@sha256:819108c5571ea2e421544af4d832f968d213c87fbe3707a016657f43d2f853bc" "/opt/rustwide/cargo-home/bin/cargo" "+nightly-2025-01-18" "metadata" "--no-deps" "--format-version=1", kill_on_drop: false }`
[INFO] [stdout] 2ca213be5189f19c759f3afdf6e1591d3e9f35221f6a118cd768592592ba72e3
[INFO] running `Command { std: "docker" "start" "-a" "2ca213be5189f19c759f3afdf6e1591d3e9f35221f6a118cd768592592ba72e3", kill_on_drop: false }`
[INFO] running `Command { std: "docker" "inspect" "2ca213be5189f19c759f3afdf6e1591d3e9f35221f6a118cd768592592ba72e3", kill_on_drop: false }`
[INFO] running `Command { std: "docker" "rm" "-f" "2ca213be5189f19c759f3afdf6e1591d3e9f35221f6a118cd768592592ba72e3", kill_on_drop: false }`
[INFO] [stdout] 2ca213be5189f19c759f3afdf6e1591d3e9f35221f6a118cd768592592ba72e3
[INFO] running `Command { std: "docker" "create" "-v" "/var/lib/crater-agent-workspace/builds/worker-2-tc2/target:/opt/rustwide/target:rw,Z" "-v" "/var/lib/crater-agent-workspace/builds/worker-2-tc2/source:/opt/rustwide/workdir:ro,Z" "-v" "/var/lib/crater-agent-workspace/cargo-home:/opt/rustwide/cargo-home:ro,Z" "-v" "/var/lib/crater-agent-workspace/rustup-home:/opt/rustwide/rustup-home:ro,Z" "-e" "SOURCE_DIR=/opt/rustwide/workdir" "-e" "CARGO_TARGET_DIR=/opt/rustwide/target" "-e" "CARGO_INCREMENTAL=0" "-e" "RUST_BACKTRACE=full" "-e" "RUSTFLAGS=--cap-lints=forbid -Zrandomize-layout" "-e" "RUSTDOCFLAGS=--cap-lints=forbid" "-e" "CARGO_HOME=/opt/rustwide/cargo-home" "-e" "RUSTUP_HOME=/opt/rustwide/rustup-home" "-w" "/opt/rustwide/workdir" "-m" "1610612736" "--user" "0:0" "--network" "none" "ghcr.io/rust-lang/crates-build-env/linux@sha256:819108c5571ea2e421544af4d832f968d213c87fbe3707a016657f43d2f853bc" "/opt/rustwide/cargo-home/bin/cargo" "+nightly-2025-01-18" "build" "--frozen" "--message-format=json", kill_on_drop: false }`
[INFO] [stdout] c78d2bebfdc984812ca2f8f555a0992acd4751ac4ba6c4e90fe81c472f592b97
[INFO] running `Command { std: "docker" "start" "-a" "c78d2bebfdc984812ca2f8f555a0992acd4751ac4ba6c4e90fe81c472f592b97", kill_on_drop: false }`
[INFO] [stderr]    Compiling rust-raytracer v0.1.0 (/opt/rustwide/workdir)
[INFO] [stdout] warning: unused imports: `matrix::Matrix` and `tuple::Coordinates`
[INFO] [stdout]  --> src/main.rs:3:12
[INFO] [stdout]   |
[INFO] [stdout] 3 | use lalg::{matrix::Matrix, vector::Vector, tuple::Coordinates};
[INFO] [stdout]   |            ^^^^^^^^^^^^^^                  ^^^^^^^^^^^^^^^^^^
[INFO] [stdout]   |
[INFO] [stdout]   = note: `#[warn(unused_imports)]` on by default
[INFO] [stdout] 
[INFO] [stdout] 
[INFO] [stdout] warning: unused import: `lalg::vector::Vector`
[INFO] [stdout]  --> src/raytracer/canvas.rs:3:13
[INFO] [stdout]   |
[INFO] [stdout] 3 | use crate::{lalg::vector::Vector, shapes::color::{Color}};
[INFO] [stdout]   |             ^^^^^^^^^^^^^^^^^^^^
[INFO] [stdout] 
[INFO] [stdout] 
[INFO] [stdout] warning: unused import: `std::str::SplitWhitespace`
[INFO] [stdout]  --> src/shapes/material.rs:1:5
[INFO] [stdout]   |
[INFO] [stdout] 1 | use std::str::SplitWhitespace;
[INFO] [stdout]   |     ^^^^^^^^^^^^^^^^^^^^^^^^^
[INFO] [stdout] 
[INFO] [stdout] 
[INFO] [stdout] warning: unused import: `tuple::Tuple`
[INFO] [stdout]  --> src/shapes/material.rs:3:20
[INFO] [stdout]   |
[INFO] [stdout] 3 | use crate::{lalg::{tuple::Tuple, vector::Vector}, raytracer::point_light::PointLight};
[INFO] [stdout]   |                    ^^^^^^^^^^^^
[INFO] [stdout] 
[INFO] [stdout] 
[INFO] [stderr]     Finished `dev` profile [unoptimized + debuginfo] target(s) in 0.66s
[INFO] running `Command { std: "docker" "inspect" "c78d2bebfdc984812ca2f8f555a0992acd4751ac4ba6c4e90fe81c472f592b97", kill_on_drop: false }`
[INFO] running `Command { std: "docker" "rm" "-f" "c78d2bebfdc984812ca2f8f555a0992acd4751ac4ba6c4e90fe81c472f592b97", kill_on_drop: false }`
[INFO] [stdout] c78d2bebfdc984812ca2f8f555a0992acd4751ac4ba6c4e90fe81c472f592b97
[INFO] running `Command { std: "docker" "create" "-v" "/var/lib/crater-agent-workspace/builds/worker-2-tc2/target:/opt/rustwide/target:rw,Z" "-v" "/var/lib/crater-agent-workspace/builds/worker-2-tc2/source:/opt/rustwide/workdir:ro,Z" "-v" "/var/lib/crater-agent-workspace/cargo-home:/opt/rustwide/cargo-home:ro,Z" "-v" "/var/lib/crater-agent-workspace/rustup-home:/opt/rustwide/rustup-home:ro,Z" "-e" "SOURCE_DIR=/opt/rustwide/workdir" "-e" "CARGO_TARGET_DIR=/opt/rustwide/target" "-e" "CARGO_INCREMENTAL=0" "-e" "RUST_BACKTRACE=full" "-e" "RUSTFLAGS=--cap-lints=forbid -Zrandomize-layout" "-e" "RUSTDOCFLAGS=--cap-lints=forbid" "-e" "CARGO_HOME=/opt/rustwide/cargo-home" "-e" "RUSTUP_HOME=/opt/rustwide/rustup-home" "-w" "/opt/rustwide/workdir" "-m" "1610612736" "--user" "0:0" "--network" "none" "ghcr.io/rust-lang/crates-build-env/linux@sha256:819108c5571ea2e421544af4d832f968d213c87fbe3707a016657f43d2f853bc" "/opt/rustwide/cargo-home/bin/cargo" "+nightly-2025-01-18" "test" "--frozen" "--no-run" "--message-format=json", kill_on_drop: false }`
[INFO] [stdout] 9ac9712e64f0984193939c4a0aa1891e13e3c7265134bd7a42b6fdf2139ca3a5
[INFO] running `Command { std: "docker" "start" "-a" "9ac9712e64f0984193939c4a0aa1891e13e3c7265134bd7a42b6fdf2139ca3a5", kill_on_drop: false }`
[INFO] [stderr]    Compiling rust-raytracer v0.1.0 (/opt/rustwide/workdir)
[INFO] [stdout] warning: unused imports: `matrix::Matrix` and `tuple::Coordinates`
[INFO] [stdout]  --> src/main.rs:3:12
[INFO] [stdout]   |
[INFO] [stdout] 3 | use lalg::{matrix::Matrix, vector::Vector, tuple::Coordinates};
[INFO] [stdout]   |            ^^^^^^^^^^^^^^                  ^^^^^^^^^^^^^^^^^^
[INFO] [stdout]   |
[INFO] [stdout]   = note: `#[warn(unused_imports)]` on by default
[INFO] [stdout] 
[INFO] [stdout] 
[INFO] [stdout] warning: unused import: `lalg::vector::Vector`
[INFO] [stdout]  --> src/raytracer/canvas.rs:3:13
[INFO] [stdout]   |
[INFO] [stdout] 3 | use crate::{lalg::vector::Vector, shapes::color::{Color}};
[INFO] [stdout]   |             ^^^^^^^^^^^^^^^^^^^^
[INFO] [stdout] 
[INFO] [stdout] 
[INFO] [stdout] warning: unused import: `std::str::SplitWhitespace`
[INFO] [stdout]  --> src/shapes/material.rs:1:5
[INFO] [stdout]   |
[INFO] [stdout] 1 | use std::str::SplitWhitespace;
[INFO] [stdout]   |     ^^^^^^^^^^^^^^^^^^^^^^^^^
[INFO] [stdout] 
[INFO] [stdout] 
[INFO] [stdout] warning: unused import: `tuple::Tuple`
[INFO] [stdout]  --> src/shapes/material.rs:3:20
[INFO] [stdout]   |
[INFO] [stdout] 3 | use crate::{lalg::{tuple::Tuple, vector::Vector}, raytracer::point_light::PointLight};
[INFO] [stdout]   |                    ^^^^^^^^^^^^
[INFO] [stdout] 
[INFO] [stdout] 
[INFO] [stderr]     Finished `test` profile [unoptimized + debuginfo] target(s) in 0.84s
[INFO] running `Command { std: "docker" "inspect" "9ac9712e64f0984193939c4a0aa1891e13e3c7265134bd7a42b6fdf2139ca3a5", kill_on_drop: false }`
[INFO] running `Command { std: "docker" "rm" "-f" "9ac9712e64f0984193939c4a0aa1891e13e3c7265134bd7a42b6fdf2139ca3a5", kill_on_drop: false }`
[INFO] [stdout] 9ac9712e64f0984193939c4a0aa1891e13e3c7265134bd7a42b6fdf2139ca3a5
[INFO] running `Command { std: "docker" "create" "-v" "/var/lib/crater-agent-workspace/builds/worker-2-tc2/target:/opt/rustwide/target:rw,Z" "-v" "/var/lib/crater-agent-workspace/builds/worker-2-tc2/source:/opt/rustwide/workdir:ro,Z" "-v" "/var/lib/crater-agent-workspace/cargo-home:/opt/rustwide/cargo-home:ro,Z" "-v" "/var/lib/crater-agent-workspace/rustup-home:/opt/rustwide/rustup-home:ro,Z" "-e" "SOURCE_DIR=/opt/rustwide/workdir" "-e" "CARGO_TARGET_DIR=/opt/rustwide/target" "-e" "CARGO_INCREMENTAL=0" "-e" "RUST_BACKTRACE=full" "-e" "RUSTFLAGS=--cap-lints=forbid -Zrandomize-layout" "-e" "RUSTDOCFLAGS=--cap-lints=forbid" "-e" "CARGO_HOME=/opt/rustwide/cargo-home" "-e" "RUSTUP_HOME=/opt/rustwide/rustup-home" "-w" "/opt/rustwide/workdir" "-m" "1610612736" "--user" "0:0" "--network" "none" "ghcr.io/rust-lang/crates-build-env/linux@sha256:819108c5571ea2e421544af4d832f968d213c87fbe3707a016657f43d2f853bc" "/opt/rustwide/cargo-home/bin/cargo" "+nightly-2025-01-18" "test" "--frozen", kill_on_drop: false }`
[INFO] [stdout] f94fe450f2e9ab3c43816c57f91900f2f8734a322299ad2b84f3560b08ad7436
[INFO] running `Command { std: "docker" "start" "-a" "f94fe450f2e9ab3c43816c57f91900f2f8734a322299ad2b84f3560b08ad7436", kill_on_drop: false }`
[INFO] [stderr] warning: unused imports: `matrix::Matrix` and `tuple::Coordinates`
[INFO] [stderr]  --> src/main.rs:3:12
[INFO] [stderr]   |
[INFO] [stderr] 3 | use lalg::{matrix::Matrix, vector::Vector, tuple::Coordinates};
[INFO] [stderr]   |            ^^^^^^^^^^^^^^                  ^^^^^^^^^^^^^^^^^^
[INFO] [stderr]   |
[INFO] [stderr]   = note: `#[warn(unused_imports)]` on by default
[INFO] [stderr] 
[INFO] [stderr] warning: unused import: `lalg::vector::Vector`
[INFO] [stderr]  --> src/raytracer/canvas.rs:3:13
[INFO] [stderr]   |
[INFO] [stderr] 3 | use crate::{lalg::vector::Vector, shapes::color::{Color}};
[INFO] [stderr]   |             ^^^^^^^^^^^^^^^^^^^^
[INFO] [stderr] 
[INFO] [stderr] warning: unused import: `std::str::SplitWhitespace`
[INFO] [stderr]  --> src/shapes/material.rs:1:5
[INFO] [stderr]   |
[INFO] [stderr] 1 | use std::str::SplitWhitespace;
[INFO] [stderr]   |     ^^^^^^^^^^^^^^^^^^^^^^^^^
[INFO] [stderr] 
[INFO] [stderr] warning: unused import: `tuple::Tuple`
[INFO] [stderr]  --> src/shapes/material.rs:3:20
[INFO] [stderr]   |
[INFO] [stderr] 3 | use crate::{lalg::{tuple::Tuple, vector::Vector}, raytracer::point_light::PointLight};
[INFO] [stderr]   |                    ^^^^^^^^^^^^
[INFO] [stderr] 
[INFO] [stderr] warning: `rust-raytracer` (bin "rust-raytracer" test) generated 4 warnings (run `cargo fix --bin "rust-raytracer" --tests` to apply 4 suggestions)
[INFO] [stderr]     Finished `test` profile [unoptimized + debuginfo] target(s) in 0.01s
[INFO] [stderr]      Running unittests src/main.rs (/opt/rustwide/target/debug/deps/rust_raytracer-d0bf60e087d0f001)
[INFO] [stdout] 
[INFO] [stdout] running 28 tests
[INFO] [stdout] test lalg::matrix::tests::test_transpose ... ok
[INFO] [stdout] test lalg::matrix::tests::test_rotate_y ... ok
[INFO] [stdout] test lalg::matrix::tests::test_add ... ok
[INFO] [stdout] test lalg::matrix::tests::test_scalar_mul ... ok
[INFO] [stdout] test lalg::matrix::tests::test_sub ... ok
[INFO] [stdout] test lalg::matrix::tests::test_mul ... ok
[INFO] [stdout] test lalg::matrix::tests::test_tuple_mul ... ok
[INFO] [stdout] test lalg::matrix::tests::test_with_dimensions ... ok
[INFO] [stdout] test lalg::tuple::tests::test_add ... ok
[INFO] [stdout] test lalg::tuple::tests::test_coords ... ok
[INFO] [stdout] test lalg::tuple::tests::test_neg ... ok
[INFO] [stdout] test lalg::tuple::tests::test_scalar_mul ... ok
[INFO] [stdout] test lalg::matrix::tests::test_determinant ... ok
[INFO] [stdout] test lalg::tuple::tests::test_sub ... ok
[INFO] [stdout] test lalg::util::tests::test_determinant ... ok
[INFO] [stdout] test lalg::vector::tests::test_cross ... ok
[INFO] [stdout] test lalg::vector::tests::test_dot ... ok
[INFO] [stdout] test lalg::vector::tests::test_magnitude ... ok
[INFO] [stdout] test lalg::vector::tests::test_normalize ... ok
[INFO] [stdout] test raytracer::ray::tests::test_get_point ... ok
[INFO] [stdout] test shapes::sphere::tests::test_normal_at ... ok
[INFO] [stdout] test shapes::sphere::tests::test_normal_at_translated ... ok
[INFO] [stdout] test shapes::sphere::tests::test_translated_sphere_intersection ... ok
[INFO] [stdout] test shapes::sphere::tests::test_scaled_sphere_intersection ... ok
[INFO] [stdout] test shapes::sphere::tests::test_sphere_intersects ... ok
[INFO] [stdout] test lalg::matrix::tests::test_inverse ... ok
[INFO] [stdout] test raytracer::canvas::tests::test_color_init ... ok
[INFO] [stdout] test shapes::material::tests::test_lighting ... FAILED
[INFO] [stdout] 
[INFO] [stdout] failures:
[INFO] [stdout] 
[INFO] [stdout] ---- shapes::material::tests::test_lighting stdout ----
[INFO] [stdout] 
[INFO] [stdout] thread 'shapes::material::tests::test_lighting' panicked at src/shapes/material.rs:93:5:
[INFO] [stdout] assertion `left == right` failed
[INFO] [stdout]   left: Color { r: 1.9, g: 1.9, b: 1.9, a: 0.0 }
[INFO] [stdout]  right: Color { r: 1.9, g: 1.9, b: 1.9, a: 1.0 }
[INFO] [stdout] stack backtrace:
[INFO] [stdout]    0:     0x62d64939f35a - std::backtrace_rs::backtrace::libunwind::trace::hb059275cfc8d6126
[INFO] [stdout]                                at /rustc/6067b36314ab5eb2eb47cecc464545ba58e1ad24/library/std/src/../../backtrace/src/backtrace/libunwind.rs:116:5
[INFO] [stdout]    1:     0x62d64939f35a - std::backtrace_rs::backtrace::trace_unsynchronized::h2da071e4327ce3ee
[INFO] [stdout]                                at /rustc/6067b36314ab5eb2eb47cecc464545ba58e1ad24/library/std/src/../../backtrace/src/backtrace/mod.rs:66:5
[INFO] [stdout]    2:     0x62d64939f35a - std::sys::backtrace::_print_fmt::h842a1474e6f8d23f
[INFO] [stdout]                                at /rustc/6067b36314ab5eb2eb47cecc464545ba58e1ad24/library/std/src/sys/backtrace.rs:66:9
[INFO] [stdout]    3:     0x62d64939f35a - <std::sys::backtrace::BacktraceLock::print::DisplayBacktrace as core::fmt::Display>::fmt::h71a62eb3b9696b12
[INFO] [stdout]                                at /rustc/6067b36314ab5eb2eb47cecc464545ba58e1ad24/library/std/src/sys/backtrace.rs:39:26
[INFO] [stdout]    4:     0x62d6493c6d43 - core::fmt::rt::Argument::fmt::hdb6b616786b41dc1
[INFO] [stdout]                                at /rustc/6067b36314ab5eb2eb47cecc464545ba58e1ad24/library/core/src/fmt/rt.rs:177:76
[INFO] [stdout]    5:     0x62d6493c6d43 - core::fmt::write::h2cc1698af7e2d686
[INFO] [stdout]                                at /rustc/6067b36314ab5eb2eb47cecc464545ba58e1ad24/library/core/src/fmt/mod.rs:1440:21
[INFO] [stdout]    6:     0x62d64939beb3 - std::io::Write::write_fmt::hab1b4cd059a79022
[INFO] [stdout]                                at /rustc/6067b36314ab5eb2eb47cecc464545ba58e1ad24/library/std/src/io/mod.rs:1887:15
[INFO] [stdout]    7:     0x62d64939f1a2 - std::sys::backtrace::BacktraceLock::print::h147fe35b4ea13b08
[INFO] [stdout]                                at /rustc/6067b36314ab5eb2eb47cecc464545ba58e1ad24/library/std/src/sys/backtrace.rs:42:9
[INFO] [stdout]    8:     0x62d6493a077f - std::panicking::default_hook::{{closure}}::hbd44223dbdc0d208
[INFO] [stdout]                                at /rustc/6067b36314ab5eb2eb47cecc464545ba58e1ad24/library/std/src/panicking.rs:298:22
[INFO] [stdout]    9:     0x62d6493a0598 - std::panicking::default_hook::h20f81eb0576efcec
[INFO] [stdout]                                at /rustc/6067b36314ab5eb2eb47cecc464545ba58e1ad24/library/std/src/panicking.rs:322:9
[INFO] [stdout]   10:     0x62d6493693b3 - <alloc::boxed::Box<F,A> as core::ops::function::Fn<Args>>::call::hdb53814c496a4d34
[INFO] [stdout]                                at /rustc/6067b36314ab5eb2eb47cecc464545ba58e1ad24/library/alloc/src/boxed.rs:2027:9
[INFO] [stdout]   11:     0x62d6493693b3 - test::test_main::{{closure}}::hc0a4963c59427c24
[INFO] [stdout]                                at /rustc/6067b36314ab5eb2eb47cecc464545ba58e1ad24/library/test/src/lib.rs:134:21
[INFO] [stdout]   12:     0x62d6493a1273 - <alloc::boxed::Box<F,A> as core::ops::function::Fn<Args>>::call::h591b2225413a77e9
[INFO] [stdout]                                at /rustc/6067b36314ab5eb2eb47cecc464545ba58e1ad24/library/alloc/src/boxed.rs:2027:9
[INFO] [stdout]   13:     0x62d6493a1273 - std::panicking::rust_panic_with_hook::h625eea43051b2edc
[INFO] [stdout]                                at /rustc/6067b36314ab5eb2eb47cecc464545ba58e1ad24/library/std/src/panicking.rs:839:13
[INFO] [stdout]   14:     0x62d6493a0f2a - std::panicking::begin_panic_handler::{{closure}}::h4f9159cfbc3f6bd3
[INFO] [stdout]                                at /rustc/6067b36314ab5eb2eb47cecc464545ba58e1ad24/library/std/src/panicking.rs:704:13
[INFO] [stdout]   15:     0x62d64939f859 - std::sys::backtrace::__rust_end_short_backtrace::h0390abce48353151
[INFO] [stdout]                                at /rustc/6067b36314ab5eb2eb47cecc464545ba58e1ad24/library/std/src/sys/backtrace.rs:168:18
[INFO] [stdout]   16:     0x62d6493a0bbd - rust_begin_unwind
[INFO] [stdout]                                at /rustc/6067b36314ab5eb2eb47cecc464545ba58e1ad24/library/std/src/panicking.rs:695:5
[INFO] [stdout]   17:     0x62d6493c5370 - core::panicking::panic_fmt::h9e7c637e9e5f29c9
[INFO] [stdout]                                at /rustc/6067b36314ab5eb2eb47cecc464545ba58e1ad24/library/core/src/panicking.rs:75:14
[INFO] [stdout]   18:     0x62d6493c5762 - core::panicking::assert_failed_inner::h538bec7c1374cd9c
[INFO] [stdout]   19:     0x62d649326de1 - core::panicking::assert_failed::h3d552b8271520873
[INFO] [stdout]                                at /rustc/6067b36314ab5eb2eb47cecc464545ba58e1ad24/library/core/src/panicking.rs:364:5
[INFO] [stdout]   20:     0x62d64932ad5f - rust_raytracer::shapes::material::tests::test_lighting::hbdd865e5fcb00c73
[INFO] [stdout]                                at /opt/rustwide/workdir/src/shapes/material.rs:93:5
[INFO] [stdout]   21:     0x62d64932aac7 - rust_raytracer::shapes::material::tests::test_lighting::{{closure}}::hb029dc413fa6a954
[INFO] [stdout]                                at /opt/rustwide/workdir/src/shapes/material.rs:79:21
[INFO] [stdout]   22:     0x62d64932b1a6 - core::ops::function::FnOnce::call_once::h157b567bda3576a8
[INFO] [stdout]                                at /rustc/6067b36314ab5eb2eb47cecc464545ba58e1ad24/library/core/src/ops/function.rs:250:5
[INFO] [stdout]   23:     0x62d64936eb0b - core::ops::function::FnOnce::call_once::he27718dfdd183f43
[INFO] [stdout]                                at /rustc/6067b36314ab5eb2eb47cecc464545ba58e1ad24/library/core/src/ops/function.rs:250:5
[INFO] [stdout]   24:     0x62d64936eb0b - test::__rust_begin_short_backtrace::h4e84902998457a5d
[INFO] [stdout]                                at /rustc/6067b36314ab5eb2eb47cecc464545ba58e1ad24/library/test/src/lib.rs:632:18
[INFO] [stdout]   25:     0x62d64936da43 - test::run_test_in_process::{{closure}}::h7176fd18fc1feca0
[INFO] [stdout]                                at /rustc/6067b36314ab5eb2eb47cecc464545ba58e1ad24/library/test/src/lib.rs:655:60
[INFO] [stdout]   26:     0x62d64936da43 - <core::panic::unwind_safe::AssertUnwindSafe<F> as core::ops::function::FnOnce<()>>::call_once::hf79cff2a624d8cf7
[INFO] [stdout]                                at /rustc/6067b36314ab5eb2eb47cecc464545ba58e1ad24/library/core/src/panic/unwind_safe.rs:272:9
[INFO] [stdout]   27:     0x62d64936da43 - std::panicking::try::do_call::h3da0561d9ab99c25
[INFO] [stdout]                                at /rustc/6067b36314ab5eb2eb47cecc464545ba58e1ad24/library/std/src/panicking.rs:587:40
[INFO] [stdout]   28:     0x62d64936da43 - std::panicking::try::h41c9fa508bc61df6
[INFO] [stdout]                                at /rustc/6067b36314ab5eb2eb47cecc464545ba58e1ad24/library/std/src/panicking.rs:550:19
[INFO] [stdout]   29:     0x62d64936da43 - std::panic::catch_unwind::h6b3ff07bb5afad93
[INFO] [stdout]                                at /rustc/6067b36314ab5eb2eb47cecc464545ba58e1ad24/library/std/src/panic.rs:358:14
[INFO] [stdout]   30:     0x62d64936da43 - test::run_test_in_process::hc7253dd11b39b9f4
[INFO] [stdout]                                at /rustc/6067b36314ab5eb2eb47cecc464545ba58e1ad24/library/test/src/lib.rs:655:27
[INFO] [stdout]   31:     0x62d64936da43 - test::run_test::{{closure}}::hfb2007f8649c30bb
[INFO] [stdout]                                at /rustc/6067b36314ab5eb2eb47cecc464545ba58e1ad24/library/test/src/lib.rs:576:43
[INFO] [stdout]   32:     0x62d649330b25 - test::run_test::{{closure}}::h56a17aa7a282a9f4
[INFO] [stdout]                                at /rustc/6067b36314ab5eb2eb47cecc464545ba58e1ad24/library/test/src/lib.rs:606:41
[INFO] [stdout]   33:     0x62d649330b25 - std::sys::backtrace::__rust_begin_short_backtrace::hd2d2d2fb8e8c6aac
[INFO] [stdout]                                at /rustc/6067b36314ab5eb2eb47cecc464545ba58e1ad24/library/std/src/sys/backtrace.rs:152:18
[INFO] [stdout]   34:     0x62d64933440a - std::thread::Builder::spawn_unchecked_::{{closure}}::{{closure}}::h4faa3f9db6133423
[INFO] [stdout]                                at /rustc/6067b36314ab5eb2eb47cecc464545ba58e1ad24/library/std/src/thread/mod.rs:559:17
[INFO] [stdout]   35:     0x62d64933440a - <core::panic::unwind_safe::AssertUnwindSafe<F> as core::ops::function::FnOnce<()>>::call_once::hf2e855a36a4ea846
[INFO] [stdout]                                at /rustc/6067b36314ab5eb2eb47cecc464545ba58e1ad24/library/core/src/panic/unwind_safe.rs:272:9
[INFO] [stdout]   36:     0x62d64933440a - std::panicking::try::do_call::h2f73af3616c35465
[INFO] [stdout]                                at /rustc/6067b36314ab5eb2eb47cecc464545ba58e1ad24/library/std/src/panicking.rs:587:40
[INFO] [stdout]   37:     0x62d64933440a - std::panicking::try::hd1660ce9efadef5a
[INFO] [stdout]                                at /rustc/6067b36314ab5eb2eb47cecc464545ba58e1ad24/library/std/src/panicking.rs:550:19
[INFO] [stdout]   38:     0x62d64933440a - std::panic::catch_unwind::h5ee8d7823b8ca744
[INFO] [stdout]                                at /rustc/6067b36314ab5eb2eb47cecc464545ba58e1ad24/library/std/src/panic.rs:358:14
[INFO] [stdout]   39:     0x62d64933440a - std::thread::Builder::spawn_unchecked_::{{closure}}::h53c3a1894dce8407
[INFO] [stdout]                                at /rustc/6067b36314ab5eb2eb47cecc464545ba58e1ad24/library/std/src/thread/mod.rs:557:30
[INFO] [stdout]   40:     0x62d64933440a - core::ops::function::FnOnce::call_once{{vtable.shim}}::h048ce291ad4f62bf
[INFO] [stdout]                                at /rustc/6067b36314ab5eb2eb47cecc464545ba58e1ad24/library/core/src/ops/function.rs:250:5
[INFO] [stdout]   41:     0x62d6493a51ab - <alloc::boxed::Box<F,A> as core::ops::function::FnOnce<Args>>::call_once::ha52bedf99a3b4981
[INFO] [stdout]                                at /rustc/6067b36314ab5eb2eb47cecc464545ba58e1ad24/library/alloc/src/boxed.rs:2013:9
[INFO] [stdout]   42:     0x62d6493a51ab - <alloc::boxed::Box<F,A> as core::ops::function::FnOnce<Args>>::call_once::h567748934d80ccf8
[INFO] [stdout]                                at /rustc/6067b36314ab5eb2eb47cecc464545ba58e1ad24/library/alloc/src/boxed.rs:2013:9
[INFO] [stdout]   43:     0x62d6493a51ab - std::sys::pal::unix::thread::Thread::new::thread_start::h2d970728ae887adc
[INFO] [stdout]                                at /rustc/6067b36314ab5eb2eb47cecc464545ba58e1ad24/library/std/src/sys/pal/unix/thread.rs:106:17
[INFO] [stdout]   44:     0x7f4b99191ac3 - <unknown>
[INFO] [stdout]   45:     0x7f4b99222a04 - clone
[INFO] [stdout]   46:                0x0 - <unknown>
[INFO] [stdout] 
[INFO] [stdout] 
[INFO] [stdout] failures:
[INFO] [stdout]     shapes::material::tests::test_lighting
[INFO] [stdout] 
[INFO] [stdout] test result: FAILED. 27 passed; 1 failed; 0 ignored; 0 measured; 0 filtered out; finished in 0.07s
[INFO] [stdout] 
[INFO] [stderr] error: test failed, to rerun pass `--bin rust-raytracer`
[INFO] running `Command { std: "docker" "inspect" "f94fe450f2e9ab3c43816c57f91900f2f8734a322299ad2b84f3560b08ad7436", kill_on_drop: false }`
[INFO] running `Command { std: "docker" "rm" "-f" "f94fe450f2e9ab3c43816c57f91900f2f8734a322299ad2b84f3560b08ad7436", kill_on_drop: false }`
[INFO] [stdout] f94fe450f2e9ab3c43816c57f91900f2f8734a322299ad2b84f3560b08ad7436
