[INFO] cloning repository https://github.com/radumarias/encrypted_fs
[INFO] running `Command { std: "git" "-c" "credential.helper=" "-c" "credential.helper=/workspace/cargo-home/bin/git-credential-null" "clone" "--bare" "https://github.com/radumarias/encrypted_fs" "/workspace/cache/git-repos/https%3A%2F%2Fgithub.com%2Fradumarias%2Fencrypted_fs", kill_on_drop: false }`
[INFO] [stderr] Cloning into bare repository '/workspace/cache/git-repos/https%3A%2F%2Fgithub.com%2Fradumarias%2Fencrypted_fs'...
[INFO] running `Command { std: "git" "rev-parse" "HEAD", kill_on_drop: false }`
[INFO] [stdout] edba0a8bd18714524c8a7137fd96ca205b0b8ce6
[INFO] testing radumarias/encrypted_fs against nightly-2025-01-18+rustflags=-Zrandomize-layout for randomize-layout-2
[INFO] running `Command { std: "git" "clone" "/workspace/cache/git-repos/https%3A%2F%2Fgithub.com%2Fradumarias%2Fencrypted_fs" "/workspace/builds/worker-3-tc2/source", kill_on_drop: false }`
[INFO] [stderr] Cloning into '/workspace/builds/worker-3-tc2/source'...
[INFO] [stderr] done.
[INFO] validating manifest of git repo https://github.com/radumarias/encrypted_fs on toolchain nightly-2025-01-18
[INFO] running `Command { std: CARGO_HOME="/workspace/cargo-home" RUSTUP_HOME="/workspace/rustup-home" "/workspace/cargo-home/bin/cargo" "+nightly-2025-01-18" "metadata" "--manifest-path" "Cargo.toml" "--no-deps", kill_on_drop: false }`
[INFO] removed /workspace/builds/worker-3-tc2/source/rust-toolchain.toml
[INFO] started tweaking git repo https://github.com/radumarias/encrypted_fs
[INFO] finished tweaking git repo https://github.com/radumarias/encrypted_fs
[INFO] tweaked toml for git repo https://github.com/radumarias/encrypted_fs written to /workspace/builds/worker-3-tc2/source/Cargo.toml
[INFO] crate git repo https://github.com/radumarias/encrypted_fs already has a lockfile, it will not be regenerated
[INFO] running `Command { std: CARGO_HOME="/workspace/cargo-home" RUSTUP_HOME="/workspace/rustup-home" "/workspace/cargo-home/bin/cargo" "+nightly-2025-01-18" "fetch" "--manifest-path" "Cargo.toml", kill_on_drop: false }`
[INFO] running `Command { std: "docker" "create" "-v" "/var/lib/crater-agent-workspace/builds/worker-3-tc2/target:/opt/rustwide/target:rw,Z" "-v" "/var/lib/crater-agent-workspace/builds/worker-3-tc2/source:/opt/rustwide/workdir:ro,Z" "-v" "/var/lib/crater-agent-workspace/cargo-home:/opt/rustwide/cargo-home:ro,Z" "-v" "/var/lib/crater-agent-workspace/rustup-home:/opt/rustwide/rustup-home:ro,Z" "-e" "SOURCE_DIR=/opt/rustwide/workdir" "-e" "CARGO_TARGET_DIR=/opt/rustwide/target" "-e" "CARGO_HOME=/opt/rustwide/cargo-home" "-e" "RUSTUP_HOME=/opt/rustwide/rustup-home" "-w" "/opt/rustwide/workdir" "-m" "1610612736" "--user" "0:0" "--network" "none" "ghcr.io/rust-lang/crates-build-env/linux@sha256:819108c5571ea2e421544af4d832f968d213c87fbe3707a016657f43d2f853bc" "/opt/rustwide/cargo-home/bin/cargo" "+nightly-2025-01-18" "metadata" "--no-deps" "--format-version=1", kill_on_drop: false }`
[INFO] [stdout] 917295548ed5d211fbc6a3a4539fb0833661ac2a2e190a6c3c7edc8c112f57d4
[INFO] running `Command { std: "docker" "start" "-a" "917295548ed5d211fbc6a3a4539fb0833661ac2a2e190a6c3c7edc8c112f57d4", kill_on_drop: false }`
[INFO] running `Command { std: "docker" "inspect" "917295548ed5d211fbc6a3a4539fb0833661ac2a2e190a6c3c7edc8c112f57d4", kill_on_drop: false }`
[INFO] running `Command { std: "docker" "rm" "-f" "917295548ed5d211fbc6a3a4539fb0833661ac2a2e190a6c3c7edc8c112f57d4", kill_on_drop: false }`
[INFO] [stdout] 917295548ed5d211fbc6a3a4539fb0833661ac2a2e190a6c3c7edc8c112f57d4
[INFO] running `Command { std: "docker" "create" "-v" "/var/lib/crater-agent-workspace/builds/worker-3-tc2/target:/opt/rustwide/target:rw,Z" "-v" "/var/lib/crater-agent-workspace/builds/worker-3-tc2/source:/opt/rustwide/workdir:ro,Z" "-v" "/var/lib/crater-agent-workspace/cargo-home:/opt/rustwide/cargo-home:ro,Z" "-v" "/var/lib/crater-agent-workspace/rustup-home:/opt/rustwide/rustup-home:ro,Z" "-e" "SOURCE_DIR=/opt/rustwide/workdir" "-e" "CARGO_TARGET_DIR=/opt/rustwide/target" "-e" "CARGO_INCREMENTAL=0" "-e" "RUST_BACKTRACE=full" "-e" "RUSTFLAGS=--cap-lints=forbid -Zrandomize-layout" "-e" "RUSTDOCFLAGS=--cap-lints=forbid" "-e" "CARGO_HOME=/opt/rustwide/cargo-home" "-e" "RUSTUP_HOME=/opt/rustwide/rustup-home" "-w" "/opt/rustwide/workdir" "-m" "1610612736" "--user" "0:0" "--network" "none" "ghcr.io/rust-lang/crates-build-env/linux@sha256:819108c5571ea2e421544af4d832f968d213c87fbe3707a016657f43d2f853bc" "/opt/rustwide/cargo-home/bin/cargo" "+nightly-2025-01-18" "build" "--frozen" "--message-format=json", kill_on_drop: false }`
[INFO] [stdout] 439c71a9de2f72e6be5bd8f01b845273c938749d2896a29c4c75f024f47c7f1a
[INFO] running `Command { std: "docker" "start" "-a" "439c71a9de2f72e6be5bd8f01b845273c938749d2896a29c4c75f024f47c7f1a", kill_on_drop: false }`
[INFO] [stderr]    Compiling proc-macro2 v1.0.92
[INFO] [stderr]    Compiling unicode-ident v1.0.13
[INFO] [stderr]    Compiling autocfg v1.4.0
[INFO] [stderr]    Compiling libc v0.2.160
[INFO] [stderr]    Compiling cfg-if v1.0.0
[INFO] [stderr]    Compiling crossbeam-utils v0.8.20
[INFO] [stderr]    Compiling pin-project-lite v0.2.14
[INFO] [stderr]    Compiling version_check v0.9.5
[INFO] [stderr]    Compiling typenum v1.17.0
[INFO] [stderr]    Compiling futures-core v0.3.31
[INFO] [stderr]    Compiling once_cell v1.20.2
[INFO] [stderr]    Compiling serde v1.0.210
[INFO] [stderr]    Compiling parking v2.2.1
[INFO] [stderr]    Compiling equivalent v1.0.1
[INFO] [stderr]    Compiling generic-array v0.14.7
[INFO] [stderr]    Compiling memchr v2.7.4
[INFO] [stderr]    Compiling num-traits v0.2.19
[INFO] [stderr]    Compiling syn v1.0.109
[INFO] [stderr]    Compiling byteorder v1.5.0
[INFO] [stderr]    Compiling subtle v2.6.1
[INFO] [stderr]    Compiling lock_api v0.4.12
[INFO] [stderr]    Compiling futures-io v0.3.31
[INFO] [stderr]    Compiling quote v1.0.37
[INFO] [stderr]    Compiling concurrent-queue v2.5.0
[INFO] [stderr]    Compiling syn v2.0.90
[INFO] [stderr]    Compiling log v0.4.22
[INFO] [stderr]    Compiling hashbrown v0.15.2
[INFO] [stderr]    Compiling slab v0.4.9
[INFO] [stderr]    Compiling tracing-core v0.1.32
[INFO] [stderr]    Compiling winnow v0.5.40
[INFO] [stderr]    Compiling getrandom v0.2.15
[INFO] [stderr]    Compiling rand_core v0.6.4
[INFO] [stderr]    Compiling indexmap v2.7.0
[INFO] [stderr]    Compiling bitflags v2.6.0
[INFO] [stderr]    Compiling scopeguard v1.2.0
[INFO] [stderr]    Compiling smallvec v1.13.2
[INFO] [stderr]    Compiling toml_datetime v0.6.8
[INFO] [stderr]    Compiling fastrand v2.1.1
[INFO] [stderr]    Compiling strsim v0.11.1
[INFO] [stderr]    Compiling crypto-common v0.1.6
[INFO] [stderr]    Compiling block-buffer v0.10.4
[INFO] [stderr]    Compiling event-listener v2.5.3
[INFO] [stderr]    Compiling digest v0.10.7
[INFO] [stderr]    Compiling futures-sink v0.3.31
[INFO] [stderr]    Compiling event-listener v5.3.1
[INFO] [stderr]    Compiling parking_lot_core v0.9.10
[INFO] [stderr]    Compiling io-lifetimes v1.0.11
[INFO] [stderr]    Compiling cpufeatures v0.2.14
[INFO] [stderr]    Compiling semver v1.0.23
[INFO] [stderr]    Compiling shlex v1.3.0
[INFO] [stderr]    Compiling cc v1.1.30
[INFO] [stderr]    Compiling event-listener-strategy v0.5.3
[INFO] [stderr]    Compiling async-lock v2.8.0
[INFO] [stderr]    Compiling block-padding v0.3.3
[INFO] [stderr]    Compiling num-integer v0.1.46
[INFO] [stderr]    Compiling polling v2.8.0
[INFO] [stderr]    Compiling memoffset v0.9.1
[INFO] [stderr]    Compiling memoffset v0.7.1
[INFO] [stderr]    Compiling futures-lite v2.5.0
[INFO] [stderr]    Compiling aho-corasick v1.1.3
[INFO] [stderr]    Compiling toml_edit v0.19.15
[INFO] [stderr]    Compiling regex-syntax v0.8.5
[INFO] [stderr]    Compiling itoa v1.0.11
[INFO] [stderr]    Compiling either v1.13.0
[INFO] [stderr]    Compiling bitflags v1.3.2
[INFO] [stderr]    Compiling rustix v0.37.27
[INFO] [stderr]    Compiling fastrand v1.9.0
[INFO] [stderr]    Compiling waker-fn v1.2.0
[INFO] [stderr]    Compiling async-task v4.7.1
[INFO] [stderr]    Compiling cfg_aliases v0.2.1
[INFO] [stderr]    Compiling atomic-waker v1.1.2
[INFO] [stderr]    Compiling piper v0.2.4
[INFO] [stderr]    Compiling nix v0.29.0
[INFO] [stderr]    Compiling futures-lite v1.13.0
[INFO] [stderr]    Compiling proc-macro-crate v1.3.1
[INFO] [stderr]    Compiling zvariant_utils v1.0.1
[INFO] [stderr]    Compiling regex-automata v0.4.8
[INFO] [stderr]    Compiling inout v0.1.3
[INFO] [stderr]    Compiling async-channel v2.3.1
[INFO] [stderr]    Compiling async-fs v1.6.0
[INFO] [stderr]    Compiling async-io v1.13.0
[INFO] [stderr]    Compiling linux-raw-sys v0.3.8
[INFO] [stderr]    Compiling pin-utils v0.1.0
[INFO] [stderr]    Compiling regex-syntax v0.6.29
[INFO] [stderr]    Compiling futures-task v0.3.31
[INFO] [stderr]    Compiling rustix v0.38.37
[INFO] [stderr]    Compiling static_assertions v1.1.0
[INFO] [stderr]    Compiling lazy_static v1.5.0
[INFO] [stderr]    Compiling ident_case v1.0.1
[INFO] [stderr]    Compiling rustversion v1.0.18
[INFO] [stderr]    Compiling fnv v1.0.7
[INFO] [stderr]    Compiling utf8parse v0.2.2
[INFO] [stderr]    Compiling anstyle-parse v0.2.5
[INFO] [stderr]    Compiling darling_core v0.20.10
[INFO] [stderr]    Compiling serde_derive v1.0.210
[INFO] [stderr]    Compiling zerocopy-derive v0.7.35
[INFO] [stderr]    Compiling tracing-attributes v0.1.27
[INFO] [stderr]    Compiling enumflags2_derive v0.7.10
[INFO] [stderr]    Compiling zvariant_derive v3.15.2
[INFO] [stderr]    Compiling zerocopy v0.7.35
[INFO] [stderr]    Compiling futures-macro v0.3.31
[INFO] [stderr]    Compiling ppv-lite86 v0.2.20
[INFO] [stderr]    Compiling regex v1.11.0
[INFO] [stderr]    Compiling tracing v0.1.40
[INFO] [stderr]    Compiling regex-automata v0.1.10
[INFO] [stderr]    Compiling futures-util v0.3.31
[INFO] [stderr]    Compiling rand_chacha v0.3.1
[INFO] [stderr]    Compiling rand v0.8.5
[INFO] [stderr]    Compiling rustc_version v0.4.1
[INFO] [stderr]    Compiling parking_lot v0.12.3
[INFO] [stderr]    Compiling blocking v1.6.1
[INFO] [stderr]    Compiling cipher v0.4.4
[INFO] [stderr]    Compiling num-bigint v0.4.6
[INFO] [stderr]    Compiling socket2 v0.4.10
[INFO] [stderr]    Compiling crossbeam-epoch v0.9.18
[INFO] [stderr]    Compiling rayon-core v1.12.1
[INFO] [stderr]    Compiling anstyle v1.0.8
[INFO] [stderr]    Compiling overload v0.1.1
[INFO] [stderr]    Compiling heck v0.5.0
[INFO] [stderr]    Compiling serde_json v1.0.133
[INFO] [stderr]    Compiling is_terminal_polyfill v1.70.1
[INFO] [stderr]    Compiling colorchoice v1.0.2
[INFO] [stderr]    Compiling prettyplease v0.2.25
[INFO] [stderr]    Compiling linux-raw-sys v0.4.14
[INFO] [stderr]    Compiling anstyle-query v1.1.1
[INFO] [stderr]    Compiling anstream v0.6.15
[INFO] [stderr]    Compiling crossbeam-deque v0.8.5
[INFO] [stderr]    Compiling nu-ansi-term v0.46.0
[INFO] [stderr]    Compiling zbus_macros v3.15.2
[INFO] [stderr]    Compiling nix v0.26.4
[INFO] [stderr]    Compiling num-rational v0.4.2
[INFO] [stderr]    Compiling darling_macro v0.20.10
[INFO] [stderr]    Compiling crc32c v0.6.8
[INFO] [stderr]    Compiling matchers v0.1.0
[INFO] [stderr]    Compiling derivative v2.2.0
[INFO] [stderr]    Compiling tokio-macros v2.4.0
[INFO] [stderr]    Compiling async-trait v0.1.83
[INFO] [stderr]    Compiling async-recursion v1.1.1
[INFO] [stderr]    Compiling serde_repr v0.1.19
[INFO] [stderr]    Compiling sharded-slab v0.1.7
[INFO] [stderr]    Compiling enumflags2 v0.7.10
[INFO] [stderr]    Compiling async-executor v1.13.1
[INFO] [stderr]    Compiling num-iter v0.1.45
[INFO] [stderr]    Compiling sha1 v0.10.6
[INFO] [stderr]    Compiling zvariant v3.15.2
[INFO] [stderr]    Compiling hmac v0.12.1
[INFO] [stderr]    Compiling async-broadcast v0.5.1
[INFO] [stderr]    Compiling spin v0.9.8
[INFO] [stderr]    Compiling tracing-log v0.2.0
[INFO] [stderr]    Compiling mio v1.0.2
[INFO] [stderr]    Compiling signal-hook-registry v1.4.2
[INFO] [stderr]    Compiling xdg-home v1.3.0
[INFO] [stderr]    Compiling socket2 v0.5.7
[INFO] [stderr]    Compiling num-complex v0.4.6
[INFO] [stderr]    Compiling ordered-stream v0.2.0
[INFO] [stderr]    Compiling thread_local v1.1.8
[INFO] [stderr]    Compiling half v2.4.1
[INFO] [stderr]    Compiling hex v0.4.3
[INFO] [stderr]    Compiling ryu v1.0.18
[INFO] [stderr]    Compiling ciborium-io v0.2.2
[INFO] [stderr]    Compiling plotters-backend v0.3.7
[INFO] [stderr]    Compiling thiserror v1.0.64
[INFO] [stderr]    Compiling bytes v1.7.2
[INFO] [stderr]    Compiling powerfmt v0.2.0
[INFO] [stderr]    Compiling clap_lex v0.7.2
[INFO] [stderr]    Compiling ciborium-ll v0.2.2
[INFO] [stderr]    Compiling deranged v0.3.11
[INFO] [stderr]    Compiling plotters-svg v0.3.7
[INFO] [stderr]    Compiling clap_builder v4.5.20
[INFO] [stderr]    Compiling num v0.4.3
[INFO] [stderr]    Compiling tracing-subscriber v0.3.18
[INFO] [stderr]    Compiling hkdf v0.12.4
[INFO] [stderr]    Compiling darling v0.20.10
[INFO] [stderr]    Compiling tokio v1.40.0
[INFO] [stderr]    Compiling zbus_names v2.6.1
[INFO] [stderr]    Compiling zbus v3.15.2
[INFO] [stderr]    Compiling clap_derive v4.5.18
[INFO] [stderr]    Compiling aes v0.8.4
[INFO] [stderr]    Compiling cbc v0.1.2
[INFO] [stderr]    Compiling thiserror-impl v1.0.64
[INFO] [stderr]    Compiling blake3 v0.1.3
[INFO] [stderr]    Compiling ring v0.17.8
[INFO] [stderr]    Compiling itertools v0.10.5
[INFO] [stderr]    Compiling sha2 v0.10.8
[INFO] [stderr]    Compiling nanorand v0.7.0
[INFO] [stderr]    Compiling event-listener v4.0.3
[INFO] [stderr]    Compiling same-file v1.0.6
[INFO] [stderr]    Compiling time-core v0.1.2
[INFO] [stderr]    Compiling base64ct v1.6.0
[INFO] [stderr]    Compiling home v0.5.9
[INFO] [stderr]    Compiling num-conv v0.1.0
[INFO] [stderr]    Compiling anyhow v1.0.89
[INFO] [stderr]    Compiling thiserror v2.0.6
[INFO] [stderr]    Compiling allocator-api2 v0.2.18
[INFO] [stderr]    Compiling foldhash v0.1.3
[INFO] [stderr]    Compiling cast v0.3.0
[INFO] [stderr]    Compiling clap v4.5.20
[INFO] [stderr]    Compiling criterion-plot v0.5.0
[INFO] [stderr]    Compiling password-hash v0.5.0
[INFO] [stderr]    Compiling time v0.3.36
[INFO] [stderr]    Compiling which v6.0.3
[INFO] [stderr]    Compiling async-notify v0.3.0
[INFO] [stderr]    Compiling walkdir v2.5.0
[INFO] [stderr]    Compiling flume v0.11.0
[INFO] [stderr]    Compiling bon-macros v3.3.0
[INFO] [stderr]    Compiling tinytemplate v1.2.1
[INFO] [stderr]    Compiling rayon v1.10.0
[INFO] [stderr]    Compiling plotters v0.3.7
[INFO] [stderr]    Compiling ciborium v0.2.2
[INFO] [stderr]    Compiling bincode v1.3.3
[INFO] [stderr]    Compiling tracing-test-macro v0.2.5
[INFO] [stderr]    Compiling thiserror-impl v2.0.6
[INFO] [stderr]    Compiling trait-make v0.1.0
[INFO] [stderr]    Compiling blake2 v0.10.6
[INFO] [stderr]    Compiling futures-channel v0.3.31
[INFO] [stderr]    Compiling linux-keyutils v0.2.4
[INFO] [stderr]    Compiling rtoolbox v0.0.2
[INFO] [stderr]    Compiling secret-service v3.1.0
[INFO] [stderr]    Compiling async-timer v0.7.4
[INFO] [stderr]    Compiling errno v0.3.9
[INFO] [stderr]    Compiling is-terminal v0.4.13
[INFO] [stderr]    Compiling crossbeam-channel v0.5.13
[INFO] [stderr]    Compiling untrusted v0.9.0
[INFO] [stderr]    Compiling constant_time_eq v0.1.5
[INFO] [stderr]    Compiling arrayvec v0.5.2
[INFO] [stderr]    Compiling anes v0.1.6
[INFO] [stderr]    Compiling cfg-if v0.1.10
[INFO] [stderr]    Compiling oorandom v11.1.4
[INFO] [stderr]    Compiling arrayvec v0.7.6
[INFO] [stderr]    Compiling arrayref v0.3.9
[INFO] [stderr]    Compiling zeroize v1.8.1
[INFO] [stderr]    Compiling criterion v0.5.1
[INFO] [stderr]    Compiling num-format v0.4.4
[INFO] [stderr]    Compiling shush-rs v0.1.10
[INFO] [stderr]    Compiling tracing-appender v0.2.3
[INFO] [stderr]    Compiling bon v3.3.0
[INFO] [stderr]    Compiling retainer v0.3.0
[INFO] [stderr]    Compiling rpassword v7.3.1
[INFO] [stderr]    Compiling fuse3 v0.8.1
[INFO] [stderr]    Compiling keyring v2.3.3
[INFO] [stderr]    Compiling argon2 v0.5.3
[INFO] [stderr]    Compiling tracing-test v0.2.5
[INFO] [stderr]    Compiling tokio-stream v0.1.16
[INFO] [stderr]    Compiling okaywal v0.3.1
[INFO] [stderr]    Compiling lru v0.12.5
[INFO] [stderr]    Compiling ctrlc v3.4.5
[INFO] [stderr]    Compiling atomic-write-file v0.2.2
[INFO] [stderr]    Compiling strum_macros v0.26.4
[INFO] [stderr]    Compiling tempfile v3.13.0
[INFO] [stderr]    Compiling strum v0.26.3
[INFO] [stderr]    Compiling base64 v0.22.1
[INFO] [stderr]    Compiling rencfs v0.14.10 (/opt/rustwide/workdir)
[INFO] [stderr]     Finished `dev` profile [unoptimized + debuginfo] target(s) in 3m 40s
[INFO] running `Command { std: "docker" "inspect" "439c71a9de2f72e6be5bd8f01b845273c938749d2896a29c4c75f024f47c7f1a", kill_on_drop: false }`
[INFO] running `Command { std: "docker" "rm" "-f" "439c71a9de2f72e6be5bd8f01b845273c938749d2896a29c4c75f024f47c7f1a", kill_on_drop: false }`
[INFO] [stdout] 439c71a9de2f72e6be5bd8f01b845273c938749d2896a29c4c75f024f47c7f1a
[INFO] running `Command { std: "docker" "create" "-v" "/var/lib/crater-agent-workspace/builds/worker-3-tc2/target:/opt/rustwide/target:rw,Z" "-v" "/var/lib/crater-agent-workspace/builds/worker-3-tc2/source:/opt/rustwide/workdir:ro,Z" "-v" "/var/lib/crater-agent-workspace/cargo-home:/opt/rustwide/cargo-home:ro,Z" "-v" "/var/lib/crater-agent-workspace/rustup-home:/opt/rustwide/rustup-home:ro,Z" "-e" "SOURCE_DIR=/opt/rustwide/workdir" "-e" "CARGO_TARGET_DIR=/opt/rustwide/target" "-e" "CARGO_INCREMENTAL=0" "-e" "RUST_BACKTRACE=full" "-e" "RUSTFLAGS=--cap-lints=forbid -Zrandomize-layout" "-e" "RUSTDOCFLAGS=--cap-lints=forbid" "-e" "CARGO_HOME=/opt/rustwide/cargo-home" "-e" "RUSTUP_HOME=/opt/rustwide/rustup-home" "-w" "/opt/rustwide/workdir" "-m" "1610612736" "--user" "0:0" "--network" "none" "ghcr.io/rust-lang/crates-build-env/linux@sha256:819108c5571ea2e421544af4d832f968d213c87fbe3707a016657f43d2f853bc" "/opt/rustwide/cargo-home/bin/cargo" "+nightly-2025-01-18" "test" "--frozen" "--no-run" "--message-format=json", kill_on_drop: false }`
[INFO] [stdout] b79e5151c41255a4527792b596d64654ec23e42d215b1aea9e14fe1a81587afe
[INFO] running `Command { std: "docker" "start" "-a" "b79e5151c41255a4527792b596d64654ec23e42d215b1aea9e14fe1a81587afe", kill_on_drop: false }`
[INFO] [stderr]    Compiling rencfs v0.14.10 (/opt/rustwide/workdir)
[INFO] [stderr]     Finished `test` profile [unoptimized + debuginfo] target(s) in 32.04s
[INFO] running `Command { std: "docker" "inspect" "b79e5151c41255a4527792b596d64654ec23e42d215b1aea9e14fe1a81587afe", kill_on_drop: false }`
[INFO] running `Command { std: "docker" "rm" "-f" "b79e5151c41255a4527792b596d64654ec23e42d215b1aea9e14fe1a81587afe", kill_on_drop: false }`
[INFO] [stdout] b79e5151c41255a4527792b596d64654ec23e42d215b1aea9e14fe1a81587afe
[INFO] running `Command { std: "docker" "create" "-v" "/var/lib/crater-agent-workspace/builds/worker-3-tc2/target:/opt/rustwide/target:rw,Z" "-v" "/var/lib/crater-agent-workspace/builds/worker-3-tc2/source:/opt/rustwide/workdir:ro,Z" "-v" "/var/lib/crater-agent-workspace/cargo-home:/opt/rustwide/cargo-home:ro,Z" "-v" "/var/lib/crater-agent-workspace/rustup-home:/opt/rustwide/rustup-home:ro,Z" "-e" "SOURCE_DIR=/opt/rustwide/workdir" "-e" "CARGO_TARGET_DIR=/opt/rustwide/target" "-e" "CARGO_INCREMENTAL=0" "-e" "RUST_BACKTRACE=full" "-e" "RUSTFLAGS=--cap-lints=forbid -Zrandomize-layout" "-e" "RUSTDOCFLAGS=--cap-lints=forbid" "-e" "CARGO_HOME=/opt/rustwide/cargo-home" "-e" "RUSTUP_HOME=/opt/rustwide/rustup-home" "-w" "/opt/rustwide/workdir" "-m" "1610612736" "--user" "0:0" "--network" "none" "ghcr.io/rust-lang/crates-build-env/linux@sha256:819108c5571ea2e421544af4d832f968d213c87fbe3707a016657f43d2f853bc" "/opt/rustwide/cargo-home/bin/cargo" "+nightly-2025-01-18" "test" "--frozen", kill_on_drop: false }`
[INFO] [stdout] d68ffe9b0f76862e2a6f9d09639c9247568c16ba0e8de365a8348f75621167a8
[INFO] running `Command { std: "docker" "start" "-a" "d68ffe9b0f76862e2a6f9d09639c9247568c16ba0e8de365a8348f75621167a8", kill_on_drop: false }`
[INFO] [stderr]     Finished `test` profile [unoptimized + debuginfo] target(s) in 0.57s
[INFO] [stderr]      Running unittests src/lib.rs (/opt/rustwide/target/debug/deps/rencfs-53dbe864b4793936)
[INFO] [stdout] 
[INFO] [stdout] running 105 tests
[INFO] [stdout] test arc_hashmap::tests::test_arc_hashmap ... ok
[INFO] [stdout] test crypto::buf_mut::tests::test_available ... ok
[INFO] [stdout] test crypto::buf_mut::tests::test_complex_write_read_seek ... ok
[INFO] [stdout] test crypto::buf_mut::tests::test_pos_write ... ok
[INFO] [stdout] test crypto::buf_mut::tests::test_read_larger_than_buffer ... ok
[INFO] [stdout] test crypto::buf_mut::tests::test_read ... ok
[INFO] [stdout] test crypto::buf_mut::tests::test_available_read ... ok
[INFO] [stdout] test crypto::buf_mut::tests::test_remaining ... ok
[INFO] [stdout] test crypto::buf_mut::tests::test_pos_read ... ok
[INFO] [stdout] test crypto::buf_mut::tests::test_seek_available ... ok
[INFO] [stdout] test crypto::buf_mut::tests::test_write ... ok
[INFO] [stdout] test crypto::buf_mut::tests::test_seek_read_out_of_bounds ... ok
[INFO] [stdout] test crypto::buf_mut::tests::test_seek_write ... ok
[INFO] [stdout] test crypto::buf_mut::tests::test_seek_read ... ok
[INFO] [stdout] test crypto::buf_mut::tests::test_seek_write_out_of_bounds ... ok
[INFO] [stdout] test crypto::buf_mut::tests::test_seek_available_out_of_bounds ... ok
[INFO] [stdout] test crypto::buf_mut::tests::test_write_larger_than_buffer ... ok
[INFO] [stdout] test crypto::read::test::reader_only_read ... ok
[INFO] [stdout] test crypto::read::test::test_partial_read ... ok
[INFO] [stdout] test crypto::read::test::test_read_multiple_blocks ... ok
[INFO] [stdout] test crypto::read::test::test_read_one_byte_less_than_block ... ok
[INFO] [stdout] test crypto::read::test::test_read_empty ... ok
[INFO] [stdout] test crypto::read::test::finish_seek ... ok
[INFO] [stdout] test crypto::read::test::reader_with_seeks ... ok
[INFO] [stdout] test crypto::read::test::test_alternating_small_and_large_reads ... ok
[INFO] [stdout] test crypto::read::test::test_ring_crypto_read_seek_blocks_boundary_aes ... ok
[INFO] [stdout] test crypto::read::test::test_read_single_block ... ok
[INFO] [stdout] test crypto::read::test::test_read_one_byte_more_than_block ... ok
[INFO] [stdout] test crypto::read::test::test_ring_crypto_read_seek_blocks_chacha ... ok
[INFO] [stdout] test crypto::read::test::test_ring_crypto_read_seek_blocks_aes ... ok
[INFO] [stdout] test crypto::read::test::test_ring_crypto_read_seek_aes ... ok
[INFO] [stdout] test crypto::read::test::test_ring_crypto_read_seek_blocks_boundary_chacha ... ok
[INFO] [stdout] test crypto::read::test::test_ring_crypto_read_seek_skip_blocks_aes ... ok
[INFO] [stdout] test crypto::tests::test_copy_from_file_exact_zero_length ... ok
[INFO] [stdout] test crypto::tests::test_copy_from_file_exact ... ok
[INFO] [stdout] test crypto::read::test::test_ring_crypto_read_seek_in_second_block ... ok
[INFO] [stdout] test crypto::read::test::test_ring_crypto_read_seek_skip_blocks_chacha ... ok
[INFO] [stdout] test crypto::read::test::test_ring_crypto_read_seek_chacha ... ok
[INFO] [stdout] test crypto::tests::test_encrypt_and_decrypt_file_name ... ok
[INFO] [stdout] test crypto::tests::test_encrypt_decrypt_empty_string ... ok
[INFO] [stdout] test crypto::tests::test_copy_from_file_exact_position_beyond_eof ... ok
[INFO] [stdout] test crypto::tests::test_hash_file_name_regular_case ... ok
[INFO] [stdout] test crypto::tests::test_hash_file_name_special_cases ... ok
[INFO] [stdout] test crypto::tests::test_hash_secret_string ... ok
[INFO] [stdout] test crypto::tests::test_encrypt_and_decrypt_file_name_invalid_cipher ... ok
[INFO] [stdout] test crypto::tests::test_simple_encrypt_and_decrypt ... ok
[INFO] [stdout] test crypto::tests::test_derive_key_empty_salt ... ok
[INFO] [stdout] test crypto::write::bench::bench_writer_1mb_cha_cha20poly1305_mem ... ok
[INFO] [stdout] test crypto::write::test::test_basic_write ... ok
[INFO] [stdout] test crypto::write::test::test_encrypt_and_write_nonce_uniqueness ... ok
[INFO] [stdout] test crypto::write::test::test_encryption ... ok
[INFO] [stdout] test crypto::write::test::test_flush ... ok
[INFO] [stdout] test crypto::write::test::test_pos_after_flush ... ok
[INFO] [stdout] test crypto::write::test::test_pos_after_multiple_writes ... ok
[INFO] [stdout] test crypto::write::test::test_pos_after_seek ... ok
[INFO] [stdout] test crypto::write::test::test_pos_after_seek_and_write ... ok
[INFO] [stdout] test crypto::write::test::test_pos_after_seek_beyond_end ... ok
[INFO] [stdout] test crypto::write::test::test_pos_after_write ... ok
[INFO] [stdout] test crypto::write::test::test_pos_after_write_full_block ... ok
[INFO] [stdout] test crypto::write::test::test_pos_after_write_multiple_blocks ... ok
[INFO] [stdout] test crypto::write::test::test_pos_consistency_with_seek ... ok
[INFO] [stdout] test crypto::write::bench::bench_writer_1mb_aes256gcm_mem ... ok
[INFO] [stdout] test crypto::write::test::test_pos_initial ... ok
[INFO] [stdout] test crypto::write::bench::bench_writer_1mb_aes256gcm_file ... ok
[INFO] [stdout] test crypto::write::test::test_reader_writer_aes ... ok
[INFO] [stdout] test crypto::write::test::test_reader_writer_chacha ... ok
[INFO] [stdout] test crypto::write::test::test_write_after_finish - should panic ... ok
[INFO] [stdout] test crypto::write::test::test_writer_seek_blocks_aes ... ok
[INFO] [stdout] test crypto::write::test::test_writer_seek_blocks_chacha ... ok
[INFO] [stdout] test crypto::write::test::test_writer_seek_blocks_one_go_aes ... ok
[INFO] [stdout] test crypto::write::test::test_writer_seek_blocks_one_go_chacha ... ok
[INFO] [stdout] test crypto::write::test::test_writer_seek_text_aes ... ok
[INFO] [stdout] test crypto::write::test::test_writer_seek_text_chacha ... ok
[INFO] [stdout] test crypto::write::test::writer_only_write ... ok
[INFO] [stdout] test crypto::write::test::writer_with_seeks ... ok
[INFO] [stdout] test crypto::write::test::test_reader_writer_1mb_chacha ... ok
[INFO] [stdout] test crypto::tests::test_encrypt_decrypt ... ok
[INFO] [stdout] test crypto::write::test::test_reader_writer_1mb_aes ... ok
[INFO] [stdout] test crypto::tests::test_derive_key ... ok
[INFO] [stdout] test encryptedfs::bench::bench_create ... ok
[INFO] [stdout] test crypto::tests::test_derive_key_consistency ... ok
[INFO] [stdout] test encryptedfs::bench::bench_exists_by_name ... ok
[INFO] [stdout] test encryptedfs::test::test_create ... ok
[INFO] [stdout] test encryptedfs::test::test_copy_file_range ... ok
[INFO] [stdout] test encryptedfs::bench::bench_find_by_name ... ok
[INFO] [stdout] test crypto::tests::test_derive_key_uniqueness ... ok
[INFO] [stdout] test encryptedfs::test::test_create_structure_and_root ... ok
[INFO] [stdout] test crypto::write::bench::bench_writer_1mb_cha_cha20poly1305_file ... ok
[INFO] [stdout] test encryptedfs::test::test_find_by_name ... ok
[INFO] [stdout] test encryptedfs::test::test_exists_by_name ... ok
[INFO] [stdout] test encryptedfs::test::test_open ... ok
[INFO] [stdout] test encryptedfs::bench::bench_read_dir_plus ... ok
[INFO] [stdout] test encryptedfs::bench::bench_read_dir ... ok
[INFO] [stdout] test encryptedfs::test::test_read ... ok
[INFO] [stdout] test encryptedfs::test::test_remove_file ... ok
[INFO] [stdout] test encryptedfs::test::test_read_only_create ... ok
[INFO] [stdout] test encryptedfs::test::test_read_only_write ... ok
[INFO] [stdout] test encryptedfs::test::test_find_by_name_exists_by_name100files ... ok
[INFO] [stdout] test encryptedfs::test::test_read_dir ... ok
[INFO] [stdout] test encryptedfs::test::test_read_dir_plus ... ok
[INFO] [stdout] test encryptedfs::test::test_remove_dir ... ok
[INFO] [stdout] test expire_value::tests::test_expire_value ... ok
[INFO] [stdout] test encryptedfs::test::test_set_len ... ok
[INFO] [stdout] test encryptedfs::test::test_write ... ok
[INFO] [stdout] test encryptedfs::test::test_rename ... ok
[INFO] [stdout] 
[INFO] [stdout] test result: ok. 105 passed; 0 failed; 0 ignored; 0 measured; 0 filtered out; finished in 29.52s
[INFO] [stdout] 
[INFO] [stderr]      Running unittests src/main.rs (/opt/rustwide/target/debug/deps/rencfs-e6502d2605f95f39)
[INFO] [stdout] 
[INFO] [stdout] running 3 tests
[INFO] [stdout] test keyring::tests::test_remove ... FAILED
[INFO] [stdout] test keyring::tests::test_get ... FAILED
[INFO] [stdout] test keyring::tests::test_save ... FAILED
[INFO] [stdout] 
[INFO] [stdout] failures:
[INFO] [stdout] 
[INFO] [stdout] ---- keyring::tests::test_remove stdout ----
[INFO] [stdout] 
[INFO] [stdout] thread 'keyring::tests::test_remove' panicked at src/keyring.rs:54:34:
[INFO] [stdout] called `Result::unwrap()` on an `Err` value: PlatformFailure(Unavailable)
[INFO] [stdout] stack backtrace:
[INFO] [stdout]    0:     0x57a04badc9aa - std::backtrace_rs::backtrace::libunwind::trace::hb059275cfc8d6126
[INFO] [stdout]                                at /rustc/6067b36314ab5eb2eb47cecc464545ba58e1ad24/library/std/src/../../backtrace/src/backtrace/libunwind.rs:116:5
[INFO] [stdout]    1:     0x57a04badc9aa - std::backtrace_rs::backtrace::trace_unsynchronized::h2da071e4327ce3ee
[INFO] [stdout]                                at /rustc/6067b36314ab5eb2eb47cecc464545ba58e1ad24/library/std/src/../../backtrace/src/backtrace/mod.rs:66:5
[INFO] [stdout]    2:     0x57a04badc9aa - std::sys::backtrace::_print_fmt::h842a1474e6f8d23f
[INFO] [stdout]                                at /rustc/6067b36314ab5eb2eb47cecc464545ba58e1ad24/library/std/src/sys/backtrace.rs:66:9
[INFO] [stdout]    3:     0x57a04badc9aa - <std::sys::backtrace::BacktraceLock::print::DisplayBacktrace as core::fmt::Display>::fmt::h71a62eb3b9696b12
[INFO] [stdout]                                at /rustc/6067b36314ab5eb2eb47cecc464545ba58e1ad24/library/std/src/sys/backtrace.rs:39:26
[INFO] [stdout]    4:     0x57a04bb077e3 - core::fmt::rt::Argument::fmt::hdb6b616786b41dc1
[INFO] [stdout]                                at /rustc/6067b36314ab5eb2eb47cecc464545ba58e1ad24/library/core/src/fmt/rt.rs:177:76
[INFO] [stdout]    5:     0x57a04bb077e3 - core::fmt::write::h2cc1698af7e2d686
[INFO] [stdout]                                at /rustc/6067b36314ab5eb2eb47cecc464545ba58e1ad24/library/core/src/fmt/mod.rs:1440:21
[INFO] [stdout]    6:     0x57a04bad8623 - std::io::Write::write_fmt::hab1b4cd059a79022
[INFO] [stdout]                                at /rustc/6067b36314ab5eb2eb47cecc464545ba58e1ad24/library/std/src/io/mod.rs:1887:15
[INFO] [stdout]    7:     0x57a04badc7f2 - std::sys::backtrace::BacktraceLock::print::h147fe35b4ea13b08
[INFO] [stdout]                                at /rustc/6067b36314ab5eb2eb47cecc464545ba58e1ad24/library/std/src/sys/backtrace.rs:42:9
[INFO] [stdout]    8:     0x57a04badddcf - std::panicking::default_hook::{{closure}}::hbd44223dbdc0d208
[INFO] [stdout]                                at /rustc/6067b36314ab5eb2eb47cecc464545ba58e1ad24/library/std/src/panicking.rs:298:22
[INFO] [stdout]    9:     0x57a04baddbe8 - std::panicking::default_hook::h20f81eb0576efcec
[INFO] [stdout]                                at /rustc/6067b36314ab5eb2eb47cecc464545ba58e1ad24/library/std/src/panicking.rs:322:9
[INFO] [stdout]   10:     0x57a04b64ad43 - <alloc::boxed::Box<F,A> as core::ops::function::Fn<Args>>::call::hdb53814c496a4d34
[INFO] [stdout]                                at /rustc/6067b36314ab5eb2eb47cecc464545ba58e1ad24/library/alloc/src/boxed.rs:2027:9
[INFO] [stdout]   11:     0x57a04b64ad43 - test::test_main::{{closure}}::hc0a4963c59427c24
[INFO] [stdout]                                at /rustc/6067b36314ab5eb2eb47cecc464545ba58e1ad24/library/test/src/lib.rs:134:21
[INFO] [stdout]   12:     0x57a04bade8c3 - <alloc::boxed::Box<F,A> as core::ops::function::Fn<Args>>::call::h591b2225413a77e9
[INFO] [stdout]                                at /rustc/6067b36314ab5eb2eb47cecc464545ba58e1ad24/library/alloc/src/boxed.rs:2027:9
[INFO] [stdout]   13:     0x57a04bade8c3 - std::panicking::rust_panic_with_hook::h625eea43051b2edc
[INFO] [stdout]                                at /rustc/6067b36314ab5eb2eb47cecc464545ba58e1ad24/library/std/src/panicking.rs:839:13
[INFO] [stdout]   14:     0x57a04bade57a - std::panicking::begin_panic_handler::{{closure}}::h4f9159cfbc3f6bd3
[INFO] [stdout]                                at /rustc/6067b36314ab5eb2eb47cecc464545ba58e1ad24/library/std/src/panicking.rs:704:13
[INFO] [stdout]   15:     0x57a04badcea9 - std::sys::backtrace::__rust_end_short_backtrace::h0390abce48353151
[INFO] [stdout]                                at /rustc/6067b36314ab5eb2eb47cecc464545ba58e1ad24/library/std/src/sys/backtrace.rs:168:18
[INFO] [stdout]   16:     0x57a04bade20d - rust_begin_unwind
[INFO] [stdout]                                at /rustc/6067b36314ab5eb2eb47cecc464545ba58e1ad24/library/std/src/panicking.rs:695:5
[INFO] [stdout]   17:     0x57a04bb05a50 - core::panicking::panic_fmt::h9e7c637e9e5f29c9
[INFO] [stdout]                                at /rustc/6067b36314ab5eb2eb47cecc464545ba58e1ad24/library/core/src/panicking.rs:75:14
[INFO] [stdout]   18:     0x57a04bb05ec6 - core::result::unwrap_failed::h7979f09313fe1849
[INFO] [stdout]                                at /rustc/6067b36314ab5eb2eb47cecc464545ba58e1ad24/library/core/src/result.rs:1704:5
[INFO] [stdout]   19:     0x57a04b6106af - core::result::Result<T,E>::unwrap::ha94c9672019ebd02
[INFO] [stdout]                                at /rustc/6067b36314ab5eb2eb47cecc464545ba58e1ad24/library/core/src/result.rs:1109:23
[INFO] [stdout]   20:     0x57a04b6106af - rencfs::keyring::tests::test_remove::h149bd8184702890a
[INFO] [stdout]                                at /opt/rustwide/workdir/src/keyring.rs:54:9
[INFO] [stdout]   21:     0x57a04b610597 - rencfs::keyring::tests::test_remove::{{closure}}::hbe0a2bb54908964e
[INFO] [stdout]                                at /opt/rustwide/workdir/src/keyring.rs:52:21
[INFO] [stdout]   22:     0x57a04b60ebc6 - core::ops::function::FnOnce::call_once::h734cfddaae19a204
[INFO] [stdout]                                at /rustc/6067b36314ab5eb2eb47cecc464545ba58e1ad24/library/core/src/ops/function.rs:250:5
[INFO] [stdout]   23:     0x57a04b65049b - core::ops::function::FnOnce::call_once::he27718dfdd183f43
[INFO] [stdout]                                at /rustc/6067b36314ab5eb2eb47cecc464545ba58e1ad24/library/core/src/ops/function.rs:250:5
[INFO] [stdout]   24:     0x57a04b65049b - test::__rust_begin_short_backtrace::h4e84902998457a5d
[INFO] [stdout]                                at /rustc/6067b36314ab5eb2eb47cecc464545ba58e1ad24/library/test/src/lib.rs:632:18
[INFO] [stdout]   25:     0x57a04b64f3d3 - test::run_test_in_process::{{closure}}::h7176fd18fc1feca0
[INFO] [stdout]                                at /rustc/6067b36314ab5eb2eb47cecc464545ba58e1ad24/library/test/src/lib.rs:655:60
[INFO] [stdout]   26:     0x57a04b64f3d3 - <core::panic::unwind_safe::AssertUnwindSafe<F> as core::ops::function::FnOnce<()>>::call_once::hf79cff2a624d8cf7
[INFO] [stdout]                                at /rustc/6067b36314ab5eb2eb47cecc464545ba58e1ad24/library/core/src/panic/unwind_safe.rs:272:9
[INFO] [stdout]   27:     0x57a04b64f3d3 - std::panicking::try::do_call::h3da0561d9ab99c25
[INFO] [stdout]                                at /rustc/6067b36314ab5eb2eb47cecc464545ba58e1ad24/library/std/src/panicking.rs:587:40
[INFO] [stdout]   28:     0x57a04b64f3d3 - std::panicking::try::h41c9fa508bc61df6
[INFO] [stdout]                                at /rustc/6067b36314ab5eb2eb47cecc464545ba58e1ad24/library/std/src/panicking.rs:550:19
[INFO] [stdout]   29:     0x57a04b64f3d3 - std::panic::catch_unwind::h6b3ff07bb5afad93
[INFO] [stdout]                                at /rustc/6067b36314ab5eb2eb47cecc464545ba58e1ad24/library/std/src/panic.rs:358:14
[INFO] [stdout]   30:     0x57a04b64f3d3 - test::run_test_in_process::hc7253dd11b39b9f4
[INFO] [stdout]                                at /rustc/6067b36314ab5eb2eb47cecc464545ba58e1ad24/library/test/src/lib.rs:655:27
[INFO] [stdout]   31:     0x57a04b64f3d3 - test::run_test::{{closure}}::hfb2007f8649c30bb
[INFO] [stdout]                                at /rustc/6067b36314ab5eb2eb47cecc464545ba58e1ad24/library/test/src/lib.rs:576:43
[INFO] [stdout]   32:     0x57a04b6124b5 - test::run_test::{{closure}}::h56a17aa7a282a9f4
[INFO] [stdout]                                at /rustc/6067b36314ab5eb2eb47cecc464545ba58e1ad24/library/test/src/lib.rs:606:41
[INFO] [stdout]   33:     0x57a04b6124b5 - std::sys::backtrace::__rust_begin_short_backtrace::hd2d2d2fb8e8c6aac
[INFO] [stdout]                                at /rustc/6067b36314ab5eb2eb47cecc464545ba58e1ad24/library/std/src/sys/backtrace.rs:152:18
[INFO] [stdout]   34:     0x57a04b615d9a - std::thread::Builder::spawn_unchecked_::{{closure}}::{{closure}}::h4faa3f9db6133423
[INFO] [stdout]                                at /rustc/6067b36314ab5eb2eb47cecc464545ba58e1ad24/library/std/src/thread/mod.rs:559:17
[INFO] [stdout]   35:     0x57a04b615d9a - <core::panic::unwind_safe::AssertUnwindSafe<F> as core::ops::function::FnOnce<()>>::call_once::hf2e855a36a4ea846
[INFO] [stdout]                                at /rustc/6067b36314ab5eb2eb47cecc464545ba58e1ad24/library/core/src/panic/unwind_safe.rs:272:9
[INFO] [stdout]   36:     0x57a04b615d9a - std::panicking::try::do_call::h2f73af3616c35465
[INFO] [stdout]                                at /rustc/6067b36314ab5eb2eb47cecc464545ba58e1ad24/library/std/src/panicking.rs:587:40
[INFO] [stdout]   37:     0x57a04b615d9a - std::panicking::try::hd1660ce9efadef5a
[INFO] [stdout]                                at /rustc/6067b36314ab5eb2eb47cecc464545ba58e1ad24/library/std/src/panicking.rs:550:19
[INFO] [stdout]   38:     0x57a04b615d9a - std::panic::catch_unwind::h5ee8d7823b8ca744
[INFO] [stdout]                                at /rustc/6067b36314ab5eb2eb47cecc464545ba58e1ad24/library/std/src/panic.rs:358:14
[INFO] [stdout]   39:     0x57a04b615d9a - std::thread::Builder::spawn_unchecked_::{{closure}}::h53c3a1894dce8407
[INFO] [stdout]                                at /rustc/6067b36314ab5eb2eb47cecc464545ba58e1ad24/library/std/src/thread/mod.rs:557:30
[INFO] [stdout]   40:     0x57a04b615d9a - core::ops::function::FnOnce::call_once{{vtable.shim}}::h048ce291ad4f62bf
[INFO] [stdout]                                at /rustc/6067b36314ab5eb2eb47cecc464545ba58e1ad24/library/core/src/ops/function.rs:250:5
[INFO] [stdout]   41:     0x57a04bae29eb - <alloc::boxed::Box<F,A> as core::ops::function::FnOnce<Args>>::call_once::ha52bedf99a3b4981
[INFO] [stdout]                                at /rustc/6067b36314ab5eb2eb47cecc464545ba58e1ad24/library/alloc/src/boxed.rs:2013:9
[INFO] [stdout]   42:     0x57a04bae29eb - <alloc::boxed::Box<F,A> as core::ops::function::FnOnce<Args>>::call_once::h567748934d80ccf8
[INFO] [stdout]                                at /rustc/6067b36314ab5eb2eb47cecc464545ba58e1ad24/library/alloc/src/boxed.rs:2013:9
[INFO] [stdout]   43:     0x57a04bae29eb - std::sys::pal::unix::thread::Thread::new::thread_start::h2d970728ae887adc
[INFO] [stdout]                                at /rustc/6067b36314ab5eb2eb47cecc464545ba58e1ad24/library/std/src/sys/pal/unix/thread.rs:106:17
[INFO] [stdout]   44:     0x75cc299efac3 - <unknown>
[INFO] [stdout]   45:     0x75cc29a80a04 - clone
[INFO] [stdout]   46:                0x0 - <unknown>
[INFO] [stdout] 
[INFO] [stdout] ---- keyring::tests::test_get stdout ----
[INFO] [stdout] 
[INFO] [stdout] thread 'keyring::tests::test_get' panicked at src/keyring.rs:43:34:
[INFO] [stdout] called `Result::unwrap()` on an `Err` value: PlatformFailure(Unavailable)
[INFO] [stdout] stack backtrace:
[INFO] [stdout]    0:     0x57a04badc9aa - std::backtrace_rs::backtrace::libunwind::trace::hb059275cfc8d6126
[INFO] [stdout]                                at /rustc/6067b36314ab5eb2eb47cecc464545ba58e1ad24/library/std/src/../../backtrace/src/backtrace/libunwind.rs:116:5
[INFO] [stdout]    1:     0x57a04badc9aa - std::backtrace_rs::backtrace::trace_unsynchronized::h2da071e4327ce3ee
[INFO] [stdout]                                at /rustc/6067b36314ab5eb2eb47cecc464545ba58e1ad24/library/std/src/../../backtrace/src/backtrace/mod.rs:66:5
[INFO] [stdout]    2:     0x57a04badc9aa - std::sys::backtrace::_print_fmt::h842a1474e6f8d23f
[INFO] [stdout]                                at /rustc/6067b36314ab5eb2eb47cecc464545ba58e1ad24/library/std/src/sys/backtrace.rs:66:9
[INFO] [stdout]    3:     0x57a04badc9aa - <std::sys::backtrace::BacktraceLock::print::DisplayBacktrace as core::fmt::Display>::fmt::h71a62eb3b9696b12
[INFO] [stdout]                                at /rustc/6067b36314ab5eb2eb47cecc464545ba58e1ad24/library/std/src/sys/backtrace.rs:39:26
[INFO] [stdout]    4:     0x57a04bb077e3 - core::fmt::rt::Argument::fmt::hdb6b616786b41dc1
[INFO] [stdout]                                at /rustc/6067b36314ab5eb2eb47cecc464545ba58e1ad24/library/core/src/fmt/rt.rs:177:76
[INFO] [stdout]    5:     0x57a04bb077e3 - core::fmt::write::h2cc1698af7e2d686
[INFO] [stdout]                                at /rustc/6067b36314ab5eb2eb47cecc464545ba58e1ad24/library/core/src/fmt/mod.rs:1440:21
[INFO] [stdout]    6:     0x57a04bad8623 - std::io::Write::write_fmt::hab1b4cd059a79022
[INFO] [stdout]                                at /rustc/6067b36314ab5eb2eb47cecc464545ba58e1ad24/library/std/src/io/mod.rs:1887:15
[INFO] [stdout]    7:     0x57a04badc7f2 - std::sys::backtrace::BacktraceLock::print::h147fe35b4ea13b08
[INFO] [stdout]                                at /rustc/6067b36314ab5eb2eb47cecc464545ba58e1ad24/library/std/src/sys/backtrace.rs:42:9
[INFO] [stdout]    8:     0x57a04badddcf - std::panicking::default_hook::{{closure}}::hbd44223dbdc0d208
[INFO] [stdout]                                at /rustc/6067b36314ab5eb2eb47cecc464545ba58e1ad24/library/std/src/panicking.rs:298:22
[INFO] [stdout]    9:     0x57a04baddbe8 - std::panicking::default_hook::h20f81eb0576efcec
[INFO] [stdout]                                at /rustc/6067b36314ab5eb2eb47cecc464545ba58e1ad24/library/std/src/panicking.rs:322:9
[INFO] [stdout]   10:     0x57a04b64ad43 - <alloc::boxed::Box<F,A> as core::ops::function::Fn<Args>>::call::hdb53814c496a4d34
[INFO] [stdout]                                at /rustc/6067b36314ab5eb2eb47cecc464545ba58e1ad24/library/alloc/src/boxed.rs:2027:9
[INFO] [stdout]   11:     0x57a04b64ad43 - test::test_main::{{closure}}::hc0a4963c59427c24
[INFO] [stdout]                                at /rustc/6067b36314ab5eb2eb47cecc464545ba58e1ad24/library/test/src/lib.rs:134:21
[INFO] [stdout]   12:     0x57a04bade8c3 - <alloc::boxed::Box<F,A> as core::ops::function::Fn<Args>>::call::h591b2225413a77e9
[INFO] [stdout]                                at /rustc/6067b36314ab5eb2eb47cecc464545ba58e1ad24/library/alloc/src/boxed.rs:2027:9
[INFO] [stdout]   13:     0x57a04bade8c3 - std::panicking::rust_panic_with_hook::h625eea43051b2edc
[INFO] [stdout]                                at /rustc/6067b36314ab5eb2eb47cecc464545ba58e1ad24/library/std/src/panicking.rs:839:13
[INFO] [stdout]   14:     0x57a04bade57a - std::panicking::begin_panic_handler::{{closure}}::h4f9159cfbc3f6bd3
[INFO] [stdout]                                at /rustc/6067b36314ab5eb2eb47cecc464545ba58e1ad24/library/std/src/panicking.rs:704:13
[INFO] [stdout]   15:     0x57a04badcea9 - std::sys::backtrace::__rust_end_short_backtrace::h0390abce48353151
[INFO] [stdout]                                at /rustc/6067b36314ab5eb2eb47cecc464545ba58e1ad24/library/std/src/sys/backtrace.rs:168:18
[INFO] [stdout]   16:     0x57a04bade20d - rust_begin_unwind
[INFO] [stdout]                                at /rustc/6067b36314ab5eb2eb47cecc464545ba58e1ad24/library/std/src/panicking.rs:695:5
[INFO] [stdout]   17:     0x57a04bb05a50 - core::panicking::panic_fmt::h9e7c637e9e5f29c9
[INFO] [stdout]                                at /rustc/6067b36314ab5eb2eb47cecc464545ba58e1ad24/library/core/src/panicking.rs:75:14
[INFO] [stdout]   18:     0x57a04bb05ec6 - core::result::unwrap_failed::h7979f09313fe1849
[INFO] [stdout]                                at /rustc/6067b36314ab5eb2eb47cecc464545ba58e1ad24/library/core/src/result.rs:1704:5
[INFO] [stdout]   19:     0x57a04b61020a - core::result::Result<T,E>::unwrap::ha94c9672019ebd02
[INFO] [stdout]                                at /rustc/6067b36314ab5eb2eb47cecc464545ba58e1ad24/library/core/src/result.rs:1109:23
[INFO] [stdout]   20:     0x57a04b61020a - rencfs::keyring::tests::test_get::h31314885c3efe9f0
[INFO] [stdout]                                at /opt/rustwide/workdir/src/keyring.rs:43:9
[INFO] [stdout]   21:     0x57a04b6100c7 - rencfs::keyring::tests::test_get::{{closure}}::h3e16c1642bf24f07
[INFO] [stdout]                                at /opt/rustwide/workdir/src/keyring.rs:41:18
[INFO] [stdout]   22:     0x57a04b60eb46 - core::ops::function::FnOnce::call_once::h04ac569053677eb3
[INFO] [stdout]                                at /rustc/6067b36314ab5eb2eb47cecc464545ba58e1ad24/library/core/src/ops/function.rs:250:5
[INFO] [stdout]   23:     0x57a04b65049b - core::ops::function::FnOnce::call_once::he27718dfdd183f43
[INFO] [stdout]                                at /rustc/6067b36314ab5eb2eb47cecc464545ba58e1ad24/library/core/src/ops/function.rs:250:5
[INFO] [stdout]   24:     0x57a04b65049b - test::__rust_begin_short_backtrace::h4e84902998457a5d
[INFO] [stdout]                                at /rustc/6067b36314ab5eb2eb47cecc464545ba58e1ad24/library/test/src/lib.rs:632:18
[INFO] [stdout]   25:     0x57a04b64f3d3 - test::run_test_in_process::{{closure}}::h7176fd18fc1feca0
[INFO] [stdout]                                at /rustc/6067b36314ab5eb2eb47cecc464545ba58e1ad24/library/test/src/lib.rs:655:60
[INFO] [stdout]   26:     0x57a04b64f3d3 - <core::panic::unwind_safe::AssertUnwindSafe<F> as core::ops::function::FnOnce<()>>::call_once::hf79cff2a624d8cf7
[INFO] [stdout]                                at /rustc/6067b36314ab5eb2eb47cecc464545ba58e1ad24/library/core/src/panic/unwind_safe.rs:272:9
[INFO] [stdout]   27:     0x57a04b64f3d3 - std::panicking::try::do_call::h3da0561d9ab99c25
[INFO] [stdout]                                at /rustc/6067b36314ab5eb2eb47cecc464545ba58e1ad24/library/std/src/panicking.rs:587:40
[INFO] [stdout]   28:     0x57a04b64f3d3 - std::panicking::try::h41c9fa508bc61df6
[INFO] [stdout]                                at /rustc/6067b36314ab5eb2eb47cecc464545ba58e1ad24/library/std/src/panicking.rs:550:19
[INFO] [stdout]   29:     0x57a04b64f3d3 - std::panic::catch_unwind::h6b3ff07bb5afad93
[INFO] [stdout]                                at /rustc/6067b36314ab5eb2eb47cecc464545ba58e1ad24/library/std/src/panic.rs:358:14
[INFO] [stdout]   30:     0x57a04b64f3d3 - test::run_test_in_process::hc7253dd11b39b9f4
[INFO] [stdout]                                at /rustc/6067b36314ab5eb2eb47cecc464545ba58e1ad24/library/test/src/lib.rs:655:27
[INFO] [stdout]   31:     0x57a04b64f3d3 - test::run_test::{{closure}}::hfb2007f8649c30bb
[INFO] [stdout]                                at /rustc/6067b36314ab5eb2eb47cecc464545ba58e1ad24/library/test/src/lib.rs:576:43
[INFO] [stdout]   32:     0x57a04b6124b5 - test::run_test::{{closure}}::h56a17aa7a282a9f4
[INFO] [stdout]                                at /rustc/6067b36314ab5eb2eb47cecc464545ba58e1ad24/library/test/src/lib.rs:606:41
[INFO] [stdout]   33:     0x57a04b6124b5 - std::sys::backtrace::__rust_begin_short_backtrace::hd2d2d2fb8e8c6aac
[INFO] [stdout]                                at /rustc/6067b36314ab5eb2eb47cecc464545ba58e1ad24/library/std/src/sys/backtrace.rs:152:18
[INFO] [stdout]   34:     0x57a04b615d9a - std::thread::Builder::spawn_unchecked_::{{closure}}::{{closure}}::h4faa3f9db6133423
[INFO] [stdout]                                at /rustc/6067b36314ab5eb2eb47cecc464545ba58e1ad24/library/std/src/thread/mod.rs:559:17
[INFO] [stdout]   35:     0x57a04b615d9a - <core::panic::unwind_safe::AssertUnwindSafe<F> as core::ops::function::FnOnce<()>>::call_once::hf2e855a36a4ea846
[INFO] [stdout]                                at /rustc/6067b36314ab5eb2eb47cecc464545ba58e1ad24/library/core/src/panic/unwind_safe.rs:272:9
[INFO] [stdout]   36:     0x57a04b615d9a - std::panicking::try::do_call::h2f73af3616c35465
[INFO] [stdout]                                at /rustc/6067b36314ab5eb2eb47cecc464545ba58e1ad24/library/std/src/panicking.rs:587:40
[INFO] [stdout]   37:     0x57a04b615d9a - std::panicking::try::hd1660ce9efadef5a
[INFO] [stdout]                                at /rustc/6067b36314ab5eb2eb47cecc464545ba58e1ad24/library/std/src/panicking.rs:550:19
[INFO] [stdout]   38:     0x57a04b615d9a - std::panic::catch_unwind::h5ee8d7823b8ca744
[INFO] [stdout]                                at /rustc/6067b36314ab5eb2eb47cecc464545ba58e1ad24/library/std/src/panic.rs:358:14
[INFO] [stdout]   39:     0x57a04b615d9a - std::thread::Builder::spawn_unchecked_::{{closure}}::h53c3a1894dce8407
[INFO] [stdout]                                at /rustc/6067b36314ab5eb2eb47cecc464545ba58e1ad24/library/std/src/thread/mod.rs:557:30
[INFO] [stdout]   40:     0x57a04b615d9a - core::ops::function::FnOnce::call_once{{vtable.shim}}::h048ce291ad4f62bf
[INFO] [stdout]                                at /rustc/6067b36314ab5eb2eb47cecc464545ba58e1ad24/library/core/src/ops/function.rs:250:5
[INFO] [stdout]   41:     0x57a04bae29eb - <alloc::boxed::Box<F,A> as core::ops::function::FnOnce<Args>>::call_once::ha52bedf99a3b4981
[INFO] [stdout]                                at /rustc/6067b36314ab5eb2eb47cecc464545ba58e1ad24/library/alloc/src/boxed.rs:2013:9
[INFO] [stdout]   42:     0x57a04bae29eb - <alloc::boxed::Box<F,A> as core::ops::function::FnOnce<Args>>::call_once::h567748934d80ccf8
[INFO] [stdout]                                at /rustc/6067b36314ab5eb2eb47cecc464545ba58e1ad24/library/alloc/src/boxed.rs:2013:9
[INFO] [stdout]   43:     0x57a04bae29eb - std::sys::pal::unix::thread::Thread::new::thread_start::h2d970728ae887adc
[INFO] [stdout]                                at /rustc/6067b36314ab5eb2eb47cecc464545ba58e1ad24/library/std/src/sys/pal/unix/thread.rs:106:17
[INFO] [stdout]   44:     0x75cc299efac3 - <unknown>
[INFO] [stdout]   45:     0x75cc29a80a04 - clone
[INFO] [stdout]   46:                0x0 - <unknown>
[INFO] [stdout] 
[INFO] [stdout] ---- keyring::tests::test_save stdout ----
[INFO] [stdout] 
[INFO] [stdout] thread 'keyring::tests::test_save' panicked at src/keyring.rs:36:9:
[INFO] [stdout] assertion failed: save(&password, "test1").is_ok()
[INFO] [stdout] stack backtrace:
[INFO] [stdout]    0:     0x57a04badc9aa - std::backtrace_rs::backtrace::libunwind::trace::hb059275cfc8d6126
[INFO] [stdout]                                at /rustc/6067b36314ab5eb2eb47cecc464545ba58e1ad24/library/std/src/../../backtrace/src/backtrace/libunwind.rs:116:5
[INFO] [stdout]    1:     0x57a04badc9aa - std::backtrace_rs::backtrace::trace_unsynchronized::h2da071e4327ce3ee
[INFO] [stdout]                                at /rustc/6067b36314ab5eb2eb47cecc464545ba58e1ad24/library/std/src/../../backtrace/src/backtrace/mod.rs:66:5
[INFO] [stdout]    2:     0x57a04badc9aa - std::sys::backtrace::_print_fmt::h842a1474e6f8d23f
[INFO] [stdout]                                at /rustc/6067b36314ab5eb2eb47cecc464545ba58e1ad24/library/std/src/sys/backtrace.rs:66:9
[INFO] [stdout]    3:     0x57a04badc9aa - <std::sys::backtrace::BacktraceLock::print::DisplayBacktrace as core::fmt::Display>::fmt::h71a62eb3b9696b12
[INFO] [stdout]                                at /rustc/6067b36314ab5eb2eb47cecc464545ba58e1ad24/library/std/src/sys/backtrace.rs:39:26
[INFO] [stdout]    4:     0x57a04bb077e3 - core::fmt::rt::Argument::fmt::hdb6b616786b41dc1
[INFO] [stdout]                                at /rustc/6067b36314ab5eb2eb47cecc464545ba58e1ad24/library/core/src/fmt/rt.rs:177:76
[INFO] [stdout]    5:     0x57a04bb077e3 - core::fmt::write::h2cc1698af7e2d686
[INFO] [stdout]                                at /rustc/6067b36314ab5eb2eb47cecc464545ba58e1ad24/library/core/src/fmt/mod.rs:1440:21
[INFO] [stdout]    6:     0x57a04bad8623 - std::io::Write::write_fmt::hab1b4cd059a79022
[INFO] [stdout]                                at /rustc/6067b36314ab5eb2eb47cecc464545ba58e1ad24/library/std/src/io/mod.rs:1887:15
[INFO] [stdout]    7:     0x57a04badc7f2 - std::sys::backtrace::BacktraceLock::print::h147fe35b4ea13b08
[INFO] [stdout]                                at /rustc/6067b36314ab5eb2eb47cecc464545ba58e1ad24/library/std/src/sys/backtrace.rs:42:9
[INFO] [stdout]    8:     0x57a04badddcf - std::panicking::default_hook::{{closure}}::hbd44223dbdc0d208
[INFO] [stdout]                                at /rustc/6067b36314ab5eb2eb47cecc464545ba58e1ad24/library/std/src/panicking.rs:298:22
[INFO] [stdout]    9:     0x57a04baddbe8 - std::panicking::default_hook::h20f81eb0576efcec
[INFO] [stdout]                                at /rustc/6067b36314ab5eb2eb47cecc464545ba58e1ad24/library/std/src/panicking.rs:322:9
[INFO] [stdout]   10:     0x57a04b64ad43 - <alloc::boxed::Box<F,A> as core::ops::function::Fn<Args>>::call::hdb53814c496a4d34
[INFO] [stdout]                                at /rustc/6067b36314ab5eb2eb47cecc464545ba58e1ad24/library/alloc/src/boxed.rs:2027:9
[INFO] [stdout]   11:     0x57a04b64ad43 - test::test_main::{{closure}}::hc0a4963c59427c24
[INFO] [stdout]                                at /rustc/6067b36314ab5eb2eb47cecc464545ba58e1ad24/library/test/src/lib.rs:134:21
[INFO] [stdout]   12:     0x57a04bade8c3 - <alloc::boxed::Box<F,A> as core::ops::function::Fn<Args>>::call::h591b2225413a77e9
[INFO] [stdout]                                at /rustc/6067b36314ab5eb2eb47cecc464545ba58e1ad24/library/alloc/src/boxed.rs:2027:9
[INFO] [stdout]   13:     0x57a04bade8c3 - std::panicking::rust_panic_with_hook::h625eea43051b2edc
[INFO] [stdout]                                at /rustc/6067b36314ab5eb2eb47cecc464545ba58e1ad24/library/std/src/panicking.rs:839:13
[INFO] [stdout]   14:     0x57a04bade546 - std::panicking::begin_panic_handler::{{closure}}::h4f9159cfbc3f6bd3
[INFO] [stdout]                                at /rustc/6067b36314ab5eb2eb47cecc464545ba58e1ad24/library/std/src/panicking.rs:697:13
[INFO] [stdout]   15:     0x57a04badcea9 - std::sys::backtrace::__rust_end_short_backtrace::h0390abce48353151
[INFO] [stdout]                                at /rustc/6067b36314ab5eb2eb47cecc464545ba58e1ad24/library/std/src/sys/backtrace.rs:168:18
[INFO] [stdout]   16:     0x57a04bade20d - rust_begin_unwind
[INFO] [stdout]                                at /rustc/6067b36314ab5eb2eb47cecc464545ba58e1ad24/library/std/src/panicking.rs:695:5
[INFO] [stdout]   17:     0x57a04bb05a50 - core::panicking::panic_fmt::h9e7c637e9e5f29c9
[INFO] [stdout]                                at /rustc/6067b36314ab5eb2eb47cecc464545ba58e1ad24/library/core/src/panicking.rs:75:14
[INFO] [stdout]   18:     0x57a04bb05adc - core::panicking::panic::haa3255ea20181a33
[INFO] [stdout]                                at /rustc/6067b36314ab5eb2eb47cecc464545ba58e1ad24/library/core/src/panicking.rs:145:5
[INFO] [stdout]   19:     0x57a04b60ffa3 - rencfs::keyring::tests::test_save::h70026cf76aa1a4ed
[INFO] [stdout]                                at /opt/rustwide/workdir/src/keyring.rs:36:9
[INFO] [stdout]   20:     0x57a04b60fe87 - rencfs::keyring::tests::test_save::{{closure}}::h5b1ab1a9a7ff5e14
[INFO] [stdout]                                at /opt/rustwide/workdir/src/keyring.rs:34:19
[INFO] [stdout]   21:     0x57a04b60eb06 - core::ops::function::FnOnce::call_once::h03d3926dfe463bf0
[INFO] [stdout]                                at /rustc/6067b36314ab5eb2eb47cecc464545ba58e1ad24/library/core/src/ops/function.rs:250:5
[INFO] [stdout]   22:     0x57a04b65049b - core::ops::function::FnOnce::call_once::he27718dfdd183f43
[INFO] [stdout]                                at /rustc/6067b36314ab5eb2eb47cecc464545ba58e1ad24/library/core/src/ops/function.rs:250:5
[INFO] [stdout]   23:     0x57a04b65049b - test::__rust_begin_short_backtrace::h4e84902998457a5d
[INFO] [stdout]                                at /rustc/6067b36314ab5eb2eb47cecc464545ba58e1ad24/library/test/src/lib.rs:632:18
[INFO] [stdout]   24:     0x57a04b64f3d3 - test::run_test_in_process::{{closure}}::h7176fd18fc1feca0
[INFO] [stdout]                                at /rustc/6067b36314ab5eb2eb47cecc464545ba58e1ad24/library/test/src/lib.rs:655:60
[INFO] [stdout]   25:     0x57a04b64f3d3 - <core::panic::unwind_safe::AssertUnwindSafe<F> as core::ops::function::FnOnce<()>>::call_once::hf79cff2a624d8cf7
[INFO] [stdout]                                at /rustc/6067b36314ab5eb2eb47cecc464545ba58e1ad24/library/core/src/panic/unwind_safe.rs:272:9
[INFO] [stdout]   26:     0x57a04b64f3d3 - std::panicking::try::do_call::h3da0561d9ab99c25
[INFO] [stdout]                                at /rustc/6067b36314ab5eb2eb47cecc464545ba58e1ad24/library/std/src/panicking.rs:587:40
[INFO] [stdout]   27:     0x57a04b64f3d3 - std::panicking::try::h41c9fa508bc61df6
[INFO] [stdout]                                at /rustc/6067b36314ab5eb2eb47cecc464545ba58e1ad24/library/std/src/panicking.rs:550:19
[INFO] [stdout]   28:     0x57a04b64f3d3 - std::panic::catch_unwind::h6b3ff07bb5afad93
[INFO] [stdout]                                at /rustc/6067b36314ab5eb2eb47cecc464545ba58e1ad24/library/std/src/panic.rs:358:14
[INFO] [stdout]   29:     0x57a04b64f3d3 - test::run_test_in_process::hc7253dd11b39b9f4
[INFO] [stdout]                                at /rustc/6067b36314ab5eb2eb47cecc464545ba58e1ad24/library/test/src/lib.rs:655:27
[INFO] [stdout]   30:     0x57a04b64f3d3 - test::run_test::{{closure}}::hfb2007f8649c30bb
[INFO] [stdout]                                at /rustc/6067b36314ab5eb2eb47cecc464545ba58e1ad24/library/test/src/lib.rs:576:43
[INFO] [stdout]   31:     0x57a04b6124b5 - test::run_test::{{closure}}::h56a17aa7a282a9f4
[INFO] [stdout]                                at /rustc/6067b36314ab5eb2eb47cecc464545ba58e1ad24/library/test/src/lib.rs:606:41
[INFO] [stdout]   32:     0x57a04b6124b5 - std::sys::backtrace::__rust_begin_short_backtrace::hd2d2d2fb8e8c6aac
[INFO] [stdout]                                at /rustc/6067b36314ab5eb2eb47cecc464545ba58e1ad24/library/std/src/sys/backtrace.rs:152:18
[INFO] [stdout]   33:     0x57a04b615d9a - std::thread::Builder::spawn_unchecked_::{{closure}}::{{closure}}::h4faa3f9db6133423
[INFO] [stdout]                                at /rustc/6067b36314ab5eb2eb47cecc464545ba58e1ad24/library/std/src/thread/mod.rs:559:17
[INFO] [stdout]   34:     0x57a04b615d9a - <core::panic::unwind_safe::AssertUnwindSafe<F> as core::ops::function::FnOnce<()>>::call_once::hf2e855a36a4ea846
[INFO] [stdout]                                at /rustc/6067b36314ab5eb2eb47cecc464545ba58e1ad24/library/core/src/panic/unwind_safe.rs:272:9
[INFO] [stdout]   35:     0x57a04b615d9a - std::panicking::try::do_call::h2f73af3616c35465
[INFO] [stdout]                                at /rustc/6067b36314ab5eb2eb47cecc464545ba58e1ad24/library/std/src/panicking.rs:587:40
[INFO] [stdout]   36:     0x57a04b615d9a - std::panicking::try::hd1660ce9efadef5a
[INFO] [stdout]                                at /rustc/6067b36314ab5eb2eb47cecc464545ba58e1ad24/library/std/src/panicking.rs:550:19
[INFO] [stdout]   37:     0x57a04b615d9a - std::panic::catch_unwind::h5ee8d7823b8ca744
[INFO] [stdout]                                at /rustc/6067b36314ab5eb2eb47cecc464545ba58e1ad24/library/std/src/panic.rs:358:14
[INFO] [stdout]   38:     0x57a04b615d9a - std::thread::Builder::spawn_unchecked_::{{closure}}::h53c3a1894dce8407
[INFO] [stdout]                                at /rustc/6067b36314ab5eb2eb47cecc464545ba58e1ad24/library/std/src/thread/mod.rs:557:30
[INFO] [stdout]   39:     0x57a04b615d9a - core::ops::function::FnOnce::call_once{{vtable.shim}}::h048ce291ad4f62bf
[INFO] [stdout]                                at /rustc/6067b36314ab5eb2eb47cecc464545ba58e1ad24/library/core/src/ops/function.rs:250:5
[INFO] [stdout]   40:     0x57a04bae29eb - <alloc::boxed::Box<F,A> as core::ops::function::FnOnce<Args>>::call_once::ha52bedf99a3b4981
[INFO] [stdout]                                at /rustc/6067b36314ab5eb2eb47cecc464545ba58e1ad24/library/alloc/src/boxed.rs:2013:9
[INFO] [stdout]   41:     0x57a04bae29eb - <alloc::boxed::Box<F,A> as core::ops::function::FnOnce<Args>>::call_once::h567748934d80ccf8
[INFO] [stdout]                                at /rustc/6067b36314ab5eb2eb47cecc464545ba58e1ad24/library/alloc/src/boxed.rs:2013:9
[INFO] [stdout]   42:     0x57a04bae29eb - std::sys::pal::unix::thread::Thread::new::thread_start::h2d970728ae887adc
[INFO] [stdout]                                at /rustc/6067b36314ab5eb2eb47cecc464545ba58e1ad24/library/std/src/sys/pal/unix/thread.rs:106:17
[INFO] [stdout]   43:     0x75cc299efac3 - <unknown>
[INFO] [stdout]   44:     0x75cc29a80a04 - clone
[INFO] [stdout]   45:                0x0 - <unknown>
[INFO] [stdout] 
[INFO] [stdout] 
[INFO] [stdout] failures:
[INFO] [stdout]     keyring::tests::test_get
[INFO] [stdout]     keyring::tests::test_remove
[INFO] [stdout]     keyring::tests::test_save
[INFO] [stdout] 
[INFO] [stdout] test result: FAILED. 0 passed; 3 failed; 0 ignored; 0 measured; 0 filtered out; finished in 0.58s
[INFO] [stdout] 
[INFO] [stderr] error: test failed, to rerun pass `--bin rencfs`
[INFO] running `Command { std: "docker" "inspect" "d68ffe9b0f76862e2a6f9d09639c9247568c16ba0e8de365a8348f75621167a8", kill_on_drop: false }`
[INFO] running `Command { std: "docker" "rm" "-f" "d68ffe9b0f76862e2a6f9d09639c9247568c16ba0e8de365a8348f75621167a8", kill_on_drop: false }`
[INFO] [stdout] d68ffe9b0f76862e2a6f9d09639c9247568c16ba0e8de365a8348f75621167a8
