[INFO] cloning repository https://github.com/r00ster91/BlockPaint
[INFO] running `Command { std: "git" "-c" "credential.helper=" "-c" "credential.helper=/workspace/cargo-home/bin/git-credential-null" "clone" "--bare" "https://github.com/r00ster91/BlockPaint" "/workspace/cache/git-repos/https%3A%2F%2Fgithub.com%2Fr00ster91%2FBlockPaint", kill_on_drop: false }`
[INFO] [stderr] Cloning into bare repository '/workspace/cache/git-repos/https%3A%2F%2Fgithub.com%2Fr00ster91%2FBlockPaint'...
[INFO] running `Command { std: "git" "rev-parse" "HEAD", kill_on_drop: false }`
[INFO] [stdout] 02a62acc07186da4aa1de59188a4b7ef214f41d1
[INFO] testing r00ster91/BlockPaint against nightly-2025-01-18+rustflags=-Zrandomize-layout for randomize-layout-2
[INFO] running `Command { std: "git" "clone" "/workspace/cache/git-repos/https%3A%2F%2Fgithub.com%2Fr00ster91%2FBlockPaint" "/workspace/builds/worker-4-tc2/source", kill_on_drop: false }`
[INFO] [stderr] Cloning into '/workspace/builds/worker-4-tc2/source'...
[INFO] [stderr] done.
[INFO] validating manifest of git repo https://github.com/r00ster91/BlockPaint on toolchain nightly-2025-01-18
[INFO] running `Command { std: CARGO_HOME="/workspace/cargo-home" RUSTUP_HOME="/workspace/rustup-home" "/workspace/cargo-home/bin/cargo" "+nightly-2025-01-18" "metadata" "--manifest-path" "Cargo.toml" "--no-deps", kill_on_drop: false }`
[INFO] started tweaking git repo https://github.com/r00ster91/BlockPaint
[INFO] finished tweaking git repo https://github.com/r00ster91/BlockPaint
[INFO] tweaked toml for git repo https://github.com/r00ster91/BlockPaint written to /workspace/builds/worker-4-tc2/source/Cargo.toml
[INFO] crate git repo https://github.com/r00ster91/BlockPaint already has a lockfile, it will not be regenerated
[INFO] running `Command { std: CARGO_HOME="/workspace/cargo-home" RUSTUP_HOME="/workspace/rustup-home" "/workspace/cargo-home/bin/cargo" "+nightly-2025-01-18" "fetch" "--manifest-path" "Cargo.toml", kill_on_drop: false }`
[INFO] running `Command { std: "docker" "create" "-v" "/var/lib/crater-agent-workspace/builds/worker-4-tc2/target:/opt/rustwide/target:rw,Z" "-v" "/var/lib/crater-agent-workspace/builds/worker-4-tc2/source:/opt/rustwide/workdir:ro,Z" "-v" "/var/lib/crater-agent-workspace/cargo-home:/opt/rustwide/cargo-home:ro,Z" "-v" "/var/lib/crater-agent-workspace/rustup-home:/opt/rustwide/rustup-home:ro,Z" "-e" "SOURCE_DIR=/opt/rustwide/workdir" "-e" "CARGO_TARGET_DIR=/opt/rustwide/target" "-e" "CARGO_HOME=/opt/rustwide/cargo-home" "-e" "RUSTUP_HOME=/opt/rustwide/rustup-home" "-w" "/opt/rustwide/workdir" "-m" "1610612736" "--user" "0:0" "--network" "none" "ghcr.io/rust-lang/crates-build-env/linux@sha256:819108c5571ea2e421544af4d832f968d213c87fbe3707a016657f43d2f853bc" "/opt/rustwide/cargo-home/bin/cargo" "+nightly-2025-01-18" "metadata" "--no-deps" "--format-version=1", kill_on_drop: false }`
[INFO] [stdout] 7ea66bd20c8b4695b20295413ea4092c3e51b2afcab0030b06a51300faa5dae4
[INFO] running `Command { std: "docker" "start" "-a" "7ea66bd20c8b4695b20295413ea4092c3e51b2afcab0030b06a51300faa5dae4", kill_on_drop: false }`
[INFO] running `Command { std: "docker" "inspect" "7ea66bd20c8b4695b20295413ea4092c3e51b2afcab0030b06a51300faa5dae4", kill_on_drop: false }`
[INFO] running `Command { std: "docker" "rm" "-f" "7ea66bd20c8b4695b20295413ea4092c3e51b2afcab0030b06a51300faa5dae4", kill_on_drop: false }`
[INFO] [stdout] 7ea66bd20c8b4695b20295413ea4092c3e51b2afcab0030b06a51300faa5dae4
[INFO] running `Command { std: "docker" "create" "-v" "/var/lib/crater-agent-workspace/builds/worker-4-tc2/target:/opt/rustwide/target:rw,Z" "-v" "/var/lib/crater-agent-workspace/builds/worker-4-tc2/source:/opt/rustwide/workdir:ro,Z" "-v" "/var/lib/crater-agent-workspace/cargo-home:/opt/rustwide/cargo-home:ro,Z" "-v" "/var/lib/crater-agent-workspace/rustup-home:/opt/rustwide/rustup-home:ro,Z" "-e" "SOURCE_DIR=/opt/rustwide/workdir" "-e" "CARGO_TARGET_DIR=/opt/rustwide/target" "-e" "CARGO_INCREMENTAL=0" "-e" "RUST_BACKTRACE=full" "-e" "RUSTFLAGS=--cap-lints=forbid -Zrandomize-layout" "-e" "RUSTDOCFLAGS=--cap-lints=forbid" "-e" "CARGO_HOME=/opt/rustwide/cargo-home" "-e" "RUSTUP_HOME=/opt/rustwide/rustup-home" "-w" "/opt/rustwide/workdir" "-m" "1610612736" "--user" "0:0" "--network" "none" "ghcr.io/rust-lang/crates-build-env/linux@sha256:819108c5571ea2e421544af4d832f968d213c87fbe3707a016657f43d2f853bc" "/opt/rustwide/cargo-home/bin/cargo" "+nightly-2025-01-18" "build" "--frozen" "--message-format=json", kill_on_drop: false }`
[INFO] [stdout] 6d5b21031dd567366992fe8072d594bcb99749907f195f2ad8947da483d7dbd3
[INFO] running `Command { std: "docker" "start" "-a" "6d5b21031dd567366992fe8072d594bcb99749907f195f2ad8947da483d7dbd3", kill_on_drop: false }`
[INFO] [stderr]    Compiling libc v0.2.148
[INFO] [stderr]    Compiling lock_api v0.4.10
[INFO] [stderr]    Compiling bytemuck v1.14.0
[INFO] [stderr]    Compiling parking_lot_core v0.8.6
[INFO] [stderr]    Compiling smallvec v1.11.0
[INFO] [stderr]    Compiling scopeguard v1.2.0
[INFO] [stderr]    Compiling log v0.4.20
[INFO] [stderr]    Compiling bitflags v1.3.2
[INFO] [stderr]    Compiling instant v0.1.12
[INFO] [stderr]    Compiling safe_arch v0.7.1
[INFO] [stderr]    Compiling wide v0.7.11
[INFO] [stderr]    Compiling signal-hook-registry v1.4.1
[INFO] [stderr]    Compiling mio v0.7.14
[INFO] [stderr]    Compiling parking_lot v0.11.2
[INFO] [stderr]    Compiling signal-hook v0.1.17
[INFO] [stderr]    Compiling crossterm v0.19.0
[INFO] [stderr]    Compiling ultraviolet v0.9.2
[INFO] [stderr]    Compiling bracket-geometry v0.8.7
[INFO] [stderr]    Compiling blockpaint v0.2.1 (/opt/rustwide/workdir)
[INFO] [stdout] warning: unused import: `Size`
[INFO] [stdout]  --> src/event.rs:5:26
[INFO] [stdout]   |
[INFO] [stdout] 5 |     util::{Color, Point, Size},
[INFO] [stdout]   |                          ^^^^
[INFO] [stdout]   |
[INFO] [stdout]   = note: `#[warn(unused_imports)]` on by default
[INFO] [stdout] 
[INFO] [stdout] 
[INFO] [stdout] warning: unused import: `KeyEvent`
[INFO] [stdout]  --> src/event/key_movement.rs:3:37
[INFO] [stdout]   |
[INFO] [stdout] 3 | use crate::terminal::event::{Event, KeyEvent};
[INFO] [stdout]   |                                     ^^^^^^^^
[INFO] [stdout] 
[INFO] [stdout] 
[INFO] [stdout] warning: unreachable statement
[INFO] [stdout]    --> src/event.rs:189:21
[INFO] [stdout]     |
[INFO] [stdout] 187 |                       continue;
[INFO] [stdout]     |                       -------- any code following this expression is unreachable
[INFO] [stdout] 188 |
[INFO] [stdout] 189 | /                     for (index, secondary_cell) in secondary_canvas.cells.clone().iter().enumerate()
[INFO] [stdout] 190 | |                     {
[INFO] [stdout] 191 | |                         if secondary_cell.upper_block.is_some() {
[INFO] [stdout] 192 | |                             let primary_cell = &primary_canvas.cells[index];
[INFO] [stdout] ...   |
[INFO] [stdout] 205 | |                     }
[INFO] [stdout]     | |_____________________^ unreachable statement
[INFO] [stdout]     |
[INFO] [stdout]     = note: `#[warn(unreachable_code)]` on by default
[INFO] [stdout] 
[INFO] [stdout] 
[INFO] [stdout] warning: unused variable: `event`
[INFO] [stdout]  --> src/event/key_movement.rs:5:15
[INFO] [stdout]   |
[INFO] [stdout] 5 | pub fn handle(event: &Event) -> bool {
[INFO] [stdout]   |               ^^^^^ help: if this is intentional, prefix it with an underscore: `_event`
[INFO] [stdout]   |
[INFO] [stdout]   = note: `#[warn(unused_variables)]` on by default
[INFO] [stdout] 
[INFO] [stdout] 
[INFO] [stdout] warning: unused variable: `save_input_field`
[INFO] [stdout]   --> src/event.rs:44:13
[INFO] [stdout]    |
[INFO] [stdout] 44 |     let mut save_input_field: Option<crate::input::Field> = None;
[INFO] [stdout]    |             ^^^^^^^^^^^^^^^^ help: if this is intentional, prefix it with an underscore: `_save_input_field`
[INFO] [stdout] 
[INFO] [stdout] 
[INFO] [stdout] warning: variable does not need to be mutable
[INFO] [stdout]   --> src/event.rs:44:9
[INFO] [stdout]    |
[INFO] [stdout] 44 |     let mut save_input_field: Option<crate::input::Field> = None;
[INFO] [stdout]    |         ----^^^^^^^^^^^^^^^^
[INFO] [stdout]    |         |
[INFO] [stdout]    |         help: remove this `mut`
[INFO] [stdout]    |
[INFO] [stdout]    = note: `#[warn(unused_mut)]` on by default
[INFO] [stdout] 
[INFO] [stdout] 
[INFO] [stdout] warning: method `filled_rectangle` is never used
[INFO] [stdout]   --> src/canvas/shapes.rs:74:12
[INFO] [stdout]    |
[INFO] [stdout] 7  | impl Canvas {
[INFO] [stdout]    | ----------- method in this implementation
[INFO] [stdout] ...
[INFO] [stdout] 74 |     pub fn filled_rectangle(&mut self, point: Point, size: Size, color: Color) {
[INFO] [stdout]    |            ^^^^^^^^^^^^^^^^
[INFO] [stdout]    |
[INFO] [stdout]    = note: `#[warn(dead_code)]` on by default
[INFO] [stdout] 
[INFO] [stdout] 
[INFO] [stdout] warning: method `blocks` is never used
[INFO] [stdout]   --> src/canvas/tools.rs:44:12
[INFO] [stdout]    |
[INFO] [stdout] 9  | impl Canvas {
[INFO] [stdout]    | ----------- method in this implementation
[INFO] [stdout] ...
[INFO] [stdout] 44 |     pub fn blocks(&mut self, point: Point, color: Color, count: SIZE) {
[INFO] [stdout]    |            ^^^^^^
[INFO] [stdout] 
[INFO] [stdout] 
[INFO] [stdout] warning: field `input_field_color` is never read
[INFO] [stdout]   --> src/event.rs:21:9
[INFO] [stdout]    |
[INFO] [stdout] 14 | pub struct State {
[INFO] [stdout]    |            ----- field in this struct
[INFO] [stdout] ...
[INFO] [stdout] 21 |     pub input_field_color: Option<Color>,
[INFO] [stdout]    |         ^^^^^^^^^^^^^^^^^
[INFO] [stdout]    |
[INFO] [stdout]    = note: `State` has a derived impl for the trait `Clone`, but this is intentionally ignored during dead code analysis
[INFO] [stdout] 
[INFO] [stdout] 
[INFO] [stdout] warning: method `clear` is never used
[INFO] [stdout]   --> src/input.rs:57:12
[INFO] [stdout]    |
[INFO] [stdout] 16 | impl Field {
[INFO] [stdout]    | ---------- method in this implementation
[INFO] [stdout] ...
[INFO] [stdout] 57 |     pub fn clear(&mut self) {
[INFO] [stdout]    |            ^^^^^
[INFO] [stdout] 
[INFO] [stdout] 
[INFO] [stdout] warning: methods `enable_italic` and `disable_italic` are never used
[INFO] [stdout]    --> src/terminal/sys/other.rs:173:12
[INFO] [stdout]     |
[INFO] [stdout] 12  | impl Terminal {
[INFO] [stdout]     | ------------- methods in this implementation
[INFO] [stdout] ...
[INFO] [stdout] 173 |     pub fn enable_italic(&mut self) {
[INFO] [stdout]     |            ^^^^^^^^^^^^^
[INFO] [stdout] ...
[INFO] [stdout] 177 |     pub fn disable_italic(&mut self) {
[INFO] [stdout]     |            ^^^^^^^^^^^^^^
[INFO] [stdout] 
[INFO] [stdout] 
[INFO] [stdout] warning: struct `Range` is never constructed
[INFO] [stdout]   --> src/util.rs:30:8
[INFO] [stdout]    |
[INFO] [stdout] 30 | struct Range(ops::Range<SIZE>);
[INFO] [stdout]    |        ^^^^^
[INFO] [stdout] 
[INFO] [stdout] 
[INFO] [stderr]     Finished `dev` profile [unoptimized + debuginfo] target(s) in 8.02s
[INFO] running `Command { std: "docker" "inspect" "6d5b21031dd567366992fe8072d594bcb99749907f195f2ad8947da483d7dbd3", kill_on_drop: false }`
[INFO] running `Command { std: "docker" "rm" "-f" "6d5b21031dd567366992fe8072d594bcb99749907f195f2ad8947da483d7dbd3", kill_on_drop: false }`
[INFO] [stdout] 6d5b21031dd567366992fe8072d594bcb99749907f195f2ad8947da483d7dbd3
[INFO] running `Command { std: "docker" "create" "-v" "/var/lib/crater-agent-workspace/builds/worker-4-tc2/target:/opt/rustwide/target:rw,Z" "-v" "/var/lib/crater-agent-workspace/builds/worker-4-tc2/source:/opt/rustwide/workdir:ro,Z" "-v" "/var/lib/crater-agent-workspace/cargo-home:/opt/rustwide/cargo-home:ro,Z" "-v" "/var/lib/crater-agent-workspace/rustup-home:/opt/rustwide/rustup-home:ro,Z" "-e" "SOURCE_DIR=/opt/rustwide/workdir" "-e" "CARGO_TARGET_DIR=/opt/rustwide/target" "-e" "CARGO_INCREMENTAL=0" "-e" "RUST_BACKTRACE=full" "-e" "RUSTFLAGS=--cap-lints=forbid -Zrandomize-layout" "-e" "RUSTDOCFLAGS=--cap-lints=forbid" "-e" "CARGO_HOME=/opt/rustwide/cargo-home" "-e" "RUSTUP_HOME=/opt/rustwide/rustup-home" "-w" "/opt/rustwide/workdir" "-m" "1610612736" "--user" "0:0" "--network" "none" "ghcr.io/rust-lang/crates-build-env/linux@sha256:819108c5571ea2e421544af4d832f968d213c87fbe3707a016657f43d2f853bc" "/opt/rustwide/cargo-home/bin/cargo" "+nightly-2025-01-18" "test" "--frozen" "--no-run" "--message-format=json", kill_on_drop: false }`
[INFO] [stdout] 6e72b5c383803865848deb86f828bf644695f5a53b94fdfafe397786be00bf21
[INFO] running `Command { std: "docker" "start" "-a" "6e72b5c383803865848deb86f828bf644695f5a53b94fdfafe397786be00bf21", kill_on_drop: false }`
[INFO] [stderr]    Compiling blockpaint v0.2.1 (/opt/rustwide/workdir)
[INFO] [stdout] warning: unused import: `Size`
[INFO] [stdout]  --> src/event.rs:5:26
[INFO] [stdout]   |
[INFO] [stdout] 5 |     util::{Color, Point, Size},
[INFO] [stdout]   |                          ^^^^
[INFO] [stdout]   |
[INFO] [stdout]   = note: `#[warn(unused_imports)]` on by default
[INFO] [stdout] 
[INFO] [stdout] 
[INFO] [stdout] warning: unused import: `KeyEvent`
[INFO] [stdout]  --> src/event/key_movement.rs:3:37
[INFO] [stdout]   |
[INFO] [stdout] 3 | use crate::terminal::event::{Event, KeyEvent};
[INFO] [stdout]   |                                     ^^^^^^^^
[INFO] [stdout] 
[INFO] [stdout] 
[INFO] [stdout] warning: unreachable statement
[INFO] [stdout]    --> src/event.rs:189:21
[INFO] [stdout]     |
[INFO] [stdout] 187 |                       continue;
[INFO] [stdout]     |                       -------- any code following this expression is unreachable
[INFO] [stdout] 188 |
[INFO] [stdout] 189 | /                     for (index, secondary_cell) in secondary_canvas.cells.clone().iter().enumerate()
[INFO] [stdout] 190 | |                     {
[INFO] [stdout] 191 | |                         if secondary_cell.upper_block.is_some() {
[INFO] [stdout] 192 | |                             let primary_cell = &primary_canvas.cells[index];
[INFO] [stdout] ...   |
[INFO] [stdout] 205 | |                     }
[INFO] [stdout]     | |_____________________^ unreachable statement
[INFO] [stdout]     |
[INFO] [stdout]     = note: `#[warn(unreachable_code)]` on by default
[INFO] [stdout] 
[INFO] [stdout] 
[INFO] [stdout] warning: unused variable: `event`
[INFO] [stdout]  --> src/event/key_movement.rs:5:15
[INFO] [stdout]   |
[INFO] [stdout] 5 | pub fn handle(event: &Event) -> bool {
[INFO] [stdout]   |               ^^^^^ help: if this is intentional, prefix it with an underscore: `_event`
[INFO] [stdout]   |
[INFO] [stdout]   = note: `#[warn(unused_variables)]` on by default
[INFO] [stdout] 
[INFO] [stdout] 
[INFO] [stdout] warning: unused variable: `save_input_field`
[INFO] [stdout]   --> src/event.rs:44:13
[INFO] [stdout]    |
[INFO] [stdout] 44 |     let mut save_input_field: Option<crate::input::Field> = None;
[INFO] [stdout]    |             ^^^^^^^^^^^^^^^^ help: if this is intentional, prefix it with an underscore: `_save_input_field`
[INFO] [stdout] 
[INFO] [stdout] 
[INFO] [stdout] warning: variable does not need to be mutable
[INFO] [stdout]   --> src/event.rs:44:9
[INFO] [stdout]    |
[INFO] [stdout] 44 |     let mut save_input_field: Option<crate::input::Field> = None;
[INFO] [stdout]    |         ----^^^^^^^^^^^^^^^^
[INFO] [stdout]    |         |
[INFO] [stdout]    |         help: remove this `mut`
[INFO] [stdout]    |
[INFO] [stdout]    = note: `#[warn(unused_mut)]` on by default
[INFO] [stdout] 
[INFO] [stdout] 
[INFO] [stdout] warning: method `filled_rectangle` is never used
[INFO] [stdout]   --> src/canvas/shapes.rs:74:12
[INFO] [stdout]    |
[INFO] [stdout] 7  | impl Canvas {
[INFO] [stdout]    | ----------- method in this implementation
[INFO] [stdout] ...
[INFO] [stdout] 74 |     pub fn filled_rectangle(&mut self, point: Point, size: Size, color: Color) {
[INFO] [stdout]    |            ^^^^^^^^^^^^^^^^
[INFO] [stdout]    |
[INFO] [stdout]    = note: `#[warn(dead_code)]` on by default
[INFO] [stdout] 
[INFO] [stdout] 
[INFO] [stdout] warning: method `blocks` is never used
[INFO] [stdout]   --> src/canvas/tools.rs:44:12
[INFO] [stdout]    |
[INFO] [stdout] 9  | impl Canvas {
[INFO] [stdout]    | ----------- method in this implementation
[INFO] [stdout] ...
[INFO] [stdout] 44 |     pub fn blocks(&mut self, point: Point, color: Color, count: SIZE) {
[INFO] [stdout]    |            ^^^^^^
[INFO] [stdout] 
[INFO] [stdout] 
[INFO] [stdout] warning: field `input_field_color` is never read
[INFO] [stdout]   --> src/event.rs:21:9
[INFO] [stdout]    |
[INFO] [stdout] 14 | pub struct State {
[INFO] [stdout]    |            ----- field in this struct
[INFO] [stdout] ...
[INFO] [stdout] 21 |     pub input_field_color: Option<Color>,
[INFO] [stdout]    |         ^^^^^^^^^^^^^^^^^
[INFO] [stdout]    |
[INFO] [stdout]    = note: `State` has a derived impl for the trait `Clone`, but this is intentionally ignored during dead code analysis
[INFO] [stdout] 
[INFO] [stdout] 
[INFO] [stdout] warning: method `clear` is never used
[INFO] [stdout]   --> src/input.rs:57:12
[INFO] [stdout]    |
[INFO] [stdout] 16 | impl Field {
[INFO] [stdout]    | ---------- method in this implementation
[INFO] [stdout] ...
[INFO] [stdout] 57 |     pub fn clear(&mut self) {
[INFO] [stdout]    |            ^^^^^
[INFO] [stdout] 
[INFO] [stdout] 
[INFO] [stdout] warning: methods `enable_italic` and `disable_italic` are never used
[INFO] [stdout]    --> src/terminal/sys/other.rs:173:12
[INFO] [stdout]     |
[INFO] [stdout] 12  | impl Terminal {
[INFO] [stdout]     | ------------- methods in this implementation
[INFO] [stdout] ...
[INFO] [stdout] 173 |     pub fn enable_italic(&mut self) {
[INFO] [stdout]     |            ^^^^^^^^^^^^^
[INFO] [stdout] ...
[INFO] [stdout] 177 |     pub fn disable_italic(&mut self) {
[INFO] [stdout]     |            ^^^^^^^^^^^^^^
[INFO] [stdout] 
[INFO] [stdout] 
[INFO] [stdout] warning: struct `Range` is never constructed
[INFO] [stdout]   --> src/util.rs:30:8
[INFO] [stdout]    |
[INFO] [stdout] 30 | struct Range(ops::Range<SIZE>);
[INFO] [stdout]    |        ^^^^^
[INFO] [stdout] 
[INFO] [stdout] 
[INFO] [stderr]     Finished `test` profile [unoptimized + debuginfo] target(s) in 0.88s
[INFO] running `Command { std: "docker" "inspect" "6e72b5c383803865848deb86f828bf644695f5a53b94fdfafe397786be00bf21", kill_on_drop: false }`
[INFO] running `Command { std: "docker" "rm" "-f" "6e72b5c383803865848deb86f828bf644695f5a53b94fdfafe397786be00bf21", kill_on_drop: false }`
[INFO] [stdout] 6e72b5c383803865848deb86f828bf644695f5a53b94fdfafe397786be00bf21
[INFO] running `Command { std: "docker" "create" "-v" "/var/lib/crater-agent-workspace/builds/worker-4-tc2/target:/opt/rustwide/target:rw,Z" "-v" "/var/lib/crater-agent-workspace/builds/worker-4-tc2/source:/opt/rustwide/workdir:ro,Z" "-v" "/var/lib/crater-agent-workspace/cargo-home:/opt/rustwide/cargo-home:ro,Z" "-v" "/var/lib/crater-agent-workspace/rustup-home:/opt/rustwide/rustup-home:ro,Z" "-e" "SOURCE_DIR=/opt/rustwide/workdir" "-e" "CARGO_TARGET_DIR=/opt/rustwide/target" "-e" "CARGO_INCREMENTAL=0" "-e" "RUST_BACKTRACE=full" "-e" "RUSTFLAGS=--cap-lints=forbid -Zrandomize-layout" "-e" "RUSTDOCFLAGS=--cap-lints=forbid" "-e" "CARGO_HOME=/opt/rustwide/cargo-home" "-e" "RUSTUP_HOME=/opt/rustwide/rustup-home" "-w" "/opt/rustwide/workdir" "-m" "1610612736" "--user" "0:0" "--network" "none" "ghcr.io/rust-lang/crates-build-env/linux@sha256:819108c5571ea2e421544af4d832f968d213c87fbe3707a016657f43d2f853bc" "/opt/rustwide/cargo-home/bin/cargo" "+nightly-2025-01-18" "test" "--frozen", kill_on_drop: false }`
[INFO] [stdout] e108665671f7ca836c39ae3538b4f15aeb220dd6078bf81ad51378374d574d1e
[INFO] running `Command { std: "docker" "start" "-a" "e108665671f7ca836c39ae3538b4f15aeb220dd6078bf81ad51378374d574d1e", kill_on_drop: false }`
[INFO] [stderr] warning: unused import: `Size`
[INFO] [stderr]  --> src/event.rs:5:26
[INFO] [stderr]   |
[INFO] [stderr] 5 |     util::{Color, Point, Size},
[INFO] [stderr]   |                          ^^^^
[INFO] [stderr]   |
[INFO] [stderr]   = note: `#[warn(unused_imports)]` on by default
[INFO] [stderr] 
[INFO] [stderr] warning: unused import: `KeyEvent`
[INFO] [stderr]  --> src/event/key_movement.rs:3:37
[INFO] [stderr]   |
[INFO] [stderr] 3 | use crate::terminal::event::{Event, KeyEvent};
[INFO] [stderr]   |                                     ^^^^^^^^
[INFO] [stderr] 
[INFO] [stderr] warning: unreachable statement
[INFO] [stderr]    --> src/event.rs:189:21
[INFO] [stderr]     |
[INFO] [stderr] 187 |                       continue;
[INFO] [stderr]     |                       -------- any code following this expression is unreachable
[INFO] [stderr] 188 |
[INFO] [stderr] 189 | /                     for (index, secondary_cell) in secondary_canvas.cells.clone().iter().enumerate()
[INFO] [stderr] 190 | |                     {
[INFO] [stderr] 191 | |                         if secondary_cell.upper_block.is_some() {
[INFO] [stderr] 192 | |                             let primary_cell = &primary_canvas.cells[index];
[INFO] [stderr] ...   |
[INFO] [stderr] 205 | |                     }
[INFO] [stderr]     | |_____________________^ unreachable statement
[INFO] [stderr]     |
[INFO] [stderr]     = note: `#[warn(unreachable_code)]` on by default
[INFO] [stderr] 
[INFO] [stderr] warning: unused variable: `event`
[INFO] [stderr]  --> src/event/key_movement.rs:5:15
[INFO] [stderr]   |
[INFO] [stderr] 5 | pub fn handle(event: &Event) -> bool {
[INFO] [stderr]   |               ^^^^^ help: if this is intentional, prefix it with an underscore: `_event`
[INFO] [stderr]   |
[INFO] [stderr]   = note: `#[warn(unused_variables)]` on by default
[INFO] [stderr] 
[INFO] [stderr] warning: unused variable: `save_input_field`
[INFO] [stderr]   --> src/event.rs:44:13
[INFO] [stderr]    |
[INFO] [stderr] 44 |     let mut save_input_field: Option<crate::input::Field> = None;
[INFO] [stderr]    |             ^^^^^^^^^^^^^^^^ help: if this is intentional, prefix it with an underscore: `_save_input_field`
[INFO] [stderr] 
[INFO] [stderr] warning: variable does not need to be mutable
[INFO] [stderr]   --> src/event.rs:44:9
[INFO] [stderr]    |
[INFO] [stderr] 44 |     let mut save_input_field: Option<crate::input::Field> = None;
[INFO] [stderr]    |         ----^^^^^^^^^^^^^^^^
[INFO] [stderr]    |         |
[INFO] [stderr]    |         help: remove this `mut`
[INFO] [stderr]    |
[INFO] [stderr]    = note: `#[warn(unused_mut)]` on by default
[INFO] [stderr] 
[INFO] [stderr] warning: method `filled_rectangle` is never used
[INFO] [stderr]   --> src/canvas/shapes.rs:74:12
[INFO] [stderr]    |
[INFO] [stderr] 7  | impl Canvas {
[INFO] [stderr]    | ----------- method in this implementation
[INFO] [stderr] ...
[INFO] [stderr] 74 |     pub fn filled_rectangle(&mut self, point: Point, size: Size, color: Color) {
[INFO] [stderr]    |            ^^^^^^^^^^^^^^^^
[INFO] [stderr]    |
[INFO] [stderr]    = note: `#[warn(dead_code)]` on by default
[INFO] [stderr] 
[INFO] [stderr] warning: method `blocks` is never used
[INFO] [stderr]   --> src/canvas/tools.rs:44:12
[INFO] [stderr]    |
[INFO] [stderr] 9  | impl Canvas {
[INFO] [stderr]    | ----------- method in this implementation
[INFO] [stderr] ...
[INFO] [stderr] 44 |     pub fn blocks(&mut self, point: Point, color: Color, count: SIZE) {
[INFO] [stderr]    |            ^^^^^^
[INFO] [stderr] 
[INFO] [stderr] warning: field `input_field_color` is never read
[INFO] [stderr]   --> src/event.rs:21:9
[INFO] [stderr]    |
[INFO] [stderr] 14 | pub struct State {
[INFO] [stderr]    |            ----- field in this struct
[INFO] [stderr] ...
[INFO] [stderr] 21 |     pub input_field_color: Option<Color>,
[INFO] [stderr]    |         ^^^^^^^^^^^^^^^^^
[INFO] [stderr]    |
[INFO] [stderr]    = note: `State` has a derived impl for the trait `Clone`, but this is intentionally ignored during dead code analysis
[INFO] [stderr] 
[INFO] [stderr] warning: method `clear` is never used
[INFO] [stderr]   --> src/input.rs:57:12
[INFO] [stderr]    |
[INFO] [stderr] 16 | impl Field {
[INFO] [stderr]    | ---------- method in this implementation
[INFO] [stderr] ...
[INFO] [stderr] 57 |     pub fn clear(&mut self) {
[INFO] [stderr]    |            ^^^^^
[INFO] [stderr] 
[INFO] [stderr] warning: methods `enable_italic` and `disable_italic` are never used
[INFO] [stderr]    --> src/terminal/sys/other.rs:173:12
[INFO] [stderr]     |
[INFO] [stderr] 12  | impl Terminal {
[INFO] [stderr]     | ------------- methods in this implementation
[INFO] [stderr] ...
[INFO] [stderr] 173 |     pub fn enable_italic(&mut self) {
[INFO] [stderr]     |            ^^^^^^^^^^^^^
[INFO] [stderr] ...
[INFO] [stderr] 177 |     pub fn disable_italic(&mut self) {
[INFO] [stderr]     |            ^^^^^^^^^^^^^^
[INFO] [stderr] 
[INFO] [stderr] warning: struct `Range` is never constructed
[INFO] [stderr]   --> src/util.rs:30:8
[INFO] [stderr]    |
[INFO] [stderr] 30 | struct Range(ops::Range<SIZE>);
[INFO] [stderr]    |        ^^^^^
[INFO] [stderr] 
[INFO] [stderr] warning: `blockpaint` (bin "blockpaint" test) generated 12 warnings (run `cargo fix --bin "blockpaint" --tests` to apply 3 suggestions)
[INFO] [stderr]     Finished `test` profile [unoptimized + debuginfo] target(s) in 0.04s
[INFO] [stderr]      Running unittests src/main.rs (/opt/rustwide/target/debug/deps/blockpaint-da5e0a4fe2b646ac)
[INFO] [stdout] 
[INFO] [stdout] running 2 tests
[INFO] [stdout] test util::tests::test_parse_rgb_color ... ok
[INFO] [stdout] test canvas::tests::test_get_point ... FAILED
[INFO] [stdout] 
[INFO] [stdout] failures:
[INFO] [stdout] 
[INFO] [stdout] ---- canvas::tests::test_get_point stdout ----
[INFO] [stdout] 
[INFO] [stdout] thread 'canvas::tests::test_get_point' panicked at src/terminal/sys/other.rs:222:37:
[INFO] [stdout] retrieving terminal size failed: IoError(Os { code: 2, kind: NotFound, message: "No such file or directory" })
[INFO] [stdout] stack backtrace:
[INFO] [stdout]    0:     0x59ddd99f148a - std::backtrace_rs::backtrace::libunwind::trace::hb059275cfc8d6126
[INFO] [stdout]                                at /rustc/6067b36314ab5eb2eb47cecc464545ba58e1ad24/library/std/src/../../backtrace/src/backtrace/libunwind.rs:116:5
[INFO] [stdout]    1:     0x59ddd99f148a - std::backtrace_rs::backtrace::trace_unsynchronized::h2da071e4327ce3ee
[INFO] [stdout]                                at /rustc/6067b36314ab5eb2eb47cecc464545ba58e1ad24/library/std/src/../../backtrace/src/backtrace/mod.rs:66:5
[INFO] [stdout]    2:     0x59ddd99f148a - std::sys::backtrace::_print_fmt::h842a1474e6f8d23f
[INFO] [stdout]                                at /rustc/6067b36314ab5eb2eb47cecc464545ba58e1ad24/library/std/src/sys/backtrace.rs:66:9
[INFO] [stdout]    3:     0x59ddd99f148a - <std::sys::backtrace::BacktraceLock::print::DisplayBacktrace as core::fmt::Display>::fmt::h71a62eb3b9696b12
[INFO] [stdout]                                at /rustc/6067b36314ab5eb2eb47cecc464545ba58e1ad24/library/std/src/sys/backtrace.rs:39:26
[INFO] [stdout]    4:     0x59ddd9a18b53 - core::fmt::rt::Argument::fmt::hdb6b616786b41dc1
[INFO] [stdout]                                at /rustc/6067b36314ab5eb2eb47cecc464545ba58e1ad24/library/core/src/fmt/rt.rs:177:76
[INFO] [stdout]    5:     0x59ddd9a18b53 - core::fmt::write::h2cc1698af7e2d686
[INFO] [stdout]                                at /rustc/6067b36314ab5eb2eb47cecc464545ba58e1ad24/library/core/src/fmt/mod.rs:1440:21
[INFO] [stdout]    6:     0x59ddd99edfe3 - std::io::Write::write_fmt::hab1b4cd059a79022
[INFO] [stdout]                                at /rustc/6067b36314ab5eb2eb47cecc464545ba58e1ad24/library/std/src/io/mod.rs:1887:15
[INFO] [stdout]    7:     0x59ddd99f12d2 - std::sys::backtrace::BacktraceLock::print::h147fe35b4ea13b08
[INFO] [stdout]                                at /rustc/6067b36314ab5eb2eb47cecc464545ba58e1ad24/library/std/src/sys/backtrace.rs:42:9
[INFO] [stdout]    8:     0x59ddd99f28af - std::panicking::default_hook::{{closure}}::hbd44223dbdc0d208
[INFO] [stdout]                                at /rustc/6067b36314ab5eb2eb47cecc464545ba58e1ad24/library/std/src/panicking.rs:298:22
[INFO] [stdout]    9:     0x59ddd99f26c8 - std::panicking::default_hook::h20f81eb0576efcec
[INFO] [stdout]                                at /rustc/6067b36314ab5eb2eb47cecc464545ba58e1ad24/library/std/src/panicking.rs:322:9
[INFO] [stdout]   10:     0x59ddd99b38d3 - <alloc::boxed::Box<F,A> as core::ops::function::Fn<Args>>::call::hdb53814c496a4d34
[INFO] [stdout]                                at /rustc/6067b36314ab5eb2eb47cecc464545ba58e1ad24/library/alloc/src/boxed.rs:2027:9
[INFO] [stdout]   11:     0x59ddd99b38d3 - test::test_main::{{closure}}::hc0a4963c59427c24
[INFO] [stdout]                                at /rustc/6067b36314ab5eb2eb47cecc464545ba58e1ad24/library/test/src/lib.rs:134:21
[INFO] [stdout]   12:     0x59ddd99f33a3 - <alloc::boxed::Box<F,A> as core::ops::function::Fn<Args>>::call::h591b2225413a77e9
[INFO] [stdout]                                at /rustc/6067b36314ab5eb2eb47cecc464545ba58e1ad24/library/alloc/src/boxed.rs:2027:9
[INFO] [stdout]   13:     0x59ddd99f33a3 - std::panicking::rust_panic_with_hook::h625eea43051b2edc
[INFO] [stdout]                                at /rustc/6067b36314ab5eb2eb47cecc464545ba58e1ad24/library/std/src/panicking.rs:839:13
[INFO] [stdout]   14:     0x59ddd99f305a - std::panicking::begin_panic_handler::{{closure}}::h4f9159cfbc3f6bd3
[INFO] [stdout]                                at /rustc/6067b36314ab5eb2eb47cecc464545ba58e1ad24/library/std/src/panicking.rs:704:13
[INFO] [stdout]   15:     0x59ddd99f1989 - std::sys::backtrace::__rust_end_short_backtrace::h0390abce48353151
[INFO] [stdout]                                at /rustc/6067b36314ab5eb2eb47cecc464545ba58e1ad24/library/std/src/sys/backtrace.rs:168:18
[INFO] [stdout]   16:     0x59ddd99f2ced - rust_begin_unwind
[INFO] [stdout]                                at /rustc/6067b36314ab5eb2eb47cecc464545ba58e1ad24/library/std/src/panicking.rs:695:5
[INFO] [stdout]   17:     0x59ddd9a17600 - core::panicking::panic_fmt::h9e7c637e9e5f29c9
[INFO] [stdout]                                at /rustc/6067b36314ab5eb2eb47cecc464545ba58e1ad24/library/core/src/panicking.rs:75:14
[INFO] [stdout]   18:     0x59ddd9a179a6 - core::result::unwrap_failed::h7979f09313fe1849
[INFO] [stdout]                                at /rustc/6067b36314ab5eb2eb47cecc464545ba58e1ad24/library/core/src/result.rs:1704:5
[INFO] [stdout]   19:     0x59ddd9974f4c - core::result::Result<T,E>::expect::h30f53e6954726b56
[INFO] [stdout]                                at /rustc/6067b36314ab5eb2eb47cecc464545ba58e1ad24/library/core/src/result.rs:1061:23
[INFO] [stdout]   20:     0x59ddd9977022 - blockpaint::terminal::sys::other::<impl blockpaint::terminal::Terminal>::size::h07e1398b2602eb52
[INFO] [stdout]                                at /opt/rustwide/workdir/src/terminal/sys/other.rs:222:20
[INFO] [stdout]   21:     0x59ddd997705d - blockpaint::terminal::Terminal::new::h70c44050cc9fc098
[INFO] [stdout]                                at /opt/rustwide/workdir/src/terminal.rs:29:19
[INFO] [stdout]   22:     0x59ddd997681e - blockpaint::canvas::Canvas::new::h4e3ffc3e74b2bd38
[INFO] [stdout]                                at /opt/rustwide/workdir/src/canvas.rs:28:23
[INFO] [stdout]   23:     0x59ddd9977e46 - blockpaint::canvas::tests::test_get_point::h6f65288e1db16cfa
[INFO] [stdout]                                at /opt/rustwide/workdir/src/canvas.rs:138:26
[INFO] [stdout]   24:     0x59ddd9977e17 - blockpaint::canvas::tests::test_get_point::{{closure}}::hb9762784ab590fc3
[INFO] [stdout]                                at /opt/rustwide/workdir/src/canvas.rs:137:24
[INFO] [stdout]   25:     0x59ddd9973f86 - core::ops::function::FnOnce::call_once::h5858deaac5792bb3
[INFO] [stdout]                                at /rustc/6067b36314ab5eb2eb47cecc464545ba58e1ad24/library/core/src/ops/function.rs:250:5
[INFO] [stdout]   26:     0x59ddd99b902b - core::ops::function::FnOnce::call_once::he27718dfdd183f43
[INFO] [stdout]                                at /rustc/6067b36314ab5eb2eb47cecc464545ba58e1ad24/library/core/src/ops/function.rs:250:5
[INFO] [stdout]   27:     0x59ddd99b902b - test::__rust_begin_short_backtrace::h4e84902998457a5d
[INFO] [stdout]                                at /rustc/6067b36314ab5eb2eb47cecc464545ba58e1ad24/library/test/src/lib.rs:632:18
[INFO] [stdout]   28:     0x59ddd99b7f63 - test::run_test_in_process::{{closure}}::h7176fd18fc1feca0
[INFO] [stdout]                                at /rustc/6067b36314ab5eb2eb47cecc464545ba58e1ad24/library/test/src/lib.rs:655:60
[INFO] [stdout]   29:     0x59ddd99b7f63 - <core::panic::unwind_safe::AssertUnwindSafe<F> as core::ops::function::FnOnce<()>>::call_once::hf79cff2a624d8cf7
[INFO] [stdout]                                at /rustc/6067b36314ab5eb2eb47cecc464545ba58e1ad24/library/core/src/panic/unwind_safe.rs:272:9
[INFO] [stdout]   30:     0x59ddd99b7f63 - std::panicking::try::do_call::h3da0561d9ab99c25
[INFO] [stdout]                                at /rustc/6067b36314ab5eb2eb47cecc464545ba58e1ad24/library/std/src/panicking.rs:587:40
[INFO] [stdout]   31:     0x59ddd99b7f63 - std::panicking::try::h41c9fa508bc61df6
[INFO] [stdout]                                at /rustc/6067b36314ab5eb2eb47cecc464545ba58e1ad24/library/std/src/panicking.rs:550:19
[INFO] [stdout]   32:     0x59ddd99b7f63 - std::panic::catch_unwind::h6b3ff07bb5afad93
[INFO] [stdout]                                at /rustc/6067b36314ab5eb2eb47cecc464545ba58e1ad24/library/std/src/panic.rs:358:14
[INFO] [stdout]   33:     0x59ddd99b7f63 - test::run_test_in_process::hc7253dd11b39b9f4
[INFO] [stdout]                                at /rustc/6067b36314ab5eb2eb47cecc464545ba58e1ad24/library/test/src/lib.rs:655:27
[INFO] [stdout]   34:     0x59ddd99b7f63 - test::run_test::{{closure}}::hfb2007f8649c30bb
[INFO] [stdout]                                at /rustc/6067b36314ab5eb2eb47cecc464545ba58e1ad24/library/test/src/lib.rs:576:43
[INFO] [stdout]   35:     0x59ddd997b045 - test::run_test::{{closure}}::h56a17aa7a282a9f4
[INFO] [stdout]                                at /rustc/6067b36314ab5eb2eb47cecc464545ba58e1ad24/library/test/src/lib.rs:606:41
[INFO] [stdout]   36:     0x59ddd997b045 - std::sys::backtrace::__rust_begin_short_backtrace::hd2d2d2fb8e8c6aac
[INFO] [stdout]                                at /rustc/6067b36314ab5eb2eb47cecc464545ba58e1ad24/library/std/src/sys/backtrace.rs:152:18
[INFO] [stdout]   37:     0x59ddd997e92a - std::thread::Builder::spawn_unchecked_::{{closure}}::{{closure}}::h4faa3f9db6133423
[INFO] [stdout]                                at /rustc/6067b36314ab5eb2eb47cecc464545ba58e1ad24/library/std/src/thread/mod.rs:559:17
[INFO] [stdout]   38:     0x59ddd997e92a - <core::panic::unwind_safe::AssertUnwindSafe<F> as core::ops::function::FnOnce<()>>::call_once::hf2e855a36a4ea846
[INFO] [stdout]                                at /rustc/6067b36314ab5eb2eb47cecc464545ba58e1ad24/library/core/src/panic/unwind_safe.rs:272:9
[INFO] [stdout]   39:     0x59ddd997e92a - std::panicking::try::do_call::h2f73af3616c35465
[INFO] [stdout]                                at /rustc/6067b36314ab5eb2eb47cecc464545ba58e1ad24/library/std/src/panicking.rs:587:40
[INFO] [stdout]   40:     0x59ddd997e92a - std::panicking::try::hd1660ce9efadef5a
[INFO] [stdout]                                at /rustc/6067b36314ab5eb2eb47cecc464545ba58e1ad24/library/std/src/panicking.rs:550:19
[INFO] [stdout]   41:     0x59ddd997e92a - std::panic::catch_unwind::h5ee8d7823b8ca744
[INFO] [stdout]                                at /rustc/6067b36314ab5eb2eb47cecc464545ba58e1ad24/library/std/src/panic.rs:358:14
[INFO] [stdout]   42:     0x59ddd997e92a - std::thread::Builder::spawn_unchecked_::{{closure}}::h53c3a1894dce8407
[INFO] [stdout]                                at /rustc/6067b36314ab5eb2eb47cecc464545ba58e1ad24/library/std/src/thread/mod.rs:557:30
[INFO] [stdout]   43:     0x59ddd997e92a - core::ops::function::FnOnce::call_once{{vtable.shim}}::h048ce291ad4f62bf
[INFO] [stdout]                                at /rustc/6067b36314ab5eb2eb47cecc464545ba58e1ad24/library/core/src/ops/function.rs:250:5
[INFO] [stdout]   44:     0x59ddd99f742b - <alloc::boxed::Box<F,A> as core::ops::function::FnOnce<Args>>::call_once::ha52bedf99a3b4981
[INFO] [stdout]                                at /rustc/6067b36314ab5eb2eb47cecc464545ba58e1ad24/library/alloc/src/boxed.rs:2013:9
[INFO] [stdout]   45:     0x59ddd99f742b - <alloc::boxed::Box<F,A> as core::ops::function::FnOnce<Args>>::call_once::h567748934d80ccf8
[INFO] [stdout]                                at /rustc/6067b36314ab5eb2eb47cecc464545ba58e1ad24/library/alloc/src/boxed.rs:2013:9
[INFO] [stdout]   46:     0x59ddd99f742b - std::sys::pal::unix::thread::Thread::new::thread_start::h2d970728ae887adc
[INFO] [stdout]                                at /rustc/6067b36314ab5eb2eb47cecc464545ba58e1ad24/library/std/src/sys/pal/unix/thread.rs:106:17
[INFO] [stdout]   47:     0x7c7435a61ac3 - <unknown>
[INFO] [stdout]   48:     0x7c7435af2a04 - clone
[INFO] [stdout]   49:                0x0 - <unknown>
[INFO] [stdout] 
[INFO] [stdout] 
[INFO] [stdout] failures:
[INFO] [stdout]     canvas::tests::test_get_point
[INFO] [stdout] 
[INFO] [stdout] test result: FAILED. 1 passed; 1 failed; 0 ignored; 0 measured; 0 filtered out; finished in 0.05s
[INFO] [stdout] 
[INFO] [stderr] error: test failed, to rerun pass `--bin blockpaint`
[INFO] running `Command { std: "docker" "inspect" "e108665671f7ca836c39ae3538b4f15aeb220dd6078bf81ad51378374d574d1e", kill_on_drop: false }`
[INFO] running `Command { std: "docker" "rm" "-f" "e108665671f7ca836c39ae3538b4f15aeb220dd6078bf81ad51378374d574d1e", kill_on_drop: false }`
[INFO] [stdout] e108665671f7ca836c39ae3538b4f15aeb220dd6078bf81ad51378374d574d1e
