[INFO] cloning repository https://github.com/quasi-coherent/derrick
[INFO] running `Command { std: "git" "-c" "credential.helper=" "-c" "credential.helper=/workspace/cargo-home/bin/git-credential-null" "clone" "--bare" "https://github.com/quasi-coherent/derrick" "/workspace/cache/git-repos/https%3A%2F%2Fgithub.com%2Fquasi-coherent%2Fderrick", kill_on_drop: false }`
[INFO] [stderr] Cloning into bare repository '/workspace/cache/git-repos/https%3A%2F%2Fgithub.com%2Fquasi-coherent%2Fderrick'...
[INFO] running `Command { std: "git" "rev-parse" "HEAD", kill_on_drop: false }`
[INFO] [stdout] d61f5cdd6d882cf7b244c4dc440aa204a1d00151
[INFO] testing quasi-coherent/derrick against nightly-2025-01-18 for randomize-layout-2
[INFO] running `Command { std: "git" "clone" "/workspace/cache/git-repos/https%3A%2F%2Fgithub.com%2Fquasi-coherent%2Fderrick" "/workspace/builds/worker-7-tc1/source", kill_on_drop: false }`
[INFO] [stderr] Cloning into '/workspace/builds/worker-7-tc1/source'...
[INFO] [stderr] done.
[INFO] validating manifest of git repo https://github.com/quasi-coherent/derrick on toolchain nightly-2025-01-18
[INFO] running `Command { std: CARGO_HOME="/workspace/cargo-home" RUSTUP_HOME="/workspace/rustup-home" "/workspace/cargo-home/bin/cargo" "+nightly-2025-01-18" "metadata" "--manifest-path" "Cargo.toml" "--no-deps", kill_on_drop: false }`
[INFO] started tweaking git repo https://github.com/quasi-coherent/derrick
[INFO] finished tweaking git repo https://github.com/quasi-coherent/derrick
[INFO] tweaked toml for git repo https://github.com/quasi-coherent/derrick written to /workspace/builds/worker-7-tc1/source/Cargo.toml
[INFO] crate git repo https://github.com/quasi-coherent/derrick already has a lockfile, it will not be regenerated
[INFO] running `Command { std: CARGO_HOME="/workspace/cargo-home" RUSTUP_HOME="/workspace/rustup-home" "/workspace/cargo-home/bin/cargo" "+nightly-2025-01-18" "fetch" "--manifest-path" "Cargo.toml", kill_on_drop: false }`
[INFO] [stderr]     Blocking waiting for file lock on package cache
[INFO] [stderr]  Downloading crates ...
[INFO] [stderr]   Downloaded thiserror-impl v2.0.10
[INFO] [stderr]   Downloaded thiserror v2.0.10
[INFO] running `Command { std: "docker" "create" "-v" "/var/lib/crater-agent-workspace/builds/worker-7-tc1/target:/opt/rustwide/target:rw,Z" "-v" "/var/lib/crater-agent-workspace/builds/worker-7-tc1/source:/opt/rustwide/workdir:ro,Z" "-v" "/var/lib/crater-agent-workspace/cargo-home:/opt/rustwide/cargo-home:ro,Z" "-v" "/var/lib/crater-agent-workspace/rustup-home:/opt/rustwide/rustup-home:ro,Z" "-e" "SOURCE_DIR=/opt/rustwide/workdir" "-e" "CARGO_TARGET_DIR=/opt/rustwide/target" "-e" "CARGO_HOME=/opt/rustwide/cargo-home" "-e" "RUSTUP_HOME=/opt/rustwide/rustup-home" "-w" "/opt/rustwide/workdir" "-m" "1610612736" "--user" "0:0" "--network" "none" "ghcr.io/rust-lang/crates-build-env/linux@sha256:819108c5571ea2e421544af4d832f968d213c87fbe3707a016657f43d2f853bc" "/opt/rustwide/cargo-home/bin/cargo" "+nightly-2025-01-18" "metadata" "--no-deps" "--format-version=1", kill_on_drop: false }`
[INFO] [stdout] d27d5845dcc32a31e3c5bb34508a72eb0b18dc048e0e7865fc2fefd45ea2272f
[INFO] running `Command { std: "docker" "start" "-a" "d27d5845dcc32a31e3c5bb34508a72eb0b18dc048e0e7865fc2fefd45ea2272f", kill_on_drop: false }`
[INFO] running `Command { std: "docker" "inspect" "d27d5845dcc32a31e3c5bb34508a72eb0b18dc048e0e7865fc2fefd45ea2272f", kill_on_drop: false }`
[INFO] running `Command { std: "docker" "rm" "-f" "d27d5845dcc32a31e3c5bb34508a72eb0b18dc048e0e7865fc2fefd45ea2272f", kill_on_drop: false }`
[INFO] [stdout] d27d5845dcc32a31e3c5bb34508a72eb0b18dc048e0e7865fc2fefd45ea2272f
[INFO] running `Command { std: "docker" "create" "-v" "/var/lib/crater-agent-workspace/builds/worker-7-tc1/target:/opt/rustwide/target:rw,Z" "-v" "/var/lib/crater-agent-workspace/builds/worker-7-tc1/source:/opt/rustwide/workdir:ro,Z" "-v" "/var/lib/crater-agent-workspace/cargo-home:/opt/rustwide/cargo-home:ro,Z" "-v" "/var/lib/crater-agent-workspace/rustup-home:/opt/rustwide/rustup-home:ro,Z" "-e" "SOURCE_DIR=/opt/rustwide/workdir" "-e" "CARGO_TARGET_DIR=/opt/rustwide/target" "-e" "CARGO_INCREMENTAL=0" "-e" "RUST_BACKTRACE=full" "-e" "RUSTFLAGS=--cap-lints=forbid" "-e" "RUSTDOCFLAGS=--cap-lints=forbid" "-e" "CARGO_HOME=/opt/rustwide/cargo-home" "-e" "RUSTUP_HOME=/opt/rustwide/rustup-home" "-w" "/opt/rustwide/workdir" "-m" "1610612736" "--user" "0:0" "--network" "none" "ghcr.io/rust-lang/crates-build-env/linux@sha256:819108c5571ea2e421544af4d832f968d213c87fbe3707a016657f43d2f853bc" "/opt/rustwide/cargo-home/bin/cargo" "+nightly-2025-01-18" "build" "--frozen" "--message-format=json", kill_on_drop: false }`
[INFO] [stdout] 9a86e9f878301551ccab0d6559e24b48b0eddd3405532dc677af722b4557566c
[INFO] running `Command { std: "docker" "start" "-a" "9a86e9f878301551ccab0d6559e24b48b0eddd3405532dc677af722b4557566c", kill_on_drop: false }`
[INFO] [stderr]    Compiling proc-macro2 v1.0.92
[INFO] [stderr]    Compiling unicode-ident v1.0.14
[INFO] [stderr]    Compiling utf8parse v0.2.2
[INFO] [stderr]    Compiling memchr v2.7.4
[INFO] [stderr]    Compiling anstyle-query v1.1.2
[INFO] [stderr]    Compiling colorchoice v1.0.3
[INFO] [stderr]    Compiling regex-syntax v0.8.5
[INFO] [stderr]    Compiling thiserror v1.0.69
[INFO] [stderr]    Compiling libc v0.2.169
[INFO] [stderr]    Compiling is_terminal_polyfill v1.70.1
[INFO] [stderr]    Compiling anstyle v1.0.10
[INFO] [stderr]    Compiling strsim v0.11.1
[INFO] [stderr]    Compiling clap_lex v0.7.4
[INFO] [stderr]    Compiling anyhow v1.0.95
[INFO] [stderr]    Compiling unicode-width v0.2.0
[INFO] [stderr]    Compiling chrono v0.4.39
[INFO] [stderr]    Compiling log v0.4.22
[INFO] [stderr]    Compiling anstyle-parse v0.2.6
[INFO] [stderr]    Compiling once_cell v1.20.2
[INFO] [stderr]    Compiling futures-core v0.3.31
[INFO] [stderr]    Compiling anstream v0.6.18
[INFO] [stderr]    Compiling clap_builder v4.5.24
[INFO] [stderr]    Compiling aho-corasick v1.1.3
[INFO] [stderr]    Compiling quote v1.0.38
[INFO] [stderr]    Compiling console v0.15.10
[INFO] [stderr]    Compiling syn v2.0.95
[INFO] [stderr]    Compiling regex-automata v0.4.9
[INFO] [stderr]    Compiling thiserror-impl v1.0.69
[INFO] [stderr]    Compiling clap_derive v4.5.24
[INFO] [stderr]    Compiling regex v1.11.1
[INFO] [stderr]    Compiling tern-core v2.0.0 (/opt/rustwide/workdir/tern-core)
[INFO] [stderr]    Compiling clap v4.5.24
[INFO] [stderr]    Compiling tern-cli v2.0.0 (/opt/rustwide/workdir/tern-cli)
[INFO] [stderr]    Compiling tern-derive v2.0.0 (/opt/rustwide/workdir/tern-derive)
[INFO] [stderr]     Finished `dev` profile [unoptimized + debuginfo] target(s) in 19.10s
[INFO] running `Command { std: "docker" "inspect" "9a86e9f878301551ccab0d6559e24b48b0eddd3405532dc677af722b4557566c", kill_on_drop: false }`
[INFO] running `Command { std: "docker" "rm" "-f" "9a86e9f878301551ccab0d6559e24b48b0eddd3405532dc677af722b4557566c", kill_on_drop: false }`
[INFO] [stdout] 9a86e9f878301551ccab0d6559e24b48b0eddd3405532dc677af722b4557566c
[INFO] running `Command { std: "docker" "create" "-v" "/var/lib/crater-agent-workspace/builds/worker-7-tc1/target:/opt/rustwide/target:rw,Z" "-v" "/var/lib/crater-agent-workspace/builds/worker-7-tc1/source:/opt/rustwide/workdir:ro,Z" "-v" "/var/lib/crater-agent-workspace/cargo-home:/opt/rustwide/cargo-home:ro,Z" "-v" "/var/lib/crater-agent-workspace/rustup-home:/opt/rustwide/rustup-home:ro,Z" "-e" "SOURCE_DIR=/opt/rustwide/workdir" "-e" "CARGO_TARGET_DIR=/opt/rustwide/target" "-e" "CARGO_INCREMENTAL=0" "-e" "RUST_BACKTRACE=full" "-e" "RUSTFLAGS=--cap-lints=forbid" "-e" "RUSTDOCFLAGS=--cap-lints=forbid" "-e" "CARGO_HOME=/opt/rustwide/cargo-home" "-e" "RUSTUP_HOME=/opt/rustwide/rustup-home" "-w" "/opt/rustwide/workdir" "-m" "1610612736" "--user" "0:0" "--network" "none" "ghcr.io/rust-lang/crates-build-env/linux@sha256:819108c5571ea2e421544af4d832f968d213c87fbe3707a016657f43d2f853bc" "/opt/rustwide/cargo-home/bin/cargo" "+nightly-2025-01-18" "test" "--frozen" "--no-run" "--message-format=json", kill_on_drop: false }`
[INFO] [stdout] f928ca1255cd202813a122df703eb6a4ce5007c478d6062a480f12d36f3e1c31
[INFO] running `Command { std: "docker" "start" "-a" "f928ca1255cd202813a122df703eb6a4ce5007c478d6062a480f12d36f3e1c31", kill_on_drop: false }`
[INFO] [stderr]    Compiling tern-derive v2.0.0 (/opt/rustwide/workdir/tern-derive)
[INFO] [stderr]    Compiling tern-cli v2.0.0 (/opt/rustwide/workdir/tern-cli)
[INFO] [stderr]    Compiling tern-core v2.0.0 (/opt/rustwide/workdir/tern-core)
[INFO] [stderr]     Finished `test` profile [unoptimized + debuginfo] target(s) in 1.47s
[INFO] running `Command { std: "docker" "inspect" "f928ca1255cd202813a122df703eb6a4ce5007c478d6062a480f12d36f3e1c31", kill_on_drop: false }`
[INFO] running `Command { std: "docker" "rm" "-f" "f928ca1255cd202813a122df703eb6a4ce5007c478d6062a480f12d36f3e1c31", kill_on_drop: false }`
[INFO] [stdout] f928ca1255cd202813a122df703eb6a4ce5007c478d6062a480f12d36f3e1c31
[INFO] running `Command { std: "docker" "create" "-v" "/var/lib/crater-agent-workspace/builds/worker-7-tc1/target:/opt/rustwide/target:rw,Z" "-v" "/var/lib/crater-agent-workspace/builds/worker-7-tc1/source:/opt/rustwide/workdir:ro,Z" "-v" "/var/lib/crater-agent-workspace/cargo-home:/opt/rustwide/cargo-home:ro,Z" "-v" "/var/lib/crater-agent-workspace/rustup-home:/opt/rustwide/rustup-home:ro,Z" "-e" "SOURCE_DIR=/opt/rustwide/workdir" "-e" "CARGO_TARGET_DIR=/opt/rustwide/target" "-e" "CARGO_INCREMENTAL=0" "-e" "RUST_BACKTRACE=full" "-e" "RUSTFLAGS=--cap-lints=forbid" "-e" "RUSTDOCFLAGS=--cap-lints=forbid" "-e" "CARGO_HOME=/opt/rustwide/cargo-home" "-e" "RUSTUP_HOME=/opt/rustwide/rustup-home" "-w" "/opt/rustwide/workdir" "-m" "1610612736" "--user" "0:0" "--network" "none" "ghcr.io/rust-lang/crates-build-env/linux@sha256:819108c5571ea2e421544af4d832f968d213c87fbe3707a016657f43d2f853bc" "/opt/rustwide/cargo-home/bin/cargo" "+nightly-2025-01-18" "test" "--frozen", kill_on_drop: false }`
[INFO] [stdout] 729c44e8ebf6bf9619afb512c3893a01ecad3ca3342506cf79ea7191f82376dc
[INFO] running `Command { std: "docker" "start" "-a" "729c44e8ebf6bf9619afb512c3893a01ecad3ca3342506cf79ea7191f82376dc", kill_on_drop: false }`
[INFO] [stderr]     Finished `test` profile [unoptimized + debuginfo] target(s) in 0.12s
[INFO] [stderr]      Running unittests src/lib.rs (/opt/rustwide/target/debug/deps/tern_cli-02fe4ce4dcbc0c39)
[INFO] [stdout] 
[INFO] [stdout] running 0 tests
[INFO] [stdout] 
[INFO] [stdout] test result: ok. 0 passed; 0 failed; 0 ignored; 0 measured; 0 filtered out; finished in 0.00s
[INFO] [stdout] 
[INFO] [stderr]      Running unittests src/lib.rs (/opt/rustwide/target/debug/deps/tern_core-58c8b3eefa3dce63)
[INFO] [stderr]      Running unittests src/lib.rs (/opt/rustwide/target/debug/deps/tern_derive-fa5a6b08364b1003)
[INFO] [stdout] 
[INFO] [stdout] running 0 tests
[INFO] [stdout] 
[INFO] [stdout] test result: ok. 0 passed; 0 failed; 0 ignored; 0 measured; 0 filtered out; finished in 0.00s
[INFO] [stdout] 
[INFO] [stdout] 
[INFO] [stdout] running 0 tests
[INFO] [stdout] 
[INFO] [stdout] test result: ok. 0 passed; 0 failed; 0 ignored; 0 measured; 0 filtered out; finished in 0.00s
[INFO] [stdout] 
[INFO] [stderr]    Doc-tests tern_cli
[INFO] [stdout] 
[INFO] [stdout] running 0 tests
[INFO] [stdout] 
[INFO] [stdout] test result: ok. 0 passed; 0 failed; 0 ignored; 0 measured; 0 filtered out; finished in 0.00s
[INFO] [stdout] 
[INFO] [stderr]    Doc-tests tern_core
[INFO] [stdout] 
[INFO] [stdout] running 0 tests
[INFO] [stdout] 
[INFO] [stdout] test result: ok. 0 passed; 0 failed; 0 ignored; 0 measured; 0 filtered out; finished in 0.00s
[INFO] [stdout] 
[INFO] [stderr]    Doc-tests tern_derive
[INFO] [stdout] 
[INFO] [stdout] running 3 tests
[INFO] [stdout] test tern-derive/src/lib.rs - migration_source (line 87) - compile ... FAILED
[INFO] [stdout] test tern-derive/src/lib.rs - migration_context (line 49) - compile ... FAILED
[INFO] [stdout] test tern-derive/src/lib.rs - migration (line 15) - compile ... FAILED
[INFO] [stdout] 
[INFO] [stdout] failures:
[INFO] [stdout] 
[INFO] [stdout] ---- tern-derive/src/lib.rs - migration_source (line 87) stdout ----
[INFO] [stdout] error[E0432]: unresolved import `tern`
[INFO] [stdout]  --> tern-derive/src/lib.rs:88:5
[INFO] [stdout]   |
[INFO] [stdout] 3 | use tern::{SqlxPgExecutor, MigrationSource};
[INFO] [stdout]   |     ^^^^ use of undeclared crate or module `tern`
[INFO] [stdout] 
[INFO] [stdout] error: cannot find attribute `tern` in this scope
[INFO] [stdout]  --> tern-derive/src/lib.rs:91:3
[INFO] [stdout]   |
[INFO] [stdout] 6 | #[tern(source = "src/migrations", table = "_my_migrations_history")]
[INFO] [stdout]   |   ^^^^
[INFO] [stdout] 
[INFO] [stdout] error: cannot find attribute `tern` in this scope
[INFO] [stdout]  --> tern-derive/src/lib.rs:93:7
[INFO] [stdout]   |
[INFO] [stdout] 8 |     #[tern(executor_via)]
[INFO] [stdout]   |       ^^^^
[INFO] [stdout] 
[INFO] [stdout] error: aborting due to 3 previous errors
[INFO] [stdout] 
[INFO] [stdout] For more information about this error, try `rustc --explain E0432`.
[INFO] [stdout] Couldn't compile the test.
[INFO] [stdout] ---- tern-derive/src/lib.rs - migration_context (line 49) stdout ----
[INFO] [stdout] error[E0432]: unresolved import `tern`
[INFO] [stdout]  --> tern-derive/src/lib.rs:50:5
[INFO] [stdout]   |
[INFO] [stdout] 3 | use tern::{SqlxPgExecutor, MigrationContext};
[INFO] [stdout]   |     ^^^^ use of undeclared crate or module `tern`
[INFO] [stdout] 
[INFO] [stdout] error: cannot find attribute `tern` in this scope
[INFO] [stdout]  --> tern-derive/src/lib.rs:54:7
[INFO] [stdout]   |
[INFO] [stdout] 7 |     #[tern(executor_via)]
[INFO] [stdout]   |       ^^^^
[INFO] [stdout] 
[INFO] [stdout] error: aborting due to 2 previous errors
[INFO] [stdout] 
[INFO] [stdout] For more information about this error, try `rustc --explain E0432`.
[INFO] [stdout] Couldn't compile the test.
[INFO] [stdout] ---- tern-derive/src/lib.rs - migration (line 15) stdout ----
[INFO] [stdout] error[E0432]: unresolved import `tern`
[INFO] [stdout]  --> tern-derive/src/lib.rs:16:5
[INFO] [stdout]   |
[INFO] [stdout] 3 | use tern::Migration;
[INFO] [stdout]   |     ^^^^ use of undeclared crate or module `tern`
[INFO] [stdout] 
[INFO] [stdout] error: cannot find attribute `tern` in this scope
[INFO] [stdout]  --> tern-derive/src/lib.rs:20:3
[INFO] [stdout]   |
[INFO] [stdout] 7 | #[tern(no_transaction)]
[INFO] [stdout]   |   ^^^^
[INFO] [stdout] 
[INFO] [stdout] error: aborting due to 2 previous errors
[INFO] [stdout] 
[INFO] [stdout] For more information about this error, try `rustc --explain E0432`.
[INFO] [stdout] Couldn't compile the test.
[INFO] [stdout] 
[INFO] [stdout] failures:
[INFO] [stdout]     tern-derive/src/lib.rs - migration (line 15)
[INFO] [stdout]     tern-derive/src/lib.rs - migration_context (line 49)
[INFO] [stdout]     tern-derive/src/lib.rs - migration_source (line 87)
[INFO] [stdout] 
[INFO] [stdout] test result: FAILED. 0 passed; 3 failed; 0 ignored; 0 measured; 0 filtered out; finished in 0.12s
[INFO] [stdout] 
[INFO] [stderr] error: doctest failed, to rerun pass `-p tern-derive --doc`
[INFO] running `Command { std: "docker" "inspect" "729c44e8ebf6bf9619afb512c3893a01ecad3ca3342506cf79ea7191f82376dc", kill_on_drop: false }`
[INFO] running `Command { std: "docker" "rm" "-f" "729c44e8ebf6bf9619afb512c3893a01ecad3ca3342506cf79ea7191f82376dc", kill_on_drop: false }`
[INFO] [stdout] 729c44e8ebf6bf9619afb512c3893a01ecad3ca3342506cf79ea7191f82376dc
