[INFO] cloning repository https://github.com/qisanyijiu/kvs
[INFO] running `Command { std: "git" "-c" "credential.helper=" "-c" "credential.helper=/workspace/cargo-home/bin/git-credential-null" "clone" "--bare" "https://github.com/qisanyijiu/kvs" "/workspace/cache/git-repos/https%3A%2F%2Fgithub.com%2Fqisanyijiu%2Fkvs", kill_on_drop: false }`
[INFO] [stderr] Cloning into bare repository '/workspace/cache/git-repos/https%3A%2F%2Fgithub.com%2Fqisanyijiu%2Fkvs'...
[INFO] running `Command { std: "git" "rev-parse" "HEAD", kill_on_drop: false }`
[INFO] [stdout] 711e05357d42b1bc3ccae767a9a378df8f1b6e12
[INFO] testing qisanyijiu/kvs against nightly-2025-01-18 for randomize-layout-2
[INFO] running `Command { std: "git" "clone" "/workspace/cache/git-repos/https%3A%2F%2Fgithub.com%2Fqisanyijiu%2Fkvs" "/workspace/builds/worker-0-tc1/source", kill_on_drop: false }`
[INFO] [stderr] Cloning into '/workspace/builds/worker-0-tc1/source'...
[INFO] [stderr] done.
[INFO] validating manifest of git repo https://github.com/qisanyijiu/kvs on toolchain nightly-2025-01-18
[INFO] running `Command { std: CARGO_HOME="/workspace/cargo-home" RUSTUP_HOME="/workspace/rustup-home" "/workspace/cargo-home/bin/cargo" "+nightly-2025-01-18" "metadata" "--manifest-path" "Cargo.toml" "--no-deps", kill_on_drop: false }`
[INFO] started tweaking git repo https://github.com/qisanyijiu/kvs
[INFO] finished tweaking git repo https://github.com/qisanyijiu/kvs
[INFO] tweaked toml for git repo https://github.com/qisanyijiu/kvs written to /workspace/builds/worker-0-tc1/source/Cargo.toml
[INFO] crate git repo https://github.com/qisanyijiu/kvs already has a lockfile, it will not be regenerated
[INFO] running `Command { std: CARGO_HOME="/workspace/cargo-home" RUSTUP_HOME="/workspace/rustup-home" "/workspace/cargo-home/bin/cargo" "+nightly-2025-01-18" "fetch" "--manifest-path" "Cargo.toml", kill_on_drop: false }`
[INFO] [stderr]     Updating crates.io index
[INFO] [stderr]  Downloading crates ...
[INFO] [stderr]   Downloaded serde_bytes v0.10.5
[INFO] [stderr]   Downloaded panic-control v0.1.4
[INFO] [stderr]   Downloaded tokio-serde v0.3.0
[INFO] [stderr]   Downloaded sled v0.22.1
[INFO] [stderr]   Downloaded historian v4.0.4
[INFO] [stderr]   Downloaded pagecache v0.15.0
[INFO] [stderr]   Downloaded tokio-serde-json v0.2.0
[INFO] running `Command { std: "docker" "create" "-v" "/var/lib/crater-agent-workspace/builds/worker-0-tc1/target:/opt/rustwide/target:rw,Z" "-v" "/var/lib/crater-agent-workspace/builds/worker-0-tc1/source:/opt/rustwide/workdir:ro,Z" "-v" "/var/lib/crater-agent-workspace/cargo-home:/opt/rustwide/cargo-home:ro,Z" "-v" "/var/lib/crater-agent-workspace/rustup-home:/opt/rustwide/rustup-home:ro,Z" "-e" "SOURCE_DIR=/opt/rustwide/workdir" "-e" "CARGO_TARGET_DIR=/opt/rustwide/target" "-e" "CARGO_HOME=/opt/rustwide/cargo-home" "-e" "RUSTUP_HOME=/opt/rustwide/rustup-home" "-w" "/opt/rustwide/workdir" "-m" "1610612736" "--user" "0:0" "--network" "none" "ghcr.io/rust-lang/crates-build-env/linux@sha256:819108c5571ea2e421544af4d832f968d213c87fbe3707a016657f43d2f853bc" "/opt/rustwide/cargo-home/bin/cargo" "+nightly-2025-01-18" "metadata" "--no-deps" "--format-version=1", kill_on_drop: false }`
[INFO] [stdout] d43c222283cabe3c3667fc0008b7504e0388d6ecdda6eb40426c9f55f786cfbc
[INFO] running `Command { std: "docker" "start" "-a" "d43c222283cabe3c3667fc0008b7504e0388d6ecdda6eb40426c9f55f786cfbc", kill_on_drop: false }`
[INFO] running `Command { std: "docker" "inspect" "d43c222283cabe3c3667fc0008b7504e0388d6ecdda6eb40426c9f55f786cfbc", kill_on_drop: false }`
[INFO] running `Command { std: "docker" "rm" "-f" "d43c222283cabe3c3667fc0008b7504e0388d6ecdda6eb40426c9f55f786cfbc", kill_on_drop: false }`
[INFO] [stdout] d43c222283cabe3c3667fc0008b7504e0388d6ecdda6eb40426c9f55f786cfbc
[INFO] running `Command { std: "docker" "create" "-v" "/var/lib/crater-agent-workspace/builds/worker-0-tc1/target:/opt/rustwide/target:rw,Z" "-v" "/var/lib/crater-agent-workspace/builds/worker-0-tc1/source:/opt/rustwide/workdir:ro,Z" "-v" "/var/lib/crater-agent-workspace/cargo-home:/opt/rustwide/cargo-home:ro,Z" "-v" "/var/lib/crater-agent-workspace/rustup-home:/opt/rustwide/rustup-home:ro,Z" "-e" "SOURCE_DIR=/opt/rustwide/workdir" "-e" "CARGO_TARGET_DIR=/opt/rustwide/target" "-e" "CARGO_INCREMENTAL=0" "-e" "RUST_BACKTRACE=full" "-e" "RUSTFLAGS=--cap-lints=forbid" "-e" "RUSTDOCFLAGS=--cap-lints=forbid" "-e" "CARGO_HOME=/opt/rustwide/cargo-home" "-e" "RUSTUP_HOME=/opt/rustwide/rustup-home" "-w" "/opt/rustwide/workdir" "-m" "1610612736" "--user" "0:0" "--network" "none" "ghcr.io/rust-lang/crates-build-env/linux@sha256:819108c5571ea2e421544af4d832f968d213c87fbe3707a016657f43d2f853bc" "/opt/rustwide/cargo-home/bin/cargo" "+nightly-2025-01-18" "build" "--frozen" "--message-format=json", kill_on_drop: false }`
[INFO] [stdout] 1b305a6d777caccbb6df11d783ca8cecaab635ebe933eb73e8e86a5fddd37b44
[INFO] running `Command { std: "docker" "start" "-a" "1b305a6d777caccbb6df11d783ca8cecaab635ebe933eb73e8e86a5fddd37b44", kill_on_drop: false }`
[INFO] [stderr]    Compiling autocfg v1.1.0
[INFO] [stderr]    Compiling libc v0.2.119
[INFO] [stderr]    Compiling cfg-if v0.1.10
[INFO] [stderr]    Compiling maybe-uninit v2.0.0
[INFO] [stderr]    Compiling futures v0.1.31
[INFO] [stderr]    Compiling proc-macro2 v1.0.36
[INFO] [stderr]    Compiling syn v1.0.86
[INFO] [stderr]    Compiling semver-parser v0.7.0
[INFO] [stderr]    Compiling serde_derive v1.0.136
[INFO] [stderr]    Compiling slab v0.4.5
[INFO] [stderr]    Compiling serde v1.0.136
[INFO] [stderr]    Compiling crossbeam-utils v0.8.7
[INFO] [stderr]    Compiling memchr v2.4.1
[INFO] [stderr]    Compiling crossbeam-epoch v0.9.7
[INFO] [stderr]    Compiling arrayvec v0.4.12
[INFO] [stderr]    Compiling lock_api v0.3.4
[INFO] [stderr]    Compiling nodrop v0.1.14
[INFO] [stderr]    Compiling rayon-core v1.9.1
[INFO] [stderr]    Compiling proc-macro2 v0.4.30
[INFO] [stderr]    Compiling smallvec v0.6.14
[INFO] [stderr]    Compiling unicode-xid v0.1.0
[INFO] [stderr]    Compiling crc32fast v1.3.2
[INFO] [stderr]    Compiling semver v0.9.0
[INFO] [stderr]    Compiling cc v1.0.73
[INFO] [stderr]    Compiling syn v0.15.44
[INFO] [stderr]    Compiling crossbeam-utils v0.6.6
[INFO] [stderr]    Compiling either v1.6.1
[INFO] [stderr]    Compiling gimli v0.26.1
[INFO] [stderr]    Compiling crossbeam-utils v0.7.2
[INFO] [stderr]    Compiling memoffset v0.5.6
[INFO] [stderr]    Compiling memoffset v0.6.5
[INFO] [stderr]    Compiling crossbeam-epoch v0.8.2
[INFO] [stderr]    Compiling rustc_version v0.2.3
[INFO] [stderr]    Compiling quote v1.0.15
[INFO] [stderr]    Compiling miniz_oxide v0.4.4
[INFO] [stderr]    Compiling rayon v1.5.1
[INFO] [stderr]    Compiling crossbeam-channel v0.5.2
[INFO] [stderr]    Compiling parking_lot_core v0.6.2
[INFO] [stderr]    Compiling parking_lot v0.9.0
[INFO] [stderr]    Compiling crossbeam-deque v0.8.1
[INFO] [stderr]    Compiling serde_json v1.0.79
[INFO] [stderr]    Compiling unicode-width v0.1.9
[INFO] [stderr]    Compiling failure_derive v0.1.8
[INFO] [stderr]    Compiling unicode-segmentation v1.9.0
[INFO] [stderr]    Compiling quote v0.6.13
[INFO] [stderr]    Compiling textwrap v0.11.0
[INFO] [stderr]    Compiling iovec v0.1.4
[INFO] [stderr]    Compiling num_cpus v1.13.1
[INFO] [stderr]    Compiling net2 v0.2.37
[INFO] [stderr]    Compiling bytes v0.4.12
[INFO] [stderr]    Compiling crossbeam-queue v0.2.3
[INFO] [stderr]    Compiling atty v0.2.14
[INFO] [stderr]    Compiling mio v0.6.23
[INFO] [stderr]    Compiling crossbeam-deque v0.7.4
[INFO] [stderr]    Compiling heck v0.3.3
[INFO] [stderr]    Compiling tokio-executor v0.1.10
[INFO] [stderr]    Compiling tokio-io v0.1.13
[INFO] [stderr]    Compiling tokio-sync v0.1.8
[INFO] [stderr]    Compiling fs2 v0.4.3
[INFO] [stderr]    Compiling aho-corasick v0.7.18
[INFO] [stderr]    Compiling object v0.27.1
[INFO] [stderr]    Compiling crossbeam-epoch v0.7.2
[INFO] [stderr]    Compiling crossbeam-utils v0.6.5 (https://github.com/crossbeam-rs/crossbeam.git?rev=8cc906b#8cc906b9)
[INFO] [stderr]    Compiling backtrace v0.3.64
[INFO] [stderr]    Compiling tokio-threadpool v0.1.18
[INFO] [stderr]    Compiling fxhash v0.2.1
[INFO] [stderr]    Compiling ryu v1.0.9
[INFO] [stderr]    Compiling quick-error v1.2.3
[INFO] [stderr]    Compiling historian v4.0.4
[INFO] [stderr]    Compiling rustc-demangle v0.1.21
[INFO] [stderr]    Compiling memoffset v0.2.1
[INFO] [stderr]    Compiling bitflags v1.3.2
[INFO] [stderr]    Compiling itoa v1.0.1
[INFO] [stderr]    Compiling clap v2.34.0
[INFO] [stderr]    Compiling tokio-codec v0.1.2
[INFO] [stderr]    Compiling crossbeam-epoch v0.7.1 (https://github.com/crossbeam-rs/crossbeam.git?rev=8cc906b#8cc906b9)
[INFO] [stderr]    Compiling regex v1.5.4
[INFO] [stderr]    Compiling humantime v1.3.0
[INFO] [stderr]    Compiling tokio-current-thread v0.1.7
[INFO] [stderr]    Compiling tokio-timer v0.2.13
[INFO] [stderr]    Compiling tokio-reactor v0.1.12
[INFO] [stderr]    Compiling addr2line v0.17.0
[INFO] [stderr]    Compiling mio-uds v0.6.8
[INFO] [stderr]    Compiling tokio-fs v0.1.7
[INFO] [stderr]    Compiling tokio-serde v0.3.0
[INFO] [stderr]    Compiling crossbeam-channel v0.4.4
[INFO] [stderr]    Compiling scopeguard v0.3.3
[INFO] [stderr]    Compiling termcolor v1.1.3
[INFO] [stderr]    Compiling crossbeam-skiplist v0.0.0 (https://github.com/crossbeam-rs/crossbeam.git?rev=8cc906b#8cc906b9)
[INFO] [stderr]    Compiling tokio-tcp v0.1.4
[INFO] [stderr]    Compiling tokio-udp v0.1.6
[INFO] [stderr]    Compiling tokio-uds v0.2.7
[INFO] [stderr]    Compiling crossbeam v0.7.3
[INFO] [stderr]    Compiling tokio v0.1.22
[INFO] [stderr]    Compiling structopt-derive v0.2.18
[INFO] [stderr]    Compiling synstructure v0.12.6
[INFO] [stderr]    Compiling env_logger v0.6.2
[INFO] [stderr]    Compiling structopt v0.2.18
[INFO] [stderr]    Compiling failure v0.1.8
[INFO] [stderr]    Compiling bincode v1.3.3
[INFO] [stderr]    Compiling hashbrown v0.2.2
[INFO] [stderr]    Compiling serde_bytes v0.10.5
[INFO] [stderr]    Compiling pagecache v0.15.0
[INFO] [stderr]    Compiling tokio-serde-json v0.2.0
[INFO] [stderr]    Compiling sled v0.22.1
[INFO] [stderr]    Compiling kvs v0.1.0 (/opt/rustwide/workdir)
[INFO] [stdout] warning: field `path` is never read
[INFO] [stdout]   --> src/engines/kvs.rs:46:5
[INFO] [stdout]    |
[INFO] [stdout] 44 | pub struct KvStore<P: ThreadPool> {
[INFO] [stdout]    |            ------- field in this struct
[INFO] [stdout] 45 |     // directory for the log and other data
[INFO] [stdout] 46 |     path: Arc<PathBuf>,
[INFO] [stdout]    |     ^^^^
[INFO] [stdout]    |
[INFO] [stdout]    = note: `KvStore` has a derived impl for the trait `Clone`, but this is intentionally ignored during dead code analysis
[INFO] [stdout]    = note: `#[warn(dead_code)]` on by default
[INFO] [stdout] 
[INFO] [stdout] 
[INFO] [stdout] warning: unused `std::result::Result` that must be used
[INFO] [stdout]    --> src/engines/kvs.rs:249:13
[INFO] [stdout]     |
[INFO] [stdout] 249 |             serde_json::to_writer(&mut self.writer, &cmd);
[INFO] [stdout]     |             ^^^^^^^^^^^^^^^^^^^^^^^^^^^^^^^^^^^^^^^^^^^^^
[INFO] [stdout]     |
[INFO] [stdout]     = note: this `Result` may be an `Err` variant, which should be handled
[INFO] [stdout]     = note: `#[warn(unused_must_use)]` on by default
[INFO] [stdout] help: use `let _ = ...` to ignore the resulting value
[INFO] [stdout]     |
[INFO] [stdout] 249 |             let _ = serde_json::to_writer(&mut self.writer, &cmd);
[INFO] [stdout]     |             +++++++
[INFO] [stdout] 
[INFO] [stdout] 
[INFO] [stdout] warning: unused `std::result::Result` that must be used
[INFO] [stdout]   --> src/engines/sled.rs:66:17
[INFO] [stdout]    |
[INFO] [stdout] 66 |                 db.flush();
[INFO] [stdout]    |                 ^^^^^^^^^^
[INFO] [stdout]    |
[INFO] [stdout]    = note: this `Result` may be an `Err` variant, which should be handled
[INFO] [stdout] help: use `let _ = ...` to ignore the resulting value
[INFO] [stdout]    |
[INFO] [stdout] 66 |                 let _ = db.flush();
[INFO] [stdout]    |                 +++++++
[INFO] [stdout] 
[INFO] [stdout] 
[INFO] [stdout] warning: non-local `impl` definition, `impl` blocks should be written at the same level as their item
[INFO] [stdout]  --> src/error.rs:5:17
[INFO] [stdout]   |
[INFO] [stdout] 5 | #[derive(Debug, Fail)]
[INFO] [stdout]   |                 ^---
[INFO] [stdout]   |                 |
[INFO] [stdout]   |                 `Fail` is not local
[INFO] [stdout]   |                 move the `impl` block outside of this constant `_DERIVE_failure_Fail_FOR_KvsError`
[INFO] [stdout] 6 | pub enum KvsError {
[INFO] [stdout]   |          -------- `KvsError` is not local
[INFO] [stdout]   |
[INFO] [stdout]   = note: the derive macro `Fail` defines the non-local `impl`, and may need to be changed
[INFO] [stdout]   = note: the derive macro `Fail` may come from an old version of the `failure_derive` crate, try updating your dependency with `cargo update -p failure_derive`
[INFO] [stdout]   = note: an `impl` is never scoped, even when it is nested inside an item, as it may impact type checking outside of that item, which can be the case if neither the trait or the self type are at the same nesting level as the `impl`
[INFO] [stdout]   = note: items in an anonymous const item (`const _: () = { ... }`) are treated as in the same scope as the anonymous const's declaration for the purpose of this lint
[INFO] [stdout]   = note: `#[warn(non_local_definitions)]` on by default
[INFO] [stdout]   = note: this warning originates in the derive macro `Fail` (in Nightly builds, run with -Z macro-backtrace for more info)
[INFO] [stdout] 
[INFO] [stdout] 
[INFO] [stdout] warning: non-local `impl` definition, `impl` blocks should be written at the same level as their item
[INFO] [stdout]  --> src/error.rs:5:17
[INFO] [stdout]   |
[INFO] [stdout] 5 | #[derive(Debug, Fail)]
[INFO] [stdout]   |                 ^---
[INFO] [stdout]   |                 |
[INFO] [stdout]   |                 `Display` is not local
[INFO] [stdout]   |                 move the `impl` block outside of this constant `_DERIVE_failure_core_fmt_Display_FOR_KvsError`
[INFO] [stdout] 6 | pub enum KvsError {
[INFO] [stdout]   |          -------- `KvsError` is not local
[INFO] [stdout]   |
[INFO] [stdout]   = note: the derive macro `Fail` defines the non-local `impl`, and may need to be changed
[INFO] [stdout]   = note: the derive macro `Fail` may come from an old version of the `failure_derive` crate, try updating your dependency with `cargo update -p failure_derive`
[INFO] [stdout]   = note: an `impl` is never scoped, even when it is nested inside an item, as it may impact type checking outside of that item, which can be the case if neither the trait or the self type are at the same nesting level as the `impl`
[INFO] [stdout]   = note: items in an anonymous const item (`const _: () = { ... }`) are treated as in the same scope as the anonymous const's declaration for the purpose of this lint
[INFO] [stdout]   = note: this warning originates in the derive macro `Fail` (in Nightly builds, run with -Z macro-backtrace for more info)
[INFO] [stdout] 
[INFO] [stdout] 
[INFO] [stderr]     Finished `dev` profile [unoptimized + debuginfo] target(s) in 35.37s
[INFO] running `Command { std: "docker" "inspect" "1b305a6d777caccbb6df11d783ca8cecaab635ebe933eb73e8e86a5fddd37b44", kill_on_drop: false }`
[INFO] running `Command { std: "docker" "rm" "-f" "1b305a6d777caccbb6df11d783ca8cecaab635ebe933eb73e8e86a5fddd37b44", kill_on_drop: false }`
[INFO] [stdout] 1b305a6d777caccbb6df11d783ca8cecaab635ebe933eb73e8e86a5fddd37b44
[INFO] running `Command { std: "docker" "create" "-v" "/var/lib/crater-agent-workspace/builds/worker-0-tc1/target:/opt/rustwide/target:rw,Z" "-v" "/var/lib/crater-agent-workspace/builds/worker-0-tc1/source:/opt/rustwide/workdir:ro,Z" "-v" "/var/lib/crater-agent-workspace/cargo-home:/opt/rustwide/cargo-home:ro,Z" "-v" "/var/lib/crater-agent-workspace/rustup-home:/opt/rustwide/rustup-home:ro,Z" "-e" "SOURCE_DIR=/opt/rustwide/workdir" "-e" "CARGO_TARGET_DIR=/opt/rustwide/target" "-e" "CARGO_INCREMENTAL=0" "-e" "RUST_BACKTRACE=full" "-e" "RUSTFLAGS=--cap-lints=forbid" "-e" "RUSTDOCFLAGS=--cap-lints=forbid" "-e" "CARGO_HOME=/opt/rustwide/cargo-home" "-e" "RUSTUP_HOME=/opt/rustwide/rustup-home" "-w" "/opt/rustwide/workdir" "-m" "1610612736" "--user" "0:0" "--network" "none" "ghcr.io/rust-lang/crates-build-env/linux@sha256:819108c5571ea2e421544af4d832f968d213c87fbe3707a016657f43d2f853bc" "/opt/rustwide/cargo-home/bin/cargo" "+nightly-2025-01-18" "test" "--frozen" "--no-run" "--message-format=json", kill_on_drop: false }`
[INFO] [stdout] 95dab38690f80928804317fd8886d2660fdcab1ae682c20823acd1a9b2c39396
[INFO] running `Command { std: "docker" "start" "-a" "95dab38690f80928804317fd8886d2660fdcab1ae682c20823acd1a9b2c39396", kill_on_drop: false }`
[INFO] [stderr]    Compiling rand_core v0.4.2
[INFO] [stderr]    Compiling autocfg v0.1.8
[INFO] [stderr]    Compiling semver v1.0.6
[INFO] [stderr]    Compiling num-traits v0.2.14
[INFO] [stderr]    Compiling escargot v0.4.0
[INFO] [stderr]    Compiling predicates-core v1.0.3
[INFO] [stderr]    Compiling regex-automata v0.1.10
[INFO] [stderr]    Compiling itertools v0.8.2
[INFO] [stderr]    Compiling csv-core v0.1.10
[INFO] [stderr]    Compiling termtree v0.2.4
[INFO] [stderr]    Compiling itoa v0.4.8
[INFO] [stdout] warning: field `path` is never read
[INFO] [stdout]   --> src/engines/kvs.rs:46:5
[INFO] [stdout]    |
[INFO] [stdout] 44 | pub struct KvStore<P: ThreadPool> {
[INFO] [stdout]    |            ------- field in this struct
[INFO] [stdout] 45 |     // directory for the log and other data
[INFO] [stdout] 46 |     path: Arc<PathBuf>,
[INFO] [stdout]    |     ^^^^
[INFO] [stdout]    |
[INFO] [stdout]    = note: `KvStore` has a derived impl for the trait `Clone`, but this is intentionally ignored during dead code analysis
[INFO] [stdout]    = note: `#[warn(dead_code)]` on by default
[INFO] [stdout] 
[INFO] [stdout] 
[INFO] [stdout] warning: unused `std::result::Result` that must be used
[INFO] [stdout]    --> src/engines/kvs.rs:249:13
[INFO] [stdout]     |
[INFO] [stdout] 249 |             serde_json::to_writer(&mut self.writer, &cmd);
[INFO] [stdout]     |             ^^^^^^^^^^^^^^^^^^^^^^^^^^^^^^^^^^^^^^^^^^^^^
[INFO] [stdout]     |
[INFO] [stdout]     = note: this `Result` may be an `Err` variant, which should be handled
[INFO] [stdout]     = note: `#[warn(unused_must_use)]` on by default
[INFO] [stdout] help: use `let _ = ...` to ignore the resulting value
[INFO] [stdout]     |
[INFO] [stdout] 249 |             let _ = serde_json::to_writer(&mut self.writer, &cmd);
[INFO] [stdout]     |             +++++++
[INFO] [stdout] 
[INFO] [stdout] 
[INFO] [stdout] warning: unused `std::result::Result` that must be used
[INFO] [stdout]   --> src/engines/sled.rs:66:17
[INFO] [stdout]    |
[INFO] [stdout] 66 |                 db.flush();
[INFO] [stdout]    |                 ^^^^^^^^^^
[INFO] [stdout]    |
[INFO] [stdout]    = note: this `Result` may be an `Err` variant, which should be handled
[INFO] [stdout] help: use `let _ = ...` to ignore the resulting value
[INFO] [stdout]    |
[INFO] [stdout] 66 |                 let _ = db.flush();
[INFO] [stdout]    |                 +++++++
[INFO] [stdout] 
[INFO] [stdout] 
[INFO] [stdout] warning: non-local `impl` definition, `impl` blocks should be written at the same level as their item
[INFO] [stdout]  --> src/error.rs:5:17
[INFO] [stdout]   |
[INFO] [stdout] 5 | #[derive(Debug, Fail)]
[INFO] [stdout]   |                 ^---
[INFO] [stdout]   |                 |
[INFO] [stdout]   |                 `Fail` is not local
[INFO] [stdout]   |                 move the `impl` block outside of this constant `_DERIVE_failure_Fail_FOR_KvsError`
[INFO] [stdout] 6 | pub enum KvsError {
[INFO] [stdout]   |          -------- `KvsError` is not local
[INFO] [stdout]   |
[INFO] [stdout]   = note: the derive macro `Fail` defines the non-local `impl`, and may need to be changed
[INFO] [stdout]   = note: the derive macro `Fail` may come from an old version of the `failure_derive` crate, try updating your dependency with `cargo update -p failure_derive`
[INFO] [stdout]   = note: an `impl` is never scoped, even when it is nested inside an item, as it may impact type checking outside of that item, which can be the case if neither the trait or the self type are at the same nesting level as the `impl`
[INFO] [stdout]   = note: items in an anonymous const item (`const _: () = { ... }`) are treated as in the same scope as the anonymous const's declaration for the purpose of this lint
[INFO] [stdout]   = note: `#[warn(non_local_definitions)]` on by default
[INFO] [stdout]   = note: this warning originates in the derive macro `Fail` (in Nightly builds, run with -Z macro-backtrace for more info)
[INFO] [stdout] 
[INFO] [stdout] 
[INFO] [stdout] warning: non-local `impl` definition, `impl` blocks should be written at the same level as their item
[INFO] [stdout]  --> src/error.rs:5:17
[INFO] [stdout]   |
[INFO] [stdout] 5 | #[derive(Debug, Fail)]
[INFO] [stdout]   |                 ^---
[INFO] [stdout]   |                 |
[INFO] [stdout]   |                 `Display` is not local
[INFO] [stdout]   |                 move the `impl` block outside of this constant `_DERIVE_failure_core_fmt_Display_FOR_KvsError`
[INFO] [stdout] 6 | pub enum KvsError {
[INFO] [stdout]   |          -------- `KvsError` is not local
[INFO] [stdout]   |
[INFO] [stdout]   = note: the derive macro `Fail` defines the non-local `impl`, and may need to be changed
[INFO] [stdout]   = note: the derive macro `Fail` may come from an old version of the `failure_derive` crate, try updating your dependency with `cargo update -p failure_derive`
[INFO] [stdout]   = note: an `impl` is never scoped, even when it is nested inside an item, as it may impact type checking outside of that item, which can be the case if neither the trait or the self type are at the same nesting level as the `impl`
[INFO] [stdout]   = note: items in an anonymous const item (`const _: () = { ... }`) are treated as in the same scope as the anonymous const's declaration for the purpose of this lint
[INFO] [stdout]   = note: this warning originates in the derive macro `Fail` (in Nightly builds, run with -Z macro-backtrace for more info)
[INFO] [stdout] 
[INFO] [stdout] 
[INFO] [stderr]    Compiling tinytemplate v1.2.1
[INFO] [stderr]    Compiling fastrand v1.7.0
[INFO] [stderr]    Compiling panic-control v0.1.4
[INFO] [stderr]    Compiling rand_pcg v0.1.2
[INFO] [stderr]    Compiling rand_chacha v0.1.1
[INFO] [stderr]    Compiling rand v0.6.5
[INFO] [stderr]    Compiling bstr v0.2.17
[INFO] [stderr]    Compiling tempfile v3.3.0
[INFO] [stderr]    Compiling predicates-tree v1.0.5
[INFO] [stderr]    Compiling rand_core v0.3.1
[INFO] [stderr]    Compiling rand_os v0.1.3
[INFO] [stderr]    Compiling rand_jitter v0.1.4
[INFO] [stderr]    Compiling rand_hc v0.1.0
[INFO] [stderr]    Compiling rand_isaac v0.1.1
[INFO] [stderr]    Compiling rand_xorshift v0.1.1
[INFO] [stderr]    Compiling rand_xoshiro v0.1.0
[INFO] [stderr]    Compiling rustc_version v0.4.0
[INFO] [stderr]    Compiling csv v1.1.6
[INFO] [stderr]    Compiling cast v0.2.7
[INFO] [stderr]    Compiling criterion-plot v0.3.1
[INFO] [stderr]    Compiling float-cmp v0.8.0
[INFO] [stderr]    Compiling predicates v1.0.8
[INFO] [stderr]    Compiling criterion v0.2.11
[INFO] [stderr]    Compiling assert_cmd v0.11.1
[INFO] [stderr]    Compiling kvs v0.1.0 (/opt/rustwide/workdir)
[INFO] [stdout] warning: field `path` is never read
[INFO] [stdout]   --> src/engines/kvs.rs:46:5
[INFO] [stdout]    |
[INFO] [stdout] 44 | pub struct KvStore<P: ThreadPool> {
[INFO] [stdout]    |            ------- field in this struct
[INFO] [stdout] 45 |     // directory for the log and other data
[INFO] [stdout] 46 |     path: Arc<PathBuf>,
[INFO] [stdout]    |     ^^^^
[INFO] [stdout]    |
[INFO] [stdout]    = note: `KvStore` has a derived impl for the trait `Clone`, but this is intentionally ignored during dead code analysis
[INFO] [stdout]    = note: `#[warn(dead_code)]` on by default
[INFO] [stdout] 
[INFO] [stdout] 
[INFO] [stdout] warning: unused `std::result::Result` that must be used
[INFO] [stdout]    --> src/engines/kvs.rs:249:13
[INFO] [stdout]     |
[INFO] [stdout] 249 |             serde_json::to_writer(&mut self.writer, &cmd);
[INFO] [stdout]     |             ^^^^^^^^^^^^^^^^^^^^^^^^^^^^^^^^^^^^^^^^^^^^^
[INFO] [stdout]     |
[INFO] [stdout]     = note: this `Result` may be an `Err` variant, which should be handled
[INFO] [stdout]     = note: `#[warn(unused_must_use)]` on by default
[INFO] [stdout] help: use `let _ = ...` to ignore the resulting value
[INFO] [stdout]     |
[INFO] [stdout] 249 |             let _ = serde_json::to_writer(&mut self.writer, &cmd);
[INFO] [stdout]     |             +++++++
[INFO] [stdout] 
[INFO] [stdout] 
[INFO] [stdout] warning: unused `std::result::Result` that must be used
[INFO] [stdout]   --> src/engines/sled.rs:66:17
[INFO] [stdout]    |
[INFO] [stdout] 66 |                 db.flush();
[INFO] [stdout]    |                 ^^^^^^^^^^
[INFO] [stdout]    |
[INFO] [stdout]    = note: this `Result` may be an `Err` variant, which should be handled
[INFO] [stdout] help: use `let _ = ...` to ignore the resulting value
[INFO] [stdout]    |
[INFO] [stdout] 66 |                 let _ = db.flush();
[INFO] [stdout]    |                 +++++++
[INFO] [stdout] 
[INFO] [stdout] 
[INFO] [stdout] warning: non-local `impl` definition, `impl` blocks should be written at the same level as their item
[INFO] [stdout]  --> src/error.rs:5:17
[INFO] [stdout]   |
[INFO] [stdout] 5 | #[derive(Debug, Fail)]
[INFO] [stdout]   |                 ^---
[INFO] [stdout]   |                 |
[INFO] [stdout]   |                 `Fail` is not local
[INFO] [stdout]   |                 move the `impl` block outside of this constant `_DERIVE_failure_Fail_FOR_KvsError`
[INFO] [stdout] 6 | pub enum KvsError {
[INFO] [stdout]   |          -------- `KvsError` is not local
[INFO] [stdout]   |
[INFO] [stdout]   = note: the derive macro `Fail` defines the non-local `impl`, and may need to be changed
[INFO] [stdout]   = note: the derive macro `Fail` may come from an old version of the `failure_derive` crate, try updating your dependency with `cargo update -p failure_derive`
[INFO] [stdout]   = note: an `impl` is never scoped, even when it is nested inside an item, as it may impact type checking outside of that item, which can be the case if neither the trait or the self type are at the same nesting level as the `impl`
[INFO] [stdout]   = note: items in an anonymous const item (`const _: () = { ... }`) are treated as in the same scope as the anonymous const's declaration for the purpose of this lint
[INFO] [stdout]   = note: `#[warn(non_local_definitions)]` on by default
[INFO] [stdout]   = note: this warning originates in the derive macro `Fail` (in Nightly builds, run with -Z macro-backtrace for more info)
[INFO] [stdout] 
[INFO] [stdout] 
[INFO] [stdout] warning: non-local `impl` definition, `impl` blocks should be written at the same level as their item
[INFO] [stdout]  --> src/error.rs:5:17
[INFO] [stdout]   |
[INFO] [stdout] 5 | #[derive(Debug, Fail)]
[INFO] [stdout]   |                 ^---
[INFO] [stdout]   |                 |
[INFO] [stdout]   |                 `Display` is not local
[INFO] [stdout]   |                 move the `impl` block outside of this constant `_DERIVE_failure_core_fmt_Display_FOR_KvsError`
[INFO] [stdout] 6 | pub enum KvsError {
[INFO] [stdout]   |          -------- `KvsError` is not local
[INFO] [stdout]   |
[INFO] [stdout]   = note: the derive macro `Fail` defines the non-local `impl`, and may need to be changed
[INFO] [stdout]   = note: the derive macro `Fail` may come from an old version of the `failure_derive` crate, try updating your dependency with `cargo update -p failure_derive`
[INFO] [stdout]   = note: an `impl` is never scoped, even when it is nested inside an item, as it may impact type checking outside of that item, which can be the case if neither the trait or the self type are at the same nesting level as the `impl`
[INFO] [stdout]   = note: items in an anonymous const item (`const _: () = { ... }`) are treated as in the same scope as the anonymous const's declaration for the purpose of this lint
[INFO] [stdout]   = note: this warning originates in the derive macro `Fail` (in Nightly builds, run with -Z macro-backtrace for more info)
[INFO] [stdout] 
[INFO] [stdout] 
[INFO] [stderr]     Finished `test` profile [unoptimized + debuginfo] target(s) in 12.57s
[INFO] [stderr] warning: the following packages contain code that will be rejected by a future version of Rust: criterion v0.2.11
[INFO] [stderr] note: to see what the problems were, use the option `--future-incompat-report`, or run `cargo report future-incompatibilities --id 2`
[INFO] running `Command { std: "docker" "inspect" "95dab38690f80928804317fd8886d2660fdcab1ae682c20823acd1a9b2c39396", kill_on_drop: false }`
[INFO] running `Command { std: "docker" "rm" "-f" "95dab38690f80928804317fd8886d2660fdcab1ae682c20823acd1a9b2c39396", kill_on_drop: false }`
[INFO] [stdout] 95dab38690f80928804317fd8886d2660fdcab1ae682c20823acd1a9b2c39396
[INFO] running `Command { std: "docker" "create" "-v" "/var/lib/crater-agent-workspace/builds/worker-0-tc1/target:/opt/rustwide/target:rw,Z" "-v" "/var/lib/crater-agent-workspace/builds/worker-0-tc1/source:/opt/rustwide/workdir:ro,Z" "-v" "/var/lib/crater-agent-workspace/cargo-home:/opt/rustwide/cargo-home:ro,Z" "-v" "/var/lib/crater-agent-workspace/rustup-home:/opt/rustwide/rustup-home:ro,Z" "-e" "SOURCE_DIR=/opt/rustwide/workdir" "-e" "CARGO_TARGET_DIR=/opt/rustwide/target" "-e" "CARGO_INCREMENTAL=0" "-e" "RUST_BACKTRACE=full" "-e" "RUSTFLAGS=--cap-lints=forbid" "-e" "RUSTDOCFLAGS=--cap-lints=forbid" "-e" "CARGO_HOME=/opt/rustwide/cargo-home" "-e" "RUSTUP_HOME=/opt/rustwide/rustup-home" "-w" "/opt/rustwide/workdir" "-m" "1610612736" "--user" "0:0" "--network" "none" "ghcr.io/rust-lang/crates-build-env/linux@sha256:819108c5571ea2e421544af4d832f968d213c87fbe3707a016657f43d2f853bc" "/opt/rustwide/cargo-home/bin/cargo" "+nightly-2025-01-18" "test" "--frozen", kill_on_drop: false }`
[INFO] [stdout] d1dc5dfd61200f8372e9c14c8ebf21b6b124a361ba72864a7692bf64a22a1d8d
[INFO] running `Command { std: "docker" "start" "-a" "d1dc5dfd61200f8372e9c14c8ebf21b6b124a361ba72864a7692bf64a22a1d8d", kill_on_drop: false }`
[INFO] [stderr] warning: field `path` is never read
[INFO] [stderr]   --> src/engines/kvs.rs:46:5
[INFO] [stderr]    |
[INFO] [stderr] 44 | pub struct KvStore<P: ThreadPool> {
[INFO] [stderr]    |            ------- field in this struct
[INFO] [stderr] 45 |     // directory for the log and other data
[INFO] [stderr] 46 |     path: Arc<PathBuf>,
[INFO] [stderr]    |     ^^^^
[INFO] [stderr]    |
[INFO] [stderr]    = note: `KvStore` has a derived impl for the trait `Clone`, but this is intentionally ignored during dead code analysis
[INFO] [stderr]    = note: `#[warn(dead_code)]` on by default
[INFO] [stderr] 
[INFO] [stderr] warning: unused `std::result::Result` that must be used
[INFO] [stderr]    --> src/engines/kvs.rs:249:13
[INFO] [stderr]     |
[INFO] [stderr] 249 |             serde_json::to_writer(&mut self.writer, &cmd);
[INFO] [stderr]     |             ^^^^^^^^^^^^^^^^^^^^^^^^^^^^^^^^^^^^^^^^^^^^^
[INFO] [stderr]     |
[INFO] [stderr]     = note: this `Result` may be an `Err` variant, which should be handled
[INFO] [stderr]     = note: `#[warn(unused_must_use)]` on by default
[INFO] [stderr] help: use `let _ = ...` to ignore the resulting value
[INFO] [stderr]     |
[INFO] [stderr] 249 |             let _ = serde_json::to_writer(&mut self.writer, &cmd);
[INFO] [stderr]     |             +++++++
[INFO] [stderr] 
[INFO] [stderr] warning: unused `std::result::Result` that must be used
[INFO] [stderr]   --> src/engines/sled.rs:66:17
[INFO] [stderr]    |
[INFO] [stderr] 66 |                 db.flush();
[INFO] [stderr]    |                 ^^^^^^^^^^
[INFO] [stderr]    |
[INFO] [stderr]    = note: this `Result` may be an `Err` variant, which should be handled
[INFO] [stderr] help: use `let _ = ...` to ignore the resulting value
[INFO] [stderr]    |
[INFO] [stderr] 66 |                 let _ = db.flush();
[INFO] [stderr]    |                 +++++++
[INFO] [stderr] 
[INFO] [stderr] warning: non-local `impl` definition, `impl` blocks should be written at the same level as their item
[INFO] [stderr]  --> src/error.rs:5:17
[INFO] [stderr]   |
[INFO] [stderr] 5 | #[derive(Debug, Fail)]
[INFO] [stderr]   |                 ^---
[INFO] [stderr]   |                 |
[INFO] [stderr]   |                 `Fail` is not local
[INFO] [stderr]   |                 move the `impl` block outside of this constant `_DERIVE_failure_Fail_FOR_KvsError`
[INFO] [stderr] 6 | pub enum KvsError {
[INFO] [stderr]   |          -------- `KvsError` is not local
[INFO] [stderr]   |
[INFO] [stderr]   = note: the derive macro `Fail` defines the non-local `impl`, and may need to be changed
[INFO] [stderr]   = note: the derive macro `Fail` may come from an old version of the `failure_derive` crate, try updating your dependency with `cargo update -p failure_derive`
[INFO] [stderr]   = note: an `impl` is never scoped, even when it is nested inside an item, as it may impact type checking outside of that item, which can be the case if neither the trait or the self type are at the same nesting level as the `impl`
[INFO] [stderr]   = note: items in an anonymous const item (`const _: () = { ... }`) are treated as in the same scope as the anonymous const's declaration for the purpose of this lint
[INFO] [stderr]   = note: `#[warn(non_local_definitions)]` on by default
[INFO] [stderr]   = note: this warning originates in the derive macro `Fail` (in Nightly builds, run with -Z macro-backtrace for more info)
[INFO] [stderr] 
[INFO] [stderr] warning: non-local `impl` definition, `impl` blocks should be written at the same level as their item
[INFO] [stderr]  --> src/error.rs:5:17
[INFO] [stderr]   |
[INFO] [stderr] 5 | #[derive(Debug, Fail)]
[INFO] [stderr]   |                 ^---
[INFO] [stderr]   |                 |
[INFO] [stderr]   |                 `Display` is not local
[INFO] [stderr]   |                 move the `impl` block outside of this constant `_DERIVE_failure_core_fmt_Display_FOR_KvsError`
[INFO] [stderr] 6 | pub enum KvsError {
[INFO] [stderr]   |          -------- `KvsError` is not local
[INFO] [stderr]   |
[INFO] [stderr]   = note: the derive macro `Fail` defines the non-local `impl`, and may need to be changed
[INFO] [stderr]   = note: the derive macro `Fail` may come from an old version of the `failure_derive` crate, try updating your dependency with `cargo update -p failure_derive`
[INFO] [stderr]   = note: an `impl` is never scoped, even when it is nested inside an item, as it may impact type checking outside of that item, which can be the case if neither the trait or the self type are at the same nesting level as the `impl`
[INFO] [stderr]   = note: items in an anonymous const item (`const _: () = { ... }`) are treated as in the same scope as the anonymous const's declaration for the purpose of this lint
[INFO] [stderr]   = note: this warning originates in the derive macro `Fail` (in Nightly builds, run with -Z macro-backtrace for more info)
[INFO] [stderr] 
[INFO] [stderr] warning: `kvs` (lib) generated 5 warnings
[INFO] [stderr] warning: `kvs` (lib test) generated 5 warnings (5 duplicates)
[INFO] [stderr]     Finished `test` profile [unoptimized + debuginfo] target(s) in 0.18s
[INFO] [stderr] warning: the following packages contain code that will be rejected by a future version of Rust: criterion v0.2.11
[INFO] [stderr] note: to see what the problems were, use the option `--future-incompat-report`, or run `cargo report future-incompatibilities --id 2`
[INFO] [stderr]      Running unittests src/lib.rs (/opt/rustwide/target/debug/deps/kvs-665a6ab53edfca6d)
[INFO] [stderr]      Running unittests src/bin/kvs-client.rs (/opt/rustwide/target/debug/deps/kvs_client-d09841cea92dc43b)
[INFO] [stdout] 
[INFO] [stdout] running 0 tests
[INFO] [stdout] 
[INFO] [stdout] test result: ok. 0 passed; 0 failed; 0 ignored; 0 measured; 0 filtered out; finished in 0.00s
[INFO] [stdout] 
[INFO] [stdout] 
[INFO] [stdout] running 0 tests
[INFO] [stdout] 
[INFO] [stdout] test result: ok. 0 passed; 0 failed; 0 ignored; 0 measured; 0 filtered out; finished in 0.00s
[INFO] [stdout] 
[INFO] [stderr]      Running unittests src/bin/kvs-server.rs (/opt/rustwide/target/debug/deps/kvs_server-c24978da47dbabb3)
[INFO] [stdout] 
[INFO] [stderr]      Running tests/cli.rs (/opt/rustwide/target/debug/deps/cli-b9e29bab4a92bbc8)
[INFO] [stdout] running 0 tests
[INFO] [stdout] 
[INFO] [stdout] test result: ok. 0 passed; 0 failed; 0 ignored; 0 measured; 0 filtered out; finished in 0.00s
[INFO] [stdout] 
[INFO] [stdout] 
[INFO] [stdout] running 11 tests
[INFO] [stderr] [2025-01-20T18:19:02Z INFO  kvs_server] kvs-server 0.1.0
[INFO] [stderr] [2025-01-20T18:19:02Z INFO  kvs_server] Storage engine: kvs
[INFO] [stderr] [2025-01-20T18:19:02Z INFO  kvs_server] Listening on 127.0.0.1:4004
[INFO] [stderr] [2025-01-20T18:19:02Z INFO  kvs_server] kvs-server 0.1.0
[INFO] [stderr] [2025-01-20T18:19:02Z INFO  kvs_server] Storage engine: sled
[INFO] [stderr] [2025-01-20T18:19:02Z INFO  kvs_server] Listening on 127.0.0.1:4005
[INFO] [stdout] test client_cli_invalid_subcommand ... ok
[INFO] [stderr] [2025-01-20T18:19:02Z INFO  kvs_server] kvs-server 0.1.0
[INFO] [stderr] [2025-01-20T18:19:02Z INFO  kvs_server] Storage engine: sled
[INFO] [stderr] [2025-01-20T18:19:02Z INFO  kvs_server] Listening on 127.0.0.1:4002
[INFO] [stdout] test client_cli_no_args ... ok
[INFO] [stdout] test client_cli_version ... ok
[INFO] [stdout] test server_cli_version ... ok
[INFO] [stdout] test client_cli_invalid_get ... ok
[INFO] [stdout] test client_cli_invalid_rm ... ok
[INFO] [stdout] test client_cli_invalid_set ... ok
[INFO] [stderr] 
[INFO] [stderr] thread 'tokio-runtime-worker-0' panicked at library/core/src/panicking.rs:218:5:
[INFO] [stderr] attempted to leave type `futures::task_impl::Task` uninitialized, which is invalid
[INFO] [stderr] stack backtrace:
[INFO] [stdout] test cli_log_configuration ... ok
[INFO] [stderr] 
[INFO] [stderr] thread 'tokio-runtime-worker-0' panicked at library/core/src/panicking.rs:218:5:
[INFO] [stderr] attempted to leave type `futures::task_impl::Task` uninitialized, which is invalid
[INFO] [stderr] stack backtrace:
[INFO] [stderr] [2025-01-20T18:19:03Z INFO  kvs_server] kvs-server 0.1.0
[INFO] [stderr] [2025-01-20T18:19:03Z INFO  kvs_server] Storage engine: kvs
[INFO] [stderr] [2025-01-20T18:19:03Z INFO  kvs_server] Listening on 127.0.0.1:4002
[INFO] [stderr]    0:     0x5e4dd37cedca - std::backtrace_rs::backtrace::libunwind::trace::hb059275cfc8d6126
[INFO] [stderr]                                at /rustc/6067b36314ab5eb2eb47cecc464545ba58e1ad24/library/std/src/../../backtrace/src/backtrace/libunwind.rs:116:5
[INFO] [stderr]    1:     0x5e4dd37cedca - std::backtrace_rs::backtrace::trace_unsynchronized::h2da071e4327ce3ee
[INFO] [stderr]                                at /rustc/6067b36314ab5eb2eb47cecc464545ba58e1ad24/library/std/src/../../backtrace/src/backtrace/mod.rs:66:5
[INFO] [stderr]    2:     0x5e4dd37cedca - std::sys::backtrace::_print_fmt::h842a1474e6f8d23f
[INFO] [stderr]                                at /rustc/6067b36314ab5eb2eb47cecc464545ba58e1ad24/library/std/src/sys/backtrace.rs:66:9
[INFO] [stderr]    3:     0x5e4dd37cedca - <std::sys::backtrace::BacktraceLock::print::DisplayBacktrace as core::fmt::Display>::fmt::h71a62eb3b9696b12
[INFO] [stderr]                                at /rustc/6067b36314ab5eb2eb47cecc464545ba58e1ad24/library/std/src/sys/backtrace.rs:39:26
[INFO] [stderr]    4:     0x5e4dd37f6f83 - core::fmt::rt::Argument::fmt::hdb6b616786b41dc1
[INFO] [stderr]                                at /rustc/6067b36314ab5eb2eb47cecc464545ba58e1ad24/library/core/src/fmt/rt.rs:177:76
[INFO] [stderr]    5:     0x5e4dd37f6f83 - core::fmt::write::h2cc1698af7e2d686
[INFO] [stderr]                                at /rustc/6067b36314ab5eb2eb47cecc464545ba58e1ad24/library/core/src/fmt/mod.rs:1440:21
[INFO] [stderr]    6:     0x5e4dd37cab83 - std::io::Write::write_fmt::h00c8700df393f328
[INFO] [stderr]                                at /rustc/6067b36314ab5eb2eb47cecc464545ba58e1ad24/library/std/src/io/mod.rs:1887:15
[INFO] [stderr]    7:     0x5e4dd37cec12 - std::sys::backtrace::BacktraceLock::print::h147fe35b4ea13b08
[INFO] [stderr]                                at /rustc/6067b36314ab5eb2eb47cecc464545ba58e1ad24/library/std/src/sys/backtrace.rs:42:9
[INFO] [stderr]    8:     0x5e4dd37cfb6f - std::panicking::default_hook::{{closure}}::hbd44223dbdc0d208
[INFO] [stderr]                                at /rustc/6067b36314ab5eb2eb47cecc464545ba58e1ad24/library/std/src/panicking.rs:298:22
[INFO] [stderr]    9:     0x5e4dd37cf9da - std::panicking::default_hook::h20f81eb0576efcec
[INFO] [stderr]                                at /rustc/6067b36314ab5eb2eb47cecc464545ba58e1ad24/library/std/src/panicking.rs:325:9
[INFO] [stderr]   10:     0x5e4dd37d0592 - std::panicking::rust_panic_with_hook::h625eea43051b2edc
[INFO] [stderr]                                at /rustc/6067b36314ab5eb2eb47cecc464545ba58e1ad24/library/std/src/panicking.rs:831:13
[INFO] [stderr]   11:     0x5e4dd37d02e6 - std::panicking::begin_panic_handler::{{closure}}::h4f9159cfbc3f6bd3
[INFO] [stderr]                                at /rustc/6067b36314ab5eb2eb47cecc464545ba58e1ad24/library/std/src/panicking.rs:697:13
[INFO] [stderr]   12:     0x5e4dd37cf2c9 - std::sys::backtrace::__rust_end_short_backtrace::h0390abce48353151
[INFO] [stderr]                                at /rustc/6067b36314ab5eb2eb47cecc464545ba58e1ad24/library/std/src/sys/backtrace.rs:168:18
[INFO] [stderr]   13:     0x5e4dd37cffad - rust_begin_unwind
[INFO] [stderr]                                at /rustc/6067b36314ab5eb2eb47cecc464545ba58e1ad24/library/std/src/panicking.rs:695:5
[INFO] [stderr]   14:     0x5e4dd37f4e5d - core::panicking::panic_nounwind_fmt::runtime::hff07b4bc76d03a4c
[INFO] [stderr]                                at /rustc/6067b36314ab5eb2eb47cecc464545ba58e1ad24/library/core/src/panicking.rs:117:22
[INFO] [stderr]   15:     0x5e4dd37f4e5d - core::panicking::panic_nounwind_fmt::hbd5e8c40c5ce07f6
[INFO] [stderr]                                at /rustc/6067b36314ab5eb2eb47cecc464545ba58e1ad24/library/core/src/intrinsics/mod.rs:3861:9
[INFO] [stderr]   16:     0x5e4dd37f4ef2 - core::panicking::panic_nounwind::h87bcbf062a0b0104
[INFO] [stderr]                                at /rustc/6067b36314ab5eb2eb47cecc464545ba58e1ad24/library/core/src/panicking.rs:218:5
[INFO] [stderr]   17:     0x5e4dd32a9937 - core::mem::uninitialized::hc4e072f65da07387
[INFO] [stderr]                                at /rustc/6067b36314ab5eb2eb47cecc464545ba58e1ad24/library/core/src/mem/mod.rs:695:9
[INFO] [stderr]   18:     0x5e4dd32a9937 - tokio_sync::oneshot::channel::h59be48f03f7ae65d
[INFO] [stderr]                                at /opt/rustwide/cargo-home/registry/src/index.crates.io-1949cf8c6b5b557f/tokio-sync-0.1.8/src/oneshot.rs:133:61
[INFO] [stderr]   19:     0x5e4dd32ad3e2 - <kvs::engines::sled::SledKvsEngine<P> as kvs::engines::KvsEngine>::set::h36a82853aa160bbe
[INFO] [stderr]                                at /opt/rustwide/workdir/src/engines/sled.rs:23:24
[INFO] [stderr]   20:     0x5e4dd3270e64 - kvs::server::serve::{{closure}}::hde034c8472f7b10c
[INFO] [stderr]                                at /opt/rustwide/workdir/src/server.rs:45:34
[INFO] [stderr]   21:     0x5e4dd327adbe - <futures::stream::and_then::AndThen<S,F,U> as futures::stream::Stream>::poll::ha2ea9ed0f8d1cccb
[INFO] [stderr]                                at /opt/rustwide/cargo-home/registry/src/index.crates.io-1949cf8c6b5b557f/futures-0.1.31/src/stream/and_then.rs:91:32
[INFO] [stderr]   22:     0x5e4dd3292987 - <futures::stream::then::Then<S,F,U> as futures::stream::Stream>::poll::h0138a9013327bd75
[INFO] [stderr]                                at /opt/rustwide/cargo-home/registry/src/index.crates.io-1949cf8c6b5b557f/futures-0.1.31/src/stream/then.rs:60:30
[INFO] [stderr]   23:     0x5e4dd3287494 - <futures::stream::fuse::Fuse<S> as futures::stream::Stream>::poll::h082e3039d44a1a41
[INFO] [stderr]                                at /opt/rustwide/cargo-home/registry/src/index.crates.io-1949cf8c6b5b557f/futures-0.1.31/src/stream/fuse.rs:48:21
[INFO] [stderr]   24:     0x5e4dd32795f9 - <futures::sink::send_all::SendAll<T,U> as futures::future::Future>::poll::h21f029874ceb61bd
[INFO] [stderr]                                at /opt/rustwide/cargo-home/registry/src/index.crates.io-1949cf8c6b5b557f/futures-0.1.31/src/sink/send_all.rs:75:19
[INFO] [stderr]   25:     0x5e4dd328842b - <futures::future::map::Map<A,F> as futures::future::Future>::poll::hed981ec416fc2a8a
[INFO] [stderr]                                at /opt/rustwide/cargo-home/registry/src/index.crates.io-1949cf8c6b5b557f/futures-0.1.31/src/future/map.rs:30:23
[INFO] [stderr]   26:     0x5e4dd32ae5c9 - <futures::future::map_err::MapErr<A,F> as futures::future::Future>::poll::h1e81357da00d3f3d
[INFO] [stderr]                                at /opt/rustwide/cargo-home/registry/src/index.crates.io-1949cf8c6b5b557f/futures-0.1.31/src/future/map_err.rs:30:23
[INFO] [stderr]   27:     0x5e4dd329993c - <futures::stream::for_each::ForEach<S,F,U> as futures::future::Future>::poll::ha93f924734c5ffb4
[INFO] [stderr]                                at /opt/rustwide/cargo-home/registry/src/index.crates.io-1949cf8c6b5b557f/futures-0.1.31/src/stream/for_each.rs:39:20
[INFO] [stderr]   28:     0x5e4dd36becf2 - <alloc::boxed::Box<F> as futures::future::Future>::poll::hcd21efa9c0af3d9f
[INFO] [stderr]                                at /opt/rustwide/cargo-home/registry/src/index.crates.io-1949cf8c6b5b557f/futures-0.1.31/src/future/mod.rs:113:13
[INFO] [stderr]   29:     0x5e4dd365fa0f - futures::task_impl::Spawn<T>::poll_future_notify::{{closure}}::h64e596943029648e
[INFO] [stderr]                                at /opt/rustwide/cargo-home/registry/src/index.crates.io-1949cf8c6b5b557f/futures-0.1.31/src/task_impl/mod.rs:329:45
[INFO] [stderr]   30:     0x5e4dd365fc52 - futures::task_impl::Spawn<T>::enter::{{closure}}::h7de911c6f71b36db
[INFO] [stderr]                                at /opt/rustwide/cargo-home/registry/src/index.crates.io-1949cf8c6b5b557f/futures-0.1.31/src/task_impl/mod.rs:399:27
[INFO] [stderr]   31:     0x5e4dd366c928 - futures::task_impl::std::set::h71d4709e4de79060
[INFO] [stderr]                                at /opt/rustwide/cargo-home/registry/src/index.crates.io-1949cf8c6b5b557f/futures-0.1.31/src/task_impl/std/mod.rs:86:13
[INFO] [stderr]   32:     0x5e4dd365fbf5 - futures::task_impl::Spawn<T>::enter::h8232dec9e5c59c4e
[INFO] [stderr]                                at /opt/rustwide/cargo-home/registry/src/index.crates.io-1949cf8c6b5b557f/futures-0.1.31/src/task_impl/mod.rs:399:9
[INFO] [stderr]   33:     0x5e4dd365f938 - futures::task_impl::Spawn<T>::poll_fn_notify::h807c0b6f7a84268a
[INFO] [stderr]                                at /opt/rustwide/cargo-home/registry/src/index.crates.io-1949cf8c6b5b557f/futures-0.1.31/src/task_impl/mod.rs:291:9
[INFO] [stderr]   34:     0x5e4dd365f9f8 - futures::task_impl::Spawn<T>::poll_future_notify::hd184ba1a9cc5e983
[INFO] [stderr]                                at /opt/rustwide/cargo-home/registry/src/index.crates.io-1949cf8c6b5b557f/futures-0.1.31/src/task_impl/mod.rs:329:9
[INFO] [stderr]   35:     0x5e4dd367ce96 - tokio_threadpool::task::Task::run::{{closure}}::h380f67be7680b535
[INFO] [stderr]                                at /opt/rustwide/cargo-home/registry/src/index.crates.io-1949cf8c6b5b557f/tokio-threadpool-0.1.18/src/task/mod.rs:145:17
[INFO] [stderr]   36:     0x5e4dd3676f29 - core::ops::function::FnOnce::call_once::h141ba1e08fbd897d
[INFO] [stderr]                                at /rustc/6067b36314ab5eb2eb47cecc464545ba58e1ad24/library/core/src/ops/function.rs:250:5
[INFO] [stderr]   37:     0x5e4dd3676888 - <core::panic::unwind_safe::AssertUnwindSafe<F> as core::ops::function::FnOnce<()>>::call_once::h5e25aadb157bd9b8
[INFO] [stderr]                                at /rustc/6067b36314ab5eb2eb47cecc464545ba58e1ad24/library/core/src/panic/unwind_safe.rs:272:9
[INFO] [stderr]   38:     0x5e4dd36684ad - std::panicking::try::do_call::h3eaf38d860b53729
[INFO] [stderr]                                at /rustc/6067b36314ab5eb2eb47cecc464545ba58e1ad24/library/std/src/panicking.rs:587:40
[INFO] [stderr]   39:     0x5e4dd366cd6b - __rust_try
[INFO] [stderr]   40:     0x5e4dd3668418 - std::panicking::try::hdd5bbefdad4a9afd
[INFO] [stderr]                                at /rustc/6067b36314ab5eb2eb47cecc464545ba58e1ad24/library/std/src/panicking.rs:550:19
[INFO] [stderr]   41:     0x5e4dd3668418 - std::panic::catch_unwind::h9b00cdd5a7182b37
[INFO] [stderr]                                at /rustc/6067b36314ab5eb2eb47cecc464545ba58e1ad24/library/std/src/panic.rs:358:14
[INFO] [stderr]   42:     0x5e4dd367c6d9 - tokio_threadpool::task::Task::run::h8508e614be8cff2f
[INFO] [stderr]                                at /opt/rustwide/cargo-home/registry/src/index.crates.io-1949cf8c6b5b557f/tokio-threadpool-0.1.18/src/task/mod.rs:130:19
[INFO] [stderr]   43:     0x5e4dd3663813 - tokio_threadpool::worker::Worker::run_task2::hce6b711580ea1a8f
[INFO] [stderr]                                at /opt/rustwide/cargo-home/registry/src/index.crates.io-1949cf8c6b5b557f/tokio-threadpool-0.1.18/src/worker/mod.rs:567:9
[INFO] [stderr]   44:     0x5e4dd36630f8 - tokio_threadpool::worker::Worker::run_task::hff9d941579ce984e
[INFO] [stderr]                                at /opt/rustwide/cargo-home/registry/src/index.crates.io-1949cf8c6b5b557f/tokio-threadpool-0.1.18/src/worker/mod.rs:459:19
[INFO] [stderr]   45:     0x5e4dd3662ab2 - tokio_threadpool::worker::Worker::try_run_owned_task::h7432de145a87a26d
[INFO] [stderr]                                at /opt/rustwide/cargo-home/registry/src/index.crates.io-1949cf8c6b5b557f/tokio-threadpool-0.1.18/src/worker/mod.rs:390:17
[INFO] [stderr]   46:     0x5e4dd36626cc - tokio_threadpool::worker::Worker::try_run_task::h76477500bf1112d9
[INFO] [stderr]                                at /opt/rustwide/cargo-home/registry/src/index.crates.io-1949cf8c6b5b557f/tokio-threadpool-0.1.18/src/worker/mod.rs:297:12
[INFO] [stderr]   47:     0x5e4dd366253a - tokio_threadpool::worker::Worker::run::h0e319aad6b004d5d
[INFO] [stderr]                                at /opt/rustwide/cargo-home/registry/src/index.crates.io-1949cf8c6b5b557f/tokio-threadpool-0.1.18/src/worker/mod.rs:241:16
[INFO] [stderr]   48:     0x5e4dd361b15c - tokio::runtime::threadpool::builder::Builder::build::{{closure}}::{{closure}}::{{closure}}::{{closure}}::h367b0b61317384c9
[INFO] [stderr]                                at /opt/rustwide/cargo-home/registry/src/index.crates.io-1949cf8c6b5b557f/tokio-0.1.22/src/runtime/threadpool/builder.rs:390:29
[INFO] [stderr]   49:     0x5e4dd361b3dd - tokio_timer::timer::handle::with_default::h8523eece7c4e58e9
[INFO] [stderr]                                at /opt/rustwide/cargo-home/registry/src/index.crates.io-1949cf8c6b5b557f/tokio-timer-0.2.13/src/timer/handle.rs:74:5
[INFO] [stderr]   50:     0x5e4dd361b132 - tokio::runtime::threadpool::builder::Builder::build::{{closure}}::{{closure}}::{{closure}}::h063a6d3eb5d9226b
[INFO] [stderr]                                at /opt/rustwide/cargo-home/registry/src/index.crates.io-1949cf8c6b5b557f/tokio-0.1.22/src/runtime/threadpool/builder.rs:382:25
[INFO] [stderr]   51:     0x5e4dd361c214 - tokio_timer::clock::clock::with_default::he54bf93e27c2ebf7
[INFO] [stderr]                                at /opt/rustwide/cargo-home/registry/src/index.crates.io-1949cf8c6b5b557f/tokio-timer-0.2.13/src/clock/clock.rs:125:5
[INFO] [stderr]   52:     0x5e4dd361b0e5 - tokio::runtime::threadpool::builder::Builder::build::{{closure}}::{{closure}}::h3fd63ff274cb52e8
[INFO] [stderr]                                at /opt/rustwide/cargo-home/registry/src/index.crates.io-1949cf8c6b5b557f/tokio-0.1.22/src/runtime/threadpool/builder.rs:381:21
[INFO] [stderr]   53:     0x5e4dd361ff34 - tokio_reactor::with_default::h6ca94e4dd35df685
[INFO] [stderr]                                at /opt/rustwide/cargo-home/registry/src/index.crates.io-1949cf8c6b5b557f/tokio-reactor-0.1.12/src/lib.rs:220:5
[INFO] [stderr]   54:     0x5e4dd361b09e - tokio::runtime::threadpool::builder::Builder::build::{{closure}}::h9efac086fb201470
[INFO] [stderr]                                at /opt/rustwide/cargo-home/registry/src/index.crates.io-1949cf8c6b5b557f/tokio-0.1.22/src/runtime/threadpool/builder.rs:380:17
[INFO] [stderr]   55:     0x5e4dd366fa84 - tokio_threadpool::callback::Callback::call::hf2bcbe661667e837
[INFO] [stderr]                                at /opt/rustwide/cargo-home/registry/src/index.crates.io-1949cf8c6b5b557f/tokio-threadpool-0.1.18/src/callback.rs:22:9
[INFO] [stderr]   56:     0x5e4dd3662307 - tokio_threadpool::worker::Worker::do_run::{{closure}}::{{closure}}::hd580412a1579e533
[INFO] [stderr]                                   at 0/opt/rustwide/cargo-home/registry/src/index.crates.io-1949cf8c6b5b557f/tokio-threadpool-0.1.18/src/worker/mod.rs: :127 : 21 
[INFO] [stderr]  0x565deac64dca - std::backtrace_rs::backtrace::libunwind::trace::hb059275cfc8d6126
[INFO] [stderr]                                at /rustc/6067b36314ab5eb2eb47cecc464545ba58e1ad24/library/std/src/../../backtrace/src/backtrace/libunwind.rs:116:5
[INFO] [stderr]    1:     0x565deac64dca - std::backtrace_rs::backtrace::trace_unsynchronized::h2da071e4327ce3ee
[INFO] [stderr]                                at /rustc/6067b36314ab5eb2eb47cecc464545ba58e1ad24/library/std/src/../../backtrace/src/backtrace/mod.rs:66:5
[INFO] [stderr]    2:     0x565deac64dca - std::sys::backtrace::_print_fmt::h842a1474e6f8d23f
[INFO] [stderr]                                at /rustc/6067b36314ab5eb2eb47cecc464545ba58e1ad24/library/std/src/sys/backtrace.rs:66:9
[INFO] [stderr]    3:     0x565deac64dca - <std::sys::backtrace::BacktraceLock::print::DisplayBacktrace as core::fmt::Display>::fmt::h71a62eb3b9696b12
[INFO] [stderr]                                at /rustc/6067b36314ab5eb2eb47cecc464545ba58e1ad24/library/std/src/sys/backtrace.rs:39:26
[INFO] [stderr]   57:     0x5e4dd3664a3b - tokio_executor::global::with_default::{{closure}}::h36e323608e69ff15
[INFO] [stderr]                                at /opt/rustwide/cargo-home/registry/src/index.crates.io-1949cf8c6b5b557f/tokio-executor-0.1.10/src/global.rs:221:9
[INFO] [stderr]   58:     0x5e4dd3673931 - std::thread::local::LocalKey<T>::try_with::ha5511cb3b637d79e
[INFO] [stderr]                                at /rustc/6067b36314ab5eb2eb47cecc464545ba58e1ad24/library/std/src/thread/local.rs:308:12
[INFO] [stderr]   59:     0x5e4dd367335b - std::thread::local::LocalKey<T>::with::h19c1d39dcdfc2eb4
[INFO] [stderr]                                at /rustc/6067b36314ab5eb2eb47cecc464545ba58e1ad24/library/std/src/thread/local.rs:272:9
[INFO] [stderr]   60:     0x5e4dd36648fe - tokio_executor::global::with_default::hbb42a94ea8d1c15e
[INFO] [stderr]                                at /opt/rustwide/cargo-home/registry/src/index.crates.io-1949cf8c6b5b557f/tokio-executor-0.1.10/src/global.rs:190:5
[INFO] [stderr]   61:     0x5e4dd3662237 - tokio_threadpool::worker::Worker::do_run::{{closure}}::hfab23616f50adc04
[INFO] [stderr]                4:     0x565deac8cf83 - core::fmt::rt::Argument::fmt::hdb6b616786b41dc1
[INFO] [stderr]                                at /rustc/6067b36314ab5eb2eb47cecc464545ba58e1ad24/library/core/src/fmt/rt.rs:177:76
[INFO] [stderr]    5:     0x565deac8cf83 - core::fmt::write::h2cc1698af7e2d686
[INFO] [stderr]                                at /rustc/6067b36314ab5eb2eb47cecc464545ba58e1ad24/library/core/src/fmt/mod.rs:1440:21
[INFO] [stderr]        6:     0x565deac60b83 - std::io::Write::write_fmt::h00c8700df393f328
[INFO] [stderr]                                at /rustc/6067b36314ab5eb2eb47cecc464545ba58e1ad24/library/std/src/io/mod.rs:1887:15
[INFO] [stderr]     7:     0x565deac64c12 - std::sys::backtrace::BacktraceLock::print::h147fe35b4ea13b08
[INFO] [stderr]                                at /rustc/6067b36314ab5eb2eb47cecc464545ba58e1ad24/library/std/src/sys/backtrace.rs:42:9
[INFO] [stderr]               at    8:     0x565deac65b6f - std::panicking::default_hook::{{closure}}::hbd44223dbdc0d208
[INFO] [stderr]                                at /rustc/6067b36314ab5eb2eb47cecc464545ba58e1ad24/library/std/src/panicking.rs:298:22
[INFO] [stderr] /opt/rustwide/cargo-home/registry/src/index.crates.io-1949cf8c6b5b557f/tokio-threadpool-0.1.18/src/worker/mod.rs:125 :  9:     0x565deac659da - std::panicking::default_hook::h20f81eb0576efcec
[INFO] [stderr]                                at /rustc/6067b36314ab5eb2eb47cecc464545ba58e1ad24/library/std/src/panicking.rs:325:9
[INFO] [stderr] 13
[INFO] [stderr]   10:     0x565deac66592 - std::panicking::rust_panic_with_hook::h625eea43051b2edc
[INFO] [stderr]                                at /rustc/6067b36314ab5eb2eb47cecc464545ba58e1ad24/library/std/src/panicking.rs:831:13
[INFO] [stderr]   11:     0x565deac662e6 - std::panicking::begin_panic_handler::{{closure}}::h4f9159cfbc3f6bd3
[INFO] [stderr]                                at /rustc/6067b36314ab5eb2eb47cecc464545ba58e1ad24/library/std/src/panicking.rs:697:13
[INFO] [stderr]   12:     0x565deac652c9 - std::sys::backtrace::__rust_end_short_backtrace::h0390abce48353151
[INFO] [stderr]                                at /rustc/6067b36314ab5eb2eb47cecc464545ba58e1ad24/library/std/src/sys/backtrace.rs:168:18
[INFO] [stderr]   13:     0x565deac65fad - rust_begin_unwind
[INFO] [stderr]                                at /rustc/6067b36314ab5eb2eb47cecc464545ba58e1ad24/library/std/src/panicking.rs:695:5
[INFO] [stderr]   14:     0x565deac8ae5d - core::panicking::panic_nounwind_fmt::runtime::hff07b4bc76d03a4c
[INFO] [stderr]                                at /rustc/6067b36314ab5eb2eb47cecc464545ba58e1ad24/library/core/src/panicking.rs:117:22
[INFO] [stderr]   15:     0x565deac8ae5d - core::panicking::panic_nounwind_fmt::hbd5e8c40c5ce07f6
[INFO] [stderr]                                at /rustc/6067b36314ab5eb2eb47cecc464545ba58e1ad24/library/core/src/intrinsics/mod.rs:3861:9
[INFO] [stderr]    16:     0x565deac8aef2 - core::panicking::panic_nounwind::h87bcbf062a0b0104
[INFO] [stderr]                                at /rustc/6067b36314ab5eb2eb47cecc464545ba58e1ad24/library/core/src/panicking.rs:218:5
[INFO] [stderr]  62:     0x5e4dd3673a18 - std::thread::local::LocalKey<T>::try_with::ha84f9cfcc16e22b3
[INFO] [stderr]                                at /rustc/6067b36314ab5eb2eb47cecc464545ba58e1ad24/library/std/src/thread/local.rs:308:12
[INFO] [stderr]   63:     0x5e4dd3673444 - std::thread::local::LocalKey<T>::with::ha8e535bb05734069
[INFO] [stderr]                                at /rustc/6067b36314ab5eb2eb47cecc464545ba58e1ad24/library/std/src/thread/local.rs:272:9
[INFO] [stderr]   64:     0x5e4dd3662085 - tokio_threadpool::worker::Worker::do_run::he6fb0b91bb8b7491
[INFO] [stderr]                                at /opt/rustwide/cargo-home/registry/src/index.crates.io-1949cf8c6b5b557f/tokio-threadpool-0.1.18/src/worker/mod.rs:116:9
[INFO] [stderr]   65:     0x5e4dd367203f - tokio_threadpool::pool::Pool::spawn_thread::{{closure}}::h821116cc49c4939f
[INFO] [stderr]                                at /opt/rustwide/cargo-home/registry/src/index.crates.io-1949cf8c6b5b557f/tokio-threadpool-0.1.18/src/pool/mod.rs:345:21
[INFO] [stderr]   66:     0x5e4dd3665106 - std::sys::backtrace::__rust_begin_short_backtrace::h2d74121be2221098
[INFO] [stderr]                                at /rustc/6067b36314ab5eb2eb47cecc464545ba58e1ad24/library/std/src/sys/backtrace.rs:152:18
[INFO] [stderr]   67:     0x5e4dd3675262 - std::thread::Builder::spawn_unchecked_::{{closure}}::{{closure}}::hb5757ea5eed118de
[INFO] [stderr]                                at /rustc/6067b36314ab5eb2eb47cecc464545ba58e1ad24/library/std/src/thread/mod.rs  17:     0x565dea73f937 - core::mem::uninitialized::hc4e072f65da07387
[INFO] [stderr]                                at /rustc/6067b36314ab5eb2eb47cecc464545ba58e1ad24/library/core/src/mem/mod.rs:695:9
[INFO] [stderr]   18:     0x565dea73f937 - tokio_sync::oneshot::channel::h59be48f03f7ae65d
[INFO] [stderr]                                at /opt/rustwide/cargo-home/registry/src/index.crates.io-1949cf8c6b5b557f/tokio-sync-0.1.8/src/oneshot.rs:133:61
[INFO] [stderr] :559:17
[INFO] [stderr]   68:     0x5e4dd36768b1 - <core::panic::unwind_safe::AssertUnwindSafe<F> as core::ops::function::FnOnce<()>>::call_once::h7beeab13f5a7eef5
[INFO] [stderr]                                at /rustc/6067b36314ab5eb2eb47cecc464545ba58e1ad24/library/core/src/panic/unwind_safe.rs:272:9
[INFO] [stderr]   69:     0x5e4dd36684f0 - std::panicking::try::do_call::h5222a835ce7dc99d
[INFO] [stderr]                                at /rustc/6067b36314ab5eb2eb47cecc464545ba58e1ad24/library/std/src/panicking.rs:587:40
[INFO] [stderr]   70:     0x5e4dd367673b - __rust_try
[INFO] [stderr]   71:     0x5e4dd3674c82 - std::panicking::try::hacac19dd5eca75d6
[INFO] [stderr]                                at /rustc/6067b36314ab5eb2eb47cecc464545ba58e1ad24/library/std/src/panicking.rs:550:19
[INFO] [stderr]   72:     0x5e4dd3674c82 - std::panic::catch_unwind::hc20485d215b0476b
[INFO] [stderr]                                at /rustc/6067b36314ab5eb2eb47cecc464545ba58e1ad24/library/std/src/panic.rs:358:14
[INFO] [stderr]   73:     0x5e4dd3674c82 - std::thread::Builder::spawn_unchecked_::{{closure}}::h0244d26356229f3d
[INFO] [stderr]                                at /rustc/6067b36314ab5eb2eb47cecc464545ba58e1ad24/library/std/src/thread/mod.rs:557:30
[INFO] [stderr]   74:     0x5e4dd3676e4f - core::ops::function::FnOnce::call_once{{vtable.shim}}::hadc5de5c0c03487f
[INFO] [stderr]                                at /rustc/6067b36314ab5eb2eb47cecc464545ba58e1ad24/library/core/src/ops/function.rs:250:5
[INFO] [stderr]   75:     0x5e4dd37d39bb - <alloc::boxed::Box<F,A> as core::ops::function::FnOnce<Args>>::call_once::ha52bedf99a3b4981
[INFO] [stderr]                                at /rustc/6067b36314ab5eb2eb47cecc464545ba58e1ad24/library/alloc/src/boxed.rs:2013:9
[INFO] [stderr]   76:     0x5e4dd37d39bb - <alloc::boxed::Box<F,A> as core::ops::function::FnOnce<Args>>::call_once::h567748934d80ccf8
[INFO] [stderr]                                at /rustc/6067b36314ab5eb2eb47cecc464545ba58e1ad24/library/alloc/src/boxed.rs:2013:9
[INFO] [stderr]   77:     0x5e4dd37d39bb - std::sys::pal::unix::thread::Thread::new::thread_start::h2d970728ae887adc
[INFO] [stderr]                                at /rustc/6067b36314ab5eb2eb47cecc464545ba58e1ad24/library/std/src/sys/pal/unix/thread.rs:106:17
[INFO] [stderr]   78:     0x758b424d2ac3 - <unknown>
[INFO] [stderr]   79:     0x758b42563a04 - clone
[INFO] [stderr]   80:                0x0 - <unknown>
[INFO] [stderr] thread caused non-unwinding panic. aborting.
[INFO] [stderr]   19:     0x565dea70cbc6 - <kvs::engines::kvs::KvStore<P> as kvs::engines::KvsEngine>::set::h1a0cd387aae8283c
[INFO] [stderr]                                at /opt/rustwide/workdir/src/engines/kvs.rs:110:24
[INFO] [stderr]   20:     0x565dea706944 - kvs::server::serve::{{closure}}::h2a38e5d7f61c91c6
[INFO] [stderr]                                at /opt/rustwide/workdir/src/server.rs:45:34
[INFO] [stderr]   21:     0x565dea71058e - <futures::stream::and_then::AndThen<S,F,U> as futures::stream::Stream>::poll::h41b6827294d9e6cf
[INFO] [stderr]                                at /opt/rustwide/cargo-home/registry/src/index.crates.io-1949cf8c6b5b557f/futures-0.1.31/src/stream/and_then.rs:91:32
[INFO] [stderr]   22:     0x565dea729247 - <futures::stream::then::Then<S,F,U> as futures::stream::Stream>::poll::hb554958faed518c0
[INFO] [stderr]                                at /opt/rustwide/cargo-home/registry/src/index.crates.io-1949cf8c6b5b557f/futures-0.1.31/src/stream/then.rs:60:30
[INFO] [stderr]   23:     0x565dea71d5b4 - <futures::stream::fuse::Fuse<S> as futures::stream::Stream>::poll::hd3ea657793e8ede1
[INFO] [stderr]                                at /opt/rustwide/cargo-home/registry/src/index.crates.io-1949cf8c6b5b557f/futures-0.1.31/src/stream/fuse.rs:48:21
[INFO] [stderr]   24:     0x565dea70efa9 - <futures::sink::send_all::SendAll<T,U> as futures::future::Future>::poll::h0270d2d2f6631e5d
[INFO] [stderr]                                at /opt/rustwide/cargo-home/registry/src/index.crates.io-1949cf8c6b5b557f/futures-0.1.31/src/sink/send_all.rs:75:19
[INFO] [stderr]   25:     0x565dea71dc6b - <futures::future::map::Map<A,F> as futures::future::Future>::poll::h8abca148cabbb234
[INFO] [stderr]                                at /opt/rustwide/cargo-home/registry/src/index.crates.io-1949cf8c6b5b557f/futures-0.1.31/src/future/map.rs:30:23
[INFO] [stderr]   26:     0x565dea744449 - <futures::future::map_err::MapErr<A,F> as futures::future::Future>::poll::h0f05c2f71a75b858
[INFO] [stderr]                                at /opt/rustwide/cargo-home/registry/src/index.crates.io-1949cf8c6b5b557f/futures-0.1.31/src/future/map_err.rs:30:23
[INFO] [stderr]   27:     0x565dea72fe1c - <futures::stream::for_each::ForEach<S,F,U> as futures::future::Future>::poll::hd67aea9776428d45
[INFO] [stderr]                                at /opt/rustwide/cargo-home/registry/src/index.crates.io-1949cf8c6b5b557f/futures-0.1.31/src/stream/for_each.rs:39:20
[INFO] [stderr]   28:     0x565deab54cf2 - <alloc::boxed::Box<F> as futures::future::Future>::poll::hcd21efa9c0af3d9f
[INFO] [stderr]                                at /opt/rustwide/cargo-home/registry/src/index.crates.io-1949cf8c6b5b557f/futures-0.1.31/src/future/mod.rs:113:13
[INFO] [stderr]   29:     0x565deaaf5a0f - futures::task_impl::Spawn<T>::poll_future_notify::{{closure}}::h64e596943029648e
[INFO] [stderr]                                at /opt/rustwide/cargo-home/registry/src/index.crates.io-1949cf8c6b5b557f/futures-0.1.31/src/task_impl/mod.rs:329:45
[INFO] [stderr]   30:     0x565deaaf5c52 - futures::task_impl::Spawn<T>::enter::{{closure}}::h7de911c6f71b36db
[INFO] [stderr]                                at /opt/rustwide/cargo-home/registry/src/index.crates.io-1949cf8c6b5b557f/futures-0.1.31/src/task_impl/mod.rs:399:27
[INFO] [stderr]   31:     0x565deab02928 - futures::task_impl::std::set::h71d4709e4de79060
[INFO] [stderr]                                at /opt/rustwide/cargo-home/registry/src/index.crates.io-1949cf8c6b5b557f/futures-0.1.31/src/task_impl/std/mod.rs:86:13
[INFO] [stderr]   32:     0x565deaaf5bf5 - futures::task_impl::Spawn<T>::enter::h8232dec9e5c59c4e
[INFO] [stderr]                                at /opt/rustwide/cargo-home/registry/src/index.crates.io-1949cf8c6b5b557f/futures-0.1.31/src/task_impl/mod.rs:399:9
[INFO] [stderr]   33:     0x565deaaf5938 - futures::task_impl::Spawn<T>::poll_fn_notify::h807c0b6f7a84268a
[INFO] [stderr]                                at /opt/rustwide/cargo-home/registry/src/index.crates.io-1949cf8c6b5b557f/futures-0.1.31/src/task_impl/mod.rs:291:9
[INFO] [stderr]   34:     0x565deaaf59f8 - futures::task_impl::Spawn<T>::poll_future_notify::hd184ba1a9cc5e983
[INFO] [stderr]                                at /opt/rustwide/cargo-home/registry/src/index.crates.io-1949cf8c6b5b557f/futures-0.1.31/src/task_impl/mod.rs:329:9
[INFO] [stderr]   35:     0x565deab12e96 - tokio_threadpool::task::Task::run::{{closure}}::h380f67be7680b535
[INFO] [stderr]                                at /opt/rustwide/cargo-home/registry/src/index.crates.io-1949cf8c6b5b557f/tokio-threadpool-0.1.18/src/task/mod.rs:145:17
[INFO] [stderr]   36:     0x565deab0cf29 - core::ops::function::FnOnce::call_once::h141ba1e08fbd897d
[INFO] [stderr]                                at /rustc/6067b36314ab5eb2eb47cecc464545ba58e1ad24/library/core/src/ops/function.rs:250:5
[INFO] [stderr]   37:     0x565deab0c888 - <core::panic::unwind_safe::AssertUnwindSafe<F> as core::ops::function::FnOnce<()>>::call_once::h5e25aadb157bd9b8
[INFO] [stderr]                                at /rustc/6067b36314ab5eb2eb47cecc464545ba58e1ad24/library/core/src/panic/unwind_safe.rs:272:9
[INFO] [stderr]   38:     0x565deaafe4ad - std::panicking::try::do_call::h3eaf38d860b53729
[INFO] [stderr]                                at /rustc/6067b36314ab5eb2eb47cecc464545ba58e1ad24/library/std/src/panicking.rs:587:40
[INFO] [stderr]   39:     0x565deab02d6b - __rust_try
[INFO] [stderr]   40:     0x565deaafe418 - std::panicking::try::hdd5bbefdad4a9afd
[INFO] [stderr]                                at /rustc/6067b36314ab5eb2eb47cecc464545ba58e1ad24/library/std/src/panicking.rs:550:19
[INFO] [stderr]   41:     0x565deaafe418 - std::panic::catch_unwind::h9b00cdd5a7182b37
[INFO] [stderr]                                at /rustc/6067b36314ab5eb2eb47cecc464545ba58e1ad24/library/std/src/panic.rs:358:14
[INFO] [stderr]   42:     0x565deab126d9 - tokio_threadpool::task::Task::run::h8508e614be8cff2f
[INFO] [stderr]                                at /opt/rustwide/cargo-home/registry/src/index.crates.io-1949cf8c6b5b557f/tokio-threadpool-0.1.18/src/task/mod.rs:130:19
[INFO] [stderr]   43:     0x565deaaf9813 - tokio_threadpool::worker::Worker::run_task2::hce6b711580ea1a8f
[INFO] [stderr]                                at /opt/rustwide/cargo-home/registry/src/index.crates.io-1949cf8c6b5b557f/tokio-threadpool-0.1.18/src/worker/mod.rs:567:9
[INFO] [stderr]   44:     0x565deaaf90f8 - tokio_threadpool::worker::Worker::run_task::hff9d941579ce984e
[INFO] [stderr]                                at /opt/rustwide/cargo-home/registry/src/index.crates.io-1949cf8c6b5b557f/tokio-threadpool-0.1.18/src/worker/mod.rs:459:19
[INFO] [stderr]   45:     0x565deaaf8ab2 - tokio_threadpool::worker::Worker::try_run_owned_task::h7432de145a87a26d
[INFO] [stderr]                                at /opt/rustwide/cargo-home/registry/src/index.crates.io-1949cf8c6b5b557f/tokio-threadpool-0.1.18/src/worker/mod.rs:390:17
[INFO] [stderr]   46:     0x565deaaf86cc - tokio_threadpool::worker::Worker::try_run_task::h76477500bf1112d9
[INFO] [stderr]                                at /opt/rustwide/cargo-home/registry/src/index.crates.io-1949cf8c6b5b557f/tokio-threadpool-0.1.18/src/worker/mod.rs:297:12
[INFO] [stderr]   47:     0x565deaaf853a - tokio_threadpool::worker::Worker::run::h0e319aad6b004d5d
[INFO] [stderr]                                at /opt/rustwide/cargo-home/registry/src/index.crates.io-1949cf8c6b5b557f/tokio-threadpool-0.1.18/src/worker/mod.rs:241:16
[INFO] [stderr]   48:     0x565deaab115c - tokio::runtime::threadpool::builder::Builder::build::{{closure}}::{{closure}}::{{closure}}::{{closure}}::h367b0b61317384c9
[INFO] [stderr]                                at /opt/rustwide/cargo-home/registry/src/index.crates.io-1949cf8c6b5b557f/tokio-0.1.22/src/runtime/threadpool/builder.rs:390:29
[INFO] [stderr]   49:     0x565deaab13dd - tokio_timer::timer::handle::with_default::h8523eece7c4e58e9
[INFO] [stderr]                                at /opt/rustwide/cargo-home/registry/src/index.crates.io-1949cf8c6b5b557f/tokio-timer-0.2.13/src/timer/handle.rs:74:5
[INFO] [stderr]   50:     0x565deaab1132 - tokio::runtime::threadpool::builder::Builder::build::{{closure}}::{{closure}}::{{closure}}::h063a6d3eb5d9226b
[INFO] [stderr]                                at /opt/rustwide/cargo-home/registry/src/index.crates.io-1949cf8c6b5b557f/tokio-0.1.22/src/runtime/threadpool/builder.rs:382:25
[INFO] [stderr]   51:     0x565deaab2214 - tokio_timer::clock::clock::with_default::he54bf93e27c2ebf7
[INFO] [stderr]                                at /opt/rustwide/cargo-home/registry/src/index.crates.io-1949cf8c6b5b557f/tokio-timer-0.2.13/src/clock/clock.rs:125:5
[INFO] [stderr]   52:     0x565deaab10e5 - tokio::runtime::threadpool::builder::Builder::build::{{closure}}::{{closure}}::h3fd63ff274cb52e8
[INFO] [stderr]                                at /opt/rustwide/cargo-home/registry/src/index.crates.io-1949cf8c6b5b557f/tokio-0.1.22/src/runtime/threadpool/builder.rs:381:21
[INFO] [stderr]   53:     0x565deaab5f34 - tokio_reactor::with_default::h6ca94e4dd35df685
[INFO] [stderr]                                at /opt/rustwide/cargo-home/registry/src/index.crates.io-1949cf8c6b5b557f/tokio-reactor-0.1.12/src/lib.rs:220:5
[INFO] [stderr]   54:     0x565deaab109e - tokio::runtime::threadpool::builder::Builder::build::{{closure}}::h9efac086fb201470
[INFO] [stderr]                                at /opt/rustwide/cargo-home/registry/src/index.crates.io-1949cf8c6b5b557f/tokio-0.1.22/src/runtime/threadpool/builder.rs:380:17
[INFO] [stderr]   55:     0x565deab05a84 - tokio_threadpool::callback::Callback::call::hf2bcbe661667e837
[INFO] [stderr]                                at /opt/rustwide/cargo-home/registry/src/index.crates.io-1949cf8c6b5b557f/tokio-threadpool-0.1.18/src/callback.rs:22:9
[INFO] [stderr]   56:     0x565deaaf8307 - tokio_threadpool::worker::Worker::do_run::{{closure}}::{{closure}}::hd580412a1579e533
[INFO] [stderr]                                at /opt/rustwide/cargo-home/registry/src/index.crates.io-1949cf8c6b5b557f/tokio-threadpool-0.1.18/src/worker/mod.rs:127:21
[INFO] [stderr]   57:     0x565deaafaa3b - tokio_executor::global::with_default::{{closure}}::h36e323608e69ff15
[INFO] [stderr]                                at /opt/rustwide/cargo-home/registry/src/index.crates.io-1949cf8c6b5b557f/tokio-executor-0.1.10/src/global.rs:221:9
[INFO] [stderr]   58:     0x565deab09931 - std::thread::local::LocalKey<T>::try_with::ha5511cb3b637d79e
[INFO] [stderr]                                at /rustc/6067b36314ab5eb2eb47cecc464545ba58e1ad24/library/std/src/thread/local.rs:308:12
[INFO] [stderr]   59:     0x565deab0935b - std::thread::local::LocalKey<T>::with::h19c1d39dcdfc2eb4
[INFO] [stderr]                                at /rustc/6067b36314ab5eb2eb47cecc464545ba58e1ad24/library/std/src/thread/local.rs:272:9
[INFO] [stderr]   60:     0x565deaafa8fe - tokio_executor::global::with_default::hbb42a94ea8d1c15e
[INFO] [stderr]                                at /opt/rustwide/cargo-home/registry/src/index.crates.io-1949cf8c6b5b557f/tokio-executor-0.1.10/src/global.rs:190:5
[INFO] [stderr]   61:     0x565deaaf8237 - tokio_threadpool::worker::Worker::do_run::{{closure}}::hfab23616f50adc04
[INFO] [stderr]                                at /opt/rustwide/cargo-home/registry/src/index.crates.io-1949cf8c6b5b557f/tokio-threadpool-0.1.18/src/worker/mod.rs:125:13
[INFO] [stderr]   62:     0x565deab09a18 - std::thread::local::LocalKey<T>::try_with::ha84f9cfcc16e22b3
[INFO] [stderr]                                at /rustc/6067b36314ab5eb2eb47cecc464545ba58e1ad24/library/std/src/thread/local.rs:308:12
[INFO] [stderr]   63:     0x565deab09444 - std::thread::local::LocalKey<T>::with::ha8e535bb05734069
[INFO] [stderr]                                at /rustc/6067b36314ab5eb2eb47cecc464545ba58e1ad24/library/std/src/thread/local.rs:272:9
[INFO] [stderr]   64:     0x565deaaf8085 - tokio_threadpool::worker::Worker::do_run::he6fb0b91bb8b7491
[INFO] [stderr]                                at /opt/rustwide/cargo-home/registry/src/index.crates.io-1949cf8c6b5b557f/tokio-threadpool-0.1.18/src/worker/mod.rs:116:9
[INFO] [stderr]   65:     0x565deab0803f - tokio_threadpool::pool::Pool::spawn_thread::{{closure}}::h821116cc49c4939f
[INFO] [stderr]                                at /opt/rustwide/cargo-home/registry/src/index.crates.io-1949cf8c6b5b557f/tokio-threadpool-0.1.18/src/pool/mod.rs:345:21
[INFO] [stderr]   66:     0x565deaafb106 - std::sys::backtrace::__rust_begin_short_backtrace::h2d74121be2221098
[INFO] [stderr]                                at /rustc/6067b36314ab5eb2eb47cecc464545ba58e1ad24/library/std/src/sys/backtrace.rs:152:18
[INFO] [stderr]   67:     0x565deab0b262 - std::thread::Builder::spawn_unchecked_::{{closure}}::{{closure}}::hb5757ea5eed118de
[INFO] [stderr]                                at /rustc/6067b36314ab5eb2eb47cecc464545ba58e1ad24/library/std/src/thread/mod.rs:559:17
[INFO] [stderr]   68:     0x565deab0c8b1 - <core::panic::unwind_safe::AssertUnwindSafe<F> as core::ops::function::FnOnce<()>>::call_once::h7beeab13f5a7eef5
[INFO] [stderr]                                at /rustc/6067b36314ab5eb2eb47cecc464545ba58e1ad24/library/core/src/panic/unwind_safe.rs:272:9
[INFO] [stderr]   69:     0x565deaafe4f0 - std::panicking::try::do_call::h5222a835ce7dc99d
[INFO] [stderr]                                at /rustc/6067b36314ab5eb2eb47cecc464545ba58e1ad24/library/std/src/panicking.rs:587:40
[INFO] [stderr]   70:     0x565deab0c73b - __rust_try
[INFO] [stderr]   71:     0x565deab0ac82 - std::panicking::try::hacac19dd5eca75d6
[INFO] [stderr]                                at /rustc/6067b36314ab5eb2eb47cecc464545ba58e1ad24/library/std/src/panicking.rs:550:19
[INFO] [stderr]   72:     0x565deab0ac82 - std::panic::catch_unwind::hc20485d215b0476b
[INFO] [stderr]                                at /rustc/6067b36314ab5eb2eb47cecc464545ba58e1ad24/library/std/src/panic.rs:358:14
[INFO] [stderr]   73:     0x565deab0ac82 - std::thread::Builder::spawn_unchecked_::{{closure}}::h0244d26356229f3d
[INFO] [stderr]                                at /rustc/6067b36314ab5eb2eb47cecc464545ba58e1ad24/library/std/src/thread/mod.rs:557:30
[INFO] [stderr]   74:     0x565deab0ce4f - core::ops::function::FnOnce::call_once{{vtable.shim}}::hadc5de5c0c03487f
[INFO] [stderr]                                at /rustc/6067b36314ab5eb2eb47cecc464545ba58e1ad24/library/core/src/ops/function.rs:250:5
[INFO] [stderr]   75:     0x565deac699bb - <alloc::boxed::Box<F,A> as core::ops::function::FnOnce<Args>>::call_once::ha52bedf99a3b4981
[INFO] [stderr]                                at /rustc/6067b36314ab5eb2eb47cecc464545ba58e1ad24/library/alloc/src/boxed.rs:2013:9
[INFO] [stderr]   76:     0x565deac699bb - <alloc::boxed::Box<F,A> as core::ops::function::FnOnce<Args>>::call_once::h567748934d80ccf8
[INFO] [stderr]                                at /rustc/6067b36314ab5eb2eb47cecc464545ba58e1ad24/library/alloc/src/boxed.rs:2013:9
[INFO] [stderr]   77:     0x565deac699bb - std::sys::pal::unix::thread::Thread::new::thread_start::h2d970728ae887adc
[INFO] [stderr]                                at /rustc/6067b36314ab5eb2eb47cecc464545ba58e1ad24/library/std/src/sys/pal/unix/thread.rs:106:17
[INFO] [stderr]   78:     0x7a3c01c6fac3 - <unknown>
[INFO] [stderr]   79:     0x7a3c01d00a04 - clone
[INFO] [stderr]   80:                0x0 - <unknown>
[INFO] [stderr] thread caused non-unwinding panic. aborting.
[INFO] [stdout] test cli_access_server_kvs_engine ... FAILED
[INFO] [stdout] test cli_access_server_sled_engine ... FAILED
[INFO] [stdout] test cli_wrong_engine ... ok
[INFO] [stdout] 
[INFO] [stdout] failures:
[INFO] [stdout] 
[INFO] [stdout] ---- cli_access_server_kvs_engine stdout ----
[INFO] [stdout] 
[INFO] [stdout] thread 'cli_access_server_kvs_engine' panicked at /opt/rustwide/cargo-home/registry/src/index.crates.io-1949cf8c6b5b557f/assert_cmd-0.11.1/src/assert.rs:154:13:
[INFO] [stdout] Unexpected failure.
[INFO] [stdout] code-1
[INFO] [stdout] stderr=```display = No response received
[INFO] [stdout] ```
[INFO] [stdout] command=`cd "/tmp/.tmpaRlRbN" && "/opt/rustwide/target/debug/kvs-client" "set" "key1" "value1" "--addr" "127.0.0.1:4004"`
[INFO] [stdout] code=1
[INFO] [stdout] stdout=``````
[INFO] [stdout] stderr=```display = No response received
[INFO] [stdout] ```
[INFO] [stdout] 
[INFO] [stdout] stack backtrace:
[INFO] [stdout]    0:     0x59992104ff7a - std::backtrace_rs::backtrace::libunwind::trace::hb059275cfc8d6126
[INFO] [stdout]                                at /rustc/6067b36314ab5eb2eb47cecc464545ba58e1ad24/library/std/src/../../backtrace/src/backtrace/libunwind.rs:116:5
[INFO] [stdout]    1:     0x59992104ff7a - std::backtrace_rs::backtrace::trace_unsynchronized::h2da071e4327ce3ee
[INFO] [stdout]                                at /rustc/6067b36314ab5eb2eb47cecc464545ba58e1ad24/library/std/src/../../backtrace/src/backtrace/mod.rs:66:5
[INFO] [stdout]    2:     0x59992104ff7a - std::sys::backtrace::_print_fmt::h842a1474e6f8d23f
[INFO] [stdout]                                at /rustc/6067b36314ab5eb2eb47cecc464545ba58e1ad24/library/std/src/sys/backtrace.rs:66:9
[INFO] [stdout]    3:     0x59992104ff7a - <std::sys::backtrace::BacktraceLock::print::DisplayBacktrace as core::fmt::Display>::fmt::h71a62eb3b9696b12
[INFO] [stdout]                                at /rustc/6067b36314ab5eb2eb47cecc464545ba58e1ad24/library/std/src/sys/backtrace.rs:39:26
[INFO] [stdout]    4:     0x599921079173 - core::fmt::rt::Argument::fmt::hdb6b616786b41dc1
[INFO] [stdout]                                at /rustc/6067b36314ab5eb2eb47cecc464545ba58e1ad24/library/core/src/fmt/rt.rs:177:76
[INFO] [stdout]    5:     0x599921079173 - core::fmt::write::h2cc1698af7e2d686
[INFO] [stdout]                                at /rustc/6067b36314ab5eb2eb47cecc464545ba58e1ad24/library/core/src/fmt/mod.rs:1440:21
[INFO] [stdout]    6:     0x59992104c573 - std::io::Write::write_fmt::hab1b4cd059a79022
[INFO] [stdout]                                at /rustc/6067b36314ab5eb2eb47cecc464545ba58e1ad24/library/std/src/io/mod.rs:1887:15
[INFO] [stdout]    7:     0x59992104fdc2 - std::sys::backtrace::BacktraceLock::print::h147fe35b4ea13b08
[INFO] [stdout]                                at /rustc/6067b36314ab5eb2eb47cecc464545ba58e1ad24/library/std/src/sys/backtrace.rs:42:9
[INFO] [stdout]    8:     0x59992105141f - std::panicking::default_hook::{{closure}}::hbd44223dbdc0d208
[INFO] [stdout]                                at /rustc/6067b36314ab5eb2eb47cecc464545ba58e1ad24/library/std/src/panicking.rs:298:22
[INFO] [stdout]    9:     0x599921051238 - std::panicking::default_hook::h20f81eb0576efcec
[INFO] [stdout]                                at /rustc/6067b36314ab5eb2eb47cecc464545ba58e1ad24/library/std/src/panicking.rs:322:9
[INFO] [stdout]   10:     0x599920fe8633 - <alloc::boxed::Box<F,A> as core::ops::function::Fn<Args>>::call::hdb53814c496a4d34
[INFO] [stdout]                                at /rustc/6067b36314ab5eb2eb47cecc464545ba58e1ad24/library/alloc/src/boxed.rs:2027:9
[INFO] [stdout]   11:     0x599920fe8633 - test::test_main::{{closure}}::hc0a4963c59427c24
[INFO] [stdout]                                at /rustc/6067b36314ab5eb2eb47cecc464545ba58e1ad24/library/test/src/lib.rs:134:21
[INFO] [stdout]   12:     0x599921051f13 - <alloc::boxed::Box<F,A> as core::ops::function::Fn<Args>>::call::h591b2225413a77e9
[INFO] [stdout]                                at /rustc/6067b36314ab5eb2eb47cecc464545ba58e1ad24/library/alloc/src/boxed.rs:2027:9
[INFO] [stdout]   13:     0x599921051f13 - std::panicking::rust_panic_with_hook::h625eea43051b2edc
[INFO] [stdout]                                at /rustc/6067b36314ab5eb2eb47cecc464545ba58e1ad24/library/std/src/panicking.rs:839:13
[INFO] [stdout]   14:     0x599921051bca - std::panicking::begin_panic_handler::{{closure}}::h4f9159cfbc3f6bd3
[INFO] [stdout]                                at /rustc/6067b36314ab5eb2eb47cecc464545ba58e1ad24/library/std/src/panicking.rs:704:13
[INFO] [stdout]   15:     0x599921050479 - std::sys::backtrace::__rust_end_short_backtrace::h0390abce48353151
[INFO] [stdout]                                at /rustc/6067b36314ab5eb2eb47cecc464545ba58e1ad24/library/std/src/sys/backtrace.rs:168:18
[INFO] [stdout]   16:     0x59992105185d - rust_begin_unwind
[INFO] [stdout]                                at /rustc/6067b36314ab5eb2eb47cecc464545ba58e1ad24/library/std/src/panicking.rs:695:5
[INFO] [stdout]   17:     0x599921077840 - core::panicking::panic_fmt::h9e7c637e9e5f29c9
[INFO] [stdout]                                at /rustc/6067b36314ab5eb2eb47cecc464545ba58e1ad24/library/core/src/panicking.rs:75:14
[INFO] [stdout]   18:     0x599920ffa5f2 - assert_cmd::assert::Assert::success::ha9695d616b1f1439
[INFO] [stdout]                                at /opt/rustwide/cargo-home/registry/src/index.crates.io-1949cf8c6b5b557f/assert_cmd-0.11.1/src/assert.rs:154:13
[INFO] [stdout]   19:     0x599920f999ce - cli::cli_access_server::h8781c78dde8419e4
[INFO] [stdout]                                at /opt/rustwide/workdir/tests/cli.rs:230:5
[INFO] [stdout]   20:     0x599920f9fa5e - cli::cli_access_server_kvs_engine::h0f6da23db4a3087f
[INFO] [stdout]                                at /opt/rustwide/workdir/tests/cli.rs:331:5
[INFO] [stdout]   21:     0x599920f9fa27 - cli::cli_access_server_kvs_engine::{{closure}}::hfd938c87512a707d
[INFO] [stdout]                                at /opt/rustwide/workdir/tests/cli.rs:330:34
[INFO] [stdout]   22:     0x599920f963a6 - core::ops::function::FnOnce::call_once::h5fe3a42a8b910dab
[INFO] [stdout]                                at /rustc/6067b36314ab5eb2eb47cecc464545ba58e1ad24/library/core/src/ops/function.rs:250:5
[INFO] [stdout]   23:     0x599920fedd8b - core::ops::function::FnOnce::call_once::he27718dfdd183f43
[INFO] [stdout]                                at /rustc/6067b36314ab5eb2eb47cecc464545ba58e1ad24/library/core/src/ops/function.rs:250:5
[INFO] [stdout]   24:     0x599920fedd8b - test::__rust_begin_short_backtrace::h4e84902998457a5d
[INFO] [stdout]                                at /rustc/6067b36314ab5eb2eb47cecc464545ba58e1ad24/library/test/src/lib.rs:632:18
[INFO] [stdout]   25:     0x599920feccc3 - test::run_test_in_process::{{closure}}::h7176fd18fc1feca0
[INFO] [stdout]                                at /rustc/6067b36314ab5eb2eb47cecc464545ba58e1ad24/library/test/src/lib.rs:655:60
[INFO] [stdout]   26:     0x599920feccc3 - <core::panic::unwind_safe::AssertUnwindSafe<F> as core::ops::function::FnOnce<()>>::call_once::hf79cff2a624d8cf7
[INFO] [stdout]                                at /rustc/6067b36314ab5eb2eb47cecc464545ba58e1ad24/library/core/src/panic/unwind_safe.rs:272:9
[INFO] [stdout]   27:     0x599920feccc3 - std::panicking::try::do_call::h3da0561d9ab99c25
[INFO] [stdout]                                at /rustc/6067b36314ab5eb2eb47cecc464545ba58e1ad24/library/std/src/panicking.rs:587:40
[INFO] [stdout]   28:     0x599920feccc3 - std::panicking::try::h41c9fa508bc61df6
[INFO] [stdout]                                at /rustc/6067b36314ab5eb2eb47cecc464545ba58e1ad24/library/std/src/panicking.rs:550:19
[INFO] [stdout]   29:     0x599920feccc3 - std::panic::catch_unwind::h6b3ff07bb5afad93
[INFO] [stdout]                                at /rustc/6067b36314ab5eb2eb47cecc464545ba58e1ad24/library/std/src/panic.rs:358:14
[INFO] [stdout]   30:     0x599920feccc3 - test::run_test_in_process::hc7253dd11b39b9f4
[INFO] [stdout]                                at /rustc/6067b36314ab5eb2eb47cecc464545ba58e1ad24/library/test/src/lib.rs:655:27
[INFO] [stdout]   31:     0x599920feccc3 - test::run_test::{{closure}}::hfb2007f8649c30bb
[INFO] [stdout]                                at /rustc/6067b36314ab5eb2eb47cecc464545ba58e1ad24/library/test/src/lib.rs:576:43
[INFO] [stdout]   32:     0x599920fafda5 - test::run_test::{{closure}}::h56a17aa7a282a9f4
[INFO] [stdout]                                at /rustc/6067b36314ab5eb2eb47cecc464545ba58e1ad24/library/test/src/lib.rs:606:41
[INFO] [stdout]   33:     0x599920fafda5 - std::sys::backtrace::__rust_begin_short_backtrace::hd2d2d2fb8e8c6aac
[INFO] [stdout]                                at /rustc/6067b36314ab5eb2eb47cecc464545ba58e1ad24/library/std/src/sys/backtrace.rs:152:18
[INFO] [stdout]   34:     0x599920fb368a - std::thread::Builder::spawn_unchecked_::{{closure}}::{{closure}}::h4faa3f9db6133423
[INFO] [stdout]                                at /rustc/6067b36314ab5eb2eb47cecc464545ba58e1ad24/library/std/src/thread/mod.rs:559:17
[INFO] [stdout]   35:     0x599920fb368a - <core::panic::unwind_safe::AssertUnwindSafe<F> as core::ops::function::FnOnce<()>>::call_once::hf2e855a36a4ea846
[INFO] [stdout]                                at /rustc/6067b36314ab5eb2eb47cecc464545ba58e1ad24/library/core/src/panic/unwind_safe.rs:272:9
[INFO] [stdout]   36:     0x599920fb368a - std::panicking::try::do_call::h2f73af3616c35465
[INFO] [stdout]                                at /rustc/6067b36314ab5eb2eb47cecc464545ba58e1ad24/library/std/src/panicking.rs:587:40
[INFO] [stdout]   37:     0x599920fb368a - std::panicking::try::hd1660ce9efadef5a
[INFO] [stdout]                                at /rustc/6067b36314ab5eb2eb47cecc464545ba58e1ad24/library/std/src/panicking.rs:550:19
[INFO] [stdout]   38:     0x599920fb368a - std::panic::catch_unwind::h5ee8d7823b8ca744
[INFO] [stdout]                                at /rustc/6067b36314ab5eb2eb47cecc464545ba58e1ad24/library/std/src/panic.rs:358:14
[INFO] [stdout]   39:     0x599920fb368a - std::thread::Builder::spawn_unchecked_::{{closure}}::h53c3a1894dce8407
[INFO] [stdout]                                at /rustc/6067b36314ab5eb2eb47cecc464545ba58e1ad24/library/std/src/thread/mod.rs:557:30
[INFO] [stdout]   40:     0x599920fb368a - core::ops::function::FnOnce::call_once{{vtable.shim}}::h048ce291ad4f62bf
[INFO] [stdout]                                at /rustc/6067b36314ab5eb2eb47cecc464545ba58e1ad24/library/core/src/ops/function.rs:250:5
[INFO] [stdout]   41:     0x59992105734b - <alloc::boxed::Box<F,A> as core::ops::function::FnOnce<Args>>::call_once::ha52bedf99a3b4981
[INFO] [stdout]                                at /rustc/6067b36314ab5eb2eb47cecc464545ba58e1ad24/library/alloc/src/boxed.rs:2013:9
[INFO] [stdout]   42:     0x59992105734b - <alloc::boxed::Box<F,A> as core::ops::function::FnOnce<Args>>::call_once::h567748934d80ccf8
[INFO] [stdout]                                at /rustc/6067b36314ab5eb2eb47cecc464545ba58e1ad24/library/alloc/src/boxed.rs:2013:9
[INFO] [stdout]   43:     0x59992105734b - std::sys::pal::unix::thread::Thread::new::thread_start::h2d970728ae887adc
[INFO] [stdout]                                at /rustc/6067b36314ab5eb2eb47cecc464545ba58e1ad24/library/std/src/sys/pal/unix/thread.rs:106:17
[INFO] [stdout]   44:     0x7d3456d8fac3 - <unknown>
[INFO] [stdout]   45:     0x7d3456e20a04 - clone
[INFO] [stdout]   46:                0x0 - <unknown>
[INFO] [stdout] 
[INFO] [stdout] ---- cli_access_server_sled_engine stdout ----
[INFO] [stdout] 
[INFO] [stdout] thread 'cli_access_server_sled_engine' panicked at /opt/rustwide/cargo-home/registry/src/index.crates.io-1949cf8c6b5b557f/assert_cmd-0.11.1/src/assert.rs:154:13:
[INFO] [stdout] Unexpected failure.
[INFO] [stdout] code-1
[INFO] [stdout] stderr=```display = No response received
[INFO] [stdout] ```
[INFO] [stdout] command=`cd "/tmp/.tmpmAdv6j" && "/opt/rustwide/target/debug/kvs-client" "set" "key1" "value1" "--addr" "127.0.0.1:4005"`
[INFO] [stdout] code=1
[INFO] [stdout] stdout=``````
[INFO] [stdout] stderr=```display = No response received
[INFO] [stdout] ```
[INFO] [stdout] 
[INFO] [stdout] stack backtrace:
[INFO] [stdout]    0:     0x59992104ff7a - std::backtrace_rs::backtrace::libunwind::trace::hb059275cfc8d6126
[INFO] [stdout]                                at /rustc/6067b36314ab5eb2eb47cecc464545ba58e1ad24/library/std/src/../../backtrace/src/backtrace/libunwind.rs:116:5
[INFO] [stdout]    1:     0x59992104ff7a - std::backtrace_rs::backtrace::trace_unsynchronized::h2da071e4327ce3ee
[INFO] [stdout]                                at /rustc/6067b36314ab5eb2eb47cecc464545ba58e1ad24/library/std/src/../../backtrace/src/backtrace/mod.rs:66:5
[INFO] [stdout]    2:     0x59992104ff7a - std::sys::backtrace::_print_fmt::h842a1474e6f8d23f
[INFO] [stdout]                                at /rustc/6067b36314ab5eb2eb47cecc464545ba58e1ad24/library/std/src/sys/backtrace.rs:66:9
[INFO] [stdout]    3:     0x59992104ff7a - <std::sys::backtrace::BacktraceLock::print::DisplayBacktrace as core::fmt::Display>::fmt::h71a62eb3b9696b12
[INFO] [stdout]                                at /rustc/6067b36314ab5eb2eb47cecc464545ba58e1ad24/library/std/src/sys/backtrace.rs:39:26
[INFO] [stdout]    4:     0x599921079173 - core::fmt::rt::Argument::fmt::hdb6b616786b41dc1
[INFO] [stdout]                                at /rustc/6067b36314ab5eb2eb47cecc464545ba58e1ad24/library/core/src/fmt/rt.rs:177:76
[INFO] [stdout]    5:     0x599921079173 - core::fmt::write::h2cc1698af7e2d686
[INFO] [stdout]                                at /rustc/6067b36314ab5eb2eb47cecc464545ba58e1ad24/library/core/src/fmt/mod.rs:1440:21
[INFO] [stdout]    6:     0x59992104c573 - std::io::Write::write_fmt::hab1b4cd059a79022
[INFO] [stdout]                                at /rustc/6067b36314ab5eb2eb47cecc464545ba58e1ad24/library/std/src/io/mod.rs:1887:15
[INFO] [stdout]    7:     0x59992104fdc2 - std::sys::backtrace::BacktraceLock::print::h147fe35b4ea13b08
[INFO] [stdout]                                at /rustc/6067b36314ab5eb2eb47cecc464545ba58e1ad24/library/std/src/sys/backtrace.rs:42:9
[INFO] [stdout]    8:     0x59992105141f - std::panicking::default_hook::{{closure}}::hbd44223dbdc0d208
[INFO] [stdout]                                at /rustc/6067b36314ab5eb2eb47cecc464545ba58e1ad24/library/std/src/panicking.rs:298:22
[INFO] [stdout]    9:     0x599921051238 - std::panicking::default_hook::h20f81eb0576efcec
[INFO] [stdout]                                at /rustc/6067b36314ab5eb2eb47cecc464545ba58e1ad24/library/std/src/panicking.rs:322:9
[INFO] [stdout]   10:     0x599920fe8633 - <alloc::boxed::Box<F,A> as core::ops::function::Fn<Args>>::call::hdb53814c496a4d34
[INFO] [stdout]                                at /rustc/6067b36314ab5eb2eb47cecc464545ba58e1ad24/library/alloc/src/boxed.rs:2027:9
[INFO] [stdout]   11:     0x599920fe8633 - test::test_main::{{closure}}::hc0a4963c59427c24
[INFO] [stdout]                                at /rustc/6067b36314ab5eb2eb47cecc464545ba58e1ad24/library/test/src/lib.rs:134:21
[INFO] [stdout]   12:     0x599921051f13 - <alloc::boxed::Box<F,A> as core::ops::function::Fn<Args>>::call::h591b2225413a77e9
[INFO] [stdout]                                at /rustc/6067b36314ab5eb2eb47cecc464545ba58e1ad24/library/alloc/src/boxed.rs:2027:9
[INFO] [stdout]   13:     0x599921051f13 - std::panicking::rust_panic_with_hook::h625eea43051b2edc
[INFO] [stdout]                                at /rustc/6067b36314ab5eb2eb47cecc464545ba58e1ad24/library/std/src/panicking.rs:839:13
[INFO] [stdout]   14:     0x599921051bca - std::panicking::begin_panic_handler::{{closure}}::h4f9159cfbc3f6bd3
[INFO] [stdout]                                at /rustc/6067b36314ab5eb2eb47cecc464545ba58e1ad24/library/std/src/panicking.rs:704:13
[INFO] [stdout]   15:     0x599921050479 - std::sys::backtrace::__rust_end_short_backtrace::h0390abce48353151
[INFO] [stdout]                                at /rustc/6067b36314ab5eb2eb47cecc464545ba58e1ad24/library/std/src/sys/backtrace.rs:168:18
[INFO] [stdout]   16:     0x59992105185d - rust_begin_unwind
[INFO] [stdout]                                at /rustc/6067b36314ab5eb2eb47cecc464545ba58e1ad24/library/std/src/panicking.rs:695:5
[INFO] [stdout]   17:     0x599921077840 - core::panicking::panic_fmt::h9e7c637e9e5f29c9
[INFO] [stdout]                                at /rustc/6067b36314ab5eb2eb47cecc464545ba58e1ad24/library/core/src/panicking.rs:75:14
[INFO] [stdout]   18:     0x599920ffa5f2 - assert_cmd::assert::Assert::success::ha9695d616b1f1439
[INFO] [stdout]                                at /opt/rustwide/cargo-home/registry/src/index.crates.io-1949cf8c6b5b557f/assert_cmd-0.11.1/src/assert.rs:154:13
[INFO] [stdout]   19:     0x599920f999ce - cli::cli_access_server::h8781c78dde8419e4
[INFO] [stdout]                                at /opt/rustwide/workdir/tests/cli.rs:230:5
[INFO] [stdout]   20:     0x599920f9faae - cli::cli_access_server_sled_engine::h1698d5b780e1c3e9
[INFO] [stdout]                                at /opt/rustwide/workdir/tests/cli.rs:336:5
[INFO] [stdout]   21:     0x599920f9fa77 - cli::cli_access_server_sled_engine::{{closure}}::h9d8208ab152b5791
[INFO] [stdout]                                at /opt/rustwide/workdir/tests/cli.rs:335:35
[INFO] [stdout]   22:     0x599920f961c6 - core::ops::function::FnOnce::call_once::h005c300d1bdbd4d7
[INFO] [stdout]                                at /rustc/6067b36314ab5eb2eb47cecc464545ba58e1ad24/library/core/src/ops/function.rs:250:5
[INFO] [stdout]   23:     0x599920fedd8b - core::ops::function::FnOnce::call_once::he27718dfdd183f43
[INFO] [stdout]                                at /rustc/6067b36314ab5eb2eb47cecc464545ba58e1ad24/library/core/src/ops/function.rs:250:5
[INFO] [stdout]   24:     0x599920fedd8b - test::__rust_begin_short_backtrace::h4e84902998457a5d
[INFO] [stdout]                                at /rustc/6067b36314ab5eb2eb47cecc464545ba58e1ad24/library/test/src/lib.rs:632:18
[INFO] [stdout]   25:     0x599920feccc3 - test::run_test_in_process::{{closure}}::h7176fd18fc1feca0
[INFO] [stdout]                                at /rustc/6067b36314ab5eb2eb47cecc464545ba58e1ad24/library/test/src/lib.rs:655:60
[INFO] [stdout]   26:     0x599920feccc3 - <core::panic::unwind_safe::AssertUnwindSafe<F> as core::ops::function::FnOnce<()>>::call_once::hf79cff2a624d8cf7
[INFO] [stdout]                                at /rustc/6067b36314ab5eb2eb47cecc464545ba58e1ad24/library/core/src/panic/unwind_safe.rs:272:9
[INFO] [stdout]   27:     0x599920feccc3 - std::panicking::try::do_call::h3da0561d9ab99c25
[INFO] [stdout]                                at /rustc/6067b36314ab5eb2eb47cecc464545ba58e1ad24/library/std/src/panicking.rs:587:40
[INFO] [stdout]   28:     0x599920feccc3 - std::panicking::try::h41c9fa508bc61df6
[INFO] [stdout]                                at /rustc/6067b36314ab5eb2eb47cecc464545ba58e1ad24/library/std/src/panicking.rs:550:19
[INFO] [stdout]   29:     0x599920feccc3 - std::panic::catch_unwind::h6b3ff07bb5afad93
[INFO] [stdout]                                at /rustc/6067b36314ab5eb2eb47cecc464545ba58e1ad24/library/std/src/panic.rs:358:14
[INFO] [stdout]   30:     0x599920feccc3 - test::run_test_in_process::hc7253dd11b39b9f4
[INFO] [stdout]                                at /rustc/6067b36314ab5eb2eb47cecc464545ba58e1ad24/library/test/src/lib.rs:655:27
[INFO] [stdout]   31:     0x599920feccc3 - test::run_test::{{closure}}::hfb2007f8649c30bb
[INFO] [stdout]                                at /rustc/6067b36314ab5eb2eb47cecc464545ba58e1ad24/library/test/src/lib.rs:576:43
[INFO] [stdout]   32:     0x599920fafda5 - test::run_test::{{closure}}::h56a17aa7a282a9f4
[INFO] [stdout]                                at /rustc/6067b36314ab5eb2eb47cecc464545ba58e1ad24/library/test/src/lib.rs:606:41
[INFO] [stdout]   33:     0x599920fafda5 - std::sys::backtrace::__rust_begin_short_backtrace::hd2d2d2fb8e8c6aac
[INFO] [stdout]                                at /rustc/6067b36314ab5eb2eb47cecc464545ba58e1ad24/library/std/src/sys/backtrace.rs:152:18
[INFO] [stdout]   34:     0x599920fb368a - std::thread::Builder::spawn_unchecked_::{{closure}}::{{closure}}::h4faa3f9db6133423
[INFO] [stdout]                                at /rustc/6067b36314ab5eb2eb47cecc464545ba58e1ad24/library/std/src/thread/mod.rs:559:17
[INFO] [stdout]   35:     0x599920fb368a - <core::panic::unwind_safe::AssertUnwindSafe<F> as core::ops::function::FnOnce<()>>::call_once::hf2e855a36a4ea846
[INFO] [stdout]                                at /rustc/6067b36314ab5eb2eb47cecc464545ba58e1ad24/library/core/src/panic/unwind_safe.rs:272:9
[INFO] [stdout]   36:     0x599920fb368a - std::panicking::try::do_call::h2f73af3616c35465
[INFO] [stdout]                                at /rustc/6067b36314ab5eb2eb47cecc464545ba58e1ad24/library/std/src/panicking.rs:587:40
[INFO] [stdout]   37:     0x599920fb368a - std::panicking::try::hd1660ce9efadef5a
[INFO] [stdout]                                at /rustc/6067b36314ab5eb2eb47cecc464545ba58e1ad24/library/std/src/panicking.rs:550:19
[INFO] [stdout]   38:     0x599920fb368a - std::panic::catch_unwind::h5ee8d7823b8ca744
[INFO] [stdout]                                at /rustc/6067b36314ab5eb2eb47cecc464545ba58e1ad24/library/std/src/panic.rs:358:14
[INFO] [stdout]   39:     0x599920fb368a - std::thread::Builder::spawn_unchecked_::{{closure}}::h53c3a1894dce8407
[INFO] [stdout]                                at /rustc/6067b36314ab5eb2eb47cecc464545ba58e1ad24/library/std/src/thread/mod.rs:557:30
[INFO] [stdout]   40:     0x599920fb368a - core::ops::function::FnOnce::call_once{{vtable.shim}}::h048ce291ad4f62bf
[INFO] [stdout]                                at /rustc/6067b36314ab5eb2eb47cecc464545ba58e1ad24/library/core/src/ops/function.rs:250:5
[INFO] [stdout]   41:     0x59992105734b - <alloc::boxed::Box<F,A> as core::ops::function::FnOnce<Args>>::call_once::ha52bedf99a3b4981
[INFO] [stdout]                                at /rustc/6067b36314ab5eb2eb47cecc464545ba58e1ad24/library/alloc/src/boxed.rs:2013:9
[INFO] [stdout]   42:     0x59992105734b - <alloc::boxed::Box<F,A> as core::ops::function::FnOnce<Args>>::call_once::h567748934d80ccf8
[INFO] [stdout]                                at /rustc/6067b36314ab5eb2eb47cecc464545ba58e1ad24/library/alloc/src/boxed.rs:2013:9
[INFO] [stdout]   43:     0x59992105734b - std::sys::pal::unix::thread::Thread::new::thread_start::h2d970728ae887adc
[INFO] [stdout]                                at /rustc/6067b36314ab5eb2eb47cecc464545ba58e1ad24/library/std/src/sys/pal/unix/thread.rs:106:17
[INFO] [stdout]   44:     0x7d3456d8fac3 - <unknown>
[INFO] [stdout]   45:     0x7d3456e20a04 - clone
[INFO] [stdout]   46:                0x0 - <unknown>
[INFO] [stdout] 
[INFO] [stdout] 
[INFO] [stdout] failures:
[INFO] [stdout]     cli_access_server_kvs_engine
[INFO] [stdout]     cli_access_server_sled_engine
[INFO] [stdout] 
[INFO] [stdout] test result: FAILED. 9 passed; 2 failed; 0 ignored; 0 measured; 0 filtered out; finished in 2.03s
[INFO] [stdout] 
[INFO] [stderr] error: test failed, to rerun pass `--test cli`
[INFO] running `Command { std: "docker" "inspect" "d1dc5dfd61200f8372e9c14c8ebf21b6b124a361ba72864a7692bf64a22a1d8d", kill_on_drop: false }`
[INFO] running `Command { std: "docker" "rm" "-f" "d1dc5dfd61200f8372e9c14c8ebf21b6b124a361ba72864a7692bf64a22a1d8d", kill_on_drop: false }`
[INFO] [stdout] d1dc5dfd61200f8372e9c14c8ebf21b6b124a361ba72864a7692bf64a22a1d8d
