[INFO] cloning repository https://github.com/qinxiaoguang/auto_install
[INFO] running `Command { std: "git" "-c" "credential.helper=" "-c" "credential.helper=/workspace/cargo-home/bin/git-credential-null" "clone" "--bare" "https://github.com/qinxiaoguang/auto_install" "/workspace/cache/git-repos/https%3A%2F%2Fgithub.com%2Fqinxiaoguang%2Fauto_install", kill_on_drop: false }`
[INFO] [stderr] Cloning into bare repository '/workspace/cache/git-repos/https%3A%2F%2Fgithub.com%2Fqinxiaoguang%2Fauto_install'...
[INFO] running `Command { std: "git" "rev-parse" "HEAD", kill_on_drop: false }`
[INFO] [stdout] 59958d3af2c19a3fc330069d0c2251b3c6d2727d
[INFO] testing qinxiaoguang/auto_install against nightly-2025-01-18+rustflags=-Zrandomize-layout for randomize-layout-2
[INFO] running `Command { std: "git" "clone" "/workspace/cache/git-repos/https%3A%2F%2Fgithub.com%2Fqinxiaoguang%2Fauto_install" "/workspace/builds/worker-0-tc2/source", kill_on_drop: false }`
[INFO] [stderr] Cloning into '/workspace/builds/worker-0-tc2/source'...
[INFO] [stderr] done.
[INFO] validating manifest of git repo https://github.com/qinxiaoguang/auto_install on toolchain nightly-2025-01-18
[INFO] running `Command { std: CARGO_HOME="/workspace/cargo-home" RUSTUP_HOME="/workspace/rustup-home" "/workspace/cargo-home/bin/cargo" "+nightly-2025-01-18" "metadata" "--manifest-path" "Cargo.toml" "--no-deps", kill_on_drop: false }`
[INFO] started tweaking git repo https://github.com/qinxiaoguang/auto_install
[INFO] finished tweaking git repo https://github.com/qinxiaoguang/auto_install
[INFO] tweaked toml for git repo https://github.com/qinxiaoguang/auto_install written to /workspace/builds/worker-0-tc2/source/Cargo.toml
[INFO] crate git repo https://github.com/qinxiaoguang/auto_install already has a lockfile, it will not be regenerated
[INFO] running `Command { std: CARGO_HOME="/workspace/cargo-home" RUSTUP_HOME="/workspace/rustup-home" "/workspace/cargo-home/bin/cargo" "+nightly-2025-01-18" "fetch" "--manifest-path" "Cargo.toml", kill_on_drop: false }`
[INFO] running `Command { std: "docker" "create" "-v" "/var/lib/crater-agent-workspace/builds/worker-0-tc2/target:/opt/rustwide/target:rw,Z" "-v" "/var/lib/crater-agent-workspace/builds/worker-0-tc2/source:/opt/rustwide/workdir:ro,Z" "-v" "/var/lib/crater-agent-workspace/cargo-home:/opt/rustwide/cargo-home:ro,Z" "-v" "/var/lib/crater-agent-workspace/rustup-home:/opt/rustwide/rustup-home:ro,Z" "-e" "SOURCE_DIR=/opt/rustwide/workdir" "-e" "CARGO_TARGET_DIR=/opt/rustwide/target" "-e" "CARGO_HOME=/opt/rustwide/cargo-home" "-e" "RUSTUP_HOME=/opt/rustwide/rustup-home" "-w" "/opt/rustwide/workdir" "-m" "1610612736" "--user" "0:0" "--network" "none" "ghcr.io/rust-lang/crates-build-env/linux@sha256:819108c5571ea2e421544af4d832f968d213c87fbe3707a016657f43d2f853bc" "/opt/rustwide/cargo-home/bin/cargo" "+nightly-2025-01-18" "metadata" "--no-deps" "--format-version=1", kill_on_drop: false }`
[INFO] [stdout] 4c1255d08ffd3f30c3e042ad711eba01c677cdca2909e91070c2f13527952b3c
[INFO] running `Command { std: "docker" "start" "-a" "4c1255d08ffd3f30c3e042ad711eba01c677cdca2909e91070c2f13527952b3c", kill_on_drop: false }`
[INFO] running `Command { std: "docker" "inspect" "4c1255d08ffd3f30c3e042ad711eba01c677cdca2909e91070c2f13527952b3c", kill_on_drop: false }`
[INFO] running `Command { std: "docker" "rm" "-f" "4c1255d08ffd3f30c3e042ad711eba01c677cdca2909e91070c2f13527952b3c", kill_on_drop: false }`
[INFO] [stdout] 4c1255d08ffd3f30c3e042ad711eba01c677cdca2909e91070c2f13527952b3c
[INFO] running `Command { std: "docker" "create" "-v" "/var/lib/crater-agent-workspace/builds/worker-0-tc2/target:/opt/rustwide/target:rw,Z" "-v" "/var/lib/crater-agent-workspace/builds/worker-0-tc2/source:/opt/rustwide/workdir:ro,Z" "-v" "/var/lib/crater-agent-workspace/cargo-home:/opt/rustwide/cargo-home:ro,Z" "-v" "/var/lib/crater-agent-workspace/rustup-home:/opt/rustwide/rustup-home:ro,Z" "-e" "SOURCE_DIR=/opt/rustwide/workdir" "-e" "CARGO_TARGET_DIR=/opt/rustwide/target" "-e" "CARGO_INCREMENTAL=0" "-e" "RUST_BACKTRACE=full" "-e" "RUSTFLAGS=--cap-lints=forbid -Zrandomize-layout" "-e" "RUSTDOCFLAGS=--cap-lints=forbid" "-e" "CARGO_HOME=/opt/rustwide/cargo-home" "-e" "RUSTUP_HOME=/opt/rustwide/rustup-home" "-w" "/opt/rustwide/workdir" "-m" "1610612736" "--user" "0:0" "--network" "none" "ghcr.io/rust-lang/crates-build-env/linux@sha256:819108c5571ea2e421544af4d832f968d213c87fbe3707a016657f43d2f853bc" "/opt/rustwide/cargo-home/bin/cargo" "+nightly-2025-01-18" "build" "--frozen" "--message-format=json", kill_on_drop: false }`
[INFO] [stdout] bb9a227ac342571135239809d511ae18baaa922f16d3294478969c9e7534f904
[INFO] running `Command { std: "docker" "start" "-a" "bb9a227ac342571135239809d511ae18baaa922f16d3294478969c9e7534f904", kill_on_drop: false }`
[INFO] [stderr]    Compiling libc v0.2.81
[INFO] [stderr]    Compiling proc-macro2 v1.0.24
[INFO] [stderr]    Compiling unicode-xid v0.2.1
[INFO] [stderr]    Compiling syn v1.0.54
[INFO] [stderr]    Compiling autocfg v1.0.1
[INFO] [stderr]    Compiling serde_derive v1.0.118
[INFO] [stderr]    Compiling serde v1.0.118
[INFO] [stderr]    Compiling cfg-if v0.1.10
[INFO] [stderr]    Compiling memchr v2.3.4
[INFO] [stderr]    Compiling log v0.4.11
[INFO] [stderr]    Compiling cache-padded v1.1.1
[INFO] [stderr]    Compiling futures-core v0.3.8
[INFO] [stderr]    Compiling cfg-if v1.0.0
[INFO] [stderr]    Compiling fastrand v1.4.0
[INFO] [stderr]    Compiling futures-io v0.3.8
[INFO] [stderr]    Compiling pin-project-lite v0.1.11
[INFO] [stderr]    Compiling parking v2.0.0
[INFO] [stderr]    Compiling concurrent-queue v1.2.2
[INFO] [stderr]    Compiling waker-fn v1.1.0
[INFO] [stderr]    Compiling once_cell v1.5.2
[INFO] [stderr]    Compiling event-listener v2.5.1
[INFO] [stderr]    Compiling getrandom v0.1.15
[INFO] [stderr]    Compiling adler v0.2.3
[INFO] [stderr]    Compiling vec-arena v1.0.0
[INFO] [stderr]    Compiling lazy_static v1.4.0
[INFO] [stderr]    Compiling async-task v4.0.3
[INFO] [stderr]    Compiling crc32fast v1.2.1
[INFO] [stderr]    Compiling ryu v1.0.5
[INFO] [stderr]    Compiling gimli v0.23.0
[INFO] [stderr]    Compiling smallvec v1.5.1
[INFO] [stderr]    Compiling quick-error v1.2.3
[INFO] [stderr]    Compiling serde_json v1.0.60
[INFO] [stderr]    Compiling linked-hash-map v0.5.3
[INFO] [stderr]    Compiling failure_derive v0.1.8
[INFO] [stderr]    Compiling scopeguard v1.1.0
[INFO] [stderr]    Compiling traitobject v0.1.0
[INFO] [stderr]    Compiling num-traits v0.2.14
[INFO] [stderr]    Compiling miniz_oxide v0.4.3
[INFO] [stderr]    Compiling num-integer v0.1.44
[INFO] [stderr]    Compiling crossbeam-utils v0.8.1
[INFO] [stderr]    Compiling lock_api v0.3.4
[INFO] [stderr]    Compiling yaml-rust v0.4.4
[INFO] [stderr]    Compiling unsafe-any v0.4.2
[INFO] [stderr]    Compiling futures-lite v1.11.2
[INFO] [stderr]    Compiling aho-corasick v0.7.15
[INFO] [stderr]    Compiling humantime v1.3.0
[INFO] [stderr]    Compiling thread_local v1.0.1
[INFO] [stderr]    Compiling async-channel v1.5.1
[INFO] [stderr]    Compiling dtoa v0.4.6
[INFO] [stderr]    Compiling ppv-lite86 v0.2.10
[INFO] [stderr]    Compiling object v0.22.0
[INFO] [stderr]    Compiling itoa v0.4.6
[INFO] [stderr]    Compiling atomic-waker v1.0.0
[INFO] [stderr]    Compiling regex-syntax v0.6.21
[INFO] [stderr]    Compiling rustc-demangle v0.1.18
[INFO] [stderr]    Compiling typemap v0.3.3
[INFO] [stderr]    Compiling async-mutex v1.4.0
[INFO] [stderr]    Compiling quote v1.0.7
[INFO] [stderr]    Compiling arc-swap v0.4.8
[INFO] [stderr]    Compiling nb-connect v1.0.2
[INFO] [stderr]    Compiling signal-hook-registry v1.2.2
[INFO] [stderr]    Compiling async-executor v1.4.0
[INFO] [stderr]    Compiling signal-hook v0.1.16
[INFO] [stderr]    Compiling rand_core v0.5.1
[INFO] [stderr]    Compiling num_cpus v1.13.0
[INFO] [stderr]    Compiling parking_lot_core v0.7.2
[INFO] [stderr]    Compiling time v0.1.44
[INFO] [stderr]    Compiling rand_chacha v0.2.2
[INFO] [stderr]    Compiling flate2 v1.0.19
[INFO] [stderr]    Compiling blocking v1.0.2
[INFO] [stderr]    Compiling thread-id v3.3.0
[INFO] [stderr]    Compiling parking_lot v0.10.2
[INFO] [stderr]    Compiling atty v0.2.14
[INFO] [stderr]    Compiling log-mdc v0.1.0
[INFO] [stderr]    Compiling ordered-float v1.1.1
[INFO] [stderr]    Compiling termcolor v1.1.2
[INFO] [stderr]    Compiling pin-utils v0.1.0
[INFO] [stderr]    Compiling pin-project-lite v0.2.0
[INFO] [stderr]    Compiling fnv v1.0.7
[INFO] [stderr]    Compiling slab v0.4.2
[INFO] [stderr]    Compiling rand v0.7.3
[INFO] [stderr]    Compiling chrono v0.4.19
[INFO] [stderr]    Compiling addr2line v0.14.0
[INFO] [stderr]    Compiling backtrace v0.3.55
[INFO] [stderr]    Compiling regex v1.4.2
[INFO] [stderr]    Compiling synstructure v0.12.4
[INFO] [stderr]    Compiling async-attributes v1.1.1
[INFO] [stderr]    Compiling async-trait v0.1.42
[INFO] [stderr]    Compiling failure v0.1.8
[INFO] [stderr]    Compiling serde_yaml v0.8.14
[INFO] [stderr]    Compiling serde-value v0.6.0
[INFO] [stderr]    Compiling toml v0.5.7
[INFO] [stderr]    Compiling polling v2.0.2
[INFO] [stderr]    Compiling kv-log-macro v1.0.7
[INFO] [stderr]    Compiling env_logger v0.7.1
[INFO] [stderr]    Compiling async-io v1.3.1
[INFO] [stderr]    Compiling async-process v1.0.1
[INFO] [stderr]    Compiling async-global-executor v1.4.3
[INFO] [stderr]    Compiling async-std v1.8.0
[INFO] [stderr]    Compiling log4rs v0.11.0
[INFO] [stderr]    Compiling auto_install v0.1.0 (/opt/rustwide/workdir)
[INFO] [stdout] warning: unused import: `crate::util::async_file`
[INFO] [stdout]  --> src/handle/alacritty.rs:2:5
[INFO] [stdout]   |
[INFO] [stdout] 2 | use crate::util::async_file;
[INFO] [stdout]   |     ^^^^^^^^^^^^^^^^^^^^^^^
[INFO] [stdout]   |
[INFO] [stdout]   = note: `#[warn(unused_imports)]` on by default
[INFO] [stdout] 
[INFO] [stdout] 
[INFO] [stdout] warning: unused import: `async_std::process::Command`
[INFO] [stdout]  --> src/handle/alacritty.rs:8:5
[INFO] [stdout]   |
[INFO] [stdout] 8 | use async_std::process::Command;
[INFO] [stdout]   |     ^^^^^^^^^^^^^^^^^^^^^^^^^^^
[INFO] [stdout] 
[INFO] [stdout] 
[INFO] [stdout] warning: unused import: `failure::Error`
[INFO] [stdout]   --> src/handle/alacritty.rs:10:5
[INFO] [stdout]    |
[INFO] [stdout] 10 | use failure::Error;
[INFO] [stdout]    |     ^^^^^^^^^^^^^^
[INFO] [stdout] 
[INFO] [stdout] 
[INFO] [stdout] warning: unused import: `log::info`
[INFO] [stdout]   --> src/handle/alacritty.rs:11:5
[INFO] [stdout]    |
[INFO] [stdout] 11 | use log::info;
[INFO] [stdout]    |     ^^^^^^^^^
[INFO] [stdout] 
[INFO] [stdout] 
[INFO] [stdout] warning: unused import: `std::path::Path`
[INFO] [stdout]   --> src/handle/alacritty.rs:12:5
[INFO] [stdout]    |
[INFO] [stdout] 12 | use std::path::Path;
[INFO] [stdout]    |     ^^^^^^^^^^^^^^^
[INFO] [stdout] 
[INFO] [stdout] 
[INFO] [stdout] warning: unused import: `crate::app_conf::*`
[INFO] [stdout]  --> src/handle/common.rs:1:5
[INFO] [stdout]   |
[INFO] [stdout] 1 | use crate::app_conf::*;
[INFO] [stdout]   |     ^^^^^^^^^^^^^^^^^^
[INFO] [stdout] 
[INFO] [stdout] 
[INFO] [stdout] warning: unused import: `super::EnvHandler`
[INFO] [stdout]  --> src/handle/common.rs:4:5
[INFO] [stdout]   |
[INFO] [stdout] 4 | use super::EnvHandler;
[INFO] [stdout]   |     ^^^^^^^^^^^^^^^^^
[INFO] [stdout] 
[INFO] [stdout] 
[INFO] [stdout] warning: unused import: `async_trait::async_trait`
[INFO] [stdout]  --> src/handle/common.rs:7:5
[INFO] [stdout]   |
[INFO] [stdout] 7 | use async_trait::async_trait;
[INFO] [stdout]   |     ^^^^^^^^^^^^^^^^^^^^^^^^
[INFO] [stdout] 
[INFO] [stdout] 
[INFO] [stdout] warning: unused import: `crate::app_conf::*`
[INFO] [stdout]  --> src/handle/handle.rs:1:5
[INFO] [stdout]   |
[INFO] [stdout] 1 | use crate::app_conf::*;
[INFO] [stdout]   |     ^^^^^^^^^^^^^^^^^^
[INFO] [stdout] 
[INFO] [stdout] 
[INFO] [stdout] warning: unused import: `crate::util::async_file`
[INFO] [stdout]  --> src/handle/handle.rs:2:5
[INFO] [stdout]   |
[INFO] [stdout] 2 | use crate::util::async_file;
[INFO] [stdout]   |     ^^^^^^^^^^^^^^^^^^^^^^^
[INFO] [stdout] 
[INFO] [stdout] 
[INFO] [stdout] warning: unused import: `log::info`
[INFO] [stdout]  --> src/handle/handle.rs:6:5
[INFO] [stdout]   |
[INFO] [stdout] 6 | use log::info;
[INFO] [stdout]   |     ^^^^^^^^^
[INFO] [stdout] 
[INFO] [stdout] 
[INFO] [stdout] warning: unused import: `std::path::Path`
[INFO] [stdout]  --> src/handle/handle.rs:7:5
[INFO] [stdout]   |
[INFO] [stdout] 7 | use std::path::Path;
[INFO] [stdout]   |     ^^^^^^^^^^^^^^^
[INFO] [stdout] 
[INFO] [stdout] 
[INFO] [stdout] warning: unused import: `crate::util::async_file`
[INFO] [stdout]  --> src/handle/pkg_manager.rs:2:5
[INFO] [stdout]   |
[INFO] [stdout] 2 | use crate::util::async_file;
[INFO] [stdout]   |     ^^^^^^^^^^^^^^^^^^^^^^^
[INFO] [stdout] 
[INFO] [stdout] 
[INFO] [stdout] warning: unused import: `super::common::insert_source_cmd`
[INFO] [stdout]  --> src/handle/pkg_manager.rs:4:5
[INFO] [stdout]   |
[INFO] [stdout] 4 | use super::common::insert_source_cmd;
[INFO] [stdout]   |     ^^^^^^^^^^^^^^^^^^^^^^^^^^^^^^^^
[INFO] [stdout] 
[INFO] [stdout] 
[INFO] [stdout] warning: unused import: `crate::util::path::to_abs_path`
[INFO] [stdout]  --> src/handle/pkg_manager.rs:7:5
[INFO] [stdout]   |
[INFO] [stdout] 7 | use crate::util::path::to_abs_path;
[INFO] [stdout]   |     ^^^^^^^^^^^^^^^^^^^^^^^^^^^^^^
[INFO] [stdout] 
[INFO] [stdout] 
[INFO] [stdout] warning: unused import: `std::path::Path`
[INFO] [stdout]   --> src/handle/pkg_manager.rs:11:5
[INFO] [stdout]    |
[INFO] [stdout] 11 | use std::path::Path;
[INFO] [stdout]    |     ^^^^^^^^^^^^^^^
[INFO] [stdout] 
[INFO] [stdout] 
[INFO] [stdout] warning: unused import: `crate::util::async_file`
[INFO] [stdout]  --> src/handle/shell_env.rs:2:5
[INFO] [stdout]   |
[INFO] [stdout] 2 | use crate::util::async_file;
[INFO] [stdout]   |     ^^^^^^^^^^^^^^^^^^^^^^^
[INFO] [stdout] 
[INFO] [stdout] 
[INFO] [stdout] warning: unused import: `log::info`
[INFO] [stdout]  --> src/handle/shell_env.rs:9:5
[INFO] [stdout]   |
[INFO] [stdout] 9 | use log::info;
[INFO] [stdout]   |     ^^^^^^^^^
[INFO] [stdout] 
[INFO] [stdout] 
[INFO] [stdout] warning: unused import: `std::path::Path`
[INFO] [stdout]   --> src/handle/shell_env.rs:10:5
[INFO] [stdout]    |
[INFO] [stdout] 10 | use std::path::Path;
[INFO] [stdout]    |     ^^^^^^^^^^^^^^^
[INFO] [stdout] 
[INFO] [stdout] 
[INFO] [stdout] warning: unused import: `crate::util::async_file`
[INFO] [stdout]  --> src/handle/tmux.rs:2:5
[INFO] [stdout]   |
[INFO] [stdout] 2 | use crate::util::async_file;
[INFO] [stdout]   |     ^^^^^^^^^^^^^^^^^^^^^^^
[INFO] [stdout] 
[INFO] [stdout] 
[INFO] [stdout] warning: unused import: `async_std::process::Command`
[INFO] [stdout]  --> src/handle/tmux.rs:8:5
[INFO] [stdout]   |
[INFO] [stdout] 8 | use async_std::process::Command;
[INFO] [stdout]   |     ^^^^^^^^^^^^^^^^^^^^^^^^^^^
[INFO] [stdout] 
[INFO] [stdout] 
[INFO] [stdout] warning: unused import: `std::path::Path`
[INFO] [stdout]   --> src/handle/tmux.rs:11:5
[INFO] [stdout]    |
[INFO] [stdout] 11 | use std::path::Path;
[INFO] [stdout]    |     ^^^^^^^^^^^^^^^
[INFO] [stdout] 
[INFO] [stdout] 
[INFO] [stdout] warning: unused import: `regex::Regex`
[INFO] [stdout]   --> src/handle/zsh.rs:11:5
[INFO] [stdout]    |
[INFO] [stdout] 11 | use regex::Regex;
[INFO] [stdout]    |     ^^^^^^^^^^^^
[INFO] [stdout] 
[INFO] [stdout] 
[INFO] [stdout] warning: unused import: `alacritty::*`
[INFO] [stdout]   --> src/handle/mod.rs:10:9
[INFO] [stdout]    |
[INFO] [stdout] 10 | pub use alacritty::*;
[INFO] [stdout]    |         ^^^^^^^^^^^^
[INFO] [stdout] 
[INFO] [stdout] 
[INFO] [stdout] warning: unused import: `pkg_manager::*`
[INFO] [stdout]   --> src/handle/mod.rs:13:9
[INFO] [stdout]    |
[INFO] [stdout] 13 | pub use pkg_manager::*;
[INFO] [stdout]    |         ^^^^^^^^^^^^^^
[INFO] [stdout] 
[INFO] [stdout] 
[INFO] [stdout] warning: unused import: `shell_env::*`
[INFO] [stdout]   --> src/handle/mod.rs:14:9
[INFO] [stdout]    |
[INFO] [stdout] 14 | pub use shell_env::*;
[INFO] [stdout]    |         ^^^^^^^^^^^^
[INFO] [stdout] 
[INFO] [stdout] 
[INFO] [stdout] warning: unused import: `tmux::*`
[INFO] [stdout]   --> src/handle/mod.rs:15:9
[INFO] [stdout]    |
[INFO] [stdout] 15 | pub use tmux::*;
[INFO] [stdout]    |         ^^^^^^^
[INFO] [stdout] 
[INFO] [stdout] 
[INFO] [stdout] warning: unused import: `zsh::*`
[INFO] [stdout]   --> src/handle/mod.rs:16:9
[INFO] [stdout]    |
[INFO] [stdout] 16 | pub use zsh::*;
[INFO] [stdout]    |         ^^^^^^
[INFO] [stdout] 
[INFO] [stdout] 
[INFO] [stdout] warning: unused import: `async_std::process::Command`
[INFO] [stdout]  --> src/util/shell.rs:1:5
[INFO] [stdout]   |
[INFO] [stdout] 1 | use async_std::process::Command;
[INFO] [stdout]   |     ^^^^^^^^^^^^^^^^^^^^^^^^^^^
[INFO] [stdout] 
[INFO] [stdout] 
[INFO] [stdout] warning: unused import: `async_std::task`
[INFO] [stdout]  --> src/main.rs:8:5
[INFO] [stdout]   |
[INFO] [stdout] 8 | use async_std::task;
[INFO] [stdout]   |     ^^^^^^^^^^^^^^^
[INFO] [stdout] 
[INFO] [stdout] 
[INFO] [stdout] warning: unused variable: `content`
[INFO] [stdout]    --> src/handle/zsh.rs:124:13
[INFO] [stdout]     |
[INFO] [stdout] 124 |         let content = zshrc_lines.join("\n");
[INFO] [stdout]     |             ^^^^^^^ help: if this is intentional, prefix it with an underscore: `_content`
[INFO] [stdout]     |
[INFO] [stdout]     = note: `#[warn(unused_variables)]` on by default
[INFO] [stdout] 
[INFO] [stdout] 
[INFO] [stdout] warning: unused import: `EnvHandler`
[INFO] [stdout]  --> src/app_conf.rs:1:21
[INFO] [stdout]   |
[INFO] [stdout] 1 | use crate::handle::{EnvHandler, Event};
[INFO] [stdout]   |                     ^^^^^^^^^^
[INFO] [stdout] 
[INFO] [stdout] 
[INFO] [stdout] warning: unused import: `crate::handle::EnvHandler`
[INFO] [stdout]  --> src/main.rs:6:5
[INFO] [stdout]   |
[INFO] [stdout] 6 | use crate::handle::EnvHandler;
[INFO] [stdout]   |     ^^^^^^^^^^^^^^^^^^^^^^^^^
[INFO] [stdout] 
[INFO] [stdout] 
[INFO] [stdout] warning: associated function `link` is never used
[INFO] [stdout]   --> src/handle/tmux.rs:14:8
[INFO] [stdout]    |
[INFO] [stdout] 13 | impl Tmux {
[INFO] [stdout]    | --------- associated function in this implementation
[INFO] [stdout] 14 |     fn link(src_path: &str, dst_path: &str) {
[INFO] [stdout]    |        ^^^^
[INFO] [stdout]    |
[INFO] [stdout]    = note: `#[warn(dead_code)]` on by default
[INFO] [stdout] 
[INFO] [stdout] 
[INFO] [stdout] warning: constant `URL_PATH_SPLIT` is never used
[INFO] [stdout]  --> src/util/path.rs:8:7
[INFO] [stdout]   |
[INFO] [stdout] 8 | const URL_PATH_SPLIT: &str = "/";
[INFO] [stdout]   |       ^^^^^^^^^^^^^^
[INFO] [stdout] 
[INFO] [stdout] 
[INFO] [stdout] warning: function `can_match` is never used
[INFO] [stdout]   --> src/util/path.rs:25:8
[INFO] [stdout]    |
[INFO] [stdout] 25 | pub fn can_match(pattern: &str, s: &str) -> bool {
[INFO] [stdout]    |        ^^^^^^^^^
[INFO] [stdout] 
[INFO] [stdout] 
[INFO] [stdout] warning: function `append` is never used
[INFO] [stdout]   --> src/util/async_file.rs:37:14
[INFO] [stdout]    |
[INFO] [stdout] 37 | pub async fn append(filename: &str, content: &str) -> Result<String> {
[INFO] [stdout]    |              ^^^^^^
[INFO] [stdout] 
[INFO] [stdout] 
[INFO] [stdout] warning: function `open_file` is never used
[INFO] [stdout]   --> src/util/async_file.rs:58:14
[INFO] [stdout]    |
[INFO] [stdout] 58 | pub async fn open_file(filename: &str, append: bool) -> Result<File> {
[INFO] [stdout]    |              ^^^^^^^^^
[INFO] [stdout] 
[INFO] [stdout] 
[INFO] [stdout] warning: function `get_content` is never used
[INFO] [stdout]  --> src/util/file.rs:7:8
[INFO] [stdout]   |
[INFO] [stdout] 7 | pub fn get_content(filename: &str) -> Result<String> {
[INFO] [stdout]   |        ^^^^^^^^^^^
[INFO] [stdout] 
[INFO] [stdout] 
[INFO] [stdout] warning: function `save` is never used
[INFO] [stdout]   --> src/util/file.rs:27:8
[INFO] [stdout]    |
[INFO] [stdout] 27 | pub fn save(filename: &str, content: &str) -> Result<String> {
[INFO] [stdout]    |        ^^^^
[INFO] [stdout] 
[INFO] [stdout] 
[INFO] [stdout] warning: function `append` is never used
[INFO] [stdout]   --> src/util/file.rs:35:8
[INFO] [stdout]    |
[INFO] [stdout] 35 | pub fn append(filename: &str, content: &str) -> Result<String> {
[INFO] [stdout]    |        ^^^^^^
[INFO] [stdout] 
[INFO] [stdout] 
[INFO] [stdout] warning: function `create_file` is never used
[INFO] [stdout]   --> src/util/file.rs:43:8
[INFO] [stdout]    |
[INFO] [stdout] 43 | pub fn create_file(filename: &str) -> Result<File> {
[INFO] [stdout]    |        ^^^^^^^^^^^
[INFO] [stdout] 
[INFO] [stdout] 
[INFO] [stdout] warning: function `open_file` is never used
[INFO] [stdout]   --> src/util/file.rs:54:8
[INFO] [stdout]    |
[INFO] [stdout] 54 | pub fn open_file(filename: &str, append: bool) -> Result<File> {
[INFO] [stdout]    |        ^^^^^^^^^
[INFO] [stdout] 
[INFO] [stdout] 
[INFO] [stdout] warning: function `handle_path` is never used
[INFO] [stdout]   --> src/util/file.rs:69:4
[INFO] [stdout]    |
[INFO] [stdout] 69 | fn handle_path(filename: &str) -> String {
[INFO] [stdout]    |    ^^^^^^^^^^^
[INFO] [stdout] 
[INFO] [stdout] 
[INFO] [stdout] warning: unused `std::result::Result` that must be used
[INFO] [stdout]    --> src/util/macros.rs:10:17
[INFO] [stdout]     |
[INFO] [stdout] 10  |                 t.await;
[INFO] [stdout]     |                 ^^^^^^^
[INFO] [stdout]     |
[INFO] [stdout]    ::: src/app_conf.rs:132:13
[INFO] [stdout]     |
[INFO] [stdout] 132 |             join_all!(tasks);
[INFO] [stdout]     |             ---------------- in this macro invocation
[INFO] [stdout]     |
[INFO] [stdout]     = note: this `Result` may be an `Err` variant, which should be handled
[INFO] [stdout]     = note: `#[warn(unused_must_use)]` on by default
[INFO] [stdout]     = note: this warning originates in the macro `join_all` (in Nightly builds, run with -Z macro-backtrace for more info)
[INFO] [stdout] help: use `let _ = ...` to ignore the resulting value
[INFO] [stdout]     |
[INFO] [stdout] 10  |                 let _ = t.await;
[INFO] [stdout]     |                 +++++++
[INFO] [stdout] 
[INFO] [stdout] 
[INFO] [stdout] warning: unused `std::result::Result` that must be used
[INFO] [stdout]    --> src/util/macros.rs:10:17
[INFO] [stdout]     |
[INFO] [stdout] 10  |                 t.await;
[INFO] [stdout]     |                 ^^^^^^^
[INFO] [stdout]     |
[INFO] [stdout]    ::: src/app_conf.rs:134:9
[INFO] [stdout]     |
[INFO] [stdout] 134 |         join_all!(itasks);
[INFO] [stdout]     |         ----------------- in this macro invocation
[INFO] [stdout]     |
[INFO] [stdout]     = note: this `Result` may be an `Err` variant, which should be handled
[INFO] [stdout]     = note: this warning originates in the macro `join_all` (in Nightly builds, run with -Z macro-backtrace for more info)
[INFO] [stdout] help: use `let _ = ...` to ignore the resulting value
[INFO] [stdout]     |
[INFO] [stdout] 10  |                 let _ = t.await;
[INFO] [stdout]     |                 +++++++
[INFO] [stdout] 
[INFO] [stdout] 
[INFO] [stdout] warning: unused `std::result::Result` that must be used
[INFO] [stdout]   --> src/util/async_file.rs:71:9
[INFO] [stdout]    |
[INFO] [stdout] 71 |         fs::create_dir_all(parent).await;
[INFO] [stdout]    |         ^^^^^^^^^^^^^^^^^^^^^^^^^^^^^^^^
[INFO] [stdout]    |
[INFO] [stdout]    = note: this `Result` may be an `Err` variant, which should be handled
[INFO] [stdout] help: use `let _ = ...` to ignore the resulting value
[INFO] [stdout]    |
[INFO] [stdout] 71 |         let _ = fs::create_dir_all(parent).await;
[INFO] [stdout]    |         +++++++
[INFO] [stdout] 
[INFO] [stdout] 
[INFO] [stderr]     Finished `dev` profile [unoptimized + debuginfo] target(s) in 23.59s
[INFO] [stderr] warning: the following packages contain code that will be rejected by a future version of Rust: traitobject v0.1.0, typemap v0.3.3
[INFO] [stderr] note: to see what the problems were, use the option `--future-incompat-report`, or run `cargo report future-incompatibilities --id 1`
[INFO] running `Command { std: "docker" "inspect" "bb9a227ac342571135239809d511ae18baaa922f16d3294478969c9e7534f904", kill_on_drop: false }`
[INFO] running `Command { std: "docker" "rm" "-f" "bb9a227ac342571135239809d511ae18baaa922f16d3294478969c9e7534f904", kill_on_drop: false }`
[INFO] [stdout] bb9a227ac342571135239809d511ae18baaa922f16d3294478969c9e7534f904
[INFO] running `Command { std: "docker" "create" "-v" "/var/lib/crater-agent-workspace/builds/worker-0-tc2/target:/opt/rustwide/target:rw,Z" "-v" "/var/lib/crater-agent-workspace/builds/worker-0-tc2/source:/opt/rustwide/workdir:ro,Z" "-v" "/var/lib/crater-agent-workspace/cargo-home:/opt/rustwide/cargo-home:ro,Z" "-v" "/var/lib/crater-agent-workspace/rustup-home:/opt/rustwide/rustup-home:ro,Z" "-e" "SOURCE_DIR=/opt/rustwide/workdir" "-e" "CARGO_TARGET_DIR=/opt/rustwide/target" "-e" "CARGO_INCREMENTAL=0" "-e" "RUST_BACKTRACE=full" "-e" "RUSTFLAGS=--cap-lints=forbid -Zrandomize-layout" "-e" "RUSTDOCFLAGS=--cap-lints=forbid" "-e" "CARGO_HOME=/opt/rustwide/cargo-home" "-e" "RUSTUP_HOME=/opt/rustwide/rustup-home" "-w" "/opt/rustwide/workdir" "-m" "1610612736" "--user" "0:0" "--network" "none" "ghcr.io/rust-lang/crates-build-env/linux@sha256:819108c5571ea2e421544af4d832f968d213c87fbe3707a016657f43d2f853bc" "/opt/rustwide/cargo-home/bin/cargo" "+nightly-2025-01-18" "test" "--frozen" "--no-run" "--message-format=json", kill_on_drop: false }`
[INFO] [stdout] cee4a2a5097df3cff7995f43df9b2752cc47d0e483b51f8c49e9a4cbc080c91d
[INFO] running `Command { std: "docker" "start" "-a" "cee4a2a5097df3cff7995f43df9b2752cc47d0e483b51f8c49e9a4cbc080c91d", kill_on_drop: false }`
[INFO] [stderr]    Compiling auto_install v0.1.0 (/opt/rustwide/workdir)
[INFO] [stdout] warning: unused import: `crate::util::async_file`
[INFO] [stdout]  --> src/handle/alacritty.rs:2:5
[INFO] [stdout]   |
[INFO] [stdout] 2 | use crate::util::async_file;
[INFO] [stdout]   |     ^^^^^^^^^^^^^^^^^^^^^^^
[INFO] [stdout]   |
[INFO] [stdout]   = note: `#[warn(unused_imports)]` on by default
[INFO] [stdout] 
[INFO] [stdout] 
[INFO] [stdout] warning: unused import: `async_std::process::Command`
[INFO] [stdout]  --> src/handle/alacritty.rs:8:5
[INFO] [stdout]   |
[INFO] [stdout] 8 | use async_std::process::Command;
[INFO] [stdout]   |     ^^^^^^^^^^^^^^^^^^^^^^^^^^^
[INFO] [stdout] 
[INFO] [stdout] 
[INFO] [stdout] warning: unused import: `failure::Error`
[INFO] [stdout]   --> src/handle/alacritty.rs:10:5
[INFO] [stdout]    |
[INFO] [stdout] 10 | use failure::Error;
[INFO] [stdout]    |     ^^^^^^^^^^^^^^
[INFO] [stdout] 
[INFO] [stdout] 
[INFO] [stdout] warning: unused import: `log::info`
[INFO] [stdout]   --> src/handle/alacritty.rs:11:5
[INFO] [stdout]    |
[INFO] [stdout] 11 | use log::info;
[INFO] [stdout]    |     ^^^^^^^^^
[INFO] [stdout] 
[INFO] [stdout] 
[INFO] [stdout] warning: unused import: `std::path::Path`
[INFO] [stdout]   --> src/handle/alacritty.rs:12:5
[INFO] [stdout]    |
[INFO] [stdout] 12 | use std::path::Path;
[INFO] [stdout]    |     ^^^^^^^^^^^^^^^
[INFO] [stdout] 
[INFO] [stdout] 
[INFO] [stdout] warning: unused import: `crate::app_conf::*`
[INFO] [stdout]  --> src/handle/common.rs:1:5
[INFO] [stdout]   |
[INFO] [stdout] 1 | use crate::app_conf::*;
[INFO] [stdout]   |     ^^^^^^^^^^^^^^^^^^
[INFO] [stdout] 
[INFO] [stdout] 
[INFO] [stdout] warning: unused import: `super::EnvHandler`
[INFO] [stdout]  --> src/handle/common.rs:4:5
[INFO] [stdout]   |
[INFO] [stdout] 4 | use super::EnvHandler;
[INFO] [stdout]   |     ^^^^^^^^^^^^^^^^^
[INFO] [stdout] 
[INFO] [stdout] 
[INFO] [stdout] warning: unused import: `async_trait::async_trait`
[INFO] [stdout]  --> src/handle/common.rs:7:5
[INFO] [stdout]   |
[INFO] [stdout] 7 | use async_trait::async_trait;
[INFO] [stdout]   |     ^^^^^^^^^^^^^^^^^^^^^^^^
[INFO] [stdout] 
[INFO] [stdout] 
[INFO] [stdout] warning: unused import: `crate::app_conf::*`
[INFO] [stdout]  --> src/handle/handle.rs:1:5
[INFO] [stdout]   |
[INFO] [stdout] 1 | use crate::app_conf::*;
[INFO] [stdout]   |     ^^^^^^^^^^^^^^^^^^
[INFO] [stdout] 
[INFO] [stdout] 
[INFO] [stdout] warning: unused import: `crate::util::async_file`
[INFO] [stdout]  --> src/handle/handle.rs:2:5
[INFO] [stdout]   |
[INFO] [stdout] 2 | use crate::util::async_file;
[INFO] [stdout]   |     ^^^^^^^^^^^^^^^^^^^^^^^
[INFO] [stdout] 
[INFO] [stdout] 
[INFO] [stdout] warning: unused import: `log::info`
[INFO] [stdout]  --> src/handle/handle.rs:6:5
[INFO] [stdout]   |
[INFO] [stdout] 6 | use log::info;
[INFO] [stdout]   |     ^^^^^^^^^
[INFO] [stdout] 
[INFO] [stdout] 
[INFO] [stdout] warning: unused import: `std::path::Path`
[INFO] [stdout]  --> src/handle/handle.rs:7:5
[INFO] [stdout]   |
[INFO] [stdout] 7 | use std::path::Path;
[INFO] [stdout]   |     ^^^^^^^^^^^^^^^
[INFO] [stdout] 
[INFO] [stdout] 
[INFO] [stdout] warning: unused import: `crate::util::async_file`
[INFO] [stdout]  --> src/handle/pkg_manager.rs:2:5
[INFO] [stdout]   |
[INFO] [stdout] 2 | use crate::util::async_file;
[INFO] [stdout]   |     ^^^^^^^^^^^^^^^^^^^^^^^
[INFO] [stdout] 
[INFO] [stdout] 
[INFO] [stdout] warning: unused import: `super::common::insert_source_cmd`
[INFO] [stdout]  --> src/handle/pkg_manager.rs:4:5
[INFO] [stdout]   |
[INFO] [stdout] 4 | use super::common::insert_source_cmd;
[INFO] [stdout]   |     ^^^^^^^^^^^^^^^^^^^^^^^^^^^^^^^^
[INFO] [stdout] 
[INFO] [stdout] 
[INFO] [stdout] warning: unused import: `crate::util::path::to_abs_path`
[INFO] [stdout]  --> src/handle/pkg_manager.rs:7:5
[INFO] [stdout]   |
[INFO] [stdout] 7 | use crate::util::path::to_abs_path;
[INFO] [stdout]   |     ^^^^^^^^^^^^^^^^^^^^^^^^^^^^^^
[INFO] [stdout] 
[INFO] [stdout] 
[INFO] [stdout] warning: unused import: `std::path::Path`
[INFO] [stdout]   --> src/handle/pkg_manager.rs:11:5
[INFO] [stdout]    |
[INFO] [stdout] 11 | use std::path::Path;
[INFO] [stdout]    |     ^^^^^^^^^^^^^^^
[INFO] [stdout] 
[INFO] [stdout] 
[INFO] [stdout] warning: unused import: `crate::util::async_file`
[INFO] [stdout]  --> src/handle/shell_env.rs:2:5
[INFO] [stdout]   |
[INFO] [stdout] 2 | use crate::util::async_file;
[INFO] [stdout]   |     ^^^^^^^^^^^^^^^^^^^^^^^
[INFO] [stdout] 
[INFO] [stdout] 
[INFO] [stdout] warning: unused import: `log::info`
[INFO] [stdout]  --> src/handle/shell_env.rs:9:5
[INFO] [stdout]   |
[INFO] [stdout] 9 | use log::info;
[INFO] [stdout]   |     ^^^^^^^^^
[INFO] [stdout] 
[INFO] [stdout] 
[INFO] [stdout] warning: unused import: `std::path::Path`
[INFO] [stdout]   --> src/handle/shell_env.rs:10:5
[INFO] [stdout]    |
[INFO] [stdout] 10 | use std::path::Path;
[INFO] [stdout]    |     ^^^^^^^^^^^^^^^
[INFO] [stdout] 
[INFO] [stdout] 
[INFO] [stdout] warning: unused import: `crate::util::async_file`
[INFO] [stdout]  --> src/handle/tmux.rs:2:5
[INFO] [stdout]   |
[INFO] [stdout] 2 | use crate::util::async_file;
[INFO] [stdout]   |     ^^^^^^^^^^^^^^^^^^^^^^^
[INFO] [stdout] 
[INFO] [stdout] 
[INFO] [stdout] warning: unused import: `async_std::process::Command`
[INFO] [stdout]  --> src/handle/tmux.rs:8:5
[INFO] [stdout]   |
[INFO] [stdout] 8 | use async_std::process::Command;
[INFO] [stdout]   |     ^^^^^^^^^^^^^^^^^^^^^^^^^^^
[INFO] [stdout] 
[INFO] [stdout] 
[INFO] [stdout] warning: unused import: `std::path::Path`
[INFO] [stdout]   --> src/handle/tmux.rs:11:5
[INFO] [stdout]    |
[INFO] [stdout] 11 | use std::path::Path;
[INFO] [stdout]    |     ^^^^^^^^^^^^^^^
[INFO] [stdout] 
[INFO] [stdout] 
[INFO] [stdout] warning: unused import: `regex::Regex`
[INFO] [stdout]   --> src/handle/zsh.rs:11:5
[INFO] [stdout]    |
[INFO] [stdout] 11 | use regex::Regex;
[INFO] [stdout]    |     ^^^^^^^^^^^^
[INFO] [stdout] 
[INFO] [stdout] 
[INFO] [stdout] warning: unused import: `alacritty::*`
[INFO] [stdout]   --> src/handle/mod.rs:10:9
[INFO] [stdout]    |
[INFO] [stdout] 10 | pub use alacritty::*;
[INFO] [stdout]    |         ^^^^^^^^^^^^
[INFO] [stdout] 
[INFO] [stdout] 
[INFO] [stdout] warning: unused import: `pkg_manager::*`
[INFO] [stdout]   --> src/handle/mod.rs:13:9
[INFO] [stdout]    |
[INFO] [stdout] 13 | pub use pkg_manager::*;
[INFO] [stdout]    |         ^^^^^^^^^^^^^^
[INFO] [stdout] 
[INFO] [stdout] 
[INFO] [stdout] warning: unused import: `shell_env::*`
[INFO] [stdout]   --> src/handle/mod.rs:14:9
[INFO] [stdout]    |
[INFO] [stdout] 14 | pub use shell_env::*;
[INFO] [stdout]    |         ^^^^^^^^^^^^
[INFO] [stdout] 
[INFO] [stdout] 
[INFO] [stdout] warning: unused import: `tmux::*`
[INFO] [stdout]   --> src/handle/mod.rs:15:9
[INFO] [stdout]    |
[INFO] [stdout] 15 | pub use tmux::*;
[INFO] [stdout]    |         ^^^^^^^
[INFO] [stdout] 
[INFO] [stdout] 
[INFO] [stdout] warning: unused import: `zsh::*`
[INFO] [stdout]   --> src/handle/mod.rs:16:9
[INFO] [stdout]    |
[INFO] [stdout] 16 | pub use zsh::*;
[INFO] [stdout]    |         ^^^^^^
[INFO] [stdout] 
[INFO] [stdout] 
[INFO] [stdout] warning: unused import: `async_std::process::Command`
[INFO] [stdout]  --> src/util/shell.rs:1:5
[INFO] [stdout]   |
[INFO] [stdout] 1 | use async_std::process::Command;
[INFO] [stdout]   |     ^^^^^^^^^^^^^^^^^^^^^^^^^^^
[INFO] [stdout] 
[INFO] [stdout] 
[INFO] [stdout] warning: unused import: `async_std::task`
[INFO] [stdout]  --> src/main.rs:8:5
[INFO] [stdout]   |
[INFO] [stdout] 8 | use async_std::task;
[INFO] [stdout]   |     ^^^^^^^^^^^^^^^
[INFO] [stdout] 
[INFO] [stdout] 
[INFO] [stdout] warning: unused variable: `content`
[INFO] [stdout]    --> src/handle/zsh.rs:124:13
[INFO] [stdout]     |
[INFO] [stdout] 124 |         let content = zshrc_lines.join("\n");
[INFO] [stdout]     |             ^^^^^^^ help: if this is intentional, prefix it with an underscore: `_content`
[INFO] [stdout]     |
[INFO] [stdout]     = note: `#[warn(unused_variables)]` on by default
[INFO] [stdout] 
[INFO] [stdout] 
[INFO] [stdout] warning: unused import: `EnvHandler`
[INFO] [stdout]  --> src/app_conf.rs:1:21
[INFO] [stdout]   |
[INFO] [stdout] 1 | use crate::handle::{EnvHandler, Event};
[INFO] [stdout]   |                     ^^^^^^^^^^
[INFO] [stdout] 
[INFO] [stdout] 
[INFO] [stdout] warning: unused import: `crate::handle::EnvHandler`
[INFO] [stdout]  --> src/main.rs:6:5
[INFO] [stdout]   |
[INFO] [stdout] 6 | use crate::handle::EnvHandler;
[INFO] [stdout]   |     ^^^^^^^^^^^^^^^^^^^^^^^^^
[INFO] [stdout] 
[INFO] [stdout] 
[INFO] [stdout] warning: variable does not need to be mutable
[INFO] [stdout]   --> src/handle/alacritty.rs:40:13
[INFO] [stdout]    |
[INFO] [stdout] 40 |         let mut app_conf = AppConf::new("conf.toml");
[INFO] [stdout]    |             ----^^^^^^^^
[INFO] [stdout]    |             |
[INFO] [stdout]    |             help: remove this `mut`
[INFO] [stdout]    |
[INFO] [stdout]    = note: `#[warn(unused_mut)]` on by default
[INFO] [stdout] 
[INFO] [stdout] 
[INFO] [stdout] warning: variable does not need to be mutable
[INFO] [stdout]   --> src/handle/tmux.rs:52:13
[INFO] [stdout]    |
[INFO] [stdout] 52 |         let mut app_conf = AppConf::new("conf.toml");
[INFO] [stdout]    |             ----^^^^^^^^
[INFO] [stdout]    |             |
[INFO] [stdout]    |             help: remove this `mut`
[INFO] [stdout] 
[INFO] [stdout] 
[INFO] [stdout] warning: associated function `link` is never used
[INFO] [stdout]   --> src/handle/tmux.rs:14:8
[INFO] [stdout]    |
[INFO] [stdout] 13 | impl Tmux {
[INFO] [stdout]    | --------- associated function in this implementation
[INFO] [stdout] 14 |     fn link(src_path: &str, dst_path: &str) {
[INFO] [stdout]    |        ^^^^
[INFO] [stdout]    |
[INFO] [stdout]    = note: `#[warn(dead_code)]` on by default
[INFO] [stdout] 
[INFO] [stdout] 
[INFO] [stdout] warning: unused `std::result::Result` that must be used
[INFO] [stdout]    --> src/util/macros.rs:10:17
[INFO] [stdout]     |
[INFO] [stdout] 10  |                 t.await;
[INFO] [stdout]     |                 ^^^^^^^
[INFO] [stdout]     |
[INFO] [stdout]    ::: src/app_conf.rs:132:13
[INFO] [stdout]     |
[INFO] [stdout] 132 |             join_all!(tasks);
[INFO] [stdout]     |             ---------------- in this macro invocation
[INFO] [stdout]     |
[INFO] [stdout]     = note: this `Result` may be an `Err` variant, which should be handled
[INFO] [stdout]     = note: `#[warn(unused_must_use)]` on by default
[INFO] [stdout]     = note: this warning originates in the macro `join_all` (in Nightly builds, run with -Z macro-backtrace for more info)
[INFO] [stdout] help: use `let _ = ...` to ignore the resulting value
[INFO] [stdout]     |
[INFO] [stdout] 10  |                 let _ = t.await;
[INFO] [stdout]     |                 +++++++
[INFO] [stdout] 
[INFO] [stdout] 
[INFO] [stdout] warning: unused `std::result::Result` that must be used
[INFO] [stdout]    --> src/util/macros.rs:10:17
[INFO] [stdout]     |
[INFO] [stdout] 10  |                 t.await;
[INFO] [stdout]     |                 ^^^^^^^
[INFO] [stdout]     |
[INFO] [stdout]    ::: src/app_conf.rs:134:9
[INFO] [stdout]     |
[INFO] [stdout] 134 |         join_all!(itasks);
[INFO] [stdout]     |         ----------------- in this macro invocation
[INFO] [stdout]     |
[INFO] [stdout]     = note: this `Result` may be an `Err` variant, which should be handled
[INFO] [stdout]     = note: this warning originates in the macro `join_all` (in Nightly builds, run with -Z macro-backtrace for more info)
[INFO] [stdout] help: use `let _ = ...` to ignore the resulting value
[INFO] [stdout]     |
[INFO] [stdout] 10  |                 let _ = t.await;
[INFO] [stdout]     |                 +++++++
[INFO] [stdout] 
[INFO] [stdout] 
[INFO] [stdout] warning: unused `std::result::Result` that must be used
[INFO] [stdout]   --> src/util/async_file.rs:71:9
[INFO] [stdout]    |
[INFO] [stdout] 71 |         fs::create_dir_all(parent).await;
[INFO] [stdout]    |         ^^^^^^^^^^^^^^^^^^^^^^^^^^^^^^^^
[INFO] [stdout]    |
[INFO] [stdout]    = note: this `Result` may be an `Err` variant, which should be handled
[INFO] [stdout] help: use `let _ = ...` to ignore the resulting value
[INFO] [stdout]    |
[INFO] [stdout] 71 |         let _ = fs::create_dir_all(parent).await;
[INFO] [stdout]    |         +++++++
[INFO] [stdout] 
[INFO] [stdout] 
[INFO] [stderr]     Finished `test` profile [unoptimized + debuginfo] target(s) in 4.21s
[INFO] [stderr] warning: the following packages contain code that will be rejected by a future version of Rust: traitobject v0.1.0, typemap v0.3.3
[INFO] [stderr] note: to see what the problems were, use the option `--future-incompat-report`, or run `cargo report future-incompatibilities --id 1`
[INFO] running `Command { std: "docker" "inspect" "cee4a2a5097df3cff7995f43df9b2752cc47d0e483b51f8c49e9a4cbc080c91d", kill_on_drop: false }`
[INFO] running `Command { std: "docker" "rm" "-f" "cee4a2a5097df3cff7995f43df9b2752cc47d0e483b51f8c49e9a4cbc080c91d", kill_on_drop: false }`
[INFO] [stdout] cee4a2a5097df3cff7995f43df9b2752cc47d0e483b51f8c49e9a4cbc080c91d
[INFO] running `Command { std: "docker" "create" "-v" "/var/lib/crater-agent-workspace/builds/worker-0-tc2/target:/opt/rustwide/target:rw,Z" "-v" "/var/lib/crater-agent-workspace/builds/worker-0-tc2/source:/opt/rustwide/workdir:ro,Z" "-v" "/var/lib/crater-agent-workspace/cargo-home:/opt/rustwide/cargo-home:ro,Z" "-v" "/var/lib/crater-agent-workspace/rustup-home:/opt/rustwide/rustup-home:ro,Z" "-e" "SOURCE_DIR=/opt/rustwide/workdir" "-e" "CARGO_TARGET_DIR=/opt/rustwide/target" "-e" "CARGO_INCREMENTAL=0" "-e" "RUST_BACKTRACE=full" "-e" "RUSTFLAGS=--cap-lints=forbid -Zrandomize-layout" "-e" "RUSTDOCFLAGS=--cap-lints=forbid" "-e" "CARGO_HOME=/opt/rustwide/cargo-home" "-e" "RUSTUP_HOME=/opt/rustwide/rustup-home" "-w" "/opt/rustwide/workdir" "-m" "1610612736" "--user" "0:0" "--network" "none" "ghcr.io/rust-lang/crates-build-env/linux@sha256:819108c5571ea2e421544af4d832f968d213c87fbe3707a016657f43d2f853bc" "/opt/rustwide/cargo-home/bin/cargo" "+nightly-2025-01-18" "test" "--frozen", kill_on_drop: false }`
[INFO] [stdout] f3d6f6b72bc208e657221aef5b23c0a774eca3e6feb9502aa7765720e0092baf
[INFO] running `Command { std: "docker" "start" "-a" "f3d6f6b72bc208e657221aef5b23c0a774eca3e6feb9502aa7765720e0092baf", kill_on_drop: false }`
[INFO] [stderr] warning: unused import: `crate::util::async_file`
[INFO] [stderr]  --> src/handle/alacritty.rs:2:5
[INFO] [stderr]   |
[INFO] [stderr] 2 | use crate::util::async_file;
[INFO] [stderr]   |     ^^^^^^^^^^^^^^^^^^^^^^^
[INFO] [stderr]   |
[INFO] [stderr]   = note: `#[warn(unused_imports)]` on by default
[INFO] [stderr] 
[INFO] [stderr] warning: unused import: `async_std::process::Command`
[INFO] [stderr]  --> src/handle/alacritty.rs:8:5
[INFO] [stderr]   |
[INFO] [stderr] 8 | use async_std::process::Command;
[INFO] [stderr]   |     ^^^^^^^^^^^^^^^^^^^^^^^^^^^
[INFO] [stderr] 
[INFO] [stderr] warning: unused import: `failure::Error`
[INFO] [stderr]   --> src/handle/alacritty.rs:10:5
[INFO] [stderr]    |
[INFO] [stderr] 10 | use failure::Error;
[INFO] [stderr]    |     ^^^^^^^^^^^^^^
[INFO] [stderr] 
[INFO] [stderr] warning: unused import: `log::info`
[INFO] [stderr]   --> src/handle/alacritty.rs:11:5
[INFO] [stderr]    |
[INFO] [stderr] 11 | use log::info;
[INFO] [stderr]    |     ^^^^^^^^^
[INFO] [stderr] 
[INFO] [stderr] warning: unused import: `std::path::Path`
[INFO] [stderr]   --> src/handle/alacritty.rs:12:5
[INFO] [stderr]    |
[INFO] [stderr] 12 | use std::path::Path;
[INFO] [stderr]    |     ^^^^^^^^^^^^^^^
[INFO] [stderr] 
[INFO] [stderr] warning: unused import: `crate::app_conf::*`
[INFO] [stderr]  --> src/handle/common.rs:1:5
[INFO] [stderr]   |
[INFO] [stderr] 1 | use crate::app_conf::*;
[INFO] [stderr]   |     ^^^^^^^^^^^^^^^^^^
[INFO] [stderr] 
[INFO] [stderr] warning: unused import: `super::EnvHandler`
[INFO] [stderr]  --> src/handle/common.rs:4:5
[INFO] [stderr]   |
[INFO] [stderr] 4 | use super::EnvHandler;
[INFO] [stderr]   |     ^^^^^^^^^^^^^^^^^
[INFO] [stderr] 
[INFO] [stderr] warning: unused import: `async_trait::async_trait`
[INFO] [stderr]  --> src/handle/common.rs:7:5
[INFO] [stderr]   |
[INFO] [stderr] 7 | use async_trait::async_trait;
[INFO] [stderr]   |     ^^^^^^^^^^^^^^^^^^^^^^^^
[INFO] [stderr] 
[INFO] [stderr] warning: unused import: `crate::app_conf::*`
[INFO] [stderr]  --> src/handle/handle.rs:1:5
[INFO] [stderr]   |
[INFO] [stderr] 1 | use crate::app_conf::*;
[INFO] [stderr]   |     ^^^^^^^^^^^^^^^^^^
[INFO] [stderr] 
[INFO] [stderr] warning: unused import: `crate::util::async_file`
[INFO] [stderr]  --> src/handle/handle.rs:2:5
[INFO] [stderr]   |
[INFO] [stderr] 2 | use crate::util::async_file;
[INFO] [stderr]   |     ^^^^^^^^^^^^^^^^^^^^^^^
[INFO] [stderr] 
[INFO] [stderr] warning: unused import: `log::info`
[INFO] [stderr]  --> src/handle/handle.rs:6:5
[INFO] [stderr]   |
[INFO] [stderr] 6 | use log::info;
[INFO] [stderr]   |     ^^^^^^^^^
[INFO] [stderr] 
[INFO] [stderr] warning: unused import: `std::path::Path`
[INFO] [stderr]  --> src/handle/handle.rs:7:5
[INFO] [stderr]   |
[INFO] [stderr] 7 | use std::path::Path;
[INFO] [stderr]   |     ^^^^^^^^^^^^^^^
[INFO] [stderr] 
[INFO] [stderr] warning: unused import: `crate::util::async_file`
[INFO] [stderr]  --> src/handle/pkg_manager.rs:2:5
[INFO] [stderr]   |
[INFO] [stderr] 2 | use crate::util::async_file;
[INFO] [stderr]   |     ^^^^^^^^^^^^^^^^^^^^^^^
[INFO] [stderr] 
[INFO] [stderr] warning: unused import: `super::common::insert_source_cmd`
[INFO] [stderr]  --> src/handle/pkg_manager.rs:4:5
[INFO] [stderr]   |
[INFO] [stderr] 4 | use super::common::insert_source_cmd;
[INFO] [stderr]   |     ^^^^^^^^^^^^^^^^^^^^^^^^^^^^^^^^
[INFO] [stderr] 
[INFO] [stderr] warning: unused import: `crate::util::path::to_abs_path`
[INFO] [stderr]  --> src/handle/pkg_manager.rs:7:5
[INFO] [stderr]   |
[INFO] [stderr] 7 | use crate::util::path::to_abs_path;
[INFO] [stderr]   |     ^^^^^^^^^^^^^^^^^^^^^^^^^^^^^^
[INFO] [stderr] 
[INFO] [stderr] warning: unused import: `std::path::Path`
[INFO] [stderr]   --> src/handle/pkg_manager.rs:11:5
[INFO] [stderr]    |
[INFO] [stderr] 11 | use std::path::Path;
[INFO] [stderr]    |     ^^^^^^^^^^^^^^^
[INFO] [stderr] 
[INFO] [stderr] warning: unused import: `crate::util::async_file`
[INFO] [stderr]  --> src/handle/shell_env.rs:2:5
[INFO] [stderr]   |
[INFO] [stderr] 2 | use crate::util::async_file;
[INFO] [stderr]   |     ^^^^^^^^^^^^^^^^^^^^^^^
[INFO] [stderr] 
[INFO] [stderr] warning: unused import: `log::info`
[INFO] [stderr]  --> src/handle/shell_env.rs:9:5
[INFO] [stderr]   |
[INFO] [stderr] 9 | use log::info;
[INFO] [stderr]   |     ^^^^^^^^^
[INFO] [stderr] 
[INFO] [stderr] warning: unused import: `std::path::Path`
[INFO] [stderr]   --> src/handle/shell_env.rs:10:5
[INFO] [stderr]    |
[INFO] [stderr] 10 | use std::path::Path;
[INFO] [stderr]    |     ^^^^^^^^^^^^^^^
[INFO] [stderr] 
[INFO] [stderr] warning: unused import: `crate::util::async_file`
[INFO] [stderr]  --> src/handle/tmux.rs:2:5
[INFO] [stderr]   |
[INFO] [stderr] 2 | use crate::util::async_file;
[INFO] [stderr]   |     ^^^^^^^^^^^^^^^^^^^^^^^
[INFO] [stderr] 
[INFO] [stderr] warning: unused import: `async_std::process::Command`
[INFO] [stderr]  --> src/handle/tmux.rs:8:5
[INFO] [stderr]   |
[INFO] [stderr] 8 | use async_std::process::Command;
[INFO] [stderr]   |     ^^^^^^^^^^^^^^^^^^^^^^^^^^^
[INFO] [stderr] 
[INFO] [stderr] warning: unused import: `std::path::Path`
[INFO] [stderr]   --> src/handle/tmux.rs:11:5
[INFO] [stderr]    |
[INFO] [stderr] 11 | use std::path::Path;
[INFO] [stderr]    |     ^^^^^^^^^^^^^^^
[INFO] [stderr] 
[INFO] [stderr] warning: unused import: `regex::Regex`
[INFO] [stderr]   --> src/handle/zsh.rs:11:5
[INFO] [stderr]    |
[INFO] [stderr] 11 | use regex::Regex;
[INFO] [stderr]    |     ^^^^^^^^^^^^
[INFO] [stderr] 
[INFO] [stderr] warning: unused import: `alacritty::*`
[INFO] [stderr]   --> src/handle/mod.rs:10:9
[INFO] [stderr]    |
[INFO] [stderr] 10 | pub use alacritty::*;
[INFO] [stderr]    |         ^^^^^^^^^^^^
[INFO] [stderr] 
[INFO] [stderr] warning: unused import: `pkg_manager::*`
[INFO] [stderr]   --> src/handle/mod.rs:13:9
[INFO] [stderr]    |
[INFO] [stderr] 13 | pub use pkg_manager::*;
[INFO] [stderr]    |         ^^^^^^^^^^^^^^
[INFO] [stderr] 
[INFO] [stderr] warning: unused import: `shell_env::*`
[INFO] [stderr]   --> src/handle/mod.rs:14:9
[INFO] [stderr]    |
[INFO] [stderr] 14 | pub use shell_env::*;
[INFO] [stderr]    |         ^^^^^^^^^^^^
[INFO] [stderr] 
[INFO] [stderr] warning: unused import: `tmux::*`
[INFO] [stderr]   --> src/handle/mod.rs:15:9
[INFO] [stderr]    |
[INFO] [stderr] 15 | pub use tmux::*;
[INFO] [stderr]    |         ^^^^^^^
[INFO] [stderr] 
[INFO] [stderr] warning: unused import: `zsh::*`
[INFO] [stderr]   --> src/handle/mod.rs:16:9
[INFO] [stderr]    |
[INFO] [stderr] 16 | pub use zsh::*;
[INFO] [stderr]    |         ^^^^^^
[INFO] [stderr] 
[INFO] [stderr] warning: unused import: `async_std::process::Command`
[INFO] [stderr]  --> src/util/shell.rs:1:5
[INFO] [stderr]   |
[INFO] [stderr] 1 | use async_std::process::Command;
[INFO] [stderr]   |     ^^^^^^^^^^^^^^^^^^^^^^^^^^^
[INFO] [stderr] 
[INFO] [stderr] warning: unused import: `async_std::task`
[INFO] [stderr]  --> src/main.rs:8:5
[INFO] [stderr]   |
[INFO] [stderr] 8 | use async_std::task;
[INFO] [stderr]   |     ^^^^^^^^^^^^^^^
[INFO] [stderr] 
[INFO] [stderr] warning: unused variable: `content`
[INFO] [stderr]    --> src/handle/zsh.rs:124:13
[INFO] [stderr]     |
[INFO] [stderr] 124 |         let content = zshrc_lines.join("\n");
[INFO] [stderr]     |             ^^^^^^^ help: if this is intentional, prefix it with an underscore: `_content`
[INFO] [stderr]     |
[INFO] [stderr]     = note: `#[warn(unused_variables)]` on by default
[INFO] [stderr] 
[INFO] [stderr] warning: unused import: `EnvHandler`
[INFO] [stderr]  --> src/app_conf.rs:1:21
[INFO] [stderr]   |
[INFO] [stderr] 1 | use crate::handle::{EnvHandler, Event};
[INFO] [stderr]   |                     ^^^^^^^^^^
[INFO] [stderr] 
[INFO] [stderr] warning: unused import: `crate::handle::EnvHandler`
[INFO] [stderr]  --> src/main.rs:6:5
[INFO] [stderr]   |
[INFO] [stderr] 6 | use crate::handle::EnvHandler;
[INFO] [stderr]   |     ^^^^^^^^^^^^^^^^^^^^^^^^^
[INFO] [stderr] 
[INFO] [stderr] warning: variable does not need to be mutable
[INFO] [stderr]   --> src/handle/alacritty.rs:40:13
[INFO] [stderr]    |
[INFO] [stderr] 40 |         let mut app_conf = AppConf::new("conf.toml");
[INFO] [stderr]    |             ----^^^^^^^^
[INFO] [stderr]    |             |
[INFO] [stderr]    |             help: remove this `mut`
[INFO] [stderr]    |
[INFO] [stderr]    = note: `#[warn(unused_mut)]` on by default
[INFO] [stderr] 
[INFO] [stderr] warning: variable does not need to be mutable
[INFO] [stderr]   --> src/handle/tmux.rs:52:13
[INFO] [stderr]    |
[INFO] [stderr] 52 |         let mut app_conf = AppConf::new("conf.toml");
[INFO] [stderr]    |             ----^^^^^^^^
[INFO] [stderr]    |             |
[INFO] [stderr]    |             help: remove this `mut`
[INFO] [stderr] 
[INFO] [stderr] warning: associated function `link` is never used
[INFO] [stderr]   --> src/handle/tmux.rs:14:8
[INFO] [stderr]    |
[INFO] [stderr] 13 | impl Tmux {
[INFO] [stderr]    | --------- associated function in this implementation
[INFO] [stderr] 14 |     fn link(src_path: &str, dst_path: &str) {
[INFO] [stderr]    |        ^^^^
[INFO] [stderr]    |
[INFO] [stderr]    = note: `#[warn(dead_code)]` on by default
[INFO] [stderr] 
[INFO] [stderr] warning: unused `std::result::Result` that must be used
[INFO] [stderr]    --> src/util/macros.rs:10:17
[INFO] [stderr]     |
[INFO] [stderr] 10  |                 t.await;
[INFO] [stderr]     |                 ^^^^^^^
[INFO] [stderr]     |
[INFO] [stderr]    ::: src/app_conf.rs:132:13
[INFO] [stderr]     |
[INFO] [stderr] 132 |             join_all!(tasks);
[INFO] [stderr]     |             ---------------- in this macro invocation
[INFO] [stderr]     |
[INFO] [stderr]     = note: this `Result` may be an `Err` variant, which should be handled
[INFO] [stderr]     = note: `#[warn(unused_must_use)]` on by default
[INFO] [stderr]     = note: this warning originates in the macro `join_all` (in Nightly builds, run with -Z macro-backtrace for more info)
[INFO] [stderr] help: use `let _ = ...` to ignore the resulting value
[INFO] [stderr]     |
[INFO] [stderr] 10  |                 let _ = t.await;
[INFO] [stderr]     |                 +++++++
[INFO] [stderr] 
[INFO] [stderr] warning: unused `std::result::Result` that must be used
[INFO] [stderr]    --> src/util/macros.rs:10:17
[INFO] [stderr]     |
[INFO] [stderr] 10  |                 t.await;
[INFO] [stderr]     |                 ^^^^^^^
[INFO] [stderr]     |
[INFO] [stderr]    ::: src/app_conf.rs:134:9
[INFO] [stderr]     |
[INFO] [stderr] 134 |         join_all!(itasks);
[INFO] [stderr]     |         ----------------- in this macro invocation
[INFO] [stderr]     |
[INFO] [stderr]     = note: this `Result` may be an `Err` variant, which should be handled
[INFO] [stderr]     = note: this warning originates in the macro `join_all` (in Nightly builds, run with -Z macro-backtrace for more info)
[INFO] [stderr] help: use `let _ = ...` to ignore the resulting value
[INFO] [stderr]     |
[INFO] [stderr] 10  |                 let _ = t.await;
[INFO] [stderr]     |                 +++++++
[INFO] [stderr] 
[INFO] [stderr] warning: unused `std::result::Result` that must be used
[INFO] [stderr]   --> src/util/async_file.rs:71:9
[INFO] [stderr]    |
[INFO] [stderr] 71 |         fs::create_dir_all(parent).await;
[INFO] [stderr]    |         ^^^^^^^^^^^^^^^^^^^^^^^^^^^^^^^^
[INFO] [stderr]    |
[INFO] [stderr]    = note: this `Result` may be an `Err` variant, which should be handled
[INFO] [stderr] help: use `let _ = ...` to ignore the resulting value
[INFO] [stderr]    |
[INFO] [stderr] 71 |         let _ = fs::create_dir_all(parent).await;
[INFO] [stderr]    |         +++++++
[INFO] [stderr] 
[INFO] [stderr] warning: `auto_install` (bin "auto_install" test) generated 39 warnings (run `cargo fix --bin "auto_install" --tests` to apply 32 suggestions)
[INFO] [stderr]     Finished `test` profile [unoptimized + debuginfo] target(s) in 0.30s
[INFO] [stderr] warning: the following packages contain code that will be rejected by a future version of Rust: traitobject v0.1.0, typemap v0.3.3
[INFO] [stderr] note: to see what the problems were, use the option `--future-incompat-report`, or run `cargo report future-incompatibilities --id 1`
[INFO] [stderr]      Running unittests src/main.rs (/opt/rustwide/target/debug/deps/auto_install-00597a13f1c82b59)
[INFO] [stdout] 
[INFO] [stdout] running 24 tests
[INFO] [stdout] test util::async_file::test::test_path ... ok
[INFO] [stdout] test handle::zsh::test::test_regex ... ok
[INFO] [stdout] test handle::zsh::test::test_my_test ... ok
[INFO] [stdout] test util::file::test::test_create_file ... ok
[INFO] [stdout] test util::file::test::test_append_content ... ok
[INFO] [stdout] test util::file::test::test_get_content ... ok
[INFO] [stdout] test util::file::test::test_save_content ... ok
[INFO] [stdout] test util::async_file::test::test_save_content ... ok
[INFO] [stdout] test util::file::test::test_path ... ok
[INFO] [stdout] test util::path::test::test_match ... ok
[INFO] [stdout] test util::path::test::test_abspath ... ok
[INFO] [stdout] test util::async_file::test::test_create_file ... ok
[INFO] [stdout] test util::async_file::test::test_get_content ... ok
[INFO] [stdout] test util::async_file::test::test_append_content ... ok
[INFO] [stdout] test handle::shell_env::test::test_shell_env ... ok
[INFO] [stdout] test handle::tmux::test::test_alacritty ... ok
[INFO] [stdout] test handle::zsh::test::test_zsh_is_install ... FAILED
[INFO] [stdout] test handle::pkg_manager::test::test_brew_install ... FAILED
[INFO] [stdout] test handle::zsh::test::test_zsh ... FAILED
[INFO] [stdout] test handle::pkg_manager::test::test_plugin_install ... FAILED
[INFO] [stdout] test handle::zsh::test::test_zsh_install ... ok
[INFO] [stdout] test handle::alacritty::test::test_alacritty ... ok
[INFO] [stdout] test app_conf::test::test_app_conf ... ok
[INFO] [stdout] test handle::pkg_manager::test::test_plugin_installed ... ok
[INFO] [stdout] 
[INFO] [stdout] failures:
[INFO] [stdout] 
[INFO] [stdout] ---- handle::zsh::test::test_zsh_is_install stdout ----
[INFO] [stdout] 
[INFO] [stdout] thread 'handle::zsh::test::test_zsh_is_install' panicked at src/handle/zsh.rs:20:14:
[INFO] [stdout] get output failed: Os { code: 2, kind: NotFound, message: "No such file or directory" }
[INFO] [stdout] stack backtrace:
[INFO] [stdout]    0:     0x64550f63b95a - std::backtrace_rs::backtrace::libunwind::trace::hb059275cfc8d6126
[INFO] [stdout]                                at /rustc/6067b36314ab5eb2eb47cecc464545ba58e1ad24/library/std/src/../../backtrace/src/backtrace/libunwind.rs:116:5
[INFO] [stdout]    1:     0x64550f63b95a - std::backtrace_rs::backtrace::trace_unsynchronized::h2da071e4327ce3ee
[INFO] [stdout]                                at /rustc/6067b36314ab5eb2eb47cecc464545ba58e1ad24/library/std/src/../../backtrace/src/backtrace/mod.rs:66:5
[INFO] [stdout]    2:     0x64550f63b95a - std::sys::backtrace::_print_fmt::h842a1474e6f8d23f
[INFO] [stdout]                                at /rustc/6067b36314ab5eb2eb47cecc464545ba58e1ad24/library/std/src/sys/backtrace.rs:66:9
[INFO] [stdout]    3:     0x64550f63b95a - <std::sys::backtrace::BacktraceLock::print::DisplayBacktrace as core::fmt::Display>::fmt::h71a62eb3b9696b12
[INFO] [stdout]                                at /rustc/6067b36314ab5eb2eb47cecc464545ba58e1ad24/library/std/src/sys/backtrace.rs:39:26
[INFO] [stdout]    4:     0x64550f664c83 - core::fmt::rt::Argument::fmt::hdb6b616786b41dc1
[INFO] [stdout]                                at /rustc/6067b36314ab5eb2eb47cecc464545ba58e1ad24/library/core/src/fmt/rt.rs:177:76
[INFO] [stdout]    5:     0x64550f664c83 - core::fmt::write::h2cc1698af7e2d686
[INFO] [stdout]                                at /rustc/6067b36314ab5eb2eb47cecc464545ba58e1ad24/library/core/src/fmt/mod.rs:1440:21
[INFO] [stdout]    6:     0x64550f637d03 - std::io::Write::write_fmt::hab1b4cd059a79022
[INFO] [stdout]                                at /rustc/6067b36314ab5eb2eb47cecc464545ba58e1ad24/library/std/src/io/mod.rs:1887:15
[INFO] [stdout]    7:     0x64550f63b7a2 - std::sys::backtrace::BacktraceLock::print::h147fe35b4ea13b08
[INFO] [stdout]                                at /rustc/6067b36314ab5eb2eb47cecc464545ba58e1ad24/library/std/src/sys/backtrace.rs:42:9
[INFO] [stdout]    8:     0x64550f63cd7f - std::panicking::default_hook::{{closure}}::hbd44223dbdc0d208
[INFO] [stdout]                                at /rustc/6067b36314ab5eb2eb47cecc464545ba58e1ad24/library/std/src/panicking.rs:298:22
[INFO] [stdout]    9:     0x64550f63cb98 - std::panicking::default_hook::h20f81eb0576efcec
[INFO] [stdout]                                at /rustc/6067b36314ab5eb2eb47cecc464545ba58e1ad24/library/std/src/panicking.rs:322:9
[INFO] [stdout]   10:     0x64550f48dcf3 - <alloc::boxed::Box<F,A> as core::ops::function::Fn<Args>>::call::hdb53814c496a4d34
[INFO] [stdout]                                at /rustc/6067b36314ab5eb2eb47cecc464545ba58e1ad24/library/alloc/src/boxed.rs:2027:9
[INFO] [stdout]   11:     0x64550f48dcf3 - test::test_main::{{closure}}::hc0a4963c59427c24
[INFO] [stdout]                                at /rustc/6067b36314ab5eb2eb47cecc464545ba58e1ad24/library/test/src/lib.rs:134:21
[INFO] [stdout]   12:     0x64550f63d873 - <alloc::boxed::Box<F,A> as core::ops::function::Fn<Args>>::call::h591b2225413a77e9
[INFO] [stdout]                                at /rustc/6067b36314ab5eb2eb47cecc464545ba58e1ad24/library/alloc/src/boxed.rs:2027:9
[INFO] [stdout]   13:     0x64550f63d873 - std::panicking::rust_panic_with_hook::h625eea43051b2edc
[INFO] [stdout]                                at /rustc/6067b36314ab5eb2eb47cecc464545ba58e1ad24/library/std/src/panicking.rs:839:13
[INFO] [stdout]   14:     0x64550f63d52a - std::panicking::begin_panic_handler::{{closure}}::h4f9159cfbc3f6bd3
[INFO] [stdout]                                at /rustc/6067b36314ab5eb2eb47cecc464545ba58e1ad24/library/std/src/panicking.rs:704:13
[INFO] [stdout]   15:     0x64550f63be59 - std::sys::backtrace::__rust_end_short_backtrace::h0390abce48353151
[INFO] [stdout]                                at /rustc/6067b36314ab5eb2eb47cecc464545ba58e1ad24/library/std/src/sys/backtrace.rs:168:18
[INFO] [stdout]   16:     0x64550f63d1bd - rust_begin_unwind
[INFO] [stdout]                                at /rustc/6067b36314ab5eb2eb47cecc464545ba58e1ad24/library/std/src/panicking.rs:695:5
[INFO] [stdout]   17:     0x64550f663660 - core::panicking::panic_fmt::h9e7c637e9e5f29c9
[INFO] [stdout]                                at /rustc/6067b36314ab5eb2eb47cecc464545ba58e1ad24/library/core/src/panicking.rs:75:14
[INFO] [stdout]   18:     0x64550f663ad6 - core::result::unwrap_failed::h7979f09313fe1849
[INFO] [stdout]                                at /rustc/6067b36314ab5eb2eb47cecc464545ba58e1ad24/library/core/src/result.rs:1704:5
[INFO] [stdout]   19:     0x64550f3b7498 - core::result::Result<T,E>::expect::h66f3ca010f55c91a
[INFO] [stdout]                                at /rustc/6067b36314ab5eb2eb47cecc464545ba58e1ad24/library/core/src/result.rs:1061:23
[INFO] [stdout]   20:     0x64550f40ca94 - auto_install::handle::zsh::<impl auto_install::app_conf::Zsh>::is_installed::{{closure}}::hdf799bb33c85db5a
[INFO] [stdout]                                at /opt/rustwide/workdir/src/handle/zsh.rs:16:22
[INFO] [stdout]   21:     0x64550f413c65 - auto_install::handle::zsh::test::test_zsh_is_install::{{closure}}::h91534280183adb24
[INFO] [stdout]                                at /opt/rustwide/workdir/src/handle/zsh.rs:183:55
[INFO] [stdout]   22:     0x64550f3f6892 - <async_std::task::builder::SupportTaskLocals<F> as core::future::future::Future>::poll::{{closure}}::h0c6c4bf883355ac4
[INFO] [stdout]                                at /opt/rustwide/cargo-home/registry/src/index.crates.io-1949cf8c6b5b557f/async-std-1.8.0/src/task/builder.rs:199:17
[INFO] [stdout]   23:     0x64550f3e87cc - async_std::task::task_locals_wrapper::TaskLocalsWrapper::set_current::{{closure}}::he58638ce8416330f
[INFO] [stdout]                                at /opt/rustwide/cargo-home/registry/src/index.crates.io-1949cf8c6b5b557f/async-std-1.8.0/src/task/task_locals_wrapper.rs:60:13
[INFO] [stdout]   24:     0x64550f333835 - std::thread::local::LocalKey<T>::try_with::h925f7ca0f2695a67
[INFO] [stdout]                                at /rustc/6067b36314ab5eb2eb47cecc464545ba58e1ad24/library/std/src/thread/local.rs:308:12
[INFO] [stdout]   25:     0x64550f32c18a - std::thread::local::LocalKey<T>::with::h6137b81007749a71
[INFO] [stdout]                                at /rustc/6067b36314ab5eb2eb47cecc464545ba58e1ad24/library/std/src/thread/local.rs:272:9
[INFO] [stdout]   26:     0x64550f3e5c18 - async_std::task::task_locals_wrapper::TaskLocalsWrapper::set_current::h8f99cd2c240b0967
[INFO] [stdout]                                at /opt/rustwide/cargo-home/registry/src/index.crates.io-1949cf8c6b5b557f/async-std-1.8.0/src/task/task_locals_wrapper.rs:55:9
[INFO] [stdout]   27:     0x64550f3f67ba - <async_std::task::builder::SupportTaskLocals<F> as core::future::future::Future>::poll::hea8068be6d4faa75
[INFO] [stdout]                                at /opt/rustwide/cargo-home/registry/src/index.crates.io-1949cf8c6b5b557f/async-std-1.8.0/src/task/builder.rs:197:13
[INFO] [stdout]   28:     0x64550f3d11c4 - <futures_lite::future::Or<F1,F2> as core::future::future::Future>::poll::h2f57b284a1cd95b2
[INFO] [stdout]                                at /opt/rustwide/cargo-home/registry/src/index.crates.io-1949cf8c6b5b557f/futures-lite-1.11.2/src/future.rs:526:33
[INFO] [stdout]   29:     0x64550f419c01 - async_executor::Executor::run::{{closure}}::h15bc33cc1182264d
[INFO] [stdout]                                at /opt/rustwide/cargo-home/registry/src/index.crates.io-1949cf8c6b5b557f/async-executor-1.4.0/src/lib.rs:236:32
[INFO] [stdout]   30:     0x64550f418fa5 - async_executor::LocalExecutor::run::{{closure}}::hf7e048d1c9b7385f
[INFO] [stdout]                                at /opt/rustwide/cargo-home/registry/src/index.crates.io-1949cf8c6b5b557f/async-executor-1.4.0/src/lib.rs:437:34
[INFO] [stdout]   31:     0x64550f398575 - async_io::driver::block_on::ha3ecabbc9fad505a
[INFO] [stdout]                                at /opt/rustwide/cargo-home/registry/src/index.crates.io-1949cf8c6b5b557f/async-io-1.3.1/src/driver.rs:142:33
[INFO] [stdout]   32:     0x64550f3a1d23 - async_global_executor::reactor::block_on::{{closure}}::hfd46f640b3c07752
[INFO] [stdout]                                at /opt/rustwide/cargo-home/registry/src/index.crates.io-1949cf8c6b5b557f/async-global-executor-1.4.3/src/lib.rs:48:22
[INFO] [stdout]   33:     0x64550f3a16f3 - async_global_executor::reactor::block_on::h0dd03c6799bb873c
[INFO] [stdout]                                at /opt/rustwide/cargo-home/registry/src/index.crates.io-1949cf8c6b5b557f/async-global-executor-1.4.3/src/lib.rs:55:9
[INFO] [stdout]   34:     0x64550f3f7e2d - async_global_executor::block_on::{{closure}}::h211b8c06432c006f
[INFO] [stdout]                                at /opt/rustwide/cargo-home/registry/src/index.crates.io-1949cf8c6b5b557f/async-global-executor-1.4.3/src/lib.rs:205:36
[INFO] [stdout]   35:     0x64550f332c7d - std::thread::local::LocalKey<T>::try_with::h7f3305b61fd99b3b
[INFO] [stdout]                                at /rustc/6067b36314ab5eb2eb47cecc464545ba58e1ad24/library/std/src/thread/local.rs:308:12
[INFO] [stdout]   36:     0x64550f32d6ca - std::thread::local::LocalKey<T>::with::hf3f2713166af7649
[INFO] [stdout]                                at /rustc/6067b36314ab5eb2eb47cecc464545ba58e1ad24/library/std/src/thread/local.rs:272:9
[INFO] [stdout]   37:     0x64550f3f7c5a - async_global_executor::block_on::h91cc87b5ed97a06c
[INFO] [stdout]                                at /opt/rustwide/cargo-home/registry/src/index.crates.io-1949cf8c6b5b557f/async-global-executor-1.4.3/src/lib.rs:205:5
[INFO] [stdout]   38:     0x64550f4046c0 - async_std::task::builder::Builder::blocking::{{closure}}::{{closure}}::hb348a80ebe296173
[INFO] [stdout]                                at /opt/rustwide/cargo-home/registry/src/index.crates.io-1949cf8c6b5b557f/async-std-1.8.0/src/task/builder.rs:171:25
[INFO] [stdout]   39:     0x64550f3e7fda - async_std::task::task_locals_wrapper::TaskLocalsWrapper::set_current::{{closure}}::h9414384ca47e5e94
[INFO] [stdout]                                at /opt/rustwide/cargo-home/registry/src/index.crates.io-1949cf8c6b5b557f/async-std-1.8.0/src/task/task_locals_wrapper.rs:60:13
[INFO] [stdout]   40:     0x64550f336f7f - std::thread::local::LocalKey<T>::try_with::hd9fa5445744ab1ff
[INFO] [stdout]                                at /rustc/6067b36314ab5eb2eb47cecc464545ba58e1ad24/library/std/src/thread/local.rs:308:12
[INFO] [stdout]   41:     0x64550f32bd0a - std::thread::local::LocalKey<T>::with::h43299c4b2fdada11
[INFO] [stdout]                                at /rustc/6067b36314ab5eb2eb47cecc464545ba58e1ad24/library/std/src/thread/local.rs:272:9
[INFO] [stdout]   42:     0x64550f3e5ffa - async_std::task::task_locals_wrapper::TaskLocalsWrapper::set_current::hf22ac8e991e033b7
[INFO] [stdout]                                at /opt/rustwide/cargo-home/registry/src/index.crates.io-1949cf8c6b5b557f/async-std-1.8.0/src/task/task_locals_wrapper.rs:55:9
[INFO] [stdout]   43:     0x64550f403bde - async_std::task::builder::Builder::blocking::{{closure}}::hfba133273aee4a68
[INFO] [stdout]                                at /opt/rustwide/cargo-home/registry/src/index.crates.io-1949cf8c6b5b557f/async-std-1.8.0/src/task/builder.rs:168:17
[INFO] [stdout]   44:     0x64550f33411d - std::thread::local::LocalKey<T>::try_with::h9de22459479109f0
[INFO] [stdout]                                at /rustc/6067b36314ab5eb2eb47cecc464545ba58e1ad24/library/std/src/thread/local.rs:308:12
[INFO] [stdout]   45:     0x64550f32c34a - std::thread::local::LocalKey<T>::with::h6bcf234d1f402178
[INFO] [stdout]                                at /rustc/6067b36314ab5eb2eb47cecc464545ba58e1ad24/library/std/src/thread/local.rs:272:9
[INFO] [stdout]   46:     0x64550f4021d8 - async_std::task::builder::Builder::blocking::hf29ef6ec2f0d1a93
[INFO] [stdout]                                at /opt/rustwide/cargo-home/registry/src/index.crates.io-1949cf8c6b5b557f/async-std-1.8.0/src/task/builder.rs:161:9
[INFO] [stdout]   47:     0x64550f40b2ac - async_std::task::block_on::block_on::hf974a01ca2df617f
[INFO] [stdout]                                at /opt/rustwide/cargo-home/registry/src/index.crates.io-1949cf8c6b5b557f/async-std-1.8.0/src/task/block_on.rs:33:5
[INFO] [stdout]   48:     0x64550f413af7 - auto_install::handle::zsh::test::test_zsh_is_install::h187d3108ac5a7b04
[INFO] [stdout]                                at /opt/rustwide/workdir/src/handle/zsh.rs:181:5
[INFO] [stdout]   49:     0x64550f413ac7 - auto_install::handle::zsh::test::test_zsh_is_install::{{closure}}::h123afcdc821e114b
[INFO] [stdout]                                at /opt/rustwide/workdir/src/handle/zsh.rs:181:23
[INFO] [stdout]   50:     0x64550f35f1c6 - core::ops::function::FnOnce::call_once::h3cda1967b2d64cd9
[INFO] [stdout]                                at /rustc/6067b36314ab5eb2eb47cecc464545ba58e1ad24/library/core/src/ops/function.rs:250:5
[INFO] [stdout]   51:     0x64550f49344b - core::ops::function::FnOnce::call_once::he27718dfdd183f43
[INFO] [stdout]                                at /rustc/6067b36314ab5eb2eb47cecc464545ba58e1ad24/library/core/src/ops/function.rs:250:5
[INFO] [stdout]   52:     0x64550f49344b - test::__rust_begin_short_backtrace::h4e84902998457a5d
[INFO] [stdout]                                at /rustc/6067b36314ab5eb2eb47cecc464545ba58e1ad24/library/test/src/lib.rs:632:18
[INFO] [stdout]   53:     0x64550f492383 - test::run_test_in_process::{{closure}}::h7176fd18fc1feca0
[INFO] [stdout]                                at /rustc/6067b36314ab5eb2eb47cecc464545ba58e1ad24/library/test/src/lib.rs:655:60
[INFO] [stdout]   54:     0x64550f492383 - <core::panic::unwind_safe::AssertUnwindSafe<F> as core::ops::function::FnOnce<()>>::call_once::hf79cff2a624d8cf7
[INFO] [stdout]                                at /rustc/6067b36314ab5eb2eb47cecc464545ba58e1ad24/library/core/src/panic/unwind_safe.rs:272:9
[INFO] [stdout]   55:     0x64550f492383 - std::panicking::try::do_call::h3da0561d9ab99c25
[INFO] [stdout]                                at /rustc/6067b36314ab5eb2eb47cecc464545ba58e1ad24/library/std/src/panicking.rs:587:40
[INFO] [stdout]   56:     0x64550f492383 - std::panicking::try::h41c9fa508bc61df6
[INFO] [stdout]                                at /rustc/6067b36314ab5eb2eb47cecc464545ba58e1ad24/library/std/src/panicking.rs:550:19
[INFO] [stdout]   57:     0x64550f492383 - std::panic::catch_unwind::h6b3ff07bb5afad93
[INFO] [stdout]                                at /rustc/6067b36314ab5eb2eb47cecc464545ba58e1ad24/library/std/src/panic.rs:358:14
[INFO] [stdout]   58:     0x64550f492383 - test::run_test_in_process::hc7253dd11b39b9f4
[INFO] [stdout]                                at /rustc/6067b36314ab5eb2eb47cecc464545ba58e1ad24/library/test/src/lib.rs:655:27
[INFO] [stdout]   59:     0x64550f492383 - test::run_test::{{closure}}::hfb2007f8649c30bb
[INFO] [stdout]                                at /rustc/6067b36314ab5eb2eb47cecc464545ba58e1ad24/library/test/src/lib.rs:576:43
[INFO] [stdout]   60:     0x64550f455465 - test::run_test::{{closure}}::h56a17aa7a282a9f4
[INFO] [stdout]                                at /rustc/6067b36314ab5eb2eb47cecc464545ba58e1ad24/library/test/src/lib.rs:606:41
[INFO] [stdout]   61:     0x64550f455465 - std::sys::backtrace::__rust_begin_short_backtrace::hd2d2d2fb8e8c6aac
[INFO] [stdout]                                at /rustc/6067b36314ab5eb2eb47cecc464545ba58e1ad24/library/std/src/sys/backtrace.rs:152:18
[INFO] [stdout]   62:     0x64550f458d4a - std::thread::Builder::spawn_unchecked_::{{closure}}::{{closure}}::h4faa3f9db6133423
[INFO] [stdout]                                at /rustc/6067b36314ab5eb2eb47cecc464545ba58e1ad24/library/std/src/thread/mod.rs:559:17
[INFO] [stdout]   63:     0x64550f458d4a - <core::panic::unwind_safe::AssertUnwindSafe<F> as core::ops::function::FnOnce<()>>::call_once::hf2e855a36a4ea846
[INFO] [stdout]                                at /rustc/6067b36314ab5eb2eb47cecc464545ba58e1ad24/library/core/src/panic/unwind_safe.rs:272:9
[INFO] [stdout]   64:     0x64550f458d4a - std::panicking::try::do_call::h2f73af3616c35465
[INFO] [stdout]                                at /rustc/6067b36314ab5eb2eb47cecc464545ba58e1ad24/library/std/src/panicking.rs:587:40
[INFO] [stdout]   65:     0x64550f458d4a - std::panicking::try::hd1660ce9efadef5a
[INFO] [stdout]                                at /rustc/6067b36314ab5eb2eb47cecc464545ba58e1ad24/library/std/src/panicking.rs:550:19
[INFO] [stdout]   66:     0x64550f458d4a - std::panic::catch_unwind::h5ee8d7823b8ca744
[INFO] [stdout]                                at /rustc/6067b36314ab5eb2eb47cecc464545ba58e1ad24/library/std/src/panic.rs:358:14
[INFO] [stdout]   67:     0x64550f458d4a - std::thread::Builder::spawn_unchecked_::{{closure}}::h53c3a1894dce8407
[INFO] [stdout]                                at /rustc/6067b36314ab5eb2eb47cecc464545ba58e1ad24/library/std/src/thread/mod.rs:557:30
[INFO] [stdout]   68:     0x64550f458d4a - core::ops::function::FnOnce::call_once{{vtable.shim}}::h048ce291ad4f62bf
[INFO] [stdout]                                at /rustc/6067b36314ab5eb2eb47cecc464545ba58e1ad24/library/core/src/ops/function.rs:250:5
[INFO] [stdout]   69:     0x64550f6420cb - <alloc::boxed::Box<F,A> as core::ops::function::FnOnce<Args>>::call_once::ha52bedf99a3b4981
[INFO] [stdout]                                at /rustc/6067b36314ab5eb2eb47cecc464545ba58e1ad24/library/alloc/src/boxed.rs:2013:9
[INFO] [stdout]   70:     0x64550f6420cb - <alloc::boxed::Box<F,A> as core::ops::function::FnOnce<Args>>::call_once::h567748934d80ccf8
[INFO] [stdout]                                at /rustc/6067b36314ab5eb2eb47cecc464545ba58e1ad24/library/alloc/src/boxed.rs:2013:9
[INFO] [stdout]   71:     0x64550f6420cb - std::sys::pal::unix::thread::Thread::new::thread_start::h2d970728ae887adc
[INFO] [stdout]                                at /rustc/6067b36314ab5eb2eb47cecc464545ba58e1ad24/library/std/src/sys/pal/unix/thread.rs:106:17
[INFO] [stdout]   72:     0x70b27fbd0ac3 - <unknown>
[INFO] [stdout]   73:     0x70b27fc61a04 - clone
[INFO] [stdout]   74:                0x0 - <unknown>
[INFO] [stdout] 
[INFO] [stdout] ---- handle::pkg_manager::test::test_brew_install stdout ----
[INFO] [stdout] 
[INFO] [stdout] thread 'handle::pkg_manager::test::test_brew_install' panicked at src/handle/pkg_manager.rs:140:14:
[INFO] [stdout] called `Result::unwrap()` on an `Err` value: Os { code: 2, kind: NotFound, message: "No such file or directory" }
[INFO] [stdout] stack backtrace:
[INFO] [stdout]    0:     0x64550f63b95a - std::backtrace_rs::backtrace::libunwind::trace::hb059275cfc8d6126
[INFO] [stdout]                                at /rustc/6067b36314ab5eb2eb47cecc464545ba58e1ad24/library/std/src/../../backtrace/src/backtrace/libunwind.rs:116:5
[INFO] [stdout]    1:     0x64550f63b95a - std::backtrace_rs::backtrace::trace_unsynchronized::h2da071e4327ce3ee
[INFO] [stdout]                                at /rustc/6067b36314ab5eb2eb47cecc464545ba58e1ad24/library/std/src/../../backtrace/src/backtrace/mod.rs:66:5
[INFO] [stdout]    2:     0x64550f63b95a - std::sys::backtrace::_print_fmt::h842a1474e6f8d23f
[INFO] [stdout]                                at /rustc/6067b36314ab5eb2eb47cecc464545ba58e1ad24/library/std/src/sys/backtrace.rs:66:9
[INFO] [stdout]    3:     0x64550f63b95a - <std::sys::backtrace::BacktraceLock::print::DisplayBacktrace as core::fmt::Display>::fmt::h71a62eb3b9696b12
[INFO] [stdout]                                at /rustc/6067b36314ab5eb2eb47cecc464545ba58e1ad24/library/std/src/sys/backtrace.rs:39:26
[INFO] [stdout]    4:     0x64550f664c83 - core::fmt::rt::Argument::fmt::hdb6b616786b41dc1
[INFO] [stdout]                                at /rustc/6067b36314ab5eb2eb47cecc464545ba58e1ad24/library/core/src/fmt/rt.rs:177:76
[INFO] [stdout]    5:     0x64550f664c83 - core::fmt::write::h2cc1698af7e2d686
[INFO] [stdout]                                at /rustc/6067b36314ab5eb2eb47cecc464545ba58e1ad24/library/core/src/fmt/mod.rs:1440:21
[INFO] [stdout]    6:     0x64550f637d03 - std::io::Write::write_fmt::hab1b4cd059a79022
[INFO] [stdout]                                at /rustc/6067b36314ab5eb2eb47cecc464545ba58e1ad24/library/std/src/io/mod.rs:1887:15
[INFO] [stdout]    7:     0x64550f63b7a2 - std::sys::backtrace::BacktraceLock::print::h147fe35b4ea13b08
[INFO] [stdout]                                at /rustc/6067b36314ab5eb2eb47cecc464545ba58e1ad24/library/std/src/sys/backtrace.rs:42:9
[INFO] [stdout]    8:     0x64550f63cd7f - std::panicking::default_hook::{{closure}}::hbd44223dbdc0d208
[INFO] [stdout]                                at /rustc/6067b36314ab5eb2eb47cecc464545ba58e1ad24/library/std/src/panicking.rs:298:22
[INFO] [stdout]    9:     0x64550f63cb98 - std::panicking::default_hook::h20f81eb0576efcec
[INFO] [stdout]                                at /rustc/6067b36314ab5eb2eb47cecc464545ba58e1ad24/library/std/src/panicking.rs:322:9
[INFO] [stdout]   10:     0x64550f48dcf3 - <alloc::boxed::Box<F,A> as core::ops::function::Fn<Args>>::call::hdb53814c496a4d34
[INFO] [stdout]                                at /rustc/6067b36314ab5eb2eb47cecc464545ba58e1ad24/library/alloc/src/boxed.rs:2027:9
[INFO] [stdout]   11:     0x64550f48dcf3 - test::test_main::{{closure}}::hc0a4963c59427c24
[INFO] [stdout]                                at /rustc/6067b36314ab5eb2eb47cecc464545ba58e1ad24/library/test/src/lib.rs:134:21
[INFO] [stdout]   12:     0x64550f63d873 - <alloc::boxed::Box<F,A> as core::ops::function::Fn<Args>>::call::h591b2225413a77e9
[INFO] [stdout]                                at /rustc/6067b36314ab5eb2eb47cecc464545ba58e1ad24/library/alloc/src/boxed.rs:2027:9
[INFO] [stdout]   13:     0x64550f63d873 - std::panicking::rust_panic_with_hook::h625eea43051b2edc
[INFO] [stdout]                                at /rustc/6067b36314ab5eb2eb47cecc464545ba58e1ad24/library/std/src/panicking.rs:839:13
[INFO] [stdout]   14:     0x64550f63d52a - std::panicking::begin_panic_handler::{{closure}}::h4f9159cfbc3f6bd3
[INFO] [stdout]                                at /rustc/6067b36314ab5eb2eb47cecc464545ba58e1ad24/library/std/src/panicking.rs:704:13
[INFO] [stdout]   15:     0x64550f63be59 - std::sys::backtrace::__rust_end_short_backtrace::h0390abce48353151
[INFO] [stdout]                                at /rustc/6067b36314ab5eb2eb47cecc464545ba58e1ad24/library/std/src/sys/backtrace.rs:168:18
[INFO] [stdout]   16:     0x64550f63d1bd - rust_begin_unwind
[INFO] [stdout]                                at /rustc/6067b36314ab5eb2eb47cecc464545ba58e1ad24/library/std/src/panicking.rs:695:5
[INFO] [stdout]   17:     0x64550f663660 - core::panicking::panic_fmt::h9e7c637e9e5f29c9
[INFO] [stdout]                                at /rustc/6067b36314ab5eb2eb47cecc464545ba58e1ad24/library/core/src/panicking.rs:75:14
[INFO] [stdout]   18:     0x64550f663ad6 - core::result::unwrap_failed::h7979f09313fe1849
[INFO] [stdout]                                at /rustc/6067b36314ab5eb2eb47cecc464545ba58e1ad24/library/core/src/result.rs:1704:5
[INFO] [stdout]   19:     0x64550f4109fe - core::result::Result<T,E>::unwrap::h43ede289489ec745
[INFO] [stdout]                                at /rustc/6067b36314ab5eb2eb47cecc464545ba58e1ad24/library/core/src/result.rs:1109:23
[INFO] [stdout]   20:     0x64550f4109fe - auto_install::handle::pkg_manager::test::test_brew_install::{{closure}}::h849f921e8e92bc16
[INFO] [stdout]                                at /opt/rustwide/workdir/src/handle/pkg_manager.rs:136:19
[INFO] [stdout]   21:     0x64550f3f6e12 - <async_std::task::builder::SupportTaskLocals<F> as core::future::future::Future>::poll::{{closure}}::hfc3aea6185016840
[INFO] [stdout]                                at /opt/rustwide/cargo-home/registry/src/index.crates.io-1949cf8c6b5b557f/async-std-1.8.0/src/task/builder.rs:199:17
[INFO] [stdout]   22:     0x64550f3e705c - async_std::task::task_locals_wrapper::TaskLocalsWrapper::set_current::{{closure}}::h4a28a27ba6bb018d
[INFO] [stdout]                                at /opt/rustwide/cargo-home/registry/src/index.crates.io-1949cf8c6b5b557f/async-std-1.8.0/src/task/task_locals_wrapper.rs:60:13
[INFO] [stdout]   23:     0x64550f330dd5 - std::thread::local::LocalKey<T>::try_with::h46c4955ad9b6c809
[INFO] [stdout]                                at /rustc/6067b36314ab5eb2eb47cecc464545ba58e1ad24/library/std/src/thread/local.rs:308:12
[INFO] [stdout]   24:     0x64550f32d79a - std::thread::local::LocalKey<T>::with::hf5eedbdc089ca331
[INFO] [stdout]                                at /rustc/6067b36314ab5eb2eb47cecc464545ba58e1ad24/library/std/src/thread/local.rs:272:9
[INFO] [stdout]   25:     0x64550f3e5988 - async_std::task::task_locals_wrapper::TaskLocalsWrapper::set_current::h3a0120024ea7c5b1
[INFO] [stdout]                                at /opt/rustwide/cargo-home/registry/src/index.crates.io-1949cf8c6b5b557f/async-std-1.8.0/src/task/task_locals_wrapper.rs:55:9
[INFO] [stdout]   26:     0x64550f3f6781 - <async_std::task::builder::SupportTaskLocals<F> as core::future::future::Future>::poll::he5778a50d7a3ae22
[INFO] [stdout]                                at /opt/rustwide/cargo-home/registry/src/index.crates.io-1949cf8c6b5b557f/async-std-1.8.0/src/task/builder.rs:197:13
[INFO] [stdout]   27:     0x64550f3d17f4 - <futures_lite::future::Or<F1,F2> as core::future::future::Future>::poll::hc0259e8ab0e913da
[INFO] [stdout]                                at /opt/rustwide/cargo-home/registry/src/index.crates.io-1949cf8c6b5b557f/futures-lite-1.11.2/src/future.rs:526:33
[INFO] [stdout]   28:     0x64550f41cf88 - async_executor::Executor::run::{{closure}}::hda31d8e980dc24b7
[INFO] [stdout]                                at /opt/rustwide/cargo-home/registry/src/index.crates.io-1949cf8c6b5b557f/async-executor-1.4.0/src/lib.rs:236:32
[INFO] [stdout]   29:     0x64550f416d32 - async_executor::LocalExecutor::run::{{closure}}::h2dbd6956f7f2a6fe
[INFO] [stdout]                                at /opt/rustwide/cargo-home/registry/src/index.crates.io-1949cf8c6b5b557f/async-executor-1.4.0/src/lib.rs:437:34
[INFO] [stdout]   30:     0x64550f39a862 - async_io::driver::block_on::hbf8485c057342296
[INFO] [stdout]                                at /opt/rustwide/cargo-home/registry/src/index.crates.io-1949cf8c6b5b557f/async-io-1.3.1/src/driver.rs:142:33
[INFO] [stdout]   31:     0x64550f3a1b13 - async_global_executor::reactor::block_on::{{closure}}::h47ad217c81166d83
[INFO] [stdout]                                at /opt/rustwide/cargo-home/registry/src/index.crates.io-1949cf8c6b5b557f/async-global-executor-1.4.3/src/lib.rs:48:22
[INFO] [stdout]   32:     0x64550f3a1963 - async_global_executor::reactor::block_on::hbecae14692333145
[INFO] [stdout]                                at /opt/rustwide/cargo-home/registry/src/index.crates.io-1949cf8c6b5b557f/async-global-executor-1.4.3/src/lib.rs:55:9
[INFO] [stdout]   33:     0x64550f3f80cd - async_global_executor::block_on::{{closure}}::h9d59d1ce116bdaf1
[INFO] [stdout]                                at /opt/rustwide/cargo-home/registry/src/index.crates.io-1949cf8c6b5b557f/async-global-executor-1.4.3/src/lib.rs:205:36
[INFO] [stdout]   34:     0x64550f33327d - std::thread::local::LocalKey<T>::try_with::h8b963d7841fb31db
[INFO] [stdout]                                at /rustc/6067b36314ab5eb2eb47cecc464545ba58e1ad24/library/std/src/thread/local.rs:308:12
[INFO] [stdout]   35:     0x64550f32d3da - std::thread::local::LocalKey<T>::with::hd846512a6af192f1
[INFO] [stdout]                                at /rustc/6067b36314ab5eb2eb47cecc464545ba58e1ad24/library/std/src/thread/local.rs:272:9
[INFO] [stdout]   36:     0x64550f3f79aa - async_global_executor::block_on::h085e9dafe5486711
[INFO] [stdout]                                at /opt/rustwide/cargo-home/registry/src/index.crates.io-1949cf8c6b5b557f/async-global-executor-1.4.3/src/lib.rs:205:5
[INFO] [stdout]   37:     0x64550f403f50 - async_std::task::builder::Builder::blocking::{{closure}}::{{closure}}::h4169770860d98bc2
[INFO] [stdout]                                at /opt/rustwide/cargo-home/registry/src/index.crates.io-1949cf8c6b5b557f/async-std-1.8.0/src/task/builder.rs:171:25
[INFO] [stdout]   38:     0x64550f3e749a - async_std::task::task_locals_wrapper::TaskLocalsWrapper::set_current::{{closure}}::h5bcadb8ca730222b
[INFO] [stdout]                                at /opt/rustwide/cargo-home/registry/src/index.crates.io-1949cf8c6b5b557f/async-std-1.8.0/src/task/task_locals_wrapper.rs:60:13
[INFO] [stdout]   39:     0x64550f32f14f - std::thread::local::LocalKey<T>::try_with::h274585e5cb4e3f50
[INFO] [stdout]                                at /rustc/6067b36314ab5eb2eb47cecc464545ba58e1ad24/library/std/src/thread/local.rs:308:12
[INFO] [stdout]   40:     0x64550f32caba - std::thread::local::LocalKey<T>::with::ha91b7c3f7ffe1c95
[INFO] [stdout]                                at /rustc/6067b36314ab5eb2eb47cecc464545ba58e1ad24/library/std/src/thread/local.rs:272:9
[INFO] [stdout]   41:     0x64550f3e5b4a - async_std::task::task_locals_wrapper::TaskLocalsWrapper::set_current::h8466bf47d274dafa
[INFO] [stdout]                                at /opt/rustwide/cargo-home/registry/src/index.crates.io-1949cf8c6b5b557f/async-std-1.8.0/src/task/task_locals_wrapper.rs:55:9
[INFO] [stdout]   42:     0x64550f40337e - async_std::task::builder::Builder::blocking::{{closure}}::h7b7d13ea83bd3bea
[INFO] [stdout]                                at /opt/rustwide/cargo-home/registry/src/index.crates.io-1949cf8c6b5b557f/async-std-1.8.0/src/task/builder.rs:168:17
[INFO] [stdout]   43:     0x64550f337a1d - std::thread::local::LocalKey<T>::try_with::hea93b99d215f6fa9
[INFO] [stdout]                                at /rustc/6067b36314ab5eb2eb47cecc464545ba58e1ad24/library/std/src/thread/local.rs:308:12
[INFO] [stdout]   44:     0x64550f32cd3a - std::thread::local::LocalKey<T>::with::hb3f0adb1c24a6421
[INFO] [stdout]                                at /rustc/6067b36314ab5eb2eb47cecc464545ba58e1ad24/library/std/src/thread/local.rs:272:9
[INFO] [stdout]   45:     0x64550f402488 - async_std::task::builder::Builder::blocking::hffa535d6975de42b
[INFO] [stdout]                                at /opt/rustwide/cargo-home/registry/src/index.crates.io-1949cf8c6b5b557f/async-std-1.8.0/src/task/builder.rs:161:9
[INFO] [stdout]   46:     0x64550f40ad4c - async_std::task::block_on::block_on::hb043576863c9fa96
[INFO] [stdout]                                at /opt/rustwide/cargo-home/registry/src/index.crates.io-1949cf8c6b5b557f/async-std-1.8.0/src/task/block_on.rs:33:5
[INFO] [stdout]   47:     0x64550f410727 - auto_install::handle::pkg_manager::test::test_brew_install::h3dbe837fa7925d68
[INFO] [stdout]                                at /opt/rustwide/workdir/src/handle/pkg_manager.rs:134:5
[INFO] [stdout]   48:     0x64550f4106f7 - auto_install::handle::pkg_manager::test::test_brew_install::{{closure}}::h17f10934705016b2
[INFO] [stdout]                                at /opt/rustwide/workdir/src/handle/pkg_manager.rs:134:23
[INFO] [stdout]   49:     0x64550f35ef16 - core::ops::function::FnOnce::call_once::h0df62e8b6601f2de
[INFO] [stdout]                                at /rustc/6067b36314ab5eb2eb47cecc464545ba58e1ad24/library/core/src/ops/function.rs:250:5
[INFO] [stdout]   50:     0x64550f49344b - core::ops::function::FnOnce::call_once::he27718dfdd183f43
[INFO] [stdout]                                at /rustc/6067b36314ab5eb2eb47cecc464545ba58e1ad24/library/core/src/ops/function.rs:250:5
[INFO] [stdout]   51:     0x64550f49344b - test::__rust_begin_short_backtrace::h4e84902998457a5d
[INFO] [stdout]                                at /rustc/6067b36314ab5eb2eb47cecc464545ba58e1ad24/library/test/src/lib.rs:632:18
[INFO] [stdout]   52:     0x64550f492383 - test::run_test_in_process::{{closure}}::h7176fd18fc1feca0
[INFO] [stdout]                                at /rustc/6067b36314ab5eb2eb47cecc464545ba58e1ad24/library/test/src/lib.rs:655:60
[INFO] [stdout]   53:     0x64550f492383 - <core::panic::unwind_safe::AssertUnwindSafe<F> as core::ops::function::FnOnce<()>>::call_once::hf79cff2a624d8cf7
[INFO] [stdout]                                at /rustc/6067b36314ab5eb2eb47cecc464545ba58e1ad24/library/core/src/panic/unwind_safe.rs:272:9
[INFO] [stdout]   54:     0x64550f492383 - std::panicking::try::do_call::h3da0561d9ab99c25
[INFO] [stdout]                                at /rustc/6067b36314ab5eb2eb47cecc464545ba58e1ad24/library/std/src/panicking.rs:587:40
[INFO] [stdout]   55:     0x64550f492383 - std::panicking::try::h41c9fa508bc61df6
[INFO] [stdout]                                at /rustc/6067b36314ab5eb2eb47cecc464545ba58e1ad24/library/std/src/panicking.rs:550:19
[INFO] [stdout]   56:     0x64550f492383 - std::panic::catch_unwind::h6b3ff07bb5afad93
[INFO] [stdout]                                at /rustc/6067b36314ab5eb2eb47cecc464545ba58e1ad24/library/std/src/panic.rs:358:14
[INFO] [stdout]   57:     0x64550f492383 - test::run_test_in_process::hc7253dd11b39b9f4
[INFO] [stdout]                                at /rustc/6067b36314ab5eb2eb47cecc464545ba58e1ad24/library/test/src/lib.rs:655:27
[INFO] [stdout]   58:     0x64550f492383 - test::run_test::{{closure}}::hfb2007f8649c30bb
[INFO] [stdout]                                at /rustc/6067b36314ab5eb2eb47cecc464545ba58e1ad24/library/test/src/lib.rs:576:43
[INFO] [stdout]   59:     0x64550f455465 - test::run_test::{{closure}}::h56a17aa7a282a9f4
[INFO] [stdout]                                at /rustc/6067b36314ab5eb2eb47cecc464545ba58e1ad24/library/test/src/lib.rs:606:41
[INFO] [stdout]   60:     0x64550f455465 - std::sys::backtrace::__rust_begin_short_backtrace::hd2d2d2fb8e8c6aac
[INFO] [stdout]                                at /rustc/6067b36314ab5eb2eb47cecc464545ba58e1ad24/library/std/src/sys/backtrace.rs:152:18
[INFO] [stdout]   61:     0x64550f458d4a - std::thread::Builder::spawn_unchecked_::{{closure}}::{{closure}}::h4faa3f9db6133423
[INFO] [stdout]                                at /rustc/6067b36314ab5eb2eb47cecc464545ba58e1ad24/library/std/src/thread/mod.rs:559:17
[INFO] [stdout]   62:     0x64550f458d4a - <core::panic::unwind_safe::AssertUnwindSafe<F> as core::ops::function::FnOnce<()>>::call_once::hf2e855a36a4ea846
[INFO] [stdout]                                at /rustc/6067b36314ab5eb2eb47cecc464545ba58e1ad24/library/core/src/panic/unwind_safe.rs:272:9
[INFO] [stdout]   63:     0x64550f458d4a - std::panicking::try::do_call::h2f73af3616c35465
[INFO] [stdout]                                at /rustc/6067b36314ab5eb2eb47cecc464545ba58e1ad24/library/std/src/panicking.rs:587:40
[INFO] [stdout]   64:     0x64550f458d4a - std::panicking::try::hd1660ce9efadef5a
[INFO] [stdout]                                at /rustc/6067b36314ab5eb2eb47cecc464545ba58e1ad24/library/std/src/panicking.rs:550:19
[INFO] [stdout]   65:     0x64550f458d4a - std::panic::catch_unwind::h5ee8d7823b8ca744
[INFO] [stdout]                                at /rustc/6067b36314ab5eb2eb47cecc464545ba58e1ad24/library/std/src/panic.rs:358:14
[INFO] [stdout]   66:     0x64550f458d4a - std::thread::Builder::spawn_unchecked_::{{closure}}::h53c3a1894dce8407
[INFO] [stdout]                                at /rustc/6067b36314ab5eb2eb47cecc464545ba58e1ad24/library/std/src/thread/mod.rs:557:30
[INFO] [stdout]   67:     0x64550f458d4a - core::ops::function::FnOnce::call_once{{vtable.shim}}::h048ce291ad4f62bf
[INFO] [stdout]                                at /rustc/6067b36314ab5eb2eb47cecc464545ba58e1ad24/library/core/src/ops/function.rs:250:5
[INFO] [stdout]   68:     0x64550f6420cb - <alloc::boxed::Box<F,A> as core::ops::function::FnOnce<Args>>::call_once::ha52bedf99a3b4981
[INFO] [stdout]                                at /rustc/6067b36314ab5eb2eb47cecc464545ba58e1ad24/library/alloc/src/boxed.rs:2013:9
[INFO] [stdout]   69:     0x64550f6420cb - <alloc::boxed::Box<F,A> as core::ops::function::FnOnce<Args>>::call_once::h567748934d80ccf8
[INFO] [stdout]                                at /rustc/6067b36314ab5eb2eb47cecc464545ba58e1ad24/library/alloc/src/boxed.rs:2013:9
[INFO] [stdout]   70:     0x64550f6420cb - std::sys::pal::unix::thread::Thread::new::thread_start::h2d970728ae887adc
[INFO] [stdout]                                at /rustc/6067b36314ab5eb2eb47cecc464545ba58e1ad24/library/std/src/sys/pal/unix/thread.rs:106:17
[INFO] [stdout]   71:     0x70b27fbd0ac3 - <unknown>
[INFO] [stdout]   72:     0x70b27fc61a04 - clone
[INFO] [stdout]   73:                0x0 - <unknown>
[INFO] [stdout] 
[INFO] [stdout] ---- handle::zsh::test::test_zsh stdout ----
[INFO] [stdout] 
[INFO] [stdout] thread 'handle::zsh::test::test_zsh' panicked at src/handle/zsh.rs:178:28:
[INFO] [stdout] called `Result::unwrap()` on an `Err` value: ErrorMessage { msg: "should config raw.githubusercontent.com to /etc/hosts, can use ping to get ip" }
[INFO] [stdout] 
[INFO] [stdout]    0: failure::backtrace::internal::InternalBacktrace::new
[INFO] [stdout]              at /opt/rustwide/cargo-home/registry/src/index.crates.io-1949cf8c6b5b557f/failure-0.1.8/src/backtrace/internal.rs:46:44
[INFO] [stdout]    1: failure::backtrace::Backtrace::new
[INFO] [stdout]              at /opt/rustwide/cargo-home/registry/src/index.crates.io-1949cf8c6b5b557f/failure-0.1.8/src/backtrace/mod.rs:121:35
[INFO] [stdout]    2: <failure::error::error_impl::ErrorImpl as core::convert::From<F>>::from
[INFO] [stdout]              at /opt/rustwide/cargo-home/registry/src/index.crates.io-1949cf8c6b5b557f/failure-0.1.8/src/error/error_impl.rs:19:17
[INFO] [stdout]    3: <failure::error::Error as core::convert::From<F>>::from
[INFO] [stdout]              at /opt/rustwide/cargo-home/registry/src/index.crates.io-1949cf8c6b5b557f/failure-0.1.8/src/error/mod.rs:36:18
[INFO] [stdout]    4: failure::error_message::err_msg
[INFO] [stdout]              at /opt/rustwide/cargo-home/registry/src/index.crates.io-1949cf8c6b5b557f/failure-0.1.8/src/error_message.rs:12:5
[INFO] [stdout]    5: auto_install::handle::zsh::<impl auto_install::app_conf::Zsh>::pre_install::{{closure}}
[INFO] [stdout]              at src/handle/zsh.rs:36:24
[INFO] [stdout]    6: auto_install::handle::zsh::<impl auto_install::handle::handle::EnvHandler for auto_install::app_conf::Zsh>::handle::__handle::{{closure}}
[INFO] [stdout]              at src/handle/zsh.rs:157:29
[INFO] [stdout]    7: <core::pin::Pin<P> as core::future::future::Future>::poll
[INFO] [stdout]              at /rustc/6067b36314ab5eb2eb47cecc464545ba58e1ad24/library/core/src/future/future.rs:124:9
[INFO] [stdout]    8: auto_install::handle::zsh::test::test_zsh::{{closure}}
[INFO] [stdout]              at src/handle/zsh.rs:178:22
[INFO] [stdout]    9: <async_std::task::builder::SupportTaskLocals<F> as core::future::future::Future>::poll::{{closure}}
[INFO] [stdout]              at /opt/rustwide/cargo-home/registry/src/index.crates.io-1949cf8c6b5b557f/async-std-1.8.0/src/task/builder.rs:199:17
[INFO] [stdout]   10: async_std::task::task_locals_wrapper::TaskLocalsWrapper::set_current::{{closure}}
[INFO] [stdout]              at /opt/rustwide/cargo-home/registry/src/index.crates.io-1949cf8c6b5b557f/async-std-1.8.0/src/task/task_locals_wrapper.rs:60:13
[INFO] [stdout]   11: std::thread::local::LocalKey<T>::try_with
[INFO] [stdout]              at /rustc/6067b36314ab5eb2eb47cecc464545ba58e1ad24/library/std/src/thread/local.rs:308:12
[INFO] [stdout]   12: std::thread::local::LocalKey<T>::with
[INFO] [stdout]              at /rustc/6067b36314ab5eb2eb47cecc464545ba58e1ad24/library/std/src/thread/local.rs:272:9
[INFO] [stdout]   13: async_std::task::task_locals_wrapper::TaskLocalsWrapper::set_current
[INFO] [stdout]              at /opt/rustwide/cargo-home/registry/src/index.crates.io-1949cf8c6b5b557f/async-std-1.8.0/src/task/task_locals_wrapper.rs:55:9
[INFO] [stdout]   14: <async_std::task::builder::SupportTaskLocals<F> as core::future::future::Future>::poll
[INFO] [stdout]              at /opt/rustwide/cargo-home/registry/src/index.crates.io-1949cf8c6b5b557f/async-std-1.8.0/src/task/builder.rs:197:13
[INFO] [stdout]   15: <futures_lite::future::Or<F1,F2> as core::future::future::Future>::poll
[INFO] [stdout]              at /opt/rustwide/cargo-home/registry/src/index.crates.io-1949cf8c6b5b557f/futures-lite-1.11.2/src/future.rs:526:33
[INFO] [stdout]   16: async_executor::Executor::run::{{closure}}
[INFO] [stdout]              at /opt/rustwide/cargo-home/registry/src/index.crates.io-1949cf8c6b5b557f/async-executor-1.4.0/src/lib.rs:236:32
[INFO] [stdout]   17: async_executor::LocalExecutor::run::{{closure}}
[INFO] [stdout]              at /opt/rustwide/cargo-home/registry/src/index.crates.io-1949cf8c6b5b557f/async-executor-1.4.0/src/lib.rs:437:34
[INFO] [stdout]   18: async_io::driver::block_on
[INFO] [stdout]              at /opt/rustwide/cargo-home/registry/src/index.crates.io-1949cf8c6b5b557f/async-io-1.3.1/src/driver.rs:142:33
[INFO] [stdout]   19: async_global_executor::reactor::block_on::{{closure}}
[INFO] [stdout]              at /opt/rustwide/cargo-home/registry/src/index.crates.io-1949cf8c6b5b557f/async-global-executor-1.4.3/src/lib.rs:48:22
[INFO] [stdout]   20: async_global_executor::reactor::block_on
[INFO] [stdout]              at /opt/rustwide/cargo-home/registry/src/index.crates.io-1949cf8c6b5b557f/async-global-executor-1.4.3/src/lib.rs:55:9
[INFO] [stdout]   21: async_global_executor::block_on::{{closure}}
[INFO] [stdout]              at /opt/rustwide/cargo-home/registry/src/index.crates.io-1949cf8c6b5b557f/async-global-executor-1.4.3/src/lib.rs:205:36
[INFO] [stdout]   22: std::thread::local::LocalKey<T>::try_with
[INFO] [stdout]              at /rustc/6067b36314ab5eb2eb47cecc464545ba58e1ad24/library/std/src/thread/local.rs:308:12
[INFO] [stdout]   23: std::thread::local::LocalKey<T>::with
[INFO] [stdout]              at /rustc/6067b36314ab5eb2eb47cecc464545ba58e1ad24/library/std/src/thread/local.rs:272:9
[INFO] [stdout]   24: async_global_executor::block_on
[INFO] [stdout]              at /opt/rustwide/cargo-home/registry/src/index.crates.io-1949cf8c6b5b557f/async-global-executor-1.4.3/src/lib.rs:205:5
[INFO] [stdout]   25: async_std::task::builder::Builder::blocking::{{closure}}::{{closure}}
[INFO] [stdout]              at /opt/rustwide/cargo-home/registry/src/index.crates.io-1949cf8c6b5b557f/async-std-1.8.0/src/task/builder.rs:171:25
[INFO] [stdout]   26: async_std::task::task_locals_wrapper::TaskLocalsWrapper::set_current::{{closure}}
[INFO] [stdout]              at /opt/rustwide/cargo-home/registry/src/index.crates.io-1949cf8c6b5b557f/async-std-1.8.0/src/task/task_locals_wrapper.rs:60:13
[INFO] [stdout]   27: std::thread::local::LocalKey<T>::try_with
[INFO] [stdout]              at /rustc/6067b36314ab5eb2eb47cecc464545ba58e1ad24/library/std/src/thread/local.rs:308:12
[INFO] [stdout]   28: std::thread::local::LocalKey<T>::with
[INFO] [stdout]              at /rustc/6067b36314ab5eb2eb47cecc464545ba58e1ad24/library/std/src/thread/local.rs:272:9
[INFO] [stdout]   29: async_std::task::task_locals_wrapper::TaskLocalsWrapper::set_current
[INFO] [stdout]              at /opt/rustwide/cargo-home/registry/src/index.crates.io-1949cf8c6b5b557f/async-std-1.8.0/src/task/task_locals_wrapper.rs:55:9
[INFO] [stdout]   30: async_std::task::builder::Builder::blocking::{{closure}}
[INFO] [stdout]              at /opt/rustwide/cargo-home/registry/src/index.crates.io-1949cf8c6b5b557f/async-std-1.8.0/src/task/builder.rs:168:17
[INFO] [stdout]   31: std::thread::local::LocalKey<T>::try_with
[INFO] [stdout]              at /rustc/6067b36314ab5eb2eb47cecc464545ba58e1ad24/library/std/src/thread/local.rs:308:12
[INFO] [stdout]   32: std::thread::local::LocalKey<T>::with
[INFO] [stdout]              at /rustc/6067b36314ab5eb2eb47cecc464545ba58e1ad24/library/std/src/thread/local.rs:272:9
[INFO] [stdout]   33: async_std::task::builder::Builder::blocking
[INFO] [stdout]              at /opt/rustwide/cargo-home/registry/src/index.crates.io-1949cf8c6b5b557f/async-std-1.8.0/src/task/builder.rs:161:9
[INFO] [stdout]   34: async_std::task::block_on::block_on
[INFO] [stdout]              at /opt/rustwide/cargo-home/registry/src/index.crates.io-1949cf8c6b5b557f/async-std-1.8.0/src/task/block_on.rs:33:5
[INFO] [stdout]   35: auto_install::handle::zsh::test::test_zsh
[INFO] [stdout]              at src/handle/zsh.rs:174:5
[INFO] [stdout]   36: auto_install::handle::zsh::test::test_zsh::{{closure}}
[INFO] [stdout]              at src/handle/zsh.rs:174:23
[INFO] [stdout]   37: core::ops::function::FnOnce::call_once
[INFO] [stdout]              at /rustc/6067b36314ab5eb2eb47cecc464545ba58e1ad24/library/core/src/ops/function.rs:250:5
[INFO] [stdout]   38: core::ops::function::FnOnce::call_once
[INFO] [stdout]              at /rustc/6067b36314ab5eb2eb47cecc464545ba58e1ad24/library/core/src/ops/function.rs:250:5
[INFO] [stdout]       test::__rust_begin_short_backtrace
[INFO] [stdout]              at /rustc/6067b36314ab5eb2eb47cecc464545ba58e1ad24/library/test/src/lib.rs:632:18
[INFO] [stdout]   39: test::run_test_in_process::{{closure}}
[INFO] [stdout]              at /rustc/6067b36314ab5eb2eb47cecc464545ba58e1ad24/library/test/src/lib.rs:655:60
[INFO] [stdout]       <core::panic::unwind_safe::AssertUnwindSafe<F> as core::ops::function::FnOnce<()>>::call_once
[INFO] [stdout]              at /rustc/6067b36314ab5eb2eb47cecc464545ba58e1ad24/library/core/src/panic/unwind_safe.rs:272:9
[INFO] [stdout]       std::panicking::try::do_call
[INFO] [stdout]              at /rustc/6067b36314ab5eb2eb47cecc464545ba58e1ad24/library/std/src/panicking.rs:587:40
[INFO] [stdout]       std::panicking::try
[INFO] [stdout]              at /rustc/6067b36314ab5eb2eb47cecc464545ba58e1ad24/library/std/src/panicking.rs:550:19
[INFO] [stdout]       std::panic::catch_unwind
[INFO] [stdout]              at /rustc/6067b36314ab5eb2eb47cecc464545ba58e1ad24/library/std/src/panic.rs:358:14
[INFO] [stdout]       test::run_test_in_process
[INFO] [stdout]              at /rustc/6067b36314ab5eb2eb47cecc464545ba58e1ad24/library/test/src/lib.rs:655:27
[INFO] [stdout]       test::run_test::{{closure}}
[INFO] [stdout]              at /rustc/6067b36314ab5eb2eb47cecc464545ba58e1ad24/library/test/src/lib.rs:576:43
[INFO] [stdout]   40: test::run_test::{{closure}}
[INFO] [stdout]              at /rustc/6067b36314ab5eb2eb47cecc464545ba58e1ad24/library/test/src/lib.rs:606:41
[INFO] [stdout]       std::sys::backtrace::__rust_begin_short_backtrace
[INFO] [stdout]              at /rustc/6067b36314ab5eb2eb47cecc464545ba58e1ad24/library/std/src/sys/backtrace.rs:152:18
[INFO] [stdout]   41: std::thread::Builder::spawn_unchecked_::{{closure}}::{{closure}}
[INFO] [stdout]              at /rustc/6067b36314ab5eb2eb47cecc464545ba58e1ad24/library/std/src/thread/mod.rs:559:17
[INFO] [stdout]       <core::panic::unwind_safe::AssertUnwindSafe<F> as core::ops::function::FnOnce<()>>::call_once
[INFO] [stdout]              at /rustc/6067b36314ab5eb2eb47cecc464545ba58e1ad24/library/core/src/panic/unwind_safe.rs:272:9
[INFO] [stdout]       std::panicking::try::do_call
[INFO] [stdout]              at /rustc/6067b36314ab5eb2eb47cecc464545ba58e1ad24/library/std/src/panicking.rs:587:40
[INFO] [stdout]       std::panicking::try
[INFO] [stdout]              at /rustc/6067b36314ab5eb2eb47cecc464545ba58e1ad24/library/std/src/panicking.rs:550:19
[INFO] [stdout]       std::panic::catch_unwind
[INFO] [stdout]              at /rustc/6067b36314ab5eb2eb47cecc464545ba58e1ad24/library/std/src/panic.rs:358:14
[INFO] [stdout]       std::thread::Builder::spawn_unchecked_::{{closure}}
[INFO] [stdout]              at /rustc/6067b36314ab5eb2eb47cecc464545ba58e1ad24/library/std/src/thread/mod.rs:557:30
[INFO] [stdout]       core::ops::function::FnOnce::call_once{{vtable.shim}}
[INFO] [stdout]              at /rustc/6067b36314ab5eb2eb47cecc464545ba58e1ad24/library/core/src/ops/function.rs:250:5
[INFO] [stdout]   42: <alloc::boxed::Box<F,A> as core::ops::function::FnOnce<Args>>::call_once
[INFO] [stdout]              at /rustc/6067b36314ab5eb2eb47cecc464545ba58e1ad24/library/alloc/src/boxed.rs:2013:9
[INFO] [stdout]       <alloc::boxed::Box<F,A> as core::ops::function::FnOnce<Args>>::call_once
[INFO] [stdout]              at /rustc/6067b36314ab5eb2eb47cecc464545ba58e1ad24/library/alloc/src/boxed.rs:2013:9
[INFO] [stdout]       std::sys::pal::unix::thread::Thread::new::thread_start
[INFO] [stdout]              at /rustc/6067b36314ab5eb2eb47cecc464545ba58e1ad24/library/std/src/sys/pal/unix/thread.rs:106:17
[INFO] [stdout]   43: <unknown>
[INFO] [stdout]   44: clone
[INFO] [stdout] 
[INFO] [stdout] stack backtrace:
[INFO] [stdout]    0:     0x64550f63b95a - std::backtrace_rs::backtrace::libunwind::trace::hb059275cfc8d6126
[INFO] [stdout]                                at /rustc/6067b36314ab5eb2eb47cecc464545ba58e1ad24/library/std/src/../../backtrace/src/backtrace/libunwind.rs:116:5
[INFO] [stdout]    1:     0x64550f63b95a - std::backtrace_rs::backtrace::trace_unsynchronized::h2da071e4327ce3ee
[INFO] [stdout]                                at /rustc/6067b36314ab5eb2eb47cecc464545ba58e1ad24/library/std/src/../../backtrace/src/backtrace/mod.rs:66:5
[INFO] [stdout]    2:     0x64550f63b95a - std::sys::backtrace::_print_fmt::h842a1474e6f8d23f
[INFO] [stdout]                                at /rustc/6067b36314ab5eb2eb47cecc464545ba58e1ad24/library/std/src/sys/backtrace.rs:66:9
[INFO] [stdout]    3:     0x64550f63b95a - <std::sys::backtrace::BacktraceLock::print::DisplayBacktrace as core::fmt::Display>::fmt::h71a62eb3b9696b12
[INFO] [stdout]                                at /rustc/6067b36314ab5eb2eb47cecc464545ba58e1ad24/library/std/src/sys/backtrace.rs:39:26
[INFO] [stdout]    4:     0x64550f664c83 - core::fmt::rt::Argument::fmt::hdb6b616786b41dc1
[INFO] [stdout]                                at /rustc/6067b36314ab5eb2eb47cecc464545ba58e1ad24/library/core/src/fmt/rt.rs:177:76
[INFO] [stdout]    5:     0x64550f664c83 - core::fmt::write::h2cc1698af7e2d686
[INFO] [stdout]                                at /rustc/6067b36314ab5eb2eb47cecc464545ba58e1ad24/library/core/src/fmt/mod.rs:1440:21
[INFO] [stdout]    6:     0x64550f637d03 - std::io::Write::write_fmt::hab1b4cd059a79022
[INFO] [stdout]                                at /rustc/6067b36314ab5eb2eb47cecc464545ba58e1ad24/library/std/src/io/mod.rs:1887:15
[INFO] [stdout]    7:     0x64550f63b7a2 - std::sys::backtrace::BacktraceLock::print::h147fe35b4ea13b08
[INFO] [stdout]                                at /rustc/6067b36314ab5eb2eb47cecc464545ba58e1ad24/library/std/src/sys/backtrace.rs:42:9
[INFO] [stdout]    8:     0x64550f63cd7f - std::panicking::default_hook::{{closure}}::hbd44223dbdc0d208
[INFO] [stdout]                                at /rustc/6067b36314ab5eb2eb47cecc464545ba58e1ad24/library/std/src/panicking.rs:298:22
[INFO] [stdout]    9:     0x64550f63cb98 - std::panicking::default_hook::h20f81eb0576efcec
[INFO] [stdout]                                at /rustc/6067b36314ab5eb2eb47cecc464545ba58e1ad24/library/std/src/panicking.rs:322:9
[INFO] [stdout]   10:     0x64550f48dcf3 - <alloc::boxed::Box<F,A> as core::ops::function::Fn<Args>>::call::hdb53814c496a4d34
[INFO] [stdout]                                at /rustc/6067b36314ab5eb2eb47cecc464545ba58e1ad24/library/alloc/src/boxed.rs:2027:9
[INFO] [stdout]   11:     0x64550f48dcf3 - test::test_main::{{closure}}::hc0a4963c59427c24
[INFO] [stdout]                                at /rustc/6067b36314ab5eb2eb47cecc464545ba58e1ad24/library/test/src/lib.rs:134:21
[INFO] [stdout]   12:     0x64550f63d873 - <alloc::boxed::Box<F,A> as core::ops::function::Fn<Args>>::call::h591b2225413a77e9
[INFO] [stdout]                                at /rustc/6067b36314ab5eb2eb47cecc464545ba58e1ad24/library/alloc/src/boxed.rs:2027:9
[INFO] [stdout]   13:     0x64550f63d873 - std::panicking::rust_panic_with_hook::h625eea43051b2edc
[INFO] [stdout]                                at /rustc/6067b36314ab5eb2eb47cecc464545ba58e1ad24/library/std/src/panicking.rs:839:13
[INFO] [stdout]   14:     0x64550f63d52a - std::panicking::begin_panic_handler::{{closure}}::h4f9159cfbc3f6bd3
[INFO] [stdout]                                at /rustc/6067b36314ab5eb2eb47cecc464545ba58e1ad24/library/std/src/panicking.rs:704:13
[INFO] [stdout]   15:     0x64550f63be59 - std::sys::backtrace::__rust_end_short_backtrace::h0390abce48353151
[INFO] [stdout]                                at /rustc/6067b36314ab5eb2eb47cecc464545ba58e1ad24/library/std/src/sys/backtrace.rs:168:18
[INFO] [stdout]   16:     0x64550f63d1bd - rust_begin_unwind
[INFO] [stdout]                                at /rustc/6067b36314ab5eb2eb47cecc464545ba58e1ad24/library/std/src/panicking.rs:695:5
[INFO] [stdout]   17:     0x64550f663660 - core::panicking::panic_fmt::h9e7c637e9e5f29c9
[INFO] [stdout]                                at /rustc/6067b36314ab5eb2eb47cecc464545ba58e1ad24/library/core/src/panicking.rs:75:14
[INFO] [stdout]   18:     0x64550f663ad6 - core::result::unwrap_failed::h7979f09313fe1849
[INFO] [stdout]                                at /rustc/6067b36314ab5eb2eb47cecc464545ba58e1ad24/library/core/src/result.rs:1704:5
[INFO] [stdout]   19:     0x64550f41381e - core::result::Result<T,E>::unwrap::h543acb63e1988eb1
[INFO] [stdout]                                at /rustc/6067b36314ab5eb2eb47cecc464545ba58e1ad24/library/core/src/result.rs:1109:23
[INFO] [stdout]   20:     0x64550f41381e - auto_install::handle::zsh::test::test_zsh::{{closure}}::hcda0283c4a82e759
[INFO] [stdout]                                at /opt/rustwide/workdir/src/handle/zsh.rs:178:9
[INFO] [stdout]   21:     0x64550f3f6c82 - <async_std::task::builder::SupportTaskLocals<F> as core::future::future::Future>::poll::{{closure}}::hd6075a6b9fa392c2
[INFO] [stdout]                                at /opt/rustwide/cargo-home/registry/src/index.crates.io-1949cf8c6b5b557f/async-std-1.8.0/src/task/builder.rs:199:17
[INFO] [stdout]   22:     0x64550f3e81cc - async_std::task::task_locals_wrapper::TaskLocalsWrapper::set_current::{{closure}}::habf7bf00fdcc37a3
[INFO] [stdout]                                at /opt/rustwide/cargo-home/registry/src/index.crates.io-1949cf8c6b5b557f/async-std-1.8.0/src/task/task_locals_wrapper.rs:60:13
[INFO] [stdout]   23:     0x64550f333ce5 - std::thread::local::LocalKey<T>::try_with::h9633c71db8e37183
[INFO] [stdout]                                at /rustc/6067b36314ab5eb2eb47cecc464545ba58e1ad24/library/std/src/thread/local.rs:308:12
[INFO] [stdout]   24:     0x64550f32bb3a - std::thread::local::LocalKey<T>::with::h2f133127a9deee4a
[INFO] [stdout]                                at /rustc/6067b36314ab5eb2eb47cecc464545ba58e1ad24/library/std/src/thread/local.rs:272:9
[INFO] [stdout]   25:     0x64550f3e5948 - async_std::task::task_locals_wrapper::TaskLocalsWrapper::set_current::h3941059d4ab75ac7
[INFO] [stdout]                                at /opt/rustwide/cargo-home/registry/src/index.crates.io-1949cf8c6b5b557f/async-std-1.8.0/src/task/task_locals_wrapper.rs:55:9
[INFO] [stdout]   26:     0x64550f3f6491 - <async_std::task::builder::SupportTaskLocals<F> as core::future::future::Future>::poll::h84f91b161bb70c0c
[INFO] [stdout]                                at /opt/rustwide/cargo-home/registry/src/index.crates.io-1949cf8c6b5b557f/async-std-1.8.0/src/task/builder.rs:197:13
[INFO] [stdout]   27:     0x64550f3d1524 - <futures_lite::future::Or<F1,F2> as core::future::future::Future>::poll::h817decca6c8aa23b
[INFO] [stdout]                                at /opt/rustwide/cargo-home/registry/src/index.crates.io-1949cf8c6b5b557f/futures-lite-1.11.2/src/future.rs:526:33
[INFO] [stdout]   28:     0x64550f41c89b - async_executor::Executor::run::{{closure}}::hcf7016ac15c73e8b
[INFO] [stdout]                                at /opt/rustwide/cargo-home/registry/src/index.crates.io-1949cf8c6b5b557f/async-executor-1.4.0/src/lib.rs:236:32
[INFO] [stdout]   29:     0x64550f418a56 - async_executor::LocalExecutor::run::{{closure}}::hea0a61a7ffa083fa
[INFO] [stdout]                                at /opt/rustwide/cargo-home/registry/src/index.crates.io-1949cf8c6b5b557f/async-executor-1.4.0/src/lib.rs:437:34
[INFO] [stdout]   30:     0x64550f3973d6 - async_io::driver::block_on::ha2ea2cedce41089a
[INFO] [stdout]                                at /opt/rustwide/cargo-home/registry/src/index.crates.io-1949cf8c6b5b557f/async-io-1.3.1/src/driver.rs:142:33
[INFO] [stdout]   31:     0x64550f3a1aaf - async_global_executor::reactor::block_on::{{closure}}::h26dda0b9564830fe
[INFO] [stdout]                                at /opt/rustwide/cargo-home/registry/src/index.crates.io-1949cf8c6b5b557f/async-global-executor-1.4.3/src/lib.rs:48:22
[INFO] [stdout]   32:     0x64550f3a192f - async_global_executor::reactor::block_on::hbd41086fbeefdb82
[INFO] [stdout]                                at /opt/rustwide/cargo-home/registry/src/index.crates.io-1949cf8c6b5b557f/async-global-executor-1.4.3/src/lib.rs:55:9
[INFO] [stdout]   33:     0x64550f3f7d6d - async_global_executor::block_on::{{closure}}::h0378be6778598552
[INFO] [stdout]                                at /opt/rustwide/cargo-home/registry/src/index.crates.io-1949cf8c6b5b557f/async-global-executor-1.4.3/src/lib.rs:205:36
[INFO] [stdout]   34:     0x64550f32df3f - std::thread::local::LocalKey<T>::try_with::h074c5e1cc3960cd3
[INFO] [stdout]                                at /rustc/6067b36314ab5eb2eb47cecc464545ba58e1ad24/library/std/src/thread/local.rs:308:12
[INFO] [stdout]   35:     0x64550f32c6ca - std::thread::local::LocalKey<T>::with::h91218ab4ae7e4c05
[INFO] [stdout]                                at /rustc/6067b36314ab5eb2eb47cecc464545ba58e1ad24/library/std/src/thread/local.rs:272:9
[INFO] [stdout]   36:     0x64550f3f7be6 - async_global_executor::block_on::h71df03a250de947f
[INFO] [stdout]                                at /opt/rustwide/cargo-home/registry/src/index.crates.io-1949cf8c6b5b557f/async-global-executor-1.4.3/src/lib.rs:205:5
[INFO] [stdout]   37:     0x64550f404210 - async_std::task::builder::Builder::blocking::{{closure}}::{{closure}}::h73781156233a30cb
[INFO] [stdout]                                at /opt/rustwide/cargo-home/registry/src/index.crates.io-1949cf8c6b5b557f/async-std-1.8.0/src/task/builder.rs:171:25
[INFO] [stdout]   38:     0x64550f3e75c8 - async_std::task::task_locals_wrapper::TaskLocalsWrapper::set_current::{{closure}}::h5dc74a3a04546e99
[INFO] [stdout]                                at /opt/rustwide/cargo-home/registry/src/index.crates.io-1949cf8c6b5b557f/async-std-1.8.0/src/task/task_locals_wrapper.rs:60:13
[INFO] [stdout]   39:     0x64550f32eb1d - std::thread::local::LocalKey<T>::try_with::h2118556a8b943ec7
[INFO] [stdout]                                at /rustc/6067b36314ab5eb2eb47cecc464545ba58e1ad24/library/std/src/thread/local.rs:308:12
[INFO] [stdout]   40:     0x64550f32c5fa - std::thread::local::LocalKey<T>::with::h8c01816d8491e40f
[INFO] [stdout]                                at /rustc/6067b36314ab5eb2eb47cecc464545ba58e1ad24/library/std/src/thread/local.rs:272:9
[INFO] [stdout]   41:     0x64550f3e5767 - async_std::task::task_locals_wrapper::TaskLocalsWrapper::set_current::h1eb4c14270d3ed1a
[INFO] [stdout]                                at /opt/rustwide/cargo-home/registry/src/index.crates.io-1949cf8c6b5b557f/async-std-1.8.0/src/task/task_locals_wrapper.rs:55:9
[INFO] [stdout]   42:     0x64550f40373c - async_std::task::builder::Builder::blocking::{{closure}}::h9f9d668a3320194c
[INFO] [stdout]                                at /opt/rustwide/cargo-home/registry/src/index.crates.io-1949cf8c6b5b557f/async-std-1.8.0/src/task/builder.rs:168:17
[INFO] [stdout]   43:     0x64550f3333bf - std::thread::local::LocalKey<T>::try_with::h8bcc0f75eb79caef
[INFO] [stdout]                                at /rustc/6067b36314ab5eb2eb47cecc464545ba58e1ad24/library/std/src/thread/local.rs:308:12
[INFO] [stdout]   44:     0x64550f32ba2a - std::thread::local::LocalKey<T>::with::h24015b501cb2ff0a
[INFO] [stdout]                                at /rustc/6067b36314ab5eb2eb47cecc464545ba58e1ad24/library/std/src/thread/local.rs:272:9
[INFO] [stdout]   45:     0x64550f401198 - async_std::task::builder::Builder::blocking::h6cdde36b93f18baf
[INFO] [stdout]                                at /opt/rustwide/cargo-home/registry/src/index.crates.io-1949cf8c6b5b557f/async-std-1.8.0/src/task/builder.rs:161:9
[INFO] [stdout]   46:     0x64550f40a9fe - async_std::task::block_on::block_on::h21e9a188031ac616
[INFO] [stdout]                                at /opt/rustwide/cargo-home/registry/src/index.crates.io-1949cf8c6b5b557f/async-std-1.8.0/src/task/block_on.rs:33:5
[INFO] [stdout]   47:     0x64550f4134b9 - auto_install::handle::zsh::test::test_zsh::hf5ed93ac86635c1c
[INFO] [stdout]                                at /opt/rustwide/workdir/src/handle/zsh.rs:174:5
[INFO] [stdout]   48:     0x64550f413487 - auto_install::handle::zsh::test::test_zsh::{{closure}}::hf3c8409104124c09
[INFO] [stdout]                                at /opt/rustwide/workdir/src/handle/zsh.rs:174:23
[INFO] [stdout]   49:     0x64550f35f246 - core::ops::function::FnOnce::call_once::h40e00cdd68a8d1dd
[INFO] [stdout]                                at /rustc/6067b36314ab5eb2eb47cecc464545ba58e1ad24/library/core/src/ops/function.rs:250:5
[INFO] [stdout]   50:     0x64550f49344b - core::ops::function::FnOnce::call_once::he27718dfdd183f43
[INFO] [stdout]                                at /rustc/6067b36314ab5eb2eb47cecc464545ba58e1ad24/library/core/src/ops/function.rs:250:5
[INFO] [stdout]   51:     0x64550f49344b - test::__rust_begin_short_backtrace::h4e84902998457a5d
[INFO] [stdout]                                at /rustc/6067b36314ab5eb2eb47cecc464545ba58e1ad24/library/test/src/lib.rs:632:18
[INFO] [stdout]   52:     0x64550f492383 - test::run_test_in_process::{{closure}}::h7176fd18fc1feca0
[INFO] [stdout]                                at /rustc/6067b36314ab5eb2eb47cecc464545ba58e1ad24/library/test/src/lib.rs:655:60
[INFO] [stdout]   53:     0x64550f492383 - <core::panic::unwind_safe::AssertUnwindSafe<F> as core::ops::function::FnOnce<()>>::call_once::hf79cff2a624d8cf7
[INFO] [stdout]                                at /rustc/6067b36314ab5eb2eb47cecc464545ba58e1ad24/library/core/src/panic/unwind_safe.rs:272:9
[INFO] [stdout]   54:     0x64550f492383 - std::panicking::try::do_call::h3da0561d9ab99c25
[INFO] [stdout]                                at /rustc/6067b36314ab5eb2eb47cecc464545ba58e1ad24/library/std/src/panicking.rs:587:40
[INFO] [stdout]   55:     0x64550f492383 - std::panicking::try::h41c9fa508bc61df6
[INFO] [stdout]                                at /rustc/6067b36314ab5eb2eb47cecc464545ba58e1ad24/library/std/src/panicking.rs:550:19
[INFO] [stdout]   56:     0x64550f492383 - std::panic::catch_unwind::h6b3ff07bb5afad93
[INFO] [stdout]                                at /rustc/6067b36314ab5eb2eb47cecc464545ba58e1ad24/library/std/src/panic.rs:358:14
[INFO] [stdout]   57:     0x64550f492383 - test::run_test_in_process::hc7253dd11b39b9f4
[INFO] [stdout]                                at /rustc/6067b36314ab5eb2eb47cecc464545ba58e1ad24/library/test/src/lib.rs:655:27
[INFO] [stdout]   58:     0x64550f492383 - test::run_test::{{closure}}::hfb2007f8649c30bb
[INFO] [stdout]                                at /rustc/6067b36314ab5eb2eb47cecc464545ba58e1ad24/library/test/src/lib.rs:576:43
[INFO] [stdout]   59:     0x64550f455465 - test::run_test::{{closure}}::h56a17aa7a282a9f4
[INFO] [stdout]                                at /rustc/6067b36314ab5eb2eb47cecc464545ba58e1ad24/library/test/src/lib.rs:606:41
[INFO] [stdout]   60:     0x64550f455465 - std::sys::backtrace::__rust_begin_short_backtrace::hd2d2d2fb8e8c6aac
[INFO] [stdout]                                at /rustc/6067b36314ab5eb2eb47cecc464545ba58e1ad24/library/std/src/sys/backtrace.rs:152:18
[INFO] [stdout]   61:     0x64550f458d4a - std::thread::Builder::spawn_unchecked_::{{closure}}::{{closure}}::h4faa3f9db6133423
[INFO] [stdout]                                at /rustc/6067b36314ab5eb2eb47cecc464545ba58e1ad24/library/std/src/thread/mod.rs:559:17
[INFO] [stdout]   62:     0x64550f458d4a - <core::panic::unwind_safe::AssertUnwindSafe<F> as core::ops::function::FnOnce<()>>::call_once::hf2e855a36a4ea846
[INFO] [stdout]                                at /rustc/6067b36314ab5eb2eb47cecc464545ba58e1ad24/library/core/src/panic/unwind_safe.rs:272:9
[INFO] [stdout]   63:     0x64550f458d4a - std::panicking::try::do_call::h2f73af3616c35465
[INFO] [stdout]                                at /rustc/6067b36314ab5eb2eb47cecc464545ba58e1ad24/library/std/src/panicking.rs:587:40
[INFO] [stdout]   64:     0x64550f458d4a - std::panicking::try::hd1660ce9efadef5a
[INFO] [stdout]                                at /rustc/6067b36314ab5eb2eb47cecc464545ba58e1ad24/library/std/src/panicking.rs:550:19
[INFO] [stdout]   65:     0x64550f458d4a - std::panic::catch_unwind::h5ee8d7823b8ca744
[INFO] [stdout]                                at /rustc/6067b36314ab5eb2eb47cecc464545ba58e1ad24/library/std/src/panic.rs:358:14
[INFO] [stdout]   66:     0x64550f458d4a - std::thread::Builder::spawn_unchecked_::{{closure}}::h53c3a1894dce8407
[INFO] [stdout]                                at /rustc/6067b36314ab5eb2eb47cecc464545ba58e1ad24/library/std/src/thread/mod.rs:557:30
[INFO] [stdout]   67:     0x64550f458d4a - core::ops::function::FnOnce::call_once{{vtable.shim}}::h048ce291ad4f62bf
[INFO] [stdout]                                at /rustc/6067b36314ab5eb2eb47cecc464545ba58e1ad24/library/core/src/ops/function.rs:250:5
[INFO] [stdout]   68:     0x64550f6420cb - <alloc::boxed::Box<F,A> as core::ops::function::FnOnce<Args>>::call_once::ha52bedf99a3b4981
[INFO] [stdout]                                at /rustc/6067b36314ab5eb2eb47cecc464545ba58e1ad24/library/alloc/src/boxed.rs:2013:9
[INFO] [stdout]   69:     0x64550f6420cb - <alloc::boxed::Box<F,A> as core::ops::function::FnOnce<Args>>::call_once::h567748934d80ccf8
[INFO] [stdout]                                at /rustc/6067b36314ab5eb2eb47cecc464545ba58e1ad24/library/alloc/src/boxed.rs:2013:9
[INFO] [stdout]   70:     0x64550f6420cb - std::sys::pal::unix::thread::Thread::new::thread_start::h2d970728ae887adc
[INFO] [stdout]                                at /rustc/6067b36314ab5eb2eb47cecc464545ba58e1ad24/library/std/src/sys/pal/unix/thread.rs:106:17
[INFO] [stdout]   71:     0x70b27fbd0ac3 - <unknown>
[INFO] [stdout]   72:     0x70b27fc61a04 - clone
[INFO] [stdout]   73:                0x0 - <unknown>
[INFO] [stdout] 
[INFO] [stdout] ---- handle::pkg_manager::test::test_plugin_install stdout ----
[INFO] [stdout] 
[INFO] [stdout] thread 'handle::pkg_manager::test::test_plugin_install' panicked at src/handle/pkg_manager.rs:162:65:
[INFO] [stdout] called `Result::unwrap()` on an `Err` value: Os { code: 2, kind: NotFound, message: "No such file or directory" }
[INFO] [stdout] 
[INFO] [stdout]    0: failure::backtrace::internal::InternalBacktrace::new
[INFO] [stdout]              at /opt/rustwide/cargo-home/registry/src/index.crates.io-1949cf8c6b5b557f/failure-0.1.8/src/backtrace/internal.rs:46:44
[INFO] [stdout]    1: failure::backtrace::Backtrace::new
[INFO] [stdout]              at /opt/rustwide/cargo-home/registry/src/index.crates.io-1949cf8c6b5b557f/failure-0.1.8/src/backtrace/mod.rs:121:35
[INFO] [stdout]    2: <failure::error::error_impl::ErrorImpl as core::convert::From<F>>::from
[INFO] [stdout]              at /opt/rustwide/cargo-home/registry/src/index.crates.io-1949cf8c6b5b557f/failure-0.1.8/src/error/error_impl.rs:19:17
[INFO] [stdout]    3: <failure::error::Error as core::convert::From<F>>::from
[INFO] [stdout]              at /opt/rustwide/cargo-home/registry/src/index.crates.io-1949cf8c6b5b557f/failure-0.1.8/src/error/mod.rs:36:18
[INFO] [stdout]    4: <core::result::Result<T,F> as core::ops::try_trait::FromResidual<core::result::Result<core::convert::Infallible,E>>>::from_residual
[INFO] [stdout]              at /rustc/6067b36314ab5eb2eb47cecc464545ba58e1ad24/library/core/src/result.rs:2014:27
[INFO] [stdout]    5: auto_install::handle::pkg_manager::<impl auto_install::app_conf::PkgManager>::plugin_installed::{{closure}}
[INFO] [stdout]              at src/handle/pkg_manager.rs:88:22
[INFO] [stdout]    6: auto_install::handle::pkg_manager::<impl auto_install::app_conf::PkgManager>::install_plugin::{{closure}}
[INFO] [stdout]              at src/handle/pkg_manager.rs:64:51
[INFO] [stdout]    7: auto_install::handle::pkg_manager::test::test_plugin_install::{{closure}}
[INFO] [stdout]              at src/handle/pkg_manager.rs:162:59
[INFO] [stdout]    8: <async_std::task::builder::SupportTaskLocals<F> as core::future::future::Future>::poll::{{closure}}
[INFO] [stdout]              at /opt/rustwide/cargo-home/registry/src/index.crates.io-1949cf8c6b5b557f/async-std-1.8.0/src/task/builder.rs:199:17
[INFO] [stdout]    9: async_std::task::task_locals_wrapper::TaskLocalsWrapper::set_current::{{closure}}
[INFO] [stdout]              at /opt/rustwide/cargo-home/registry/src/index.crates.io-1949cf8c6b5b557f/async-std-1.8.0/src/task/task_locals_wrapper.rs:60:13
[INFO] [stdout]   10: std::thread::local::LocalKey<T>::try_with
[INFO] [stdout]              at /rustc/6067b36314ab5eb2eb47cecc464545ba58e1ad24/library/std/src/thread/local.rs:308:12
[INFO] [stdout]   11: std::thread::local::LocalKey<T>::with
[INFO] [stdout]              at /rustc/6067b36314ab5eb2eb47cecc464545ba58e1ad24/library/std/src/thread/local.rs:272:9
[INFO] [stdout]   12: async_std::task::task_locals_wrapper::TaskLocalsWrapper::set_current
[INFO] [stdout]              at /opt/rustwide/cargo-home/registry/src/index.crates.io-1949cf8c6b5b557f/async-std-1.8.0/src/task/task_locals_wrapper.rs:55:9
[INFO] [stdout]   13: <async_std::task::builder::SupportTaskLocals<F> as core::future::future::Future>::poll
[INFO] [stdout]              at /opt/rustwide/cargo-home/registry/src/index.crates.io-1949cf8c6b5b557f/async-std-1.8.0/src/task/builder.rs:197:13
[INFO] [stdout]   14: <futures_lite::future::Or<F1,F2> as core::future::future::Future>::poll
[INFO] [stdout]              at /opt/rustwide/cargo-home/registry/src/index.crates.io-1949cf8c6b5b557f/futures-lite-1.11.2/src/future.rs:526:33
[INFO] [stdout]   15: async_executor::Executor::run::{{closure}}
[INFO] [stdout]              at /opt/rustwide/cargo-home/registry/src/index.crates.io-1949cf8c6b5b557f/async-executor-1.4.0/src/lib.rs:236:32
[INFO] [stdout]   16: async_executor::LocalExecutor::run::{{closure}}
[INFO] [stdout]              at /opt/rustwide/cargo-home/registry/src/index.crates.io-1949cf8c6b5b557f/async-executor-1.4.0/src/lib.rs:437:34
[INFO] [stdout]   17: async_io::driver::block_on
[INFO] [stdout]              at /opt/rustwide/cargo-home/registry/src/index.crates.io-1949cf8c6b5b557f/async-io-1.3.1/src/driver.rs:142:33
[INFO] [stdout]   18: async_global_executor::reactor::block_on::{{closure}}
[INFO] [stdout]              at /opt/rustwide/cargo-home/registry/src/index.crates.io-1949cf8c6b5b557f/async-global-executor-1.4.3/src/lib.rs:48:22
[INFO] [stdout]   19: async_global_executor::reactor::block_on
[INFO] [stdout]              at /opt/rustwide/cargo-home/registry/src/index.crates.io-1949cf8c6b5b557f/async-global-executor-1.4.3/src/lib.rs:55:9
[INFO] [stdout]   20: async_global_executor::block_on::{{closure}}
[INFO] [stdout]              at /opt/rustwide/cargo-home/registry/src/index.crates.io-1949cf8c6b5b557f/async-global-executor-1.4.3/src/lib.rs:205:36
[INFO] [stdout]   21: std::thread::local::LocalKey<T>::try_with
[INFO] [stdout]              at /rustc/6067b36314ab5eb2eb47cecc464545ba58e1ad24/library/std/src/thread/local.rs:308:12
[INFO] [stdout]   22: std::thread::local::LocalKey<T>::with
[INFO] [stdout]              at /rustc/6067b36314ab5eb2eb47cecc464545ba58e1ad24/library/std/src/thread/local.rs:272:9
[INFO] [stdout]   23: async_global_executor::block_on
[INFO] [stdout]              at /opt/rustwide/cargo-home/registry/src/index.crates.io-1949cf8c6b5b557f/async-global-executor-1.4.3/src/lib.rs:205:5
[INFO] [stdout]   24: async_std::task::builder::Builder::blocking::{{closure}}::{{closure}}
[INFO] [stdout]              at /opt/rustwide/cargo-home/registry/src/index.crates.io-1949cf8c6b5b557f/async-std-1.8.0/src/task/builder.rs:171:25
[INFO] [stdout]   25: async_std::task::task_locals_wrapper::TaskLocalsWrapper::set_current::{{closure}}
[INFO] [stdout]              at /opt/rustwide/cargo-home/registry/src/index.crates.io-1949cf8c6b5b557f/async-std-1.8.0/src/task/task_locals_wrapper.rs:60:13
[INFO] [stdout]   26: std::thread::local::LocalKey<T>::try_with
[INFO] [stdout]              at /rustc/6067b36314ab5eb2eb47cecc464545ba58e1ad24/library/std/src/thread/local.rs:308:12
[INFO] [stdout]   27: std::thread::local::LocalKey<T>::with
[INFO] [stdout]              at /rustc/6067b36314ab5eb2eb47cecc464545ba58e1ad24/library/std/src/thread/local.rs:272:9
[INFO] [stdout]   28: async_std::task::task_locals_wrapper::TaskLocalsWrapper::set_current
[INFO] [stdout]              at /opt/rustwide/cargo-home/registry/src/index.crates.io-1949cf8c6b5b557f/async-std-1.8.0/src/task/task_locals_wrapper.rs:55:9
[INFO] [stdout]   29: async_std::task::builder::Builder::blocking::{{closure}}
[INFO] [stdout]              at /opt/rustwide/cargo-home/registry/src/index.crates.io-1949cf8c6b5b557f/async-std-1.8.0/src/task/builder.rs:168:17
[INFO] [stdout]   30: std::thread::local::LocalKey<T>::try_with
[INFO] [stdout]              at /rustc/6067b36314ab5eb2eb47cecc464545ba58e1ad24/library/std/src/thread/local.rs:308:12
[INFO] [stdout]   31: std::thread::local::LocalKey<T>::with
[INFO] [stdout]              at /rustc/6067b36314ab5eb2eb47cecc464545ba58e1ad24/library/std/src/thread/local.rs:272:9
[INFO] [stdout]   32: async_std::task::builder::Builder::blocking
[INFO] [stdout]              at /opt/rustwide/cargo-home/registry/src/index.crates.io-1949cf8c6b5b557f/async-std-1.8.0/src/task/builder.rs:161:9
[INFO] [stdout]   33: async_std::task::block_on::block_on
[INFO] [stdout]              at /opt/rustwide/cargo-home/registry/src/index.crates.io-1949cf8c6b5b557f/async-std-1.8.0/src/task/block_on.rs:33:5
[INFO] [stdout]   34: auto_install::handle::pkg_manager::test::test_plugin_install
[INFO] [stdout]              at src/handle/pkg_manager.rs:158:5
[INFO] [stdout]   35: auto_install::handle::pkg_manager::test::test_plugin_install::{{closure}}
[INFO] [stdout]              at src/handle/pkg_manager.rs:158:23
[INFO] [stdout]   36: core::ops::function::FnOnce::call_once
[INFO] [stdout]              at /rustc/6067b36314ab5eb2eb47cecc464545ba58e1ad24/library/core/src/ops/function.rs:250:5
[INFO] [stdout]   37: core::ops::function::FnOnce::call_once
[INFO] [stdout]              at /rustc/6067b36314ab5eb2eb47cecc464545ba58e1ad24/library/core/src/ops/function.rs:250:5
[INFO] [stdout]       test::__rust_begin_short_backtrace
[INFO] [stdout]              at /rustc/6067b36314ab5eb2eb47cecc464545ba58e1ad24/library/test/src/lib.rs:632:18
[INFO] [stdout]   38: test::run_test_in_process::{{closure}}
[INFO] [stdout]              at /rustc/6067b36314ab5eb2eb47cecc464545ba58e1ad24/library/test/src/lib.rs:655:60
[INFO] [stdout]       <core::panic::unwind_safe::AssertUnwindSafe<F> as core::ops::function::FnOnce<()>>::call_once
[INFO] [stdout]              at /rustc/6067b36314ab5eb2eb47cecc464545ba58e1ad24/library/core/src/panic/unwind_safe.rs:272:9
[INFO] [stdout]       std::panicking::try::do_call
[INFO] [stdout]              at /rustc/6067b36314ab5eb2eb47cecc464545ba58e1ad24/library/std/src/panicking.rs:587:40
[INFO] [stdout]       std::panicking::try
[INFO] [stdout]              at /rustc/6067b36314ab5eb2eb47cecc464545ba58e1ad24/library/std/src/panicking.rs:550:19
[INFO] [stdout]       std::panic::catch_unwind
[INFO] [stdout]              at /rustc/6067b36314ab5eb2eb47cecc464545ba58e1ad24/library/std/src/panic.rs:358:14
[INFO] [stdout]       test::run_test_in_process
[INFO] [stdout]              at /rustc/6067b36314ab5eb2eb47cecc464545ba58e1ad24/library/test/src/lib.rs:655:27
[INFO] [stdout]       test::run_test::{{closure}}
[INFO] [stdout]              at /rustc/6067b36314ab5eb2eb47cecc464545ba58e1ad24/library/test/src/lib.rs:576:43
[INFO] [stdout]   39: test::run_test::{{closure}}
[INFO] [stdout]              at /rustc/6067b36314ab5eb2eb47cecc464545ba58e1ad24/library/test/src/lib.rs:606:41
[INFO] [stdout]       std::sys::backtrace::__rust_begin_short_backtrace
[INFO] [stdout]              at /rustc/6067b36314ab5eb2eb47cecc464545ba58e1ad24/library/std/src/sys/backtrace.rs:152:18
[INFO] [stdout]   40: std::thread::Builder::spawn_unchecked_::{{closure}}::{{closure}}
[INFO] [stdout]              at /rustc/6067b36314ab5eb2eb47cecc464545ba58e1ad24/library/std/src/thread/mod.rs:559:17
[INFO] [stdout]       <core::panic::unwind_safe::AssertUnwindSafe<F> as core::ops::function::FnOnce<()>>::call_once
[INFO] [stdout]              at /rustc/6067b36314ab5eb2eb47cecc464545ba58e1ad24/library/core/src/panic/unwind_safe.rs:272:9
[INFO] [stdout]       std::panicking::try::do_call
[INFO] [stdout]              at /rustc/6067b36314ab5eb2eb47cecc464545ba58e1ad24/library/std/src/panicking.rs:587:40
[INFO] [stdout]       std::panicking::try
[INFO] [stdout]              at /rustc/6067b36314ab5eb2eb47cecc464545ba58e1ad24/library/std/src/panicking.rs:550:19
[INFO] [stdout]       std::panic::catch_unwind
[INFO] [stdout]              at /rustc/6067b36314ab5eb2eb47cecc464545ba58e1ad24/library/std/src/panic.rs:358:14
[INFO] [stdout]       std::thread::Builder::spawn_unchecked_::{{closure}}
[INFO] [stdout]              at /rustc/6067b36314ab5eb2eb47cecc464545ba58e1ad24/library/std/src/thread/mod.rs:557:30
[INFO] [stdout]       core::ops::function::FnOnce::call_once{{vtable.shim}}
[INFO] [stdout]              at /rustc/6067b36314ab5eb2eb47cecc464545ba58e1ad24/library/core/src/ops/function.rs:250:5
[INFO] [stdout]   41: <alloc::boxed::Box<F,A> as core::ops::function::FnOnce<Args>>::call_once
[INFO] [stdout]              at /rustc/6067b36314ab5eb2eb47cecc464545ba58e1ad24/library/alloc/src/boxed.rs:2013:9
[INFO] [stdout]       <alloc::boxed::Box<F,A> as core::ops::function::FnOnce<Args>>::call_once
[INFO] [stdout]              at /rustc/6067b36314ab5eb2eb47cecc464545ba58e1ad24/library/alloc/src/boxed.rs:2013:9
[INFO] [stdout]       std::sys::pal::unix::thread::Thread::new::thread_start
[INFO] [stdout]              at /rustc/6067b36314ab5eb2eb47cecc464545ba58e1ad24/library/std/src/sys/pal/unix/thread.rs:106:17
[INFO] [stdout]   42: <unknown>
[INFO] [stdout]   43: clone
[INFO] [stdout] 
[INFO] [stdout] stack backtrace:
[INFO] [stdout]    0:     0x64550f63b95a - std::backtrace_rs::backtrace::libunwind::trace::hb059275cfc8d6126
[INFO] [stdout]                                at /rustc/6067b36314ab5eb2eb47cecc464545ba58e1ad24/library/std/src/../../backtrace/src/backtrace/libunwind.rs:116:5
[INFO] [stdout]    1:     0x64550f63b95a - std::backtrace_rs::backtrace::trace_unsynchronized::h2da071e4327ce3ee
[INFO] [stdout]                                at /rustc/6067b36314ab5eb2eb47cecc464545ba58e1ad24/library/std/src/../../backtrace/src/backtrace/mod.rs:66:5
[INFO] [stdout]    2:     0x64550f63b95a - std::sys::backtrace::_print_fmt::h842a1474e6f8d23f
[INFO] [stdout]                                at /rustc/6067b36314ab5eb2eb47cecc464545ba58e1ad24/library/std/src/sys/backtrace.rs:66:9
[INFO] [stdout]    3:     0x64550f63b95a - <std::sys::backtrace::BacktraceLock::print::DisplayBacktrace as core::fmt::Display>::fmt::h71a62eb3b9696b12
[INFO] [stdout]                                at /rustc/6067b36314ab5eb2eb47cecc464545ba58e1ad24/library/std/src/sys/backtrace.rs:39:26
[INFO] [stdout]    4:     0x64550f664c83 - core::fmt::rt::Argument::fmt::hdb6b616786b41dc1
[INFO] [stdout]                                at /rustc/6067b36314ab5eb2eb47cecc464545ba58e1ad24/library/core/src/fmt/rt.rs:177:76
[INFO] [stdout]    5:     0x64550f664c83 - core::fmt::write::h2cc1698af7e2d686
[INFO] [stdout]                                at /rustc/6067b36314ab5eb2eb47cecc464545ba58e1ad24/library/core/src/fmt/mod.rs:1440:21
[INFO] [stdout]    6:     0x64550f637d03 - std::io::Write::write_fmt::hab1b4cd059a79022
[INFO] [stdout]                                at /rustc/6067b36314ab5eb2eb47cecc464545ba58e1ad24/library/std/src/io/mod.rs:1887:15
[INFO] [stdout]    7:     0x64550f63b7a2 - std::sys::backtrace::BacktraceLock::print::h147fe35b4ea13b08
[INFO] [stdout]                                at /rustc/6067b36314ab5eb2eb47cecc464545ba58e1ad24/library/std/src/sys/backtrace.rs:42:9
[INFO] [stdout]    8:     0x64550f63cd7f - std::panicking::default_hook::{{closure}}::hbd44223dbdc0d208
[INFO] [stdout]                                at /rustc/6067b36314ab5eb2eb47cecc464545ba58e1ad24/library/std/src/panicking.rs:298:22
[INFO] [stdout]    9:     0x64550f63cb98 - std::panicking::default_hook::h20f81eb0576efcec
[INFO] [stdout]                                at /rustc/6067b36314ab5eb2eb47cecc464545ba58e1ad24/library/std/src/panicking.rs:322:9
[INFO] [stdout]   10:     0x64550f48dcf3 - <alloc::boxed::Box<F,A> as core::ops::function::Fn<Args>>::call::hdb53814c496a4d34
[INFO] [stdout]                                at /rustc/6067b36314ab5eb2eb47cecc464545ba58e1ad24/library/alloc/src/boxed.rs:2027:9
[INFO] [stdout]   11:     0x64550f48dcf3 - test::test_main::{{closure}}::hc0a4963c59427c24
[INFO] [stdout]                                at /rustc/6067b36314ab5eb2eb47cecc464545ba58e1ad24/library/test/src/lib.rs:134:21
[INFO] [stdout]   12:     0x64550f63d873 - <alloc::boxed::Box<F,A> as core::ops::function::Fn<Args>>::call::h591b2225413a77e9
[INFO] [stdout]                                at /rustc/6067b36314ab5eb2eb47cecc464545ba58e1ad24/library/alloc/src/boxed.rs:2027:9
[INFO] [stdout]   13:     0x64550f63d873 - std::panicking::rust_panic_with_hook::h625eea43051b2edc
[INFO] [stdout]                                at /rustc/6067b36314ab5eb2eb47cecc464545ba58e1ad24/library/std/src/panicking.rs:839:13
[INFO] [stdout]   14:     0x64550f63d52a - std::panicking::begin_panic_handler::{{closure}}::h4f9159cfbc3f6bd3
[INFO] [stdout]                                at /rustc/6067b36314ab5eb2eb47cecc464545ba58e1ad24/library/std/src/panicking.rs:704:13
[INFO] [stdout]   15:     0x64550f63be59 - std::sys::backtrace::__rust_end_short_backtrace::h0390abce48353151
[INFO] [stdout]                                at /rustc/6067b36314ab5eb2eb47cecc464545ba58e1ad24/library/std/src/sys/backtrace.rs:168:18
[INFO] [stdout]   16:     0x64550f63d1bd - rust_begin_unwind
[INFO] [stdout]                                at /rustc/6067b36314ab5eb2eb47cecc464545ba58e1ad24/library/std/src/panicking.rs:695:5
[INFO] [stdout]   17:     0x64550f663660 - core::panicking::panic_fmt::h9e7c637e9e5f29c9
[INFO] [stdout]                                at /rustc/6067b36314ab5eb2eb47cecc464545ba58e1ad24/library/core/src/panicking.rs:75:14
[INFO] [stdout]   18:     0x64550f663ad6 - core::result::unwrap_failed::h7979f09313fe1849
[INFO] [stdout]                                at /rustc/6067b36314ab5eb2eb47cecc464545ba58e1ad24/library/core/src/result.rs:1704:5
[INFO] [stdout]   19:     0x64550f411611 - core::result::Result<T,E>::unwrap::h543acb63e1988eb1
[INFO] [stdout]                                at /rustc/6067b36314ab5eb2eb47cecc464545ba58e1ad24/library/core/src/result.rs:1109:23
[INFO] [stdout]   20:     0x64550f411611 - auto_install::handle::pkg_manager::test::test_plugin_install::{{closure}}::hc9dab6f172f0b8d4
[INFO] [stdout]                                at /opt/rustwide/workdir/src/handle/pkg_manager.rs:162:13
[INFO] [stdout]   21:     0x64550f3f6af2 - <async_std::task::builder::SupportTaskLocals<F> as core::future::future::Future>::poll::{{closure}}::h8d3ee2762c09da02
[INFO] [stdout]                                at /opt/rustwide/cargo-home/registry/src/index.crates.io-1949cf8c6b5b557f/async-std-1.8.0/src/task/builder.rs:199:17
[INFO] [stdout]   22:     0x64550f3e64fc - async_std::task::task_locals_wrapper::TaskLocalsWrapper::set_current::{{closure}}::h08011c4b5c4821e4
[INFO] [stdout]                                at /opt/rustwide/cargo-home/registry/src/index.crates.io-1949cf8c6b5b557f/async-std-1.8.0/src/task/task_locals_wrapper.rs:60:13
[INFO] [stdout]   23:     0x64550f32fa35 - std::thread::local::LocalKey<T>::try_with::h2e2c60c72f48a7dd
[INFO] [stdout]                                at /rustc/6067b36314ab5eb2eb47cecc464545ba58e1ad24/library/std/src/thread/local.rs:308:12
[INFO] [stdout]   24:     0x64550f32d04a - std::thread::local::LocalKey<T>::with::hc842eaf65b3d3106
[INFO] [stdout]                                at /rustc/6067b36314ab5eb2eb47cecc464545ba58e1ad24/library/std/src/thread/local.rs:272:9
[INFO] [stdout]   25:     0x64550f3e5b98 - async_std::task::task_locals_wrapper::TaskLocalsWrapper::set_current::h858bf906fd53d41d
[INFO] [stdout]                                at /opt/rustwide/cargo-home/registry/src/index.crates.io-1949cf8c6b5b557f/async-std-1.8.0/src/task/task_locals_wrapper.rs:55:9
[INFO] [stdout]   26:     0x64550f3f654a - <async_std::task::builder::SupportTaskLocals<F> as core::future::future::Future>::poll::h994cece54c227443
[INFO] [stdout]                                at /opt/rustwide/cargo-home/registry/src/index.crates.io-1949cf8c6b5b557f/async-std-1.8.0/src/task/builder.rs:197:13
[INFO] [stdout]   27:     0x64550f3d15b4 - <futures_lite::future::Or<F1,F2> as core::future::future::Future>::poll::h96f6e7c84080f121
[INFO] [stdout]                                at /opt/rustwide/cargo-home/registry/src/index.crates.io-1949cf8c6b5b557f/futures-lite-1.11.2/src/future.rs:526:33
[INFO] [stdout]   28:     0x64550f41bada - async_executor::Executor::run::{{closure}}::h88c5dc9f968c55a4
[INFO] [stdout]                                at /opt/rustwide/cargo-home/registry/src/index.crates.io-1949cf8c6b5b557f/async-executor-1.4.0/src/lib.rs:236:32
[INFO] [stdout]   29:     0x64550f417d25 - async_executor::LocalExecutor::run::{{closure}}::h71b82929bccb865d
[INFO] [stdout]                                at /opt/rustwide/cargo-home/registry/src/index.crates.io-1949cf8c6b5b557f/async-executor-1.4.0/src/lib.rs:437:34
[INFO] [stdout]   30:     0x64550f3950c5 - async_io::driver::block_on::h89483cc205f15a79
[INFO] [stdout]                                at /opt/rustwide/cargo-home/registry/src/index.crates.io-1949cf8c6b5b557f/async-io-1.3.1/src/driver.rs:142:33
[INFO] [stdout]   31:     0x64550f3a1cef - async_global_executor::reactor::block_on::{{closure}}::hf7b7d36f57239b2f
[INFO] [stdout]                                at /opt/rustwide/cargo-home/registry/src/index.crates.io-1949cf8c6b5b557f/async-global-executor-1.4.3/src/lib.rs:48:22
[INFO] [stdout]   32:     0x64550f3a17af - async_global_executor::reactor::block_on::h3c93cc852733f7f0
[INFO] [stdout]                                at /opt/rustwide/cargo-home/registry/src/index.crates.io-1949cf8c6b5b557f/async-global-executor-1.4.3/src/lib.rs:55:9
[INFO] [stdout]   33:     0x64550f3f81f9 - async_global_executor::block_on::{{closure}}::hca38b3aa0c43ee77
[INFO] [stdout]                                at /opt/rustwide/cargo-home/registry/src/index.crates.io-1949cf8c6b5b557f/async-global-executor-1.4.3/src/lib.rs:205:36
[INFO] [stdout]   34:     0x64550f332e8f - std::thread::local::LocalKey<T>::try_with::h8312e560bcc45d41
[INFO] [stdout]                                at /rustc/6067b36314ab5eb2eb47cecc464545ba58e1ad24/library/std/src/thread/local.rs:308:12
[INFO] [stdout]   35:     0x64550f32b80a - std::thread::local::LocalKey<T>::with::h147805a7e0d0e34f
[INFO] [stdout]                                at /rustc/6067b36314ab5eb2eb47cecc464545ba58e1ad24/library/std/src/thread/local.rs:272:9
[INFO] [stdout]   36:     0x64550f3f7a46 - async_global_executor::block_on::h2ae3791e9e261879
[INFO] [stdout]                                at /opt/rustwide/cargo-home/registry/src/index.crates.io-1949cf8c6b5b557f/async-global-executor-1.4.3/src/lib.rs:205:5
[INFO] [stdout]   37:     0x64550f404a80 - async_std::task::builder::Builder::blocking::{{closure}}::{{closure}}::he354278d7df6d1be
[INFO] [stdout]                                at /opt/rustwide/cargo-home/registry/src/index.crates.io-1949cf8c6b5b557f/async-std-1.8.0/src/task/builder.rs:171:25
[INFO] [stdout]   38:     0x64550f3e83e8 - async_std::task::task_locals_wrapper::TaskLocalsWrapper::set_current::{{closure}}::hcb964febc15cafd8
[INFO] [stdout]                                at /opt/rustwide/cargo-home/registry/src/index.crates.io-1949cf8c6b5b557f/async-std-1.8.0/src/task/task_locals_wrapper.rs:60:13
[INFO] [stdout]   39:     0x64550f333fdd - std::thread::local::LocalKey<T>::try_with::h9ca4c4d1ef93030b
[INFO] [stdout]                                at /rustc/6067b36314ab5eb2eb47cecc464545ba58e1ad24/library/std/src/thread/local.rs:308:12
[INFO] [stdout]   40:     0x64550f32d6fa - std::thread::local::LocalKey<T>::with::hf40013e927c5e1ec
[INFO] [stdout]                                at /rustc/6067b36314ab5eb2eb47cecc464545ba58e1ad24/library/std/src/thread/local.rs:272:9
[INFO] [stdout]   41:     0x64550f3e5c57 - async_std::task::task_locals_wrapper::TaskLocalsWrapper::set_current::h925320dac0b5743b
[INFO] [stdout]                                at /opt/rustwide/cargo-home/registry/src/index.crates.io-1949cf8c6b5b557f/async-std-1.8.0/src/task/task_locals_wrapper.rs:55:9
[INFO] [stdout]   42:     0x64550f402af0 - async_std::task::builder::Builder::blocking::{{closure}}::h2c5e6e77cac46d60
[INFO] [stdout]                                at /opt/rustwide/cargo-home/registry/src/index.crates.io-1949cf8c6b5b557f/async-std-1.8.0/src/task/builder.rs:168:17
[INFO] [stdout]   43:     0x64550f33570f - std::thread::local::LocalKey<T>::try_with::hba3f3cd6323099bd
[INFO] [stdout]                                at /rustc/6067b36314ab5eb2eb47cecc464545ba58e1ad24/library/std/src/thread/local.rs:308:12
[INFO] [stdout]   44:     0x64550f32d54a - std::thread::local::LocalKey<T>::with::he4c0c825c54f0c2c
[INFO] [stdout]                                at /rustc/6067b36314ab5eb2eb47cecc464545ba58e1ad24/library/std/src/thread/local.rs:272:9
[INFO] [stdout]   45:     0x64550f400ee8 - async_std::task::builder::Builder::blocking::h6365a1ada31a8e3c
[INFO] [stdout]                                at /opt/rustwide/cargo-home/registry/src/index.crates.io-1949cf8c6b5b557f/async-std-1.8.0/src/task/builder.rs:161:9
[INFO] [stdout]   46:     0x64550f40ab5e - async_std::task::block_on::block_on::h55581e8c5fd3031a
[INFO] [stdout]                                at /opt/rustwide/cargo-home/registry/src/index.crates.io-1949cf8c6b5b557f/async-std-1.8.0/src/task/block_on.rs:33:5
[INFO] [stdout]   47:     0x64550f411389 - auto_install::handle::pkg_manager::test::test_plugin_install::h29b8a4fcf9a23fa3
[INFO] [stdout]                                at /opt/rustwide/workdir/src/handle/pkg_manager.rs:158:5
[INFO] [stdout]   48:     0x64550f411357 - auto_install::handle::pkg_manager::test::test_plugin_install::{{closure}}::hfa98bcdc9396231b
[INFO] [stdout]                                at /opt/rustwide/workdir/src/handle/pkg_manager.rs:158:23
[INFO] [stdout]   49:     0x64550f360186 - core::ops::function::FnOnce::call_once::hdbf7b7519eae28d9
[INFO] [stdout]                                at /rustc/6067b36314ab5eb2eb47cecc464545ba58e1ad24/library/core/src/ops/function.rs:250:5
[INFO] [stdout]   50:     0x64550f49344b - core::ops::function::FnOnce::call_once::he27718dfdd183f43
[INFO] [stdout]                                at /rustc/6067b36314ab5eb2eb47cecc464545ba58e1ad24/library/core/src/ops/function.rs:250:5
[INFO] [stdout]   51:     0x64550f49344b - test::__rust_begin_short_backtrace::h4e84902998457a5d
[INFO] [stdout]                                at /rustc/6067b36314ab5eb2eb47cecc464545ba58e1ad24/library/test/src/lib.rs:632:18
[INFO] [stdout]   52:     0x64550f492383 - test::run_test_in_process::{{closure}}::h7176fd18fc1feca0
[INFO] [stdout]                                at /rustc/6067b36314ab5eb2eb47cecc464545ba58e1ad24/library/test/src/lib.rs:655:60
[INFO] [stdout]   53:     0x64550f492383 - <core::panic::unwind_safe::AssertUnwindSafe<F> as core::ops::function::FnOnce<()>>::call_once::hf79cff2a624d8cf7
[INFO] [stdout]                                at /rustc/6067b36314ab5eb2eb47cecc464545ba58e1ad24/library/core/src/panic/unwind_safe.rs:272:9
[INFO] [stdout]   54:     0x64550f492383 - std::panicking::try::do_call::h3da0561d9ab99c25
[INFO] [stdout]                                at /rustc/6067b36314ab5eb2eb47cecc464545ba58e1ad24/library/std/src/panicking.rs:587:40
[INFO] [stdout]   55:     0x64550f492383 - std::panicking::try::h41c9fa508bc61df6
[INFO] [stdout]                                at /rustc/6067b36314ab5eb2eb47cecc464545ba58e1ad24/library/std/src/panicking.rs:550:19
[INFO] [stdout]   56:     0x64550f492383 - std::panic::catch_unwind::h6b3ff07bb5afad93
[INFO] [stdout]                                at /rustc/6067b36314ab5eb2eb47cecc464545ba58e1ad24/library/std/src/panic.rs:358:14
[INFO] [stdout]   57:     0x64550f492383 - test::run_test_in_process::hc7253dd11b39b9f4
[INFO] [stdout]                                at /rustc/6067b36314ab5eb2eb47cecc464545ba58e1ad24/library/test/src/lib.rs:655:27
[INFO] [stdout]   58:     0x64550f492383 - test::run_test::{{closure}}::hfb2007f8649c30bb
[INFO] [stdout]                                at /rustc/6067b36314ab5eb2eb47cecc464545ba58e1ad24/library/test/src/lib.rs:576:43
[INFO] [stdout]   59:     0x64550f455465 - test::run_test::{{closure}}::h56a17aa7a282a9f4
[INFO] [stdout]                                at /rustc/6067b36314ab5eb2eb47cecc464545ba58e1ad24/library/test/src/lib.rs:606:41
[INFO] [stdout]   60:     0x64550f455465 - std::sys::backtrace::__rust_begin_short_backtrace::hd2d2d2fb8e8c6aac
[INFO] [stdout]                                at /rustc/6067b36314ab5eb2eb47cecc464545ba58e1ad24/library/std/src/sys/backtrace.rs:152:18
[INFO] [stdout]   61:     0x64550f458d4a - std::thread::Builder::spawn_unchecked_::{{closure}}::{{closure}}::h4faa3f9db6133423
[INFO] [stdout]                                at /rustc/6067b36314ab5eb2eb47cecc464545ba58e1ad24/library/std/src/thread/mod.rs:559:17
[INFO] [stdout]   62:     0x64550f458d4a - <core::panic::unwind_safe::AssertUnwindSafe<F> as core::ops::function::FnOnce<()>>::call_once::hf2e855a36a4ea846
[INFO] [stdout]                                at /rustc/6067b36314ab5eb2eb47cecc464545ba58e1ad24/library/core/src/panic/unwind_safe.rs:272:9
[INFO] [stdout]   63:     0x64550f458d4a - std::panicking::try::do_call::h2f73af3616c35465
[INFO] [stdout]                                at /rustc/6067b36314ab5eb2eb47cecc464545ba58e1ad24/library/std/src/panicking.rs:587:40
[INFO] [stdout]   64:     0x64550f458d4a - std::panicking::try::hd1660ce9efadef5a
[INFO] [stdout]                                at /rustc/6067b36314ab5eb2eb47cecc464545ba58e1ad24/library/std/src/panicking.rs:550:19
[INFO] [stdout]   65:     0x64550f458d4a - std::panic::catch_unwind::h5ee8d7823b8ca744
[INFO] [stdout]                                at /rustc/6067b36314ab5eb2eb47cecc464545ba58e1ad24/library/std/src/panic.rs:358:14
[INFO] [stdout]   66:     0x64550f458d4a - std::thread::Builder::spawn_unchecked_::{{closure}}::h53c3a1894dce8407
[INFO] [stdout]                                at /rustc/6067b36314ab5eb2eb47cecc464545ba58e1ad24/library/std/src/thread/mod.rs:557:30
[INFO] [stdout]   67:     0x64550f458d4a - core::ops::function::FnOnce::call_once{{vtable.shim}}::h048ce291ad4f62bf
[INFO] [stdout]                                at /rustc/6067b36314ab5eb2eb47cecc464545ba58e1ad24/library/core/src/ops/function.rs:250:5
[INFO] [stdout]   68:     0x64550f6420cb - <alloc::boxed::Box<F,A> as core::ops::function::FnOnce<Args>>::call_once::ha52bedf99a3b4981
[INFO] [stdout]                                at /rustc/6067b36314ab5eb2eb47cecc464545ba58e1ad24/library/alloc/src/boxed.rs:2013:9
[INFO] [stdout]   69:     0x64550f6420cb - <alloc::boxed::Box<F,A> as core::ops::function::FnOnce<Args>>::call_once::h567748934d80ccf8
[INFO] [stdout]                                at /rustc/6067b36314ab5eb2eb47cecc464545ba58e1ad24/library/alloc/src/boxed.rs:2013:9
[INFO] [stdout]   70:     0x64550f6420cb - std::sys::pal::unix::thread::Thread::new::thread_start::h2d970728ae887adc
[INFO] [stdout]                                at /rustc/6067b36314ab5eb2eb47cecc464545ba58e1ad24/library/std/src/sys/pal/unix/thread.rs:106:17
[INFO] [stdout]   71:     0x70b27fbd0ac3 - <unknown>
[INFO] [stdout]   72:     0x70b27fc61a04 - clone
[INFO] [stdout]   73:                0x0 - <unknown>
[INFO] [stdout] 
[INFO] [stdout] 
[INFO] [stdout] failures:
[INFO] [stdout]     handle::pkg_manager::test::test_brew_install
[INFO] [stdout]     handle::pkg_manager::test::test_plugin_install
[INFO] [stdout]     handle::zsh::test::test_zsh
[INFO] [stdout]     handle::zsh::test::test_zsh_is_install
[INFO] [stdout] 
[INFO] [stdout] test result: FAILED. 20 passed; 4 failed; 0 ignored; 0 measured; 0 filtered out; finished in 0.81s
[INFO] [stdout] 
[INFO] [stderr] error: test failed, to rerun pass `--bin auto_install`
[INFO] running `Command { std: "docker" "inspect" "f3d6f6b72bc208e657221aef5b23c0a774eca3e6feb9502aa7765720e0092baf", kill_on_drop: false }`
[INFO] running `Command { std: "docker" "rm" "-f" "f3d6f6b72bc208e657221aef5b23c0a774eca3e6feb9502aa7765720e0092baf", kill_on_drop: false }`
[INFO] [stdout] f3d6f6b72bc208e657221aef5b23c0a774eca3e6feb9502aa7765720e0092baf
