[INFO] cloning repository https://github.com/pwinckles/bagr
[INFO] running `Command { std: "git" "-c" "credential.helper=" "-c" "credential.helper=/workspace/cargo-home/bin/git-credential-null" "clone" "--bare" "https://github.com/pwinckles/bagr" "/workspace/cache/git-repos/https%3A%2F%2Fgithub.com%2Fpwinckles%2Fbagr", kill_on_drop: false }`
[INFO] [stderr] Cloning into bare repository '/workspace/cache/git-repos/https%3A%2F%2Fgithub.com%2Fpwinckles%2Fbagr'...
[INFO] running `Command { std: "git" "rev-parse" "HEAD", kill_on_drop: false }`
[INFO] [stdout] 238b9be037ae3db4ea16d46370b02d23386b095a
[INFO] testing pwinckles/bagr against nightly-2025-01-18 for randomize-layout-2
[INFO] running `Command { std: "git" "clone" "/workspace/cache/git-repos/https%3A%2F%2Fgithub.com%2Fpwinckles%2Fbagr" "/workspace/builds/worker-6-tc1/source", kill_on_drop: false }`
[INFO] [stderr] Cloning into '/workspace/builds/worker-6-tc1/source'...
[INFO] [stderr] done.
[INFO] validating manifest of git repo https://github.com/pwinckles/bagr on toolchain nightly-2025-01-18
[INFO] running `Command { std: CARGO_HOME="/workspace/cargo-home" RUSTUP_HOME="/workspace/rustup-home" "/workspace/cargo-home/bin/cargo" "+nightly-2025-01-18" "metadata" "--manifest-path" "Cargo.toml" "--no-deps", kill_on_drop: false }`
[INFO] started tweaking git repo https://github.com/pwinckles/bagr
[INFO] finished tweaking git repo https://github.com/pwinckles/bagr
[INFO] tweaked toml for git repo https://github.com/pwinckles/bagr written to /workspace/builds/worker-6-tc1/source/Cargo.toml
[INFO] crate git repo https://github.com/pwinckles/bagr already has a lockfile, it will not be regenerated
[INFO] running `Command { std: CARGO_HOME="/workspace/cargo-home" RUSTUP_HOME="/workspace/rustup-home" "/workspace/cargo-home/bin/cargo" "+nightly-2025-01-18" "fetch" "--manifest-path" "Cargo.toml", kill_on_drop: false }`
[INFO] [stderr]  Downloading crates ...
[INFO] [stderr]   Downloaded kstring v1.0.6
[INFO] [stderr]   Downloaded concolor-query v0.0.5
[INFO] [stderr]   Downloaded concolor v0.0.8
[INFO] [stderr]   Downloaded os_pipe v1.0.1
[INFO] [stderr]   Downloaded toml_edit v0.12.6
[INFO] [stderr]   Downloaded snafu-derive v0.7.0
[INFO] [stderr]   Downloaded humantime-serde v1.0.1
[INFO] [stderr]   Downloaded snafu v0.7.0
[INFO] [stderr]   Downloaded trycmd v0.12.2
[INFO] running `Command { std: "docker" "create" "-v" "/var/lib/crater-agent-workspace/builds/worker-6-tc1/target:/opt/rustwide/target:rw,Z" "-v" "/var/lib/crater-agent-workspace/builds/worker-6-tc1/source:/opt/rustwide/workdir:ro,Z" "-v" "/var/lib/crater-agent-workspace/cargo-home:/opt/rustwide/cargo-home:ro,Z" "-v" "/var/lib/crater-agent-workspace/rustup-home:/opt/rustwide/rustup-home:ro,Z" "-e" "SOURCE_DIR=/opt/rustwide/workdir" "-e" "CARGO_TARGET_DIR=/opt/rustwide/target" "-e" "CARGO_HOME=/opt/rustwide/cargo-home" "-e" "RUSTUP_HOME=/opt/rustwide/rustup-home" "-w" "/opt/rustwide/workdir" "-m" "1610612736" "--user" "0:0" "--network" "none" "ghcr.io/rust-lang/crates-build-env/linux@sha256:819108c5571ea2e421544af4d832f968d213c87fbe3707a016657f43d2f853bc" "/opt/rustwide/cargo-home/bin/cargo" "+nightly-2025-01-18" "metadata" "--no-deps" "--format-version=1", kill_on_drop: false }`
[INFO] [stdout] 8db188901d05514187e42dbf35459aee922b0277ddcf24695b704eb1abda1f2c
[INFO] running `Command { std: "docker" "start" "-a" "8db188901d05514187e42dbf35459aee922b0277ddcf24695b704eb1abda1f2c", kill_on_drop: false }`
[INFO] running `Command { std: "docker" "inspect" "8db188901d05514187e42dbf35459aee922b0277ddcf24695b704eb1abda1f2c", kill_on_drop: false }`
[INFO] running `Command { std: "docker" "rm" "-f" "8db188901d05514187e42dbf35459aee922b0277ddcf24695b704eb1abda1f2c", kill_on_drop: false }`
[INFO] [stdout] 8db188901d05514187e42dbf35459aee922b0277ddcf24695b704eb1abda1f2c
[INFO] running `Command { std: "docker" "create" "-v" "/var/lib/crater-agent-workspace/builds/worker-6-tc1/target:/opt/rustwide/target:rw,Z" "-v" "/var/lib/crater-agent-workspace/builds/worker-6-tc1/source:/opt/rustwide/workdir:ro,Z" "-v" "/var/lib/crater-agent-workspace/cargo-home:/opt/rustwide/cargo-home:ro,Z" "-v" "/var/lib/crater-agent-workspace/rustup-home:/opt/rustwide/rustup-home:ro,Z" "-e" "SOURCE_DIR=/opt/rustwide/workdir" "-e" "CARGO_TARGET_DIR=/opt/rustwide/target" "-e" "CARGO_INCREMENTAL=0" "-e" "RUST_BACKTRACE=full" "-e" "RUSTFLAGS=--cap-lints=forbid" "-e" "RUSTDOCFLAGS=--cap-lints=forbid" "-e" "CARGO_HOME=/opt/rustwide/cargo-home" "-e" "RUSTUP_HOME=/opt/rustwide/rustup-home" "-w" "/opt/rustwide/workdir" "-m" "1610612736" "--user" "0:0" "--network" "none" "ghcr.io/rust-lang/crates-build-env/linux@sha256:819108c5571ea2e421544af4d832f968d213c87fbe3707a016657f43d2f853bc" "/opt/rustwide/cargo-home/bin/cargo" "+nightly-2025-01-18" "build" "--frozen" "--message-format=json", kill_on_drop: false }`
[INFO] [stdout] bdd8f4577cd3cf1331953644e88f0413bc2a8d410fab55fdf11f40a521f89e0c
[INFO] running `Command { std: "docker" "start" "-a" "bdd8f4577cd3cf1331953644e88f0413bc2a8d410fab55fdf11f40a521f89e0c", kill_on_drop: false }`
[INFO] [stderr]    Compiling autocfg v1.1.0
[INFO] [stderr]    Compiling proc-macro2 v1.0.36
[INFO] [stderr]    Compiling unicode-xid v0.2.2
[INFO] [stderr]    Compiling typenum v1.15.0
[INFO] [stderr]    Compiling generic-array v0.14.5
[INFO] [stderr]    Compiling syn v1.0.86
[INFO] [stderr]    Compiling libc v0.2.119
[INFO] [stderr]    Compiling memchr v2.4.1
[INFO] [stderr]    Compiling proc-macro-error-attr v1.0.4
[INFO] [stderr]    Compiling subtle v2.4.1
[INFO] [stderr]    Compiling proc-macro-error v1.0.4
[INFO] [stderr]    Compiling unicode-segmentation v1.9.0
[INFO] [stderr]    Compiling log v0.4.14
[INFO] [stderr]    Compiling doc-comment v0.3.3
[INFO] [stderr]    Compiling rustversion v1.0.6
[INFO] [stderr]    Compiling termcolor v1.1.2
[INFO] [stderr]    Compiling hashbrown v0.11.2
[INFO] [stderr]    Compiling cpufeatures v0.2.1
[INFO] [stderr]    Compiling heck v0.4.0
[INFO] [stderr]    Compiling regex-syntax v0.6.25
[INFO] [stderr]    Compiling lazy_static v1.4.0
[INFO] [stderr]    Compiling strsim v0.10.0
[INFO] [stderr]    Compiling humantime v2.1.0
[INFO] [stderr]    Compiling num-traits v0.2.14
[INFO] [stderr]    Compiling num-integer v0.1.44
[INFO] [stderr]    Compiling indexmap v1.8.0
[INFO] [stderr]    Compiling same-file v1.0.6
[INFO] [stderr]    Compiling heck v0.3.3
[INFO] [stderr]    Compiling textwrap v0.14.2
[INFO] [stderr]    Compiling once_cell v1.9.0
[INFO] [stderr]    Compiling walkdir v2.3.2
[INFO] [stderr]    Compiling strum v0.23.0
[INFO] [stderr]    Compiling aho-corasick v0.7.18
[INFO] [stderr]    Compiling os_str_bytes v6.0.0
[INFO] [stderr]    Compiling hex v0.4.3
[INFO] [stderr]    Compiling ansi_term v0.12.1
[INFO] [stderr]    Compiling quote v1.0.15
[INFO] [stderr]    Compiling atty v0.2.14
[INFO] [stderr]    Compiling time v0.1.44
[INFO] [stderr]    Compiling block-buffer v0.10.2
[INFO] [stderr]    Compiling crypto-common v0.1.3
[INFO] [stderr]    Compiling chrono v0.4.19
[INFO] [stderr]    Compiling digest v0.10.3
[INFO] [stderr]    Compiling blake2 v0.10.4
[INFO] [stderr]    Compiling md-5 v0.10.1
[INFO] [stderr]    Compiling sha2 v0.10.2
[INFO] [stderr]    Compiling sha-1 v0.10.0
[INFO] [stderr]    Compiling regex v1.5.4
[INFO] [stderr]    Compiling env_logger v0.9.0
[INFO] [stderr]    Compiling clap_derive v3.1.2
[INFO] [stderr]    Compiling snafu-derive v0.7.0
[INFO] [stderr]    Compiling strum_macros v0.23.1
[INFO] [stderr]    Compiling snafu v0.7.0
[INFO] [stderr]    Compiling clap v3.1.2
[INFO] [stderr]    Compiling bagr v0.4.0-dev (/opt/rustwide/workdir)
[INFO] [stdout] warning: elided lifetime has a name
[INFO] [stdout]    --> src/bagit/tag.rs:173:86
[INFO] [stdout]     |
[INFO] [stdout] 173 |     pub fn get_tags<'a, 'b: 'a>(&'a self, label: &'b str) -> Box<dyn Iterator<Item = &Tag> + 'a> {
[INFO] [stdout]     |                     -- lifetime `'a` declared here                                   ^ this elided lifetime gets resolved as `'a`
[INFO] [stdout]     |
[INFO] [stdout]     = note: `#[warn(elided_named_lifetimes)]` on by default
[INFO] [stdout] 
[INFO] [stdout] 
[INFO] [stdout] warning: elided lifetime has a name
[INFO] [stdout]    --> src/bagit/tag.rs:403:86
[INFO] [stdout]     |
[INFO] [stdout] 403 |     pub fn get_tags<'a, 'b: 'a>(&'a self, label: &'b str) -> Box<dyn Iterator<Item = &Tag> + 'a> {
[INFO] [stdout]     |                     -- lifetime `'a` declared here                                   ^ this elided lifetime gets resolved as `'a`
[INFO] [stdout] 
[INFO] [stdout] 
[INFO] [stdout] warning: constant `FETCH_TXT` is never used
[INFO] [stdout]   --> src/bagit/consts.rs:32:11
[INFO] [stdout]    |
[INFO] [stdout] 32 | pub const FETCH_TXT: &str = "fetch.txt";
[INFO] [stdout]    |           ^^^^^^^^^
[INFO] [stdout]    |
[INFO] [stdout]    = note: `#[warn(dead_code)]` on by default
[INFO] [stdout] 
[INFO] [stdout] 
[INFO] [stderr]     Finished `dev` profile [unoptimized + debuginfo] target(s) in 17.77s
[INFO] running `Command { std: "docker" "inspect" "bdd8f4577cd3cf1331953644e88f0413bc2a8d410fab55fdf11f40a521f89e0c", kill_on_drop: false }`
[INFO] running `Command { std: "docker" "rm" "-f" "bdd8f4577cd3cf1331953644e88f0413bc2a8d410fab55fdf11f40a521f89e0c", kill_on_drop: false }`
[INFO] [stdout] bdd8f4577cd3cf1331953644e88f0413bc2a8d410fab55fdf11f40a521f89e0c
[INFO] running `Command { std: "docker" "create" "-v" "/var/lib/crater-agent-workspace/builds/worker-6-tc1/target:/opt/rustwide/target:rw,Z" "-v" "/var/lib/crater-agent-workspace/builds/worker-6-tc1/source:/opt/rustwide/workdir:ro,Z" "-v" "/var/lib/crater-agent-workspace/cargo-home:/opt/rustwide/cargo-home:ro,Z" "-v" "/var/lib/crater-agent-workspace/rustup-home:/opt/rustwide/rustup-home:ro,Z" "-e" "SOURCE_DIR=/opt/rustwide/workdir" "-e" "CARGO_TARGET_DIR=/opt/rustwide/target" "-e" "CARGO_INCREMENTAL=0" "-e" "RUST_BACKTRACE=full" "-e" "RUSTFLAGS=--cap-lints=forbid" "-e" "RUSTDOCFLAGS=--cap-lints=forbid" "-e" "CARGO_HOME=/opt/rustwide/cargo-home" "-e" "RUSTUP_HOME=/opt/rustwide/rustup-home" "-w" "/opt/rustwide/workdir" "-m" "1610612736" "--user" "0:0" "--network" "none" "ghcr.io/rust-lang/crates-build-env/linux@sha256:819108c5571ea2e421544af4d832f968d213c87fbe3707a016657f43d2f853bc" "/opt/rustwide/cargo-home/bin/cargo" "+nightly-2025-01-18" "test" "--frozen" "--no-run" "--message-format=json", kill_on_drop: false }`
[INFO] [stdout] 724ac8f418732eef831b035b96946e66ff95e1ef9f1a1377957e2e41a4b67d36
[INFO] running `Command { std: "docker" "start" "-a" "724ac8f418732eef831b035b96946e66ff95e1ef9f1a1377957e2e41a4b67d36", kill_on_drop: false }`
[INFO] [stderr]    Compiling memchr v2.4.1
[INFO] [stderr]    Compiling crossbeam-utils v0.8.7
[INFO] [stderr]    Compiling memoffset v0.6.5
[INFO] [stderr]    Compiling serde_derive v1.0.136
[INFO] [stderr]    Compiling serde v1.0.136
[INFO] [stderr]    Compiling crossbeam-epoch v0.9.7
[INFO] [stderr]    Compiling scopeguard v1.1.0
[INFO] [stderr]    Compiling rayon-core v1.9.1
[INFO] [stderr]    Compiling either v1.6.1
[INFO] [stderr]    Compiling num_cpus v1.13.1
[INFO] [stderr]    Compiling rayon v1.5.1
[INFO] [stderr]    Compiling bytes v1.1.0
[INFO] [stderr]    Compiling remove_dir_all v0.5.3
[INFO] [stderr]    Compiling fastrand v1.7.0
[INFO] [stderr]    Compiling concolor-query v0.0.5
[INFO] [stderr]    Compiling wait-timeout v0.2.0
[INFO] [stderr]    Compiling os_pipe v1.0.1
[INFO] [stderr]    Compiling concolor v0.0.8
[INFO] [stderr]    Compiling yansi v0.5.0
[INFO] [stderr]    Compiling itertools v0.10.3
[INFO] [stderr]    Compiling shlex v1.1.0
[INFO] [stderr]    Compiling difflib v0.4.0
[INFO] [stderr]    Compiling glob v0.3.0
[INFO] [stderr]    Compiling dunce v1.0.2
[INFO] [stderr]    Compiling tempfile v3.3.0
[INFO] [stderr]    Compiling normalize-line-endings v0.3.0
[INFO] [stderr]    Compiling crossbeam-channel v0.5.2
[INFO] [stderr]    Compiling aho-corasick v0.7.18
[INFO] [stderr]    Compiling os_str_bytes v6.0.0
[INFO] [stderr]    Compiling combine v4.6.3
[INFO] [stderr]    Compiling content_inspector v0.2.4
[INFO] [stderr]    Compiling clap v3.1.2
[INFO] [stderr]    Compiling crossbeam-deque v0.8.1
[INFO] [stderr]    Compiling regex v1.5.4
[INFO] [stderr]    Compiling env_logger v0.9.0
[INFO] [stderr]    Compiling bagr v0.4.0-dev (/opt/rustwide/workdir)
[INFO] [stdout] warning: elided lifetime has a name
[INFO] [stdout]    --> src/bagit/tag.rs:173:86
[INFO] [stdout]     |
[INFO] [stdout] 173 |     pub fn get_tags<'a, 'b: 'a>(&'a self, label: &'b str) -> Box<dyn Iterator<Item = &Tag> + 'a> {
[INFO] [stdout]     |                     -- lifetime `'a` declared here                                   ^ this elided lifetime gets resolved as `'a`
[INFO] [stdout]     |
[INFO] [stdout]     = note: `#[warn(elided_named_lifetimes)]` on by default
[INFO] [stdout] 
[INFO] [stdout] 
[INFO] [stdout] warning: elided lifetime has a name
[INFO] [stdout]    --> src/bagit/tag.rs:403:86
[INFO] [stdout]     |
[INFO] [stdout] 403 |     pub fn get_tags<'a, 'b: 'a>(&'a self, label: &'b str) -> Box<dyn Iterator<Item = &Tag> + 'a> {
[INFO] [stdout]     |                     -- lifetime `'a` declared here                                   ^ this elided lifetime gets resolved as `'a`
[INFO] [stdout] 
[INFO] [stdout] 
[INFO] [stdout] warning: constant `FETCH_TXT` is never used
[INFO] [stdout]   --> src/bagit/consts.rs:32:11
[INFO] [stdout]    |
[INFO] [stdout] 32 | pub const FETCH_TXT: &str = "fetch.txt";
[INFO] [stdout]    |           ^^^^^^^^^
[INFO] [stdout]    |
[INFO] [stdout]    = note: `#[warn(dead_code)]` on by default
[INFO] [stdout] 
[INFO] [stdout] 
[INFO] [stderr]    Compiling kstring v1.0.6
[INFO] [stderr]    Compiling humantime-serde v1.0.1
[INFO] [stderr]    Compiling toml_edit v0.12.6
[INFO] [stderr]    Compiling trycmd v0.12.2
[INFO] [stdout] warning: elided lifetime has a name
[INFO] [stdout]    --> src/bagit/tag.rs:173:86
[INFO] [stdout]     |
[INFO] [stdout] 173 |     pub fn get_tags<'a, 'b: 'a>(&'a self, label: &'b str) -> Box<dyn Iterator<Item = &Tag> + 'a> {
[INFO] [stdout]     |                     -- lifetime `'a` declared here                                   ^ this elided lifetime gets resolved as `'a`
[INFO] [stdout]     |
[INFO] [stdout]     = note: `#[warn(elided_named_lifetimes)]` on by default
[INFO] [stdout] 
[INFO] [stdout] 
[INFO] [stdout] warning: elided lifetime has a name
[INFO] [stdout]    --> src/bagit/tag.rs:403:86
[INFO] [stdout]     |
[INFO] [stdout] 403 |     pub fn get_tags<'a, 'b: 'a>(&'a self, label: &'b str) -> Box<dyn Iterator<Item = &Tag> + 'a> {
[INFO] [stdout]     |                     -- lifetime `'a` declared here                                   ^ this elided lifetime gets resolved as `'a`
[INFO] [stdout] 
[INFO] [stdout] 
[INFO] [stdout] warning: constant `FETCH_TXT` is never used
[INFO] [stdout]   --> src/bagit/consts.rs:32:11
[INFO] [stdout]    |
[INFO] [stdout] 32 | pub const FETCH_TXT: &str = "fetch.txt";
[INFO] [stdout]    |           ^^^^^^^^^
[INFO] [stdout]    |
[INFO] [stdout]    = note: `#[warn(dead_code)]` on by default
[INFO] [stdout] 
[INFO] [stdout] 
[INFO] [stderr]     Finished `test` profile [unoptimized + debuginfo] target(s) in 34.24s
[INFO] running `Command { std: "docker" "inspect" "724ac8f418732eef831b035b96946e66ff95e1ef9f1a1377957e2e41a4b67d36", kill_on_drop: false }`
[INFO] running `Command { std: "docker" "rm" "-f" "724ac8f418732eef831b035b96946e66ff95e1ef9f1a1377957e2e41a4b67d36", kill_on_drop: false }`
[INFO] [stdout] 724ac8f418732eef831b035b96946e66ff95e1ef9f1a1377957e2e41a4b67d36
[INFO] running `Command { std: "docker" "create" "-v" "/var/lib/crater-agent-workspace/builds/worker-6-tc1/target:/opt/rustwide/target:rw,Z" "-v" "/var/lib/crater-agent-workspace/builds/worker-6-tc1/source:/opt/rustwide/workdir:ro,Z" "-v" "/var/lib/crater-agent-workspace/cargo-home:/opt/rustwide/cargo-home:ro,Z" "-v" "/var/lib/crater-agent-workspace/rustup-home:/opt/rustwide/rustup-home:ro,Z" "-e" "SOURCE_DIR=/opt/rustwide/workdir" "-e" "CARGO_TARGET_DIR=/opt/rustwide/target" "-e" "CARGO_INCREMENTAL=0" "-e" "RUST_BACKTRACE=full" "-e" "RUSTFLAGS=--cap-lints=forbid" "-e" "RUSTDOCFLAGS=--cap-lints=forbid" "-e" "CARGO_HOME=/opt/rustwide/cargo-home" "-e" "RUSTUP_HOME=/opt/rustwide/rustup-home" "-w" "/opt/rustwide/workdir" "-m" "1610612736" "--user" "0:0" "--network" "none" "ghcr.io/rust-lang/crates-build-env/linux@sha256:819108c5571ea2e421544af4d832f968d213c87fbe3707a016657f43d2f853bc" "/opt/rustwide/cargo-home/bin/cargo" "+nightly-2025-01-18" "test" "--frozen", kill_on_drop: false }`
[INFO] [stdout] f9f0e672d1db8b6e1c374e745e824315a2f92fe1c992e7ba33c9852a51bda297
[INFO] running `Command { std: "docker" "start" "-a" "f9f0e672d1db8b6e1c374e745e824315a2f92fe1c992e7ba33c9852a51bda297", kill_on_drop: false }`
[INFO] [stderr] warning: elided lifetime has a name
[INFO] [stderr]    --> src/bagit/tag.rs:173:86
[INFO] [stderr]     |
[INFO] [stderr] 173 |     pub fn get_tags<'a, 'b: 'a>(&'a self, label: &'b str) -> Box<dyn Iterator<Item = &Tag> + 'a> {
[INFO] [stderr]     |                     -- lifetime `'a` declared here                                   ^ this elided lifetime gets resolved as `'a`
[INFO] [stderr]     |
[INFO] [stderr]     = note: `#[warn(elided_named_lifetimes)]` on by default
[INFO] [stderr] 
[INFO] [stderr] warning: elided lifetime has a name
[INFO] [stderr]    --> src/bagit/tag.rs:403:86
[INFO] [stderr]     |
[INFO] [stderr] 403 |     pub fn get_tags<'a, 'b: 'a>(&'a self, label: &'b str) -> Box<dyn Iterator<Item = &Tag> + 'a> {
[INFO] [stderr]     |                     -- lifetime `'a` declared here                                   ^ this elided lifetime gets resolved as `'a`
[INFO] [stderr] 
[INFO] [stderr] warning: constant `FETCH_TXT` is never used
[INFO] [stderr]   --> src/bagit/consts.rs:32:11
[INFO] [stderr]    |
[INFO] [stderr] 32 | pub const FETCH_TXT: &str = "fetch.txt";
[INFO] [stderr]    |           ^^^^^^^^^
[INFO] [stderr]    |
[INFO] [stderr]    = note: `#[warn(dead_code)]` on by default
[INFO] [stderr] 
[INFO] [stderr] warning: `bagr` (lib) generated 3 warnings
[INFO] [stderr] warning: `bagr` (lib test) generated 3 warnings (3 duplicates)
[INFO] [stderr]     Finished `test` profile [unoptimized + debuginfo] target(s) in 0.31s
[INFO] [stderr]      Running unittests src/lib.rs (/opt/rustwide/target/debug/deps/bagr-d425a604ee7b4866)
[INFO] [stdout] 
[INFO] [stdout] running 8 tests
[INFO] [stdout] test bagit::digest::tests::calculate_digest_while_reading ... ok
[INFO] [stdout] test bagit::digest::tests::blake2b_test ... ok
[INFO] [stdout] test bagit::encoding::tests::test_percent_encoding ... ok
[INFO] [stdout] test bagit::io::tests::read_lines_with_different_endings_no_endline ... ok
[INFO] [stdout] test bagit::io::tests::read_lines_with_different_endings ... ok
[INFO] [stdout] test bagit::io::tests::read_multi_line_tags ... ok
[INFO] [stdout] test bagit::digest::tests::calculate_digest_while_writing ... ok
[INFO] [stdout] test bagit::digest::tests::calculate_multiple_digests_while_writing ... ok
[INFO] [stdout] 
[INFO] [stdout] test result: ok. 8 passed; 0 failed; 0 ignored; 0 measured; 0 filtered out; finished in 0.01s
[INFO] [stdout] 
[INFO] [stderr]      Running unittests src/bin/bagr.rs (/opt/rustwide/target/debug/deps/bagr-ef77602145944089)
[INFO] [stdout] 
[INFO] [stdout] running 0 tests
[INFO] [stdout] 
[INFO] [stdout] test result: ok. 0 passed; 0 failed; 0 ignored; 0 measured; 0 filtered out; finished in 0.00s
[INFO] [stderr]      Running tests/cli_tests.rs (/opt/rustwide/target/debug/deps/cli_tests-68fee097ba8e73d8)
[INFO] [stdout] 
[INFO] [stdout] 
[INFO] [stdout] running 2 tests
[INFO] [stderr] Testing tests/cmd/rebag/only-tag-changes.toml ... ok
[INFO] [stderr] Testing tests/cmd/rebag/only-tag-changes.toml:teardown ... failed
[INFO] [stderr] Failed: Files left in unexpected state
[INFO] [stderr] 
[INFO] [stderr] 
[INFO] [stderr] --- tests/cmd/rebag/only-tag-changes.out/bag-info.txt	expected
[INFO] [stderr] +++ /tmp/.tmpfQJ0tI/bag-info.txt	actual
[INFO] [stderr] @@ -5 +5 @@
[INFO] [stderr] -Bag-Software-Agent: bagr v0.3.0 <https://github.com/pwinckles/bagr>
[INFO] [stderr] +Bag-Software-Agent: bagr v0.4.0-dev <https://github.com/pwinckles/bagr>
[INFO] [stderr] 
[INFO] [stderr] tests/cmd/rebag/only-tag-changes.out/manifest-sha512.txt: is good
[INFO] [stderr] tests/cmd/rebag/only-tag-changes.out/bagit.txt: is good
[INFO] [stderr] tests/cmd/rebag/only-tag-changes.out/data/dir/file2.txt: is good
[INFO] [stderr] tests/cmd/rebag/only-tag-changes.out/data/file1.txt: is good
[INFO] [stderr] 
[INFO] [stderr] --- tests/cmd/rebag/only-tag-changes.out/tagmanifest-sha512.txt	expected
[INFO] [stderr] +++ /tmp/.tmpfQJ0tI/tagmanifest-sha512.txt	actual
[INFO] [stderr] @@ -1 +1 @@
[INFO] [stderr] -262f44a9ee5386b26c11f07935396ee4017bca9f3fbd768789714f09d74219d807a0523a54a3f6e26a9ef67c54c3b2b7eb8e896cb91f5f181bffed34d4a589a1  bag-info.txt
[INFO] [stderr] +ca26f3cd60e030d6d1d5cbcd60fad60a73a118ffb7f6fe9b53ba868c59ae5373d0dceaad3250cf939af209ef2260aaf26b76c5ade5fd201484207c851c7870da  bag-info.txt
[INFO] [stderr] 
[INFO] [stderr] Testing tests/cmd/rebag/basic-rebag.toml ... ok
[INFO] [stderr] Testing tests/cmd/rebag/basic-rebag.toml:teardown ... failed
[INFO] [stderr] Failed: Files left in unexpected state
[INFO] [stderr] 
[INFO] [stderr] 
[INFO] [stderr] --- tests/cmd/rebag/basic-rebag.out/bag-info.txt	expected
[INFO] [stderr] +++ /tmp/.tmp2AFNTn/bag-info.txt	actual
[INFO] [stderr] @@ -3 +3 @@
[INFO] [stderr] -Bag-Software-Agent: bagr v0.3.0 <https://github.com/pwinckles/bagr>
[INFO] [stderr] +Bag-Software-Agent: bagr v0.4.0-dev <https://github.com/pwinckles/bagr>
[INFO] [stderr] 
[INFO] [stderr] tests/cmd/rebag/basic-rebag.out/manifest-sha512.txt: is good
[INFO] [stderr] tests/cmd/rebag/basic-rebag.out/bagit.txt: is good
[INFO] [stderr] tests/cmd/rebag/basic-rebag.out/data/dir/file2.txt: is good
[INFO] [stderr] tests/cmd/rebag/basic-rebag.out/data/dir2/file3.txt: is good
[INFO] [stderr] tests/cmd/rebag/basic-rebag.out/data/file1.txt: is good
[INFO] [stderr] 
[INFO] [stderr] --- tests/cmd/rebag/basic-rebag.out/tagmanifest-sha512.txt	expected
[INFO] [stderr] +++ /tmp/.tmp2AFNTn/tagmanifest-sha512.txt	actual
[INFO] [stderr] @@ -1 +1 @@
[INFO] [stderr] -78bb24eadb7087312e620010076ffdc4d19406fd40cab503def6a5874b141f349cc7ed07eb4367320dbae4c27a7614ef85232eba5d183b585c3e2ecb1cd28912  bag-info.txt
[INFO] [stderr] +3e2b3921407a38dfa069ee8a9985db633361bf617d297e866777382f961f8711a1e1ebfd08eb516d0f957b33597d499012665e8326da8f87c2eb580d4e134e8f  bag-info.txt
[INFO] [stderr] 
[INFO] [stderr] Testing tests/cmd/rebag/all-the-options.toml ... ok
[INFO] [stderr] Testing tests/cmd/rebag/all-the-options.toml:teardown ... ok
[INFO] [stderr] Testing tests/cmd/rebag/new-tag-files.toml ... ok
[INFO] [stderr] Testing tests/cmd/rebag/new-tag-files.toml:teardown ... failed
[INFO] [stderr] Failed: Files left in unexpected state
[INFO] [stderr] 
[INFO] [stderr] 
[INFO] [stderr] --- tests/cmd/rebag/new-tag-files.out/bag-info.txt	expected
[INFO] [stderr] +++ /tmp/.tmp4B0dm0/bag-info.txt	actual
[INFO] [stderr] @@ -3 +3 @@
[INFO] [stderr] -Bag-Software-Agent: bagr v0.3.0 <https://github.com/pwinckles/bagr>
[INFO] [stderr] +Bag-Software-Agent: bagr v0.4.0-dev <https://github.com/pwinckles/bagr>
[INFO] [stderr] 
[INFO] [stderr] tests/cmd/rebag/new-tag-files.out/manifest-sha512.txt: is good
[INFO] [stderr] tests/cmd/rebag/new-tag-files.out/bagit.txt: is good
[INFO] [stderr] tests/cmd/rebag/new-tag-files.out/data/dir/file2.txt: is good
[INFO] [stderr] tests/cmd/rebag/new-tag-files.out/data/dir2/file3.txt: is good
[INFO] [stderr] tests/cmd/rebag/new-tag-files.out/data/file1.txt: is good
[INFO] [stderr] tests/cmd/rebag/new-tag-files.out/custom-tags.txt: is good
[INFO] [stderr] 
[INFO] [stderr] --- tests/cmd/rebag/new-tag-files.out/tagmanifest-sha512.txt	expected
[INFO] [stderr] +++ /tmp/.tmp4B0dm0/tagmanifest-sha512.txt	actual
[INFO] [stderr] @@ -1 +1 @@
[INFO] [stderr] -78bb24eadb7087312e620010076ffdc4d19406fd40cab503def6a5874b141f349cc7ed07eb4367320dbae4c27a7614ef85232eba5d183b585c3e2ecb1cd28912  bag-info.txt
[INFO] [stderr] +3e2b3921407a38dfa069ee8a9985db633361bf617d297e866777382f961f8711a1e1ebfd08eb516d0f957b33597d499012665e8326da8f87c2eb580d4e134e8f  bag-info.txt
[INFO] [stderr] 
[INFO] [stderr] Update snapshots with `TRYCMD=overwrite`
[INFO] [stderr] Debug output with `TRYCMD=dump`
[INFO] [stdout] test bag_cli_tests ... FAILED
[INFO] [stdout] test rebag_cli_tests ... FAILED
[INFO] [stdout] 
[INFO] [stdout] failures:
[INFO] [stdout] 
[INFO] [stdout] ---- bag_cli_tests stdout ----
[INFO] [stdout] 
[INFO] [stdout] thread 'bag_cli_tests' panicked at tests/cli_tests.rs:46:30:
[INFO] [stdout] called `Result::unwrap()` on an `Err` value: Os { code: 30, kind: ReadOnlyFilesystem, message: "Read-only file system" }
[INFO] [stdout] stack backtrace:
[INFO] [stdout]    0:     0x63c37489f4ba - std::backtrace_rs::backtrace::libunwind::trace::hb059275cfc8d6126
[INFO] [stdout]                                at /rustc/6067b36314ab5eb2eb47cecc464545ba58e1ad24/library/std/src/../../backtrace/src/backtrace/libunwind.rs:116:5
[INFO] [stdout]    1:     0x63c37489f4ba - std::backtrace_rs::backtrace::trace_unsynchronized::h2da071e4327ce3ee
[INFO] [stdout]                                at /rustc/6067b36314ab5eb2eb47cecc464545ba58e1ad24/library/std/src/../../backtrace/src/backtrace/mod.rs:66:5
[INFO] [stdout]    2:     0x63c37489f4ba - std::sys::backtrace::_print_fmt::h842a1474e6f8d23f
[INFO] [stdout]                                at /rustc/6067b36314ab5eb2eb47cecc464545ba58e1ad24/library/std/src/sys/backtrace.rs:66:9
[INFO] [stdout]    3:     0x63c37489f4ba - <std::sys::backtrace::BacktraceLock::print::DisplayBacktrace as core::fmt::Display>::fmt::h71a62eb3b9696b12
[INFO] [stdout]                                at /rustc/6067b36314ab5eb2eb47cecc464545ba58e1ad24/library/std/src/sys/backtrace.rs:39:26
[INFO] [stdout]    4:     0x63c3748cabf3 - core::fmt::rt::Argument::fmt::hdb6b616786b41dc1
[INFO] [stdout]                                at /rustc/6067b36314ab5eb2eb47cecc464545ba58e1ad24/library/core/src/fmt/rt.rs:177:76
[INFO] [stdout]    5:     0x63c3748cabf3 - core::fmt::write::h2cc1698af7e2d686
[INFO] [stdout]                                at /rustc/6067b36314ab5eb2eb47cecc464545ba58e1ad24/library/core/src/fmt/mod.rs:1440:21
[INFO] [stdout]    6:     0x63c37489ae33 - std::io::Write::write_fmt::hab1b4cd059a79022
[INFO] [stdout]                                at /rustc/6067b36314ab5eb2eb47cecc464545ba58e1ad24/library/std/src/io/mod.rs:1887:15
[INFO] [stdout]    7:     0x63c37489f302 - std::sys::backtrace::BacktraceLock::print::h147fe35b4ea13b08
[INFO] [stdout]                                at /rustc/6067b36314ab5eb2eb47cecc464545ba58e1ad24/library/std/src/sys/backtrace.rs:42:9
[INFO] [stdout]    8:     0x63c3748a0edf - std::panicking::default_hook::{{closure}}::hbd44223dbdc0d208
[INFO] [stdout]                                at /rustc/6067b36314ab5eb2eb47cecc464545ba58e1ad24/library/std/src/panicking.rs:298:22
[INFO] [stdout]    9:     0x63c3748a0cf8 - std::panicking::default_hook::h20f81eb0576efcec
[INFO] [stdout]                                at /rustc/6067b36314ab5eb2eb47cecc464545ba58e1ad24/library/std/src/panicking.rs:322:9
[INFO] [stdout]   10:     0x63c374865ab3 - <alloc::boxed::Box<F,A> as core::ops::function::Fn<Args>>::call::hdb53814c496a4d34
[INFO] [stdout]                                at /rustc/6067b36314ab5eb2eb47cecc464545ba58e1ad24/library/alloc/src/boxed.rs:2027:9
[INFO] [stdout]   11:     0x63c374865ab3 - test::test_main::{{closure}}::hc0a4963c59427c24
[INFO] [stdout]                                at /rustc/6067b36314ab5eb2eb47cecc464545ba58e1ad24/library/test/src/lib.rs:134:21
[INFO] [stdout]   12:     0x63c3748a19d3 - <alloc::boxed::Box<F,A> as core::ops::function::Fn<Args>>::call::h591b2225413a77e9
[INFO] [stdout]                                at /rustc/6067b36314ab5eb2eb47cecc464545ba58e1ad24/library/alloc/src/boxed.rs:2027:9
[INFO] [stdout]   13:     0x63c3748a19d3 - std::panicking::rust_panic_with_hook::h625eea43051b2edc
[INFO] [stdout]                                at /rustc/6067b36314ab5eb2eb47cecc464545ba58e1ad24/library/std/src/panicking.rs:839:13
[INFO] [stdout]   14:     0x63c3748a168a - std::panicking::begin_panic_handler::{{closure}}::h4f9159cfbc3f6bd3
[INFO] [stdout]                                at /rustc/6067b36314ab5eb2eb47cecc464545ba58e1ad24/library/std/src/panicking.rs:704:13
[INFO] [stdout]   15:     0x63c37489f9b9 - std::sys::backtrace::__rust_end_short_backtrace::h0390abce48353151
[INFO] [stdout]                                at /rustc/6067b36314ab5eb2eb47cecc464545ba58e1ad24/library/std/src/sys/backtrace.rs:168:18
[INFO] [stdout]   16:     0x63c3748a131d - rust_begin_unwind
[INFO] [stdout]                                at /rustc/6067b36314ab5eb2eb47cecc464545ba58e1ad24/library/std/src/panicking.rs:695:5
[INFO] [stdout]   17:     0x63c3748c95d0 - core::panicking::panic_fmt::h9e7c637e9e5f29c9
[INFO] [stdout]                                at /rustc/6067b36314ab5eb2eb47cecc464545ba58e1ad24/library/core/src/panicking.rs:75:14
[INFO] [stdout]   18:     0x63c3748c9a46 - core::result::unwrap_failed::h7979f09313fe1849
[INFO] [stdout]                                at /rustc/6067b36314ab5eb2eb47cecc464545ba58e1ad24/library/core/src/result.rs:1704:5
[INFO] [stdout]   19:     0x63c37439606b - core::result::Result<T,E>::unwrap::ha3e00f668d01ec47
[INFO] [stdout]                                at /rustc/6067b36314ab5eb2eb47cecc464545ba58e1ad24/library/core/src/result.rs:1109:23
[INFO] [stdout]   20:     0x63c37439606b - cli_tests::create_dir_all::h0c103450c528839e
[INFO] [stdout]                                at /opt/rustwide/workdir/tests/cli_tests.rs:46:5
[INFO] [stdout]   21:     0x63c37439612a - cli_tests::write_file::h591318ca9bbd5e28
[INFO] [stdout]                                at /opt/rustwide/workdir/tests/cli_tests.rs:50:5
[INFO] [stdout]   22:     0x63c374395cc7 - cli_tests::setup_encoding_files::hf2b490f285575014
[INFO] [stdout]                                at /opt/rustwide/workdir/tests/cli_tests.rs:29:5
[INFO] [stdout]   23:     0x63c3743958d1 - cli_tests::setup_encoding_test::hb675160d81fee470
[INFO] [stdout]                                at /opt/rustwide/workdir/tests/cli_tests.rs:19:5
[INFO] [stdout]   24:     0x63c37439620c - cli_tests::bag_cli_tests::hfb6c8ae66d0f73f1
[INFO] [stdout]                                at /opt/rustwide/workdir/tests/cli_tests.rs:7:5
[INFO] [stdout]   25:     0x63c3743961e7 - cli_tests::bag_cli_tests::{{closure}}::h9cea940fe200e5c2
[INFO] [stdout]                                at /opt/rustwide/workdir/tests/cli_tests.rs:5:19
[INFO] [stdout]   26:     0x63c3743951f6 - core::ops::function::FnOnce::call_once::h33bd4cbc17ecfbd5
[INFO] [stdout]                                at /rustc/6067b36314ab5eb2eb47cecc464545ba58e1ad24/library/core/src/ops/function.rs:250:5
[INFO] [stdout]   27:     0x63c37486b20b - core::ops::function::FnOnce::call_once::he27718dfdd183f43
[INFO] [stdout]                                at /rustc/6067b36314ab5eb2eb47cecc464545ba58e1ad24/library/core/src/ops/function.rs:250:5
[INFO] [stdout]   28:     0x63c37486b20b - test::__rust_begin_short_backtrace::h4e84902998457a5d
[INFO] [stdout]                                at /rustc/6067b36314ab5eb2eb47cecc464545ba58e1ad24/library/test/src/lib.rs:632:18
[INFO] [stdout]   29:     0x63c37486a143 - test::run_test_in_process::{{closure}}::h7176fd18fc1feca0
[INFO] [stdout]                                at /rustc/6067b36314ab5eb2eb47cecc464545ba58e1ad24/library/test/src/lib.rs:655:60
[INFO] [stdout]   30:     0x63c37486a143 - <core::panic::unwind_safe::AssertUnwindSafe<F> as core::ops::function::FnOnce<()>>::call_once::hf79cff2a624d8cf7
[INFO] [stdout]                                at /rustc/6067b36314ab5eb2eb47cecc464545ba58e1ad24/library/core/src/panic/unwind_safe.rs:272:9
[INFO] [stdout]   31:     0x63c37486a143 - std::panicking::try::do_call::h3da0561d9ab99c25
[INFO] [stdout]                                at /rustc/6067b36314ab5eb2eb47cecc464545ba58e1ad24/library/std/src/panicking.rs:587:40
[INFO] [stdout]   32:     0x63c37486a143 - std::panicking::try::h41c9fa508bc61df6
[INFO] [stdout]                                at /rustc/6067b36314ab5eb2eb47cecc464545ba58e1ad24/library/std/src/panicking.rs:550:19
[INFO] [stdout]   33:     0x63c37486a143 - std::panic::catch_unwind::h6b3ff07bb5afad93
[INFO] [stdout]                                at /rustc/6067b36314ab5eb2eb47cecc464545ba58e1ad24/library/std/src/panic.rs:358:14
[INFO] [stdout]   34:     0x63c37486a143 - test::run_test_in_process::hc7253dd11b39b9f4
[INFO] [stdout]                                at /rustc/6067b36314ab5eb2eb47cecc464545ba58e1ad24/library/test/src/lib.rs:655:27
[INFO] [stdout]   35:     0x63c37486a143 - test::run_test::{{closure}}::hfb2007f8649c30bb
[INFO] [stdout]                                at /rustc/6067b36314ab5eb2eb47cecc464545ba58e1ad24/library/test/src/lib.rs:576:43
[INFO] [stdout]   36:     0x63c37482d225 - test::run_test::{{closure}}::h56a17aa7a282a9f4
[INFO] [stdout]                                at /rustc/6067b36314ab5eb2eb47cecc464545ba58e1ad24/library/test/src/lib.rs:606:41
[INFO] [stdout]   37:     0x63c37482d225 - std::sys::backtrace::__rust_begin_short_backtrace::hd2d2d2fb8e8c6aac
[INFO] [stdout]                                at /rustc/6067b36314ab5eb2eb47cecc464545ba58e1ad24/library/std/src/sys/backtrace.rs:152:18
[INFO] [stdout]   38:     0x63c374830b0a - std::thread::Builder::spawn_unchecked_::{{closure}}::{{closure}}::h4faa3f9db6133423
[INFO] [stdout]                                at /rustc/6067b36314ab5eb2eb47cecc464545ba58e1ad24/library/std/src/thread/mod.rs:559:17
[INFO] [stdout]   39:     0x63c374830b0a - <core::panic::unwind_safe::AssertUnwindSafe<F> as core::ops::function::FnOnce<()>>::call_once::hf2e855a36a4ea846
[INFO] [stdout]                                at /rustc/6067b36314ab5eb2eb47cecc464545ba58e1ad24/library/core/src/panic/unwind_safe.rs:272:9
[INFO] [stdout]   40:     0x63c374830b0a - std::panicking::try::do_call::h2f73af3616c35465
[INFO] [stdout]                                at /rustc/6067b36314ab5eb2eb47cecc464545ba58e1ad24/library/std/src/panicking.rs:587:40
[INFO] [stdout]   41:     0x63c374830b0a - std::panicking::try::hd1660ce9efadef5a
[INFO] [stdout]                                at /rustc/6067b36314ab5eb2eb47cecc464545ba58e1ad24/library/std/src/panicking.rs:550:19
[INFO] [stdout]   42:     0x63c374830b0a - std::panic::catch_unwind::h5ee8d7823b8ca744
[INFO] [stdout]                                at /rustc/6067b36314ab5eb2eb47cecc464545ba58e1ad24/library/std/src/panic.rs:358:14
[INFO] [stdout]   43:     0x63c374830b0a - std::thread::Builder::spawn_unchecked_::{{closure}}::h53c3a1894dce8407
[INFO] [stdout]                                at /rustc/6067b36314ab5eb2eb47cecc464545ba58e1ad24/library/std/src/thread/mod.rs:557:30
[INFO] [stdout]   44:     0x63c374830b0a - core::ops::function::FnOnce::call_once{{vtable.shim}}::h048ce291ad4f62bf
[INFO] [stdout]                                at /rustc/6067b36314ab5eb2eb47cecc464545ba58e1ad24/library/core/src/ops/function.rs:250:5
[INFO] [stdout]   45:     0x63c3748a788b - <alloc::boxed::Box<F,A> as core::ops::function::FnOnce<Args>>::call_once::ha52bedf99a3b4981
[INFO] [stdout]                                at /rustc/6067b36314ab5eb2eb47cecc464545ba58e1ad24/library/alloc/src/boxed.rs:2013:9
[INFO] [stdout]   46:     0x63c3748a788b - <alloc::boxed::Box<F,A> as core::ops::function::FnOnce<Args>>::call_once::h567748934d80ccf8
[INFO] [stdout]                                at /rustc/6067b36314ab5eb2eb47cecc464545ba58e1ad24/library/alloc/src/boxed.rs:2013:9
[INFO] [stdout]   47:     0x63c3748a788b - std::sys::pal::unix::thread::Thread::new::thread_start::h2d970728ae887adc
[INFO] [stdout]                                at /rustc/6067b36314ab5eb2eb47cecc464545ba58e1ad24/library/std/src/sys/pal/unix/thread.rs:106:17
[INFO] [stdout]   48:     0x78a1fda2eac3 - <unknown>
[INFO] [stdout]   49:     0x78a1fdabfa04 - clone
[INFO] [stdout]   50:                0x0 - <unknown>
[INFO] [stdout] 
[INFO] [stdout] ---- rebag_cli_tests stdout ----
[INFO] [stdout] 
[INFO] [stdout] thread 'rebag_cli_tests' panicked at /opt/rustwide/cargo-home/registry/src/index.crates.io-1949cf8c6b5b557f/trycmd-0.12.2/src/runner.rs:96:17:
[INFO] [stdout] 3 of 4 tests failed
[INFO] [stdout] stack backtrace:
[INFO] [stdout]    0:     0x63c37489f4ba - std::backtrace_rs::backtrace::libunwind::trace::hb059275cfc8d6126
[INFO] [stdout]                                at /rustc/6067b36314ab5eb2eb47cecc464545ba58e1ad24/library/std/src/../../backtrace/src/backtrace/libunwind.rs:116:5
[INFO] [stdout]    1:     0x63c37489f4ba - std::backtrace_rs::backtrace::trace_unsynchronized::h2da071e4327ce3ee
[INFO] [stdout]                                at /rustc/6067b36314ab5eb2eb47cecc464545ba58e1ad24/library/std/src/../../backtrace/src/backtrace/mod.rs:66:5
[INFO] [stdout]    2:     0x63c37489f4ba - std::sys::backtrace::_print_fmt::h842a1474e6f8d23f
[INFO] [stdout]                                at /rustc/6067b36314ab5eb2eb47cecc464545ba58e1ad24/library/std/src/sys/backtrace.rs:66:9
[INFO] [stdout]    3:     0x63c37489f4ba - <std::sys::backtrace::BacktraceLock::print::DisplayBacktrace as core::fmt::Display>::fmt::h71a62eb3b9696b12
[INFO] [stdout]                                at /rustc/6067b36314ab5eb2eb47cecc464545ba58e1ad24/library/std/src/sys/backtrace.rs:39:26
[INFO] [stdout]    4:     0x63c3748cabf3 - core::fmt::rt::Argument::fmt::hdb6b616786b41dc1
[INFO] [stdout]                                at /rustc/6067b36314ab5eb2eb47cecc464545ba58e1ad24/library/core/src/fmt/rt.rs:177:76
[INFO] [stdout]    5:     0x63c3748cabf3 - core::fmt::write::h2cc1698af7e2d686
[INFO] [stdout]                                at /rustc/6067b36314ab5eb2eb47cecc464545ba58e1ad24/library/core/src/fmt/mod.rs:1440:21
[INFO] [stdout]    6:     0x63c37489ae33 - std::io::Write::write_fmt::hab1b4cd059a79022
[INFO] [stdout]                                at /rustc/6067b36314ab5eb2eb47cecc464545ba58e1ad24/library/std/src/io/mod.rs:1887:15
[INFO] [stdout]    7:     0x63c37489f302 - std::sys::backtrace::BacktraceLock::print::h147fe35b4ea13b08
[INFO] [stdout]                                at /rustc/6067b36314ab5eb2eb47cecc464545ba58e1ad24/library/std/src/sys/backtrace.rs:42:9
[INFO] [stdout]    8:     0x63c3748a0edf - std::panicking::default_hook::{{closure}}::hbd44223dbdc0d208
[INFO] [stdout]                                at /rustc/6067b36314ab5eb2eb47cecc464545ba58e1ad24/library/std/src/panicking.rs:298:22
[INFO] [stdout]    9:     0x63c3748a0cf8 - std::panicking::default_hook::h20f81eb0576efcec
[INFO] [stdout]                                at /rustc/6067b36314ab5eb2eb47cecc464545ba58e1ad24/library/std/src/panicking.rs:322:9
[INFO] [stdout]   10:     0x63c374865ab3 - <alloc::boxed::Box<F,A> as core::ops::function::Fn<Args>>::call::hdb53814c496a4d34
[INFO] [stdout]                                at /rustc/6067b36314ab5eb2eb47cecc464545ba58e1ad24/library/alloc/src/boxed.rs:2027:9
[INFO] [stdout]   11:     0x63c374865ab3 - test::test_main::{{closure}}::hc0a4963c59427c24
[INFO] [stdout]                                at /rustc/6067b36314ab5eb2eb47cecc464545ba58e1ad24/library/test/src/lib.rs:134:21
[INFO] [stdout]   12:     0x63c3748a19d3 - <alloc::boxed::Box<F,A> as core::ops::function::Fn<Args>>::call::h591b2225413a77e9
[INFO] [stdout]                                at /rustc/6067b36314ab5eb2eb47cecc464545ba58e1ad24/library/alloc/src/boxed.rs:2027:9
[INFO] [stdout]   13:     0x63c3748a19d3 - std::panicking::rust_panic_with_hook::h625eea43051b2edc
[INFO] [stdout]                                at /rustc/6067b36314ab5eb2eb47cecc464545ba58e1ad24/library/std/src/panicking.rs:839:13
[INFO] [stdout]   14:     0x63c3748a168a - std::panicking::begin_panic_handler::{{closure}}::h4f9159cfbc3f6bd3
[INFO] [stdout]                                at /rustc/6067b36314ab5eb2eb47cecc464545ba58e1ad24/library/std/src/panicking.rs:704:13
[INFO] [stdout]   15:     0x63c37489f9b9 - std::sys::backtrace::__rust_end_short_backtrace::h0390abce48353151
[INFO] [stdout]                                at /rustc/6067b36314ab5eb2eb47cecc464545ba58e1ad24/library/std/src/sys/backtrace.rs:168:18
[INFO] [stdout]   16:     0x63c3748a131d - rust_begin_unwind
[INFO] [stdout]                                at /rustc/6067b36314ab5eb2eb47cecc464545ba58e1ad24/library/std/src/panicking.rs:695:5
[INFO] [stdout]   17:     0x63c3748c95d0 - core::panicking::panic_fmt::h9e7c637e9e5f29c9
[INFO] [stdout]                                at /rustc/6067b36314ab5eb2eb47cecc464545ba58e1ad24/library/core/src/panicking.rs:75:14
[INFO] [stdout]   18:     0x63c3743b3d9d - trycmd::runner::Runner::run::he1c60a07f905fcaa
[INFO] [stdout]                                at /opt/rustwide/cargo-home/registry/src/index.crates.io-1949cf8c6b5b557f/trycmd-0.12.2/src/runner.rs:96:17
[INFO] [stdout]   19:     0x63c374400f56 - trycmd::cases::TestCases::run::h1a4eb7d5a4e32626
[INFO] [stdout]                                at /opt/rustwide/cargo-home/registry/src/index.crates.io-1949cf8c6b5b557f/trycmd-0.12.2/src/cases.rs:165:9
[INFO] [stdout]   20:     0x63c374400ffa - <trycmd::cases::TestCases as core::ops::drop::Drop>::drop::h863852ffeb2336f4
[INFO] [stdout]                                at /opt/rustwide/cargo-home/registry/src/index.crates.io-1949cf8c6b5b557f/trycmd-0.12.2/src/cases.rs:175:13
[INFO] [stdout]   21:     0x63c374414647 - core::ptr::drop_in_place<trycmd::cases::TestCases>::hac080591db468b8e
[INFO] [stdout]                                at /rustc/6067b36314ab5eb2eb47cecc464545ba58e1ad24/library/core/src/ptr/mod.rs:523:1
[INFO] [stdout]   22:     0x63c374396323 - cli_tests::rebag_cli_tests::h21b7f964160388b3
[INFO] [stdout]                                at /opt/rustwide/workdir/tests/cli_tests.rs:14:60
[INFO] [stdout]   23:     0x63c3743962a7 - cli_tests::rebag_cli_tests::{{closure}}::h8edb839ca5485312
[INFO] [stdout]                                at /opt/rustwide/workdir/tests/cli_tests.rs:13:21
[INFO] [stdout]   24:     0x63c374395236 - core::ops::function::FnOnce::call_once::h431d381e5505b2b0
[INFO] [stdout]                                at /rustc/6067b36314ab5eb2eb47cecc464545ba58e1ad24/library/core/src/ops/function.rs:250:5
[INFO] [stdout]   25:     0x63c37486b20b - core::ops::function::FnOnce::call_once::he27718dfdd183f43
[INFO] [stdout]                                at /rustc/6067b36314ab5eb2eb47cecc464545ba58e1ad24/library/core/src/ops/function.rs:250:5
[INFO] [stdout]   26:     0x63c37486b20b - test::__rust_begin_short_backtrace::h4e84902998457a5d
[INFO] [stdout]                                at /rustc/6067b36314ab5eb2eb47cecc464545ba58e1ad24/library/test/src/lib.rs:632:18
[INFO] [stdout]   27:     0x63c37486a143 - test::run_test_in_process::{{closure}}::h7176fd18fc1feca0
[INFO] [stdout]                                at /rustc/6067b36314ab5eb2eb47cecc464545ba58e1ad24/library/test/src/lib.rs:655:60
[INFO] [stdout]   28:     0x63c37486a143 - <core::panic::unwind_safe::AssertUnwindSafe<F> as core::ops::function::FnOnce<()>>::call_once::hf79cff2a624d8cf7
[INFO] [stdout]                                at /rustc/6067b36314ab5eb2eb47cecc464545ba58e1ad24/library/core/src/panic/unwind_safe.rs:272:9
[INFO] [stdout]   29:     0x63c37486a143 - std::panicking::try::do_call::h3da0561d9ab99c25
[INFO] [stdout]                                at /rustc/6067b36314ab5eb2eb47cecc464545ba58e1ad24/library/std/src/panicking.rs:587:40
[INFO] [stdout]   30:     0x63c37486a143 - std::panicking::try::h41c9fa508bc61df6
[INFO] [stdout]                                at /rustc/6067b36314ab5eb2eb47cecc464545ba58e1ad24/library/std/src/panicking.rs:550:19
[INFO] [stdout]   31:     0x63c37486a143 - std::panic::catch_unwind::h6b3ff07bb5afad93
[INFO] [stdout]                                at /rustc/6067b36314ab5eb2eb47cecc464545ba58e1ad24/library/std/src/panic.rs:358:14
[INFO] [stdout]   32:     0x63c37486a143 - test::run_test_in_process::hc7253dd11b39b9f4
[INFO] [stdout]                                at /rustc/6067b36314ab5eb2eb47cecc464545ba58e1ad24/library/test/src/lib.rs:655:27
[INFO] [stdout]   33:     0x63c37486a143 - test::run_test::{{closure}}::hfb2007f8649c30bb
[INFO] [stdout]                                at /rustc/6067b36314ab5eb2eb47cecc464545ba58e1ad24/library/test/src/lib.rs:576:43
[INFO] [stdout]   34:     0x63c37482d225 - test::run_test::{{closure}}::h56a17aa7a282a9f4
[INFO] [stdout]                                at /rustc/6067b36314ab5eb2eb47cecc464545ba58e1ad24/library/test/src/lib.rs:606:41
[INFO] [stdout]   35:     0x63c37482d225 - std::sys::backtrace::__rust_begin_short_backtrace::hd2d2d2fb8e8c6aac
[INFO] [stdout]                                at /rustc/6067b36314ab5eb2eb47cecc464545ba58e1ad24/library/std/src/sys/backtrace.rs:152:18
[INFO] [stdout]   36:     0x63c374830b0a - std::thread::Builder::spawn_unchecked_::{{closure}}::{{closure}}::h4faa3f9db6133423
[INFO] [stdout]                                at /rustc/6067b36314ab5eb2eb47cecc464545ba58e1ad24/library/std/src/thread/mod.rs:559:17
[INFO] [stdout]   37:     0x63c374830b0a - <core::panic::unwind_safe::AssertUnwindSafe<F> as core::ops::function::FnOnce<()>>::call_once::hf2e855a36a4ea846
[INFO] [stdout]                                at /rustc/6067b36314ab5eb2eb47cecc464545ba58e1ad24/library/core/src/panic/unwind_safe.rs:272:9
[INFO] [stdout]   38:     0x63c374830b0a - std::panicking::try::do_call::h2f73af3616c35465
[INFO] [stdout]                                at /rustc/6067b36314ab5eb2eb47cecc464545ba58e1ad24/library/std/src/panicking.rs:587:40
[INFO] [stdout]   39:     0x63c374830b0a - std::panicking::try::hd1660ce9efadef5a
[INFO] [stdout]                                at /rustc/6067b36314ab5eb2eb47cecc464545ba58e1ad24/library/std/src/panicking.rs:550:19
[INFO] [stdout]   40:     0x63c374830b0a - std::panic::catch_unwind::h5ee8d7823b8ca744
[INFO] [stdout]                                at /rustc/6067b36314ab5eb2eb47cecc464545ba58e1ad24/library/std/src/panic.rs:358:14
[INFO] [stdout]   41:     0x63c374830b0a - std::thread::Builder::spawn_unchecked_::{{closure}}::h53c3a1894dce8407
[INFO] [stdout]                                at /rustc/6067b36314ab5eb2eb47cecc464545ba58e1ad24/library/std/src/thread/mod.rs:557:30
[INFO] [stdout]   42:     0x63c374830b0a - core::ops::function::FnOnce::call_once{{vtable.shim}}::h048ce291ad4f62bf
[INFO] [stdout]                                at /rustc/6067b36314ab5eb2eb47cecc464545ba58e1ad24/library/core/src/ops/function.rs:250:5
[INFO] [stdout]   43:     0x63c3748a788b - <alloc::boxed::Box<F,A> as core::ops::function::FnOnce<Args>>::call_once::ha52bedf99a3b4981
[INFO] [stdout]                                at /rustc/6067b36314ab5eb2eb47cecc464545ba58e1ad24/library/alloc/src/boxed.rs:2013:9
[INFO] [stdout]   44:     0x63c3748a788b - <alloc::boxed::Box<F,A> as core::ops::function::FnOnce<Args>>::call_once::h567748934d80ccf8
[INFO] [stdout]                                at /rustc/6067b36314ab5eb2eb47cecc464545ba58e1ad24/library/alloc/src/boxed.rs:2013:9
[INFO] [stdout]   45:     0x63c3748a788b - std::sys::pal::unix::thread::Thread::new::thread_start::h2d970728ae887adc
[INFO] [stdout]                                at /rustc/6067b36314ab5eb2eb47cecc464545ba58e1ad24/library/std/src/sys/pal/unix/thread.rs:106:17
[INFO] [stdout]   46:     0x78a1fda2eac3 - <unknown>
[INFO] [stdout]   47:     0x78a1fdabfa04 - clone
[INFO] [stdout]   48:                0x0 - <unknown>
[INFO] [stdout] 
[INFO] [stdout] 
[INFO] [stdout] failures:
[INFO] [stdout]     bag_cli_tests
[INFO] [stdout]     rebag_cli_tests
[INFO] [stdout] 
[INFO] [stdout] test result: FAILED. 0 passed; 2 failed; 0 ignored; 0 measured; 0 filtered out; finished in 0.11s
[INFO] [stdout] 
[INFO] [stderr] error: test failed, to rerun pass `--test cli_tests`
[INFO] running `Command { std: "docker" "inspect" "f9f0e672d1db8b6e1c374e745e824315a2f92fe1c992e7ba33c9852a51bda297", kill_on_drop: false }`
[INFO] running `Command { std: "docker" "rm" "-f" "f9f0e672d1db8b6e1c374e745e824315a2f92fe1c992e7ba33c9852a51bda297", kill_on_drop: false }`
[INFO] [stdout] f9f0e672d1db8b6e1c374e745e824315a2f92fe1c992e7ba33c9852a51bda297
