[INFO] cloning repository https://github.com/puuuii/data2sound
[INFO] running `Command { std: "git" "-c" "credential.helper=" "-c" "credential.helper=/workspace/cargo-home/bin/git-credential-null" "clone" "--bare" "https://github.com/puuuii/data2sound" "/workspace/cache/git-repos/https%3A%2F%2Fgithub.com%2Fpuuuii%2Fdata2sound", kill_on_drop: false }`
[INFO] [stderr] Cloning into bare repository '/workspace/cache/git-repos/https%3A%2F%2Fgithub.com%2Fpuuuii%2Fdata2sound'...
[INFO] running `Command { std: "git" "rev-parse" "HEAD", kill_on_drop: false }`
[INFO] [stdout] c758682ab6cf6e8a84e17d98e929cb5df21fb8c8
[INFO] testing puuuii/data2sound against nightly-2025-01-18+rustflags=-Zrandomize-layout for randomize-layout-2
[INFO] running `Command { std: "git" "clone" "/workspace/cache/git-repos/https%3A%2F%2Fgithub.com%2Fpuuuii%2Fdata2sound" "/workspace/builds/worker-4-tc2/source", kill_on_drop: false }`
[INFO] [stderr] Cloning into '/workspace/builds/worker-4-tc2/source'...
[INFO] [stderr] done.
[INFO] validating manifest of git repo https://github.com/puuuii/data2sound on toolchain nightly-2025-01-18
[INFO] running `Command { std: CARGO_HOME="/workspace/cargo-home" RUSTUP_HOME="/workspace/rustup-home" "/workspace/cargo-home/bin/cargo" "+nightly-2025-01-18" "metadata" "--manifest-path" "Cargo.toml" "--no-deps", kill_on_drop: false }`
[INFO] started tweaking git repo https://github.com/puuuii/data2sound
[INFO] finished tweaking git repo https://github.com/puuuii/data2sound
[INFO] tweaked toml for git repo https://github.com/puuuii/data2sound written to /workspace/builds/worker-4-tc2/source/Cargo.toml
[INFO] crate git repo https://github.com/puuuii/data2sound already has a lockfile, it will not be regenerated
[INFO] running `Command { std: CARGO_HOME="/workspace/cargo-home" RUSTUP_HOME="/workspace/rustup-home" "/workspace/cargo-home/bin/cargo" "+nightly-2025-01-18" "fetch" "--manifest-path" "Cargo.toml", kill_on_drop: false }`
[INFO] running `Command { std: "docker" "create" "-v" "/var/lib/crater-agent-workspace/builds/worker-4-tc2/target:/opt/rustwide/target:rw,Z" "-v" "/var/lib/crater-agent-workspace/builds/worker-4-tc2/source:/opt/rustwide/workdir:ro,Z" "-v" "/var/lib/crater-agent-workspace/cargo-home:/opt/rustwide/cargo-home:ro,Z" "-v" "/var/lib/crater-agent-workspace/rustup-home:/opt/rustwide/rustup-home:ro,Z" "-e" "SOURCE_DIR=/opt/rustwide/workdir" "-e" "CARGO_TARGET_DIR=/opt/rustwide/target" "-e" "CARGO_HOME=/opt/rustwide/cargo-home" "-e" "RUSTUP_HOME=/opt/rustwide/rustup-home" "-w" "/opt/rustwide/workdir" "-m" "1610612736" "--user" "0:0" "--network" "none" "ghcr.io/rust-lang/crates-build-env/linux@sha256:819108c5571ea2e421544af4d832f968d213c87fbe3707a016657f43d2f853bc" "/opt/rustwide/cargo-home/bin/cargo" "+nightly-2025-01-18" "metadata" "--no-deps" "--format-version=1", kill_on_drop: false }`
[INFO] [stdout] b959a4cd769eecef16e5738eed5d28868674eb7b68ebc6082084735972b6d255
[INFO] running `Command { std: "docker" "start" "-a" "b959a4cd769eecef16e5738eed5d28868674eb7b68ebc6082084735972b6d255", kill_on_drop: false }`
[INFO] running `Command { std: "docker" "inspect" "b959a4cd769eecef16e5738eed5d28868674eb7b68ebc6082084735972b6d255", kill_on_drop: false }`
[INFO] running `Command { std: "docker" "rm" "-f" "b959a4cd769eecef16e5738eed5d28868674eb7b68ebc6082084735972b6d255", kill_on_drop: false }`
[INFO] [stdout] b959a4cd769eecef16e5738eed5d28868674eb7b68ebc6082084735972b6d255
[INFO] running `Command { std: "docker" "create" "-v" "/var/lib/crater-agent-workspace/builds/worker-4-tc2/target:/opt/rustwide/target:rw,Z" "-v" "/var/lib/crater-agent-workspace/builds/worker-4-tc2/source:/opt/rustwide/workdir:ro,Z" "-v" "/var/lib/crater-agent-workspace/cargo-home:/opt/rustwide/cargo-home:ro,Z" "-v" "/var/lib/crater-agent-workspace/rustup-home:/opt/rustwide/rustup-home:ro,Z" "-e" "SOURCE_DIR=/opt/rustwide/workdir" "-e" "CARGO_TARGET_DIR=/opt/rustwide/target" "-e" "CARGO_INCREMENTAL=0" "-e" "RUST_BACKTRACE=full" "-e" "RUSTFLAGS=--cap-lints=forbid -Zrandomize-layout" "-e" "RUSTDOCFLAGS=--cap-lints=forbid" "-e" "CARGO_HOME=/opt/rustwide/cargo-home" "-e" "RUSTUP_HOME=/opt/rustwide/rustup-home" "-w" "/opt/rustwide/workdir" "-m" "1610612736" "--user" "0:0" "--network" "none" "ghcr.io/rust-lang/crates-build-env/linux@sha256:819108c5571ea2e421544af4d832f968d213c87fbe3707a016657f43d2f853bc" "/opt/rustwide/cargo-home/bin/cargo" "+nightly-2025-01-18" "build" "--frozen" "--message-format=json", kill_on_drop: false }`
[INFO] [stdout] e79d33930cffd969f5035b77222d12628930e7c151582ea408c7622f52fb3ada
[INFO] running `Command { std: "docker" "start" "-a" "e79d33930cffd969f5035b77222d12628930e7c151582ea408c7622f52fb3ada", kill_on_drop: false }`
[INFO] [stderr]    Compiling proc-macro2 v1.0.87
[INFO] [stderr]    Compiling unicode-ident v1.0.13
[INFO] [stderr]    Compiling dasp_sample v0.11.0
[INFO] [stderr]    Compiling libc v0.2.159
[INFO] [stderr]    Compiling semver v1.0.23
[INFO] [stderr]    Compiling wasm-bindgen-shared v0.2.95
[INFO] [stderr]    Compiling pkg-config v0.3.31
[INFO] [stderr]    Compiling arrayvec v0.7.6
[INFO] [stderr]    Compiling bytemuck v1.18.0
[INFO] [stderr]    Compiling memchr v2.7.4
[INFO] [stderr]    Compiling futures-core v0.3.31
[INFO] [stderr]    Compiling futures-sink v0.3.31
[INFO] [stderr]    Compiling dasp_ring_buffer v0.11.0
[INFO] [stderr]    Compiling hashbrown v0.15.0
[INFO] [stderr]    Compiling encoding_rs v0.8.34
[INFO] [stderr]    Compiling futures-io v0.3.31
[INFO] [stderr]    Compiling futures-task v0.3.31
[INFO] [stderr]    Compiling dasp_frame v0.11.0
[INFO] [stderr]    Compiling regex-syntax v0.8.5
[INFO] [stderr]    Compiling futures-channel v0.3.31
[INFO] [stderr]    Compiling num-integer v0.1.46
[INFO] [stderr]    Compiling symphonia-core v0.5.4
[INFO] [stderr]    Compiling thiserror v1.0.64
[INFO] [stderr]    Compiling rustc_version v0.4.1
[INFO] [stderr]    Compiling bitflags v2.6.0
[INFO] [stderr]    Compiling cpal v0.15.3
[INFO] [stderr]    Compiling tinyvec v1.8.0
[INFO] [stderr]    Compiling indexmap v2.6.0
[INFO] [stderr]    Compiling rustfft v6.2.0
[INFO] [stderr]    Compiling dasp_window v0.11.1
[INFO] [stderr]    Compiling ogg v0.8.0
[INFO] [stderr]    Compiling relative-path v1.9.3
[INFO] [stderr]    Compiling rstest_macros v0.23.0
[INFO] [stderr]    Compiling wasm-bindgen v0.2.95
[INFO] [stderr]    Compiling strength_reduce v0.2.4
[INFO] [stderr]    Compiling alsa-sys v0.3.1
[INFO] [stderr]    Compiling quote v1.0.37
[INFO] [stderr]    Compiling aho-corasick v1.1.3
[INFO] [stderr]    Compiling transpose v0.2.3
[INFO] [stderr]    Compiling dasp_peak v0.11.0
[INFO] [stderr]    Compiling dasp_rms v0.11.0
[INFO] [stderr]    Compiling dasp_interpolate v0.11.0
[INFO] [stderr]    Compiling getrandom v0.2.15
[INFO] [stderr]    Compiling dasp_slice v0.11.0
[INFO] [stderr]    Compiling dasp_envelope v0.11.0
[INFO] [stderr]    Compiling primal-check v0.3.4
[INFO] [stderr]    Compiling num-complex v0.4.6
[INFO] [stderr]    Compiling claxon v0.4.3
[INFO] [stderr]    Compiling syn v2.0.79
[INFO] [stderr]    Compiling hound v3.5.1
[INFO] [stderr]    Compiling rand_core v0.6.4
[INFO] [stderr]    Compiling dasp_signal v0.11.0
[INFO] [stderr]    Compiling futures-timer v3.0.3
[INFO] [stderr]    Compiling alsa v0.9.1
[INFO] [stderr]    Compiling dasp v0.11.0
[INFO] [stderr]    Compiling toml_edit v0.22.22
[INFO] [stderr]    Compiling lewton v0.10.2
[INFO] [stderr]    Compiling symphonia-metadata v0.5.4
[INFO] [stderr]    Compiling symphonia-bundle-mp3 v0.5.4
[INFO] [stderr]    Compiling regex-automata v0.4.8
[INFO] [stderr]    Compiling symphonia v0.5.4
[INFO] [stderr]    Compiling proc-macro-crate v3.2.0
[INFO] [stderr]    Compiling regex v1.11.0
[INFO] [stderr]    Compiling wasm-bindgen-backend v0.2.95
[INFO] [stderr]    Compiling futures-macro v0.3.31
[INFO] [stderr]    Compiling zerocopy-derive v0.7.35
[INFO] [stderr]    Compiling thiserror-impl v1.0.64
[INFO] [stderr]    Compiling zerocopy v0.7.35
[INFO] [stderr]    Compiling futures-util v0.3.31
[INFO] [stderr]    Compiling wasm-bindgen-macro-support v0.2.95
[INFO] [stderr]    Compiling rodio v0.19.0
[INFO] [stderr]    Compiling ppv-lite86 v0.2.20
[INFO] [stderr]    Compiling wasm-bindgen-macro v0.2.95
[INFO] [stderr]    Compiling rand_chacha v0.3.1
[INFO] [stderr]    Compiling rand v0.8.5
[INFO] [stderr]    Compiling futures-executor v0.3.31
[INFO] [stderr]    Compiling futures v0.3.31
[INFO] [stderr]    Compiling rstest v0.23.0
[INFO] [stderr]    Compiling data2sound v0.1.0 (/opt/rustwide/workdir)
[INFO] [stdout] warning: unused imports: `path::Path` and `vec`
[INFO] [stdout]  --> src/lib.rs:1:11
[INFO] [stdout]   |
[INFO] [stdout] 1 | use std::{path::Path, vec};
[INFO] [stdout]   |           ^^^^^^^^^^  ^^^
[INFO] [stdout]   |
[INFO] [stdout]   = note: `#[warn(unused_imports)]` on by default
[INFO] [stdout] 
[INFO] [stdout] 
[INFO] [stdout] warning: unused imports: `PureTones`, `ToneAndDuration`, `text2track::Text2Track`, and `text_analyzer::TextAnalyzer`
[INFO] [stdout]  --> src/lib.rs:4:17
[INFO] [stdout]   |
[INFO] [stdout] 4 |     pure_tone::{PureTones, ToneAndDuration},
[INFO] [stdout]   |                 ^^^^^^^^^  ^^^^^^^^^^^^^^^
[INFO] [stdout] 5 |     text2track::Text2Track,
[INFO] [stdout]   |     ^^^^^^^^^^^^^^^^^^^^^^
[INFO] [stdout] 6 |     text_analyzer::TextAnalyzer,
[INFO] [stdout]   |     ^^^^^^^^^^^^^^^^^^^^^^^^^^^
[INFO] [stdout] 
[INFO] [stdout] 
[INFO] [stdout] warning: unused import: `infrastructure::export_wav::export_wav`
[INFO] [stdout]   --> src/lib.rs:11:5
[INFO] [stdout]    |
[INFO] [stdout] 11 | use infrastructure::export_wav::export_wav;
[INFO] [stdout]    |     ^^^^^^^^^^^^^^^^^^^^^^^^^^^^^^^^^^^^^^
[INFO] [stdout] 
[INFO] [stdout] 
[INFO] [stdout] warning: unexpected `cfg` condition value: `console_error_panic_hook`
[INFO] [stdout]  --> src/utils.rs:8:11
[INFO] [stdout]   |
[INFO] [stdout] 8 |     #[cfg(feature = "console_error_panic_hook")]
[INFO] [stdout]   |           ^^^^^^^^^^^^^^^^^^^^^^^^^^^^^^^^^^^^ help: remove the condition
[INFO] [stdout]   |
[INFO] [stdout]   = note: no expected values for `feature`
[INFO] [stdout]   = help: consider adding `console_error_panic_hook` as a feature in `Cargo.toml`
[INFO] [stdout]   = note: see <https://doc.rust-lang.org/nightly/rustc/check-cfg/cargo-specifics.html> for more information about checking conditional configuration
[INFO] [stdout]   = note: `#[warn(unexpected_cfgs)]` on by default
[INFO] [stdout] 
[INFO] [stdout] 
[INFO] [stdout] warning: unexpected `cfg` condition name: `wasm_bindgen_unstable_test_coverage`
[INFO] [stdout]   --> src/lib.rs:22:1
[INFO] [stdout]    |
[INFO] [stdout] 22 | #[wasm_bindgen]
[INFO] [stdout]    | ^^^^^^^^^^^^^^^
[INFO] [stdout]    |
[INFO] [stdout]    = help: expected names are: `clippy`, `debug_assertions`, `doc`, `docsrs`, `doctest`, `feature`, `fmt_debug`, `miri`, `overflow_checks`, `panic`, `proc_macro`, `relocation_model`, `rustfmt`, `sanitize`, `sanitizer_cfi_generalize_pointers`, `sanitizer_cfi_normalize_integers`, `target_abi`, `target_arch`, `target_endian`, `target_env`, `target_family`, `target_feature`, `target_has_atomic`, `target_has_atomic_equal_alignment`, `target_has_atomic_load_store`, `target_os`, `target_pointer_width`, `target_thread_local`, `target_vendor`, `test`, `ub_checks`, `unix`, and `windows`
[INFO] [stdout]    = note: using a cfg inside a attribute macro will use the cfgs from the destination crate and not the ones from the defining crate
[INFO] [stdout]    = help: try referring to `wasm_bindgen` crate for guidance on how handle this unexpected cfg
[INFO] [stdout]    = help: the attribute macro `wasm_bindgen` may come from an old version of the `wasm_bindgen_macro` crate, try updating your dependency with `cargo update -p wasm_bindgen_macro`
[INFO] [stdout]    = note: see <https://doc.rust-lang.org/nightly/rustc/check-cfg/cargo-specifics.html> for more information about checking conditional configuration
[INFO] [stdout]    = note: this warning originates in the attribute macro `wasm_bindgen` (in Nightly builds, run with -Z macro-backtrace for more info)
[INFO] [stdout] 
[INFO] [stdout] 
[INFO] [stdout] warning: unused variable: `text_length`
[INFO] [stdout]   --> src/domain/text2track.rs:23:13
[INFO] [stdout]    |
[INFO] [stdout] 23 |         let text_length = self.text_analyzer.length();
[INFO] [stdout]    |             ^^^^^^^^^^^ help: if this is intentional, prefix it with an underscore: `_text_length`
[INFO] [stdout]    |
[INFO] [stdout]    = note: `#[warn(unused_variables)]` on by default
[INFO] [stdout] 
[INFO] [stdout] 
[INFO] [stdout] warning: unused variable: `hiragana_ratio`
[INFO] [stdout]   --> src/domain/text2track.rs:24:13
[INFO] [stdout]    |
[INFO] [stdout] 24 |         let hiragana_ratio = self.text_analyzer.calculate_hiragana_ratio();
[INFO] [stdout]    |             ^^^^^^^^^^^^^^ help: if this is intentional, prefix it with an underscore: `_hiragana_ratio`
[INFO] [stdout] 
[INFO] [stdout] 
[INFO] [stdout] warning: unused variable: `katakana_ratio`
[INFO] [stdout]   --> src/domain/text2track.rs:25:13
[INFO] [stdout]    |
[INFO] [stdout] 25 |         let katakana_ratio = self.text_analyzer.calculate_katakana_ratio();
[INFO] [stdout]    |             ^^^^^^^^^^^^^^ help: if this is intentional, prefix it with an underscore: `_katakana_ratio`
[INFO] [stdout] 
[INFO] [stdout] 
[INFO] [stdout] warning: unused variable: `kanji_ratio`
[INFO] [stdout]   --> src/domain/text2track.rs:26:13
[INFO] [stdout]    |
[INFO] [stdout] 26 |         let kanji_ratio = self.text_analyzer.calculate_kanji_ratio();
[INFO] [stdout]    |             ^^^^^^^^^^^ help: if this is intentional, prefix it with an underscore: `_kanji_ratio`
[INFO] [stdout] 
[INFO] [stdout] 
[INFO] [stdout] warning: unused variable: `alphabets_ratio`
[INFO] [stdout]   --> src/domain/text2track.rs:27:13
[INFO] [stdout]    |
[INFO] [stdout] 27 |         let alphabets_ratio = self.text_analyzer.calculate_alphabets_ratio();
[INFO] [stdout]    |             ^^^^^^^^^^^^^^^ help: if this is intentional, prefix it with an underscore: `_alphabets_ratio`
[INFO] [stdout] 
[INFO] [stdout] 
[INFO] [stdout] warning: struct `PureTones` is never constructed
[INFO] [stdout]  --> src/domain/pure_tone.rs:3:12
[INFO] [stdout]   |
[INFO] [stdout] 3 | pub struct PureTones {
[INFO] [stdout]   |            ^^^^^^^^^
[INFO] [stdout]   |
[INFO] [stdout]   = note: `#[warn(dead_code)]` on by default
[INFO] [stdout] 
[INFO] [stdout] 
[INFO] [stdout] warning: associated function `new` is never used
[INFO] [stdout]  --> src/domain/pure_tone.rs:8:12
[INFO] [stdout]   |
[INFO] [stdout] 7 | impl PureTones {
[INFO] [stdout]   | -------------- associated function in this implementation
[INFO] [stdout] 8 |     pub fn new(sample_rate: u32, track: Vec<ToneAndDuration>) -> Self {
[INFO] [stdout]   |            ^^^
[INFO] [stdout] 
[INFO] [stdout] 
[INFO] [stdout] warning: enum `TrackType` is never used
[INFO] [stdout]  --> src/domain/text2track.rs:6:6
[INFO] [stdout]   |
[INFO] [stdout] 6 | enum TrackType {
[INFO] [stdout]   |      ^^^^^^^^^
[INFO] [stdout] 
[INFO] [stdout] 
[INFO] [stdout] warning: struct `Text2Track` is never constructed
[INFO] [stdout]   --> src/domain/text2track.rs:13:12
[INFO] [stdout]    |
[INFO] [stdout] 13 | pub struct Text2Track {
[INFO] [stdout]    |            ^^^^^^^^^^
[INFO] [stdout] 
[INFO] [stdout] 
[INFO] [stdout] warning: multiple associated items are never used
[INFO] [stdout]    --> src/domain/text2track.rs:18:12
[INFO] [stdout]     |
[INFO] [stdout] 17  | impl Text2Track {
[INFO] [stdout]     | --------------- associated items in this implementation
[INFO] [stdout] 18  |     pub fn new(text_analyzer: TextAnalyzer) -> Self {
[INFO] [stdout]     |            ^^^
[INFO] [stdout] ...
[INFO] [stdout] 22  |     pub fn generate_track(&self) -> Vec<ToneAndDuration> {
[INFO] [stdout]     |            ^^^^^^^^^^^^^^
[INFO] [stdout] ...
[INFO] [stdout] 39  |     fn determine_track_type(&self) -> TrackType {
[INFO] [stdout]     |        ^^^^^^^^^^^^^^^^^^^^
[INFO] [stdout] ...
[INFO] [stdout] 60  |     fn generate_track_hiragana(&self) -> Vec<ToneAndDuration> {
[INFO] [stdout]     |        ^^^^^^^^^^^^^^^^^^^^^^^
[INFO] [stdout] ...
[INFO] [stdout] 189 |     fn generate_track_katakana(&self) -> Vec<ToneAndDuration> {
[INFO] [stdout]     |        ^^^^^^^^^^^^^^^^^^^^^^^
[INFO] [stdout] ...
[INFO] [stdout] 406 |     fn generate_track_kanji(&self) -> Vec<ToneAndDuration> {
[INFO] [stdout]     |        ^^^^^^^^^^^^^^^^^^^^
[INFO] [stdout] ...
[INFO] [stdout] 567 |     fn generate_track_alphabets(&self) -> Vec<ToneAndDuration> {
[INFO] [stdout]     |        ^^^^^^^^^^^^^^^^^^^^^^^^
[INFO] [stdout] 
[INFO] [stdout] 
[INFO] [stdout] warning: struct `TextAnalyzer` is never constructed
[INFO] [stdout]  --> src/domain/text_analyzer.rs:1:12
[INFO] [stdout]   |
[INFO] [stdout] 1 | pub struct TextAnalyzer {
[INFO] [stdout]   |            ^^^^^^^^^^^^
[INFO] [stdout] 
[INFO] [stdout] 
[INFO] [stdout] warning: multiple associated items are never used
[INFO] [stdout]   --> src/domain/text_analyzer.rs:6:12
[INFO] [stdout]    |
[INFO] [stdout] 5  | impl TextAnalyzer {
[INFO] [stdout]    | ----------------- associated items in this implementation
[INFO] [stdout] 6  |     pub fn new(text: String) -> Self {
[INFO] [stdout]    |            ^^^
[INFO] [stdout] ...
[INFO] [stdout] 10 |     pub fn length(&self) -> usize {
[INFO] [stdout]    |            ^^^^^^
[INFO] [stdout] ...
[INFO] [stdout] 14 |     pub fn calculate_hiragana_ratio(&self) -> f32 {
[INFO] [stdout]    |            ^^^^^^^^^^^^^^^^^^^^^^^^
[INFO] [stdout] ...
[INFO] [stdout] 18 |     pub fn calculate_katakana_ratio(&self) -> f32 {
[INFO] [stdout]    |            ^^^^^^^^^^^^^^^^^^^^^^^^
[INFO] [stdout] ...
[INFO] [stdout] 22 |     pub fn calculate_kanji_ratio(&self) -> f32 {
[INFO] [stdout]    |            ^^^^^^^^^^^^^^^^^^^^^
[INFO] [stdout] ...
[INFO] [stdout] 26 |     pub fn calculate_alphabets_ratio(&self) -> f32 {
[INFO] [stdout]    |            ^^^^^^^^^^^^^^^^^^^^^^^^^
[INFO] [stdout] ...
[INFO] [stdout] 30 |     fn count_hiragana(&self) -> usize {
[INFO] [stdout]    |        ^^^^^^^^^^^^^^
[INFO] [stdout] ...
[INFO] [stdout] 37 |     fn count_katakana(&self) -> usize {
[INFO] [stdout]    |        ^^^^^^^^^^^^^^
[INFO] [stdout] ...
[INFO] [stdout] 44 |     fn count_kanji(&self) -> usize {
[INFO] [stdout]    |        ^^^^^^^^^^^
[INFO] [stdout] ...
[INFO] [stdout] 51 |     fn count_alphabets(&self) -> usize {
[INFO] [stdout]    |        ^^^^^^^^^^^^^^^
[INFO] [stdout] 
[INFO] [stdout] 
[INFO] [stdout] warning: function `export_wav` is never used
[INFO] [stdout]  --> src/infrastructure/export_wav.rs:3:8
[INFO] [stdout]   |
[INFO] [stdout] 3 | pub fn export_wav(
[INFO] [stdout]   |        ^^^^^^^^^^
[INFO] [stdout] 
[INFO] [stdout] 
[INFO] [stdout] warning: function `set_panic_hook` is never used
[INFO] [stdout]  --> src/utils.rs:1:8
[INFO] [stdout]   |
[INFO] [stdout] 1 | pub fn set_panic_hook() {
[INFO] [stdout]   |        ^^^^^^^^^^^^^^
[INFO] [stdout] 
[INFO] [stdout] 
[INFO] [stdout] warning: unused import: `vec`
[INFO] [stdout]  --> src/main.rs:1:23
[INFO] [stdout]   |
[INFO] [stdout] 1 | use std::{path::Path, vec};
[INFO] [stdout]   |                       ^^^
[INFO] [stdout]   |
[INFO] [stdout]   = note: `#[warn(unused_imports)]` on by default
[INFO] [stdout] 
[INFO] [stdout] 
[INFO] [stdout] warning: unused import: `ToneAndDuration`
[INFO] [stdout]  --> src/main.rs:4:28
[INFO] [stdout]   |
[INFO] [stdout] 4 |     pure_tone::{PureTones, ToneAndDuration},
[INFO] [stdout]   |                            ^^^^^^^^^^^^^^^
[INFO] [stdout] 
[INFO] [stdout] 
[INFO] [stdout] warning: unused variable: `text_length`
[INFO] [stdout]   --> src/domain/text2track.rs:23:13
[INFO] [stdout]    |
[INFO] [stdout] 23 |         let text_length = self.text_analyzer.length();
[INFO] [stdout]    |             ^^^^^^^^^^^ help: if this is intentional, prefix it with an underscore: `_text_length`
[INFO] [stdout]    |
[INFO] [stdout]    = note: `#[warn(unused_variables)]` on by default
[INFO] [stdout] 
[INFO] [stdout] 
[INFO] [stdout] warning: unused variable: `hiragana_ratio`
[INFO] [stdout]   --> src/domain/text2track.rs:24:13
[INFO] [stdout]    |
[INFO] [stdout] 24 |         let hiragana_ratio = self.text_analyzer.calculate_hiragana_ratio();
[INFO] [stdout]    |             ^^^^^^^^^^^^^^ help: if this is intentional, prefix it with an underscore: `_hiragana_ratio`
[INFO] [stdout] 
[INFO] [stdout] 
[INFO] [stdout] warning: unused variable: `katakana_ratio`
[INFO] [stdout]   --> src/domain/text2track.rs:25:13
[INFO] [stdout]    |
[INFO] [stdout] 25 |         let katakana_ratio = self.text_analyzer.calculate_katakana_ratio();
[INFO] [stdout]    |             ^^^^^^^^^^^^^^ help: if this is intentional, prefix it with an underscore: `_katakana_ratio`
[INFO] [stdout] 
[INFO] [stdout] 
[INFO] [stdout] warning: unused variable: `kanji_ratio`
[INFO] [stdout]   --> src/domain/text2track.rs:26:13
[INFO] [stdout]    |
[INFO] [stdout] 26 |         let kanji_ratio = self.text_analyzer.calculate_kanji_ratio();
[INFO] [stdout]    |             ^^^^^^^^^^^ help: if this is intentional, prefix it with an underscore: `_kanji_ratio`
[INFO] [stdout] 
[INFO] [stdout] 
[INFO] [stdout] warning: unused variable: `alphabets_ratio`
[INFO] [stdout]   --> src/domain/text2track.rs:27:13
[INFO] [stdout]    |
[INFO] [stdout] 27 |         let alphabets_ratio = self.text_analyzer.calculate_alphabets_ratio();
[INFO] [stdout]    |             ^^^^^^^^^^^^^^^ help: if this is intentional, prefix it with an underscore: `_alphabets_ratio`
[INFO] [stdout] 
[INFO] [stdout] 
[INFO] [stderr]     Finished `dev` profile [unoptimized + debuginfo] target(s) in 30.78s
[INFO] running `Command { std: "docker" "inspect" "e79d33930cffd969f5035b77222d12628930e7c151582ea408c7622f52fb3ada", kill_on_drop: false }`
[INFO] running `Command { std: "docker" "rm" "-f" "e79d33930cffd969f5035b77222d12628930e7c151582ea408c7622f52fb3ada", kill_on_drop: false }`
[INFO] [stdout] e79d33930cffd969f5035b77222d12628930e7c151582ea408c7622f52fb3ada
[INFO] running `Command { std: "docker" "create" "-v" "/var/lib/crater-agent-workspace/builds/worker-4-tc2/target:/opt/rustwide/target:rw,Z" "-v" "/var/lib/crater-agent-workspace/builds/worker-4-tc2/source:/opt/rustwide/workdir:ro,Z" "-v" "/var/lib/crater-agent-workspace/cargo-home:/opt/rustwide/cargo-home:ro,Z" "-v" "/var/lib/crater-agent-workspace/rustup-home:/opt/rustwide/rustup-home:ro,Z" "-e" "SOURCE_DIR=/opt/rustwide/workdir" "-e" "CARGO_TARGET_DIR=/opt/rustwide/target" "-e" "CARGO_INCREMENTAL=0" "-e" "RUST_BACKTRACE=full" "-e" "RUSTFLAGS=--cap-lints=forbid -Zrandomize-layout" "-e" "RUSTDOCFLAGS=--cap-lints=forbid" "-e" "CARGO_HOME=/opt/rustwide/cargo-home" "-e" "RUSTUP_HOME=/opt/rustwide/rustup-home" "-w" "/opt/rustwide/workdir" "-m" "1610612736" "--user" "0:0" "--network" "none" "ghcr.io/rust-lang/crates-build-env/linux@sha256:819108c5571ea2e421544af4d832f968d213c87fbe3707a016657f43d2f853bc" "/opt/rustwide/cargo-home/bin/cargo" "+nightly-2025-01-18" "test" "--frozen" "--no-run" "--message-format=json", kill_on_drop: false }`
[INFO] [stdout] ee16e7c229e521ee0a50d2afc80e99402ed478100ccdffa07b845fa8810f2b83
[INFO] running `Command { std: "docker" "start" "-a" "ee16e7c229e521ee0a50d2afc80e99402ed478100ccdffa07b845fa8810f2b83", kill_on_drop: false }`
[INFO] [stdout] warning: unused imports: `path::Path` and `vec`
[INFO] [stdout]  --> src/lib.rs:1:11
[INFO] [stdout]   |
[INFO] [stdout] 1 | use std::{path::Path, vec};
[INFO] [stdout]   |           ^^^^^^^^^^  ^^^
[INFO] [stdout]   |
[INFO] [stdout]   = note: `#[warn(unused_imports)]` on by default
[INFO] [stdout] 
[INFO] [stdout] 
[INFO] [stdout] warning: unused imports: `PureTones`, `ToneAndDuration`, `text2track::Text2Track`, and `text_analyzer::TextAnalyzer`
[INFO] [stdout]  --> src/lib.rs:4:17
[INFO] [stdout]   |
[INFO] [stdout] 4 |     pure_tone::{PureTones, ToneAndDuration},
[INFO] [stdout]   |                 ^^^^^^^^^  ^^^^^^^^^^^^^^^
[INFO] [stdout] 5 |     text2track::Text2Track,
[INFO] [stdout]   |     ^^^^^^^^^^^^^^^^^^^^^^
[INFO] [stdout] 6 |     text_analyzer::TextAnalyzer,
[INFO] [stdout]   |     ^^^^^^^^^^^^^^^^^^^^^^^^^^^
[INFO] [stdout] 
[INFO] [stdout] 
[INFO] [stdout] warning: unused import: `infrastructure::export_wav::export_wav`
[INFO] [stdout]   --> src/lib.rs:11:5
[INFO] [stdout]    |
[INFO] [stdout] 11 | use infrastructure::export_wav::export_wav;
[INFO] [stdout]    |     ^^^^^^^^^^^^^^^^^^^^^^^^^^^^^^^^^^^^^^
[INFO] [stdout] 
[INFO] [stdout] 
[INFO] [stdout] warning: unexpected `cfg` condition value: `console_error_panic_hook`
[INFO] [stdout]  --> src/utils.rs:8:11
[INFO] [stdout]   |
[INFO] [stdout] 8 |     #[cfg(feature = "console_error_panic_hook")]
[INFO] [stdout]   |           ^^^^^^^^^^^^^^^^^^^^^^^^^^^^^^^^^^^^ help: remove the condition
[INFO] [stdout]   |
[INFO] [stdout]   = note: no expected values for `feature`
[INFO] [stdout]   = help: consider adding `console_error_panic_hook` as a feature in `Cargo.toml`
[INFO] [stdout]   = note: see <https://doc.rust-lang.org/nightly/rustc/check-cfg/cargo-specifics.html> for more information about checking conditional configuration
[INFO] [stdout]   = note: `#[warn(unexpected_cfgs)]` on by default
[INFO] [stdout] 
[INFO] [stdout] 
[INFO] [stdout] warning: unexpected `cfg` condition name: `wasm_bindgen_unstable_test_coverage`
[INFO] [stdout]   --> src/lib.rs:22:1
[INFO] [stdout]    |
[INFO] [stdout] 22 | #[wasm_bindgen]
[INFO] [stdout]    | ^^^^^^^^^^^^^^^
[INFO] [stdout]    |
[INFO] [stdout]    = help: expected names are: `clippy`, `debug_assertions`, `doc`, `docsrs`, `doctest`, `feature`, `fmt_debug`, `miri`, `overflow_checks`, `panic`, `proc_macro`, `relocation_model`, `rustfmt`, `sanitize`, `sanitizer_cfi_generalize_pointers`, `sanitizer_cfi_normalize_integers`, `target_abi`, `target_arch`, `target_endian`, `target_env`, `target_family`, `target_feature`, `target_has_atomic`, `target_has_atomic_equal_alignment`, `target_has_atomic_load_store`, `target_os`, `target_pointer_width`, `target_thread_local`, `target_vendor`, `test`, `ub_checks`, `unix`, and `windows`
[INFO] [stdout]    = note: using a cfg inside a attribute macro will use the cfgs from the destination crate and not the ones from the defining crate
[INFO] [stdout]    = help: try referring to `wasm_bindgen` crate for guidance on how handle this unexpected cfg
[INFO] [stdout]    = help: the attribute macro `wasm_bindgen` may come from an old version of the `wasm_bindgen_macro` crate, try updating your dependency with `cargo update -p wasm_bindgen_macro`
[INFO] [stdout]    = note: see <https://doc.rust-lang.org/nightly/rustc/check-cfg/cargo-specifics.html> for more information about checking conditional configuration
[INFO] [stdout]    = note: this warning originates in the attribute macro `wasm_bindgen` (in Nightly builds, run with -Z macro-backtrace for more info)
[INFO] [stdout] 
[INFO] [stdout] 
[INFO] [stdout] warning: unused variable: `text_length`
[INFO] [stdout]   --> src/domain/text2track.rs:23:13
[INFO] [stdout]    |
[INFO] [stdout] 23 |         let text_length = self.text_analyzer.length();
[INFO] [stdout]    |             ^^^^^^^^^^^ help: if this is intentional, prefix it with an underscore: `_text_length`
[INFO] [stdout]    |
[INFO] [stdout]    = note: `#[warn(unused_variables)]` on by default
[INFO] [stdout] 
[INFO] [stdout] 
[INFO] [stdout] warning: unused variable: `hiragana_ratio`
[INFO] [stdout]   --> src/domain/text2track.rs:24:13
[INFO] [stdout]    |
[INFO] [stdout] 24 |         let hiragana_ratio = self.text_analyzer.calculate_hiragana_ratio();
[INFO] [stdout]    |             ^^^^^^^^^^^^^^ help: if this is intentional, prefix it with an underscore: `_hiragana_ratio`
[INFO] [stdout] 
[INFO] [stdout] 
[INFO] [stdout] warning: unused variable: `katakana_ratio`
[INFO] [stdout]   --> src/domain/text2track.rs:25:13
[INFO] [stdout]    |
[INFO] [stdout] 25 |         let katakana_ratio = self.text_analyzer.calculate_katakana_ratio();
[INFO] [stdout]    |             ^^^^^^^^^^^^^^ help: if this is intentional, prefix it with an underscore: `_katakana_ratio`
[INFO] [stdout] 
[INFO] [stdout] 
[INFO] [stdout] warning: unused variable: `kanji_ratio`
[INFO] [stdout]   --> src/domain/text2track.rs:26:13
[INFO] [stdout]    |
[INFO] [stdout] 26 |         let kanji_ratio = self.text_analyzer.calculate_kanji_ratio();
[INFO] [stdout]    |             ^^^^^^^^^^^ help: if this is intentional, prefix it with an underscore: `_kanji_ratio`
[INFO] [stdout] 
[INFO] [stdout] 
[INFO] [stdout] warning: unused variable: `alphabets_ratio`
[INFO] [stdout]   --> src/domain/text2track.rs:27:13
[INFO] [stdout]    |
[INFO] [stdout] 27 |         let alphabets_ratio = self.text_analyzer.calculate_alphabets_ratio();
[INFO] [stdout]    |             ^^^^^^^^^^^^^^^ help: if this is intentional, prefix it with an underscore: `_alphabets_ratio`
[INFO] [stdout] 
[INFO] [stdout] 
[INFO] [stdout] warning: struct `PureTones` is never constructed
[INFO] [stdout]  --> src/domain/pure_tone.rs:3:12
[INFO] [stdout]   |
[INFO] [stdout] 3 | pub struct PureTones {
[INFO] [stdout]   |            ^^^^^^^^^
[INFO] [stdout]   |
[INFO] [stdout]   = note: `#[warn(dead_code)]` on by default
[INFO] [stdout] 
[INFO] [stdout] 
[INFO] [stdout] warning: associated function `new` is never used
[INFO] [stdout]  --> src/domain/pure_tone.rs:8:12
[INFO] [stdout]   |
[INFO] [stdout] 7 | impl PureTones {
[INFO] [stdout]   | -------------- associated function in this implementation
[INFO] [stdout] 8 |     pub fn new(sample_rate: u32, track: Vec<ToneAndDuration>) -> Self {
[INFO] [stdout]   |            ^^^
[INFO] [stdout] 
[INFO] [stdout] 
[INFO] [stdout] warning: enum `TrackType` is never used
[INFO] [stdout]  --> src/domain/text2track.rs:6:6
[INFO] [stdout]   |
[INFO] [stdout] 6 | enum TrackType {
[INFO] [stdout]   |      ^^^^^^^^^
[INFO] [stdout] 
[INFO] [stdout] 
[INFO] [stdout] warning: struct `Text2Track` is never constructed
[INFO] [stdout]   --> src/domain/text2track.rs:13:12
[INFO] [stdout]    |
[INFO] [stdout] 13 | pub struct Text2Track {
[INFO] [stdout]    |            ^^^^^^^^^^
[INFO] [stdout] 
[INFO] [stdout] 
[INFO] [stdout] warning: multiple associated items are never used
[INFO] [stdout]    --> src/domain/text2track.rs:18:12
[INFO] [stdout]     |
[INFO] [stdout] 17  | impl Text2Track {
[INFO] [stdout]     | --------------- associated items in this implementation
[INFO] [stdout] 18  |     pub fn new(text_analyzer: TextAnalyzer) -> Self {
[INFO] [stdout]     |            ^^^
[INFO] [stdout] ...
[INFO] [stdout] 22  |     pub fn generate_track(&self) -> Vec<ToneAndDuration> {
[INFO] [stdout]     |            ^^^^^^^^^^^^^^
[INFO] [stdout] ...
[INFO] [stdout] 39  |     fn determine_track_type(&self) -> TrackType {
[INFO] [stdout]     |        ^^^^^^^^^^^^^^^^^^^^
[INFO] [stdout] ...
[INFO] [stdout] 60  |     fn generate_track_hiragana(&self) -> Vec<ToneAndDuration> {
[INFO] [stdout]     |        ^^^^^^^^^^^^^^^^^^^^^^^
[INFO] [stdout] ...
[INFO] [stdout] 189 |     fn generate_track_katakana(&self) -> Vec<ToneAndDuration> {
[INFO] [stdout]     |        ^^^^^^^^^^^^^^^^^^^^^^^
[INFO] [stdout] ...
[INFO] [stdout] 406 |     fn generate_track_kanji(&self) -> Vec<ToneAndDuration> {
[INFO] [stdout]     |        ^^^^^^^^^^^^^^^^^^^^
[INFO] [stdout] ...
[INFO] [stdout] 567 |     fn generate_track_alphabets(&self) -> Vec<ToneAndDuration> {
[INFO] [stdout]     |        ^^^^^^^^^^^^^^^^^^^^^^^^
[INFO] [stdout] 
[INFO] [stdout] 
[INFO] [stdout] warning: struct `TextAnalyzer` is never constructed
[INFO] [stdout]  --> src/domain/text_analyzer.rs:1:12
[INFO] [stdout]   |
[INFO] [stdout] 1 | pub struct TextAnalyzer {
[INFO] [stdout]   |            ^^^^^^^^^^^^
[INFO] [stdout] 
[INFO] [stdout] 
[INFO] [stdout] warning: multiple associated items are never used
[INFO] [stdout]   --> src/domain/text_analyzer.rs:6:12
[INFO] [stdout]    |
[INFO] [stdout] 5  | impl TextAnalyzer {
[INFO] [stdout]    | ----------------- associated items in this implementation
[INFO] [stdout] 6  |     pub fn new(text: String) -> Self {
[INFO] [stdout]    |            ^^^
[INFO] [stdout] ...
[INFO] [stdout] 10 |     pub fn length(&self) -> usize {
[INFO] [stdout]    |            ^^^^^^
[INFO] [stdout] ...
[INFO] [stdout] 14 |     pub fn calculate_hiragana_ratio(&self) -> f32 {
[INFO] [stdout]    |            ^^^^^^^^^^^^^^^^^^^^^^^^
[INFO] [stdout] ...
[INFO] [stdout] 18 |     pub fn calculate_katakana_ratio(&self) -> f32 {
[INFO] [stdout]    |            ^^^^^^^^^^^^^^^^^^^^^^^^
[INFO] [stdout] ...
[INFO] [stdout] 22 |     pub fn calculate_kanji_ratio(&self) -> f32 {
[INFO] [stdout]    |            ^^^^^^^^^^^^^^^^^^^^^
[INFO] [stdout] ...
[INFO] [stdout] 26 |     pub fn calculate_alphabets_ratio(&self) -> f32 {
[INFO] [stdout]    |            ^^^^^^^^^^^^^^^^^^^^^^^^^
[INFO] [stdout] ...
[INFO] [stdout] 30 |     fn count_hiragana(&self) -> usize {
[INFO] [stdout]    |        ^^^^^^^^^^^^^^
[INFO] [stdout] ...
[INFO] [stdout] 37 |     fn count_katakana(&self) -> usize {
[INFO] [stdout]    |        ^^^^^^^^^^^^^^
[INFO] [stdout] ...
[INFO] [stdout] 44 |     fn count_kanji(&self) -> usize {
[INFO] [stdout]    |        ^^^^^^^^^^^
[INFO] [stdout] ...
[INFO] [stdout] 51 |     fn count_alphabets(&self) -> usize {
[INFO] [stdout]    |        ^^^^^^^^^^^^^^^
[INFO] [stdout] 
[INFO] [stdout] 
[INFO] [stdout] warning: function `export_wav` is never used
[INFO] [stdout]  --> src/infrastructure/export_wav.rs:3:8
[INFO] [stdout]   |
[INFO] [stdout] 3 | pub fn export_wav(
[INFO] [stdout]   |        ^^^^^^^^^^
[INFO] [stdout] 
[INFO] [stdout] 
[INFO] [stdout] warning: function `set_panic_hook` is never used
[INFO] [stdout]  --> src/utils.rs:1:8
[INFO] [stdout]   |
[INFO] [stdout] 1 | pub fn set_panic_hook() {
[INFO] [stdout]   |        ^^^^^^^^^^^^^^
[INFO] [stdout] 
[INFO] [stdout] 
[INFO] [stderr]    Compiling data2sound v0.1.0 (/opt/rustwide/workdir)
[INFO] [stdout] warning: unused import: `vec`
[INFO] [stdout]  --> src/main.rs:1:23
[INFO] [stdout]   |
[INFO] [stdout] 1 | use std::{path::Path, vec};
[INFO] [stdout]   |                       ^^^
[INFO] [stdout]   |
[INFO] [stdout]   = note: `#[warn(unused_imports)]` on by default
[INFO] [stdout] 
[INFO] [stdout] 
[INFO] [stdout] warning: unused import: `ToneAndDuration`
[INFO] [stdout]  --> src/main.rs:4:28
[INFO] [stdout]   |
[INFO] [stdout] 4 |     pure_tone::{PureTones, ToneAndDuration},
[INFO] [stdout]   |                            ^^^^^^^^^^^^^^^
[INFO] [stdout] 
[INFO] [stdout] 
[INFO] [stdout] warning: unused imports: `path::Path` and `vec`
[INFO] [stdout]  --> src/lib.rs:1:11
[INFO] [stdout]   |
[INFO] [stdout] 1 | use std::{path::Path, vec};
[INFO] [stdout]   |           ^^^^^^^^^^  ^^^
[INFO] [stdout]   |
[INFO] [stdout]   = note: `#[warn(unused_imports)]` on by default
[INFO] [stdout] 
[INFO] [stdout] 
[INFO] [stdout] warning: unused imports: `PureTones`, `ToneAndDuration`, `text2track::Text2Track`, and `text_analyzer::TextAnalyzer`
[INFO] [stdout]  --> src/lib.rs:4:17
[INFO] [stdout]   |
[INFO] [stdout] 4 |     pure_tone::{PureTones, ToneAndDuration},
[INFO] [stdout]   |                 ^^^^^^^^^  ^^^^^^^^^^^^^^^
[INFO] [stdout] 5 |     text2track::Text2Track,
[INFO] [stdout]   |     ^^^^^^^^^^^^^^^^^^^^^^
[INFO] [stdout] 6 |     text_analyzer::TextAnalyzer,
[INFO] [stdout]   |     ^^^^^^^^^^^^^^^^^^^^^^^^^^^
[INFO] [stdout] 
[INFO] [stdout] 
[INFO] [stdout] warning: unused import: `infrastructure::export_wav::export_wav`
[INFO] [stdout]   --> src/lib.rs:11:5
[INFO] [stdout]    |
[INFO] [stdout] 11 | use infrastructure::export_wav::export_wav;
[INFO] [stdout]    |     ^^^^^^^^^^^^^^^^^^^^^^^^^^^^^^^^^^^^^^
[INFO] [stdout] 
[INFO] [stdout] 
[INFO] [stdout] warning: unexpected `cfg` condition value: `console_error_panic_hook`
[INFO] [stdout]  --> src/utils.rs:8:11
[INFO] [stdout]   |
[INFO] [stdout] 8 |     #[cfg(feature = "console_error_panic_hook")]
[INFO] [stdout]   |           ^^^^^^^^^^^^^^^^^^^^^^^^^^^^^^^^^^^^ help: remove the condition
[INFO] [stdout]   |
[INFO] [stdout]   = note: no expected values for `feature`
[INFO] [stdout]   = help: consider adding `console_error_panic_hook` as a feature in `Cargo.toml`
[INFO] [stdout]   = note: see <https://doc.rust-lang.org/nightly/rustc/check-cfg/cargo-specifics.html> for more information about checking conditional configuration
[INFO] [stdout]   = note: `#[warn(unexpected_cfgs)]` on by default
[INFO] [stdout] 
[INFO] [stdout] 
[INFO] [stdout] warning: unexpected `cfg` condition name: `wasm_bindgen_unstable_test_coverage`
[INFO] [stdout]   --> src/lib.rs:22:1
[INFO] [stdout]    |
[INFO] [stdout] 22 | #[wasm_bindgen]
[INFO] [stdout]    | ^^^^^^^^^^^^^^^
[INFO] [stdout]    |
[INFO] [stdout]    = help: expected names are: `clippy`, `debug_assertions`, `doc`, `docsrs`, `doctest`, `feature`, `fmt_debug`, `miri`, `overflow_checks`, `panic`, `proc_macro`, `relocation_model`, `rustfmt`, `sanitize`, `sanitizer_cfi_generalize_pointers`, `sanitizer_cfi_normalize_integers`, `target_abi`, `target_arch`, `target_endian`, `target_env`, `target_family`, `target_feature`, `target_has_atomic`, `target_has_atomic_equal_alignment`, `target_has_atomic_load_store`, `target_os`, `target_pointer_width`, `target_thread_local`, `target_vendor`, `test`, `ub_checks`, `unix`, and `windows`
[INFO] [stdout]    = note: using a cfg inside a attribute macro will use the cfgs from the destination crate and not the ones from the defining crate
[INFO] [stdout]    = help: try referring to `wasm_bindgen` crate for guidance on how handle this unexpected cfg
[INFO] [stdout]    = help: the attribute macro `wasm_bindgen` may come from an old version of the `wasm_bindgen_macro` crate, try updating your dependency with `cargo update -p wasm_bindgen_macro`
[INFO] [stdout]    = note: see <https://doc.rust-lang.org/nightly/rustc/check-cfg/cargo-specifics.html> for more information about checking conditional configuration
[INFO] [stdout]    = note: this warning originates in the attribute macro `wasm_bindgen` (in Nightly builds, run with -Z macro-backtrace for more info)
[INFO] [stdout] 
[INFO] [stdout] 
[INFO] [stdout] warning: unused variable: `text_length`
[INFO] [stdout]   --> src/domain/text2track.rs:23:13
[INFO] [stdout]    |
[INFO] [stdout] 23 |         let text_length = self.text_analyzer.length();
[INFO] [stdout]    |             ^^^^^^^^^^^ help: if this is intentional, prefix it with an underscore: `_text_length`
[INFO] [stdout]    |
[INFO] [stdout]    = note: `#[warn(unused_variables)]` on by default
[INFO] [stdout] 
[INFO] [stdout] 
[INFO] [stdout] warning: unused variable: `hiragana_ratio`
[INFO] [stdout]   --> src/domain/text2track.rs:24:13
[INFO] [stdout]    |
[INFO] [stdout] 24 |         let hiragana_ratio = self.text_analyzer.calculate_hiragana_ratio();
[INFO] [stdout]    |             ^^^^^^^^^^^^^^ help: if this is intentional, prefix it with an underscore: `_hiragana_ratio`
[INFO] [stdout] 
[INFO] [stdout] 
[INFO] [stdout] warning: unused variable: `katakana_ratio`
[INFO] [stdout]   --> src/domain/text2track.rs:25:13
[INFO] [stdout]    |
[INFO] [stdout] 25 |         let katakana_ratio = self.text_analyzer.calculate_katakana_ratio();
[INFO] [stdout]    |             ^^^^^^^^^^^^^^ help: if this is intentional, prefix it with an underscore: `_katakana_ratio`
[INFO] [stdout] 
[INFO] [stdout] 
[INFO] [stdout] warning: unused variable: `kanji_ratio`
[INFO] [stdout]   --> src/domain/text2track.rs:26:13
[INFO] [stdout]    |
[INFO] [stdout] 26 |         let kanji_ratio = self.text_analyzer.calculate_kanji_ratio();
[INFO] [stdout]    |             ^^^^^^^^^^^ help: if this is intentional, prefix it with an underscore: `_kanji_ratio`
[INFO] [stdout] 
[INFO] [stdout] 
[INFO] [stdout] warning: unused variable: `alphabets_ratio`
[INFO] [stdout]   --> src/domain/text2track.rs:27:13
[INFO] [stdout]    |
[INFO] [stdout] 27 |         let alphabets_ratio = self.text_analyzer.calculate_alphabets_ratio();
[INFO] [stdout]    |             ^^^^^^^^^^^^^^^ help: if this is intentional, prefix it with an underscore: `_alphabets_ratio`
[INFO] [stdout] 
[INFO] [stdout] 
[INFO] [stdout] warning: unused variable: `text_length`
[INFO] [stdout]   --> src/domain/text2track.rs:23:13
[INFO] [stdout]    |
[INFO] [stdout] 23 |         let text_length = self.text_analyzer.length();
[INFO] [stdout]    |             ^^^^^^^^^^^ help: if this is intentional, prefix it with an underscore: `_text_length`
[INFO] [stdout]    |
[INFO] [stdout]    = note: `#[warn(unused_variables)]` on by default
[INFO] [stdout] 
[INFO] [stdout] 
[INFO] [stdout] warning: unused variable: `hiragana_ratio`
[INFO] [stdout]   --> src/domain/text2track.rs:24:13
[INFO] [stdout]    |
[INFO] [stdout] 24 |         let hiragana_ratio = self.text_analyzer.calculate_hiragana_ratio();
[INFO] [stdout]    |             ^^^^^^^^^^^^^^ help: if this is intentional, prefix it with an underscore: `_hiragana_ratio`
[INFO] [stdout] 
[INFO] [stdout] 
[INFO] [stdout] warning: unused variable: `katakana_ratio`
[INFO] [stdout]   --> src/domain/text2track.rs:25:13
[INFO] [stdout]    |
[INFO] [stdout] 25 |         let katakana_ratio = self.text_analyzer.calculate_katakana_ratio();
[INFO] [stdout]    |             ^^^^^^^^^^^^^^ help: if this is intentional, prefix it with an underscore: `_katakana_ratio`
[INFO] [stdout] 
[INFO] [stdout] 
[INFO] [stdout] warning: unused variable: `kanji_ratio`
[INFO] [stdout]   --> src/domain/text2track.rs:26:13
[INFO] [stdout]    |
[INFO] [stdout] 26 |         let kanji_ratio = self.text_analyzer.calculate_kanji_ratio();
[INFO] [stdout]    |             ^^^^^^^^^^^ help: if this is intentional, prefix it with an underscore: `_kanji_ratio`
[INFO] [stdout] 
[INFO] [stdout] 
[INFO] [stdout] warning: unused variable: `alphabets_ratio`
[INFO] [stdout]   --> src/domain/text2track.rs:27:13
[INFO] [stdout]    |
[INFO] [stdout] 27 |         let alphabets_ratio = self.text_analyzer.calculate_alphabets_ratio();
[INFO] [stdout]    |             ^^^^^^^^^^^^^^^ help: if this is intentional, prefix it with an underscore: `_alphabets_ratio`
[INFO] [stdout] 
[INFO] [stdout] 
[INFO] [stdout] warning: struct `PureTones` is never constructed
[INFO] [stdout]  --> src/domain/pure_tone.rs:3:12
[INFO] [stdout]   |
[INFO] [stdout] 3 | pub struct PureTones {
[INFO] [stdout]   |            ^^^^^^^^^
[INFO] [stdout]   |
[INFO] [stdout]   = note: `#[warn(dead_code)]` on by default
[INFO] [stdout] 
[INFO] [stdout] 
[INFO] [stdout] warning: associated function `new` is never used
[INFO] [stdout]  --> src/domain/pure_tone.rs:8:12
[INFO] [stdout]   |
[INFO] [stdout] 7 | impl PureTones {
[INFO] [stdout]   | -------------- associated function in this implementation
[INFO] [stdout] 8 |     pub fn new(sample_rate: u32, track: Vec<ToneAndDuration>) -> Self {
[INFO] [stdout]   |            ^^^
[INFO] [stdout] 
[INFO] [stdout] 
[INFO] [stdout] warning: function `export_wav` is never used
[INFO] [stdout]  --> src/infrastructure/export_wav.rs:3:8
[INFO] [stdout]   |
[INFO] [stdout] 3 | pub fn export_wav(
[INFO] [stdout]   |        ^^^^^^^^^^
[INFO] [stdout] 
[INFO] [stdout] 
[INFO] [stdout] warning: function `set_panic_hook` is never used
[INFO] [stdout]  --> src/utils.rs:1:8
[INFO] [stdout]   |
[INFO] [stdout] 1 | pub fn set_panic_hook() {
[INFO] [stdout]   |        ^^^^^^^^^^^^^^
[INFO] [stdout] 
[INFO] [stdout] 
[INFO] [stderr]     Finished `test` profile [unoptimized + debuginfo] target(s) in 1.00s
[INFO] running `Command { std: "docker" "inspect" "ee16e7c229e521ee0a50d2afc80e99402ed478100ccdffa07b845fa8810f2b83", kill_on_drop: false }`
[INFO] running `Command { std: "docker" "rm" "-f" "ee16e7c229e521ee0a50d2afc80e99402ed478100ccdffa07b845fa8810f2b83", kill_on_drop: false }`
[INFO] [stdout] ee16e7c229e521ee0a50d2afc80e99402ed478100ccdffa07b845fa8810f2b83
[INFO] running `Command { std: "docker" "create" "-v" "/var/lib/crater-agent-workspace/builds/worker-4-tc2/target:/opt/rustwide/target:rw,Z" "-v" "/var/lib/crater-agent-workspace/builds/worker-4-tc2/source:/opt/rustwide/workdir:ro,Z" "-v" "/var/lib/crater-agent-workspace/cargo-home:/opt/rustwide/cargo-home:ro,Z" "-v" "/var/lib/crater-agent-workspace/rustup-home:/opt/rustwide/rustup-home:ro,Z" "-e" "SOURCE_DIR=/opt/rustwide/workdir" "-e" "CARGO_TARGET_DIR=/opt/rustwide/target" "-e" "CARGO_INCREMENTAL=0" "-e" "RUST_BACKTRACE=full" "-e" "RUSTFLAGS=--cap-lints=forbid -Zrandomize-layout" "-e" "RUSTDOCFLAGS=--cap-lints=forbid" "-e" "CARGO_HOME=/opt/rustwide/cargo-home" "-e" "RUSTUP_HOME=/opt/rustwide/rustup-home" "-w" "/opt/rustwide/workdir" "-m" "1610612736" "--user" "0:0" "--network" "none" "ghcr.io/rust-lang/crates-build-env/linux@sha256:819108c5571ea2e421544af4d832f968d213c87fbe3707a016657f43d2f853bc" "/opt/rustwide/cargo-home/bin/cargo" "+nightly-2025-01-18" "test" "--frozen", kill_on_drop: false }`
[INFO] [stdout] 5be8a8c49bf6f1789149afaf4820877691fd5565745716f892701dcd6e19f9df
[INFO] running `Command { std: "docker" "start" "-a" "5be8a8c49bf6f1789149afaf4820877691fd5565745716f892701dcd6e19f9df", kill_on_drop: false }`
[INFO] [stderr] warning: unused imports: `path::Path` and `vec`
[INFO] [stderr]  --> src/lib.rs:1:11
[INFO] [stderr]   |
[INFO] [stderr] 1 | use std::{path::Path, vec};
[INFO] [stderr]   |           ^^^^^^^^^^  ^^^
[INFO] [stderr]   |
[INFO] [stderr]   = note: `#[warn(unused_imports)]` on by default
[INFO] [stderr] 
[INFO] [stderr] warning: unused imports: `PureTones`, `ToneAndDuration`, `text2track::Text2Track`, and `text_analyzer::TextAnalyzer`
[INFO] [stderr]  --> src/lib.rs:4:17
[INFO] [stderr]   |
[INFO] [stderr] 4 |     pure_tone::{PureTones, ToneAndDuration},
[INFO] [stderr]   |                 ^^^^^^^^^  ^^^^^^^^^^^^^^^
[INFO] [stderr] 5 |     text2track::Text2Track,
[INFO] [stderr]   |     ^^^^^^^^^^^^^^^^^^^^^^
[INFO] [stderr] 6 |     text_analyzer::TextAnalyzer,
[INFO] [stderr]   |     ^^^^^^^^^^^^^^^^^^^^^^^^^^^
[INFO] [stderr] 
[INFO] [stderr] warning: unused import: `infrastructure::export_wav::export_wav`
[INFO] [stderr]   --> src/lib.rs:11:5
[INFO] [stderr]    |
[INFO] [stderr] 11 | use infrastructure::export_wav::export_wav;
[INFO] [stderr]    |     ^^^^^^^^^^^^^^^^^^^^^^^^^^^^^^^^^^^^^^
[INFO] [stderr] 
[INFO] [stderr] warning: unexpected `cfg` condition value: `console_error_panic_hook`
[INFO] [stderr]  --> src/utils.rs:8:11
[INFO] [stderr]   |
[INFO] [stderr] 8 |     #[cfg(feature = "console_error_panic_hook")]
[INFO] [stderr]   |           ^^^^^^^^^^^^^^^^^^^^^^^^^^^^^^^^^^^^ help: remove the condition
[INFO] [stderr]   |
[INFO] [stderr]   = note: no expected values for `feature`
[INFO] [stderr]   = help: consider adding `console_error_panic_hook` as a feature in `Cargo.toml`
[INFO] [stderr]   = note: see <https://doc.rust-lang.org/nightly/rustc/check-cfg/cargo-specifics.html> for more information about checking conditional configuration
[INFO] [stderr]   = note: `#[warn(unexpected_cfgs)]` on by default
[INFO] [stderr] 
[INFO] [stderr] warning: unexpected `cfg` condition name: `wasm_bindgen_unstable_test_coverage`
[INFO] [stderr]   --> src/lib.rs:22:1
[INFO] [stderr]    |
[INFO] [stderr] 22 | #[wasm_bindgen]
[INFO] [stderr]    | ^^^^^^^^^^^^^^^
[INFO] [stderr]    |
[INFO] [stderr]    = help: expected names are: `clippy`, `debug_assertions`, `doc`, `docsrs`, `doctest`, `feature`, `fmt_debug`, `miri`, `overflow_checks`, `panic`, `proc_macro`, `relocation_model`, `rustfmt`, `sanitize`, `sanitizer_cfi_generalize_pointers`, `sanitizer_cfi_normalize_integers`, `target_abi`, `target_arch`, `target_endian`, `target_env`, `target_family`, `target_feature`, `target_has_atomic`, `target_has_atomic_equal_alignment`, `target_has_atomic_load_store`, `target_os`, `target_pointer_width`, `target_thread_local`, `target_vendor`, `test`, `ub_checks`, `unix`, and `windows`
[INFO] [stderr]    = note: using a cfg inside a attribute macro will use the cfgs from the destination crate and not the ones from the defining crate
[INFO] [stderr]    = help: try referring to `wasm_bindgen` crate for guidance on how handle this unexpected cfg
[INFO] [stderr]    = help: the attribute macro `wasm_bindgen` may come from an old version of the `wasm_bindgen_macro` crate, try updating your dependency with `cargo update -p wasm_bindgen_macro`
[INFO] [stderr]    = note: see <https://doc.rust-lang.org/nightly/rustc/check-cfg/cargo-specifics.html> for more information about checking conditional configuration
[INFO] [stderr]    = note: this warning originates in the attribute macro `wasm_bindgen` (in Nightly builds, run with -Z macro-backtrace for more info)
[INFO] [stderr] 
[INFO] [stderr] warning: unused variable: `text_length`
[INFO] [stderr]   --> src/domain/text2track.rs:23:13
[INFO] [stderr]    |
[INFO] [stderr] 23 |         let text_length = self.text_analyzer.length();
[INFO] [stderr]    |             ^^^^^^^^^^^ help: if this is intentional, prefix it with an underscore: `_text_length`
[INFO] [stderr]    |
[INFO] [stderr]    = note: `#[warn(unused_variables)]` on by default
[INFO] [stderr] 
[INFO] [stderr] warning: unused variable: `hiragana_ratio`
[INFO] [stderr]   --> src/domain/text2track.rs:24:13
[INFO] [stderr]    |
[INFO] [stderr] 24 |         let hiragana_ratio = self.text_analyzer.calculate_hiragana_ratio();
[INFO] [stderr]    |             ^^^^^^^^^^^^^^ help: if this is intentional, prefix it with an underscore: `_hiragana_ratio`
[INFO] [stderr] 
[INFO] [stderr] warning: unused variable: `katakana_ratio`
[INFO] [stderr]   --> src/domain/text2track.rs:25:13
[INFO] [stderr]    |
[INFO] [stderr] 25 |         let katakana_ratio = self.text_analyzer.calculate_katakana_ratio();
[INFO] [stderr]    |             ^^^^^^^^^^^^^^ help: if this is intentional, prefix it with an underscore: `_katakana_ratio`
[INFO] [stderr] 
[INFO] [stderr] warning: unused variable: `kanji_ratio`
[INFO] [stderr]   --> src/domain/text2track.rs:26:13
[INFO] [stderr]    |
[INFO] [stderr] 26 |         let kanji_ratio = self.text_analyzer.calculate_kanji_ratio();
[INFO] [stderr]    |             ^^^^^^^^^^^ help: if this is intentional, prefix it with an underscore: `_kanji_ratio`
[INFO] [stderr] 
[INFO] [stderr] warning: unused variable: `alphabets_ratio`
[INFO] [stderr]   --> src/domain/text2track.rs:27:13
[INFO] [stderr]    |
[INFO] [stderr] 27 |         let alphabets_ratio = self.text_analyzer.calculate_alphabets_ratio();
[INFO] [stderr]    |             ^^^^^^^^^^^^^^^ help: if this is intentional, prefix it with an underscore: `_alphabets_ratio`
[INFO] [stderr] 
[INFO] [stderr] warning: struct `PureTones` is never constructed
[INFO] [stderr]  --> src/domain/pure_tone.rs:3:12
[INFO] [stderr]   |
[INFO] [stderr] 3 | pub struct PureTones {
[INFO] [stderr]   |            ^^^^^^^^^
[INFO] [stderr]   |
[INFO] [stderr]   = note: `#[warn(dead_code)]` on by default
[INFO] [stderr] 
[INFO] [stderr] warning: associated function `new` is never used
[INFO] [stderr]  --> src/domain/pure_tone.rs:8:12
[INFO] [stderr]   |
[INFO] [stderr] 7 | impl PureTones {
[INFO] [stderr]   | -------------- associated function in this implementation
[INFO] [stderr] 8 |     pub fn new(sample_rate: u32, track: Vec<ToneAndDuration>) -> Self {
[INFO] [stderr]   |            ^^^
[INFO] [stderr] 
[INFO] [stderr] warning: enum `TrackType` is never used
[INFO] [stderr]  --> src/domain/text2track.rs:6:6
[INFO] [stderr]   |
[INFO] [stderr] 6 | enum TrackType {
[INFO] [stderr]   |      ^^^^^^^^^
[INFO] [stderr] 
[INFO] [stderr] warning: struct `Text2Track` is never constructed
[INFO] [stderr]   --> src/domain/text2track.rs:13:12
[INFO] [stderr]    |
[INFO] [stderr] 13 | pub struct Text2Track {
[INFO] [stderr]    |            ^^^^^^^^^^
[INFO] [stderr] 
[INFO] [stderr] warning: multiple associated items are never used
[INFO] [stderr]    --> src/domain/text2track.rs:18:12
[INFO] [stderr]     |
[INFO] [stderr] 17  | impl Text2Track {
[INFO] [stderr]     | --------------- associated items in this implementation
[INFO] [stderr] 18  |     pub fn new(text_analyzer: TextAnalyzer) -> Self {
[INFO] [stderr]     |            ^^^
[INFO] [stderr] ...
[INFO] [stderr] 22  |     pub fn generate_track(&self) -> Vec<ToneAndDuration> {
[INFO] [stderr]     |            ^^^^^^^^^^^^^^
[INFO] [stderr] ...
[INFO] [stderr] 39  |     fn determine_track_type(&self) -> TrackType {
[INFO] [stderr]     |        ^^^^^^^^^^^^^^^^^^^^
[INFO] [stderr] ...
[INFO] [stderr] 60  |     fn generate_track_hiragana(&self) -> Vec<ToneAndDuration> {
[INFO] [stderr]     |        ^^^^^^^^^^^^^^^^^^^^^^^
[INFO] [stderr] ...
[INFO] [stderr] 189 |     fn generate_track_katakana(&self) -> Vec<ToneAndDuration> {
[INFO] [stderr]     |        ^^^^^^^^^^^^^^^^^^^^^^^
[INFO] [stderr] ...
[INFO] [stderr] 406 |     fn generate_track_kanji(&self) -> Vec<ToneAndDuration> {
[INFO] [stderr]     |        ^^^^^^^^^^^^^^^^^^^^
[INFO] [stderr] ...
[INFO] [stderr] 567 |     fn generate_track_alphabets(&self) -> Vec<ToneAndDuration> {
[INFO] [stderr]     |        ^^^^^^^^^^^^^^^^^^^^^^^^
[INFO] [stderr] 
[INFO] [stderr] warning: struct `TextAnalyzer` is never constructed
[INFO] [stderr]  --> src/domain/text_analyzer.rs:1:12
[INFO] [stderr]   |
[INFO] [stderr] 1 | pub struct TextAnalyzer {
[INFO] [stderr]   |            ^^^^^^^^^^^^
[INFO] [stderr] 
[INFO] [stderr] warning: multiple associated items are never used
[INFO] [stderr]   --> src/domain/text_analyzer.rs:6:12
[INFO] [stderr]    |
[INFO] [stderr] 5  | impl TextAnalyzer {
[INFO] [stderr]    | ----------------- associated items in this implementation
[INFO] [stderr] 6  |     pub fn new(text: String) -> Self {
[INFO] [stderr]    |            ^^^
[INFO] [stderr] ...
[INFO] [stderr] 10 |     pub fn length(&self) -> usize {
[INFO] [stderr]    |            ^^^^^^
[INFO] [stderr] ...
[INFO] [stderr] 14 |     pub fn calculate_hiragana_ratio(&self) -> f32 {
[INFO] [stderr]    |            ^^^^^^^^^^^^^^^^^^^^^^^^
[INFO] [stderr] ...
[INFO] [stderr] 18 |     pub fn calculate_katakana_ratio(&self) -> f32 {
[INFO] [stderr]    |            ^^^^^^^^^^^^^^^^^^^^^^^^
[INFO] [stderr] ...
[INFO] [stderr] 22 |     pub fn calculate_kanji_ratio(&self) -> f32 {
[INFO] [stderr]    |            ^^^^^^^^^^^^^^^^^^^^^
[INFO] [stderr] ...
[INFO] [stderr] 26 |     pub fn calculate_alphabets_ratio(&self) -> f32 {
[INFO] [stderr]    |            ^^^^^^^^^^^^^^^^^^^^^^^^^
[INFO] [stderr] ...
[INFO] [stderr] 30 |     fn count_hiragana(&self) -> usize {
[INFO] [stderr]    |        ^^^^^^^^^^^^^^
[INFO] [stderr] ...
[INFO] [stderr] 37 |     fn count_katakana(&self) -> usize {
[INFO] [stderr]    |        ^^^^^^^^^^^^^^
[INFO] [stderr] ...
[INFO] [stderr] 44 |     fn count_kanji(&self) -> usize {
[INFO] [stderr]    |        ^^^^^^^^^^^
[INFO] [stderr] ...
[INFO] [stderr] 51 |     fn count_alphabets(&self) -> usize {
[INFO] [stderr]    |        ^^^^^^^^^^^^^^^
[INFO] [stderr] 
[INFO] [stderr] warning: function `export_wav` is never used
[INFO] [stderr]  --> src/infrastructure/export_wav.rs:3:8
[INFO] [stderr]   |
[INFO] [stderr] 3 | pub fn export_wav(
[INFO] [stderr]   |        ^^^^^^^^^^
[INFO] [stderr] 
[INFO] [stderr] warning: function `set_panic_hook` is never used
[INFO] [stderr]  --> src/utils.rs:1:8
[INFO] [stderr]   |
[INFO] [stderr] 1 | pub fn set_panic_hook() {
[INFO] [stderr]   |        ^^^^^^^^^^^^^^
[INFO] [stderr] 
[INFO] [stderr] warning: `data2sound` (lib) generated 19 warnings (run `cargo fix --lib -p data2sound` to apply 3 suggestions)
[INFO] [stderr] warning: `data2sound` (lib test) generated 14 warnings (14 duplicates)
[INFO] [stderr] warning: unused import: `vec`
[INFO] [stderr]  --> src/main.rs:1:23
[INFO] [stderr]   |
[INFO] [stderr] 1 | use std::{path::Path, vec};
[INFO] [stderr]   |                       ^^^
[INFO] [stderr]   |
[INFO] [stderr]   = note: `#[warn(unused_imports)]` on by default
[INFO] [stderr] 
[INFO] [stderr] warning: unused import: `ToneAndDuration`
[INFO] [stderr]  --> src/main.rs:4:28
[INFO] [stderr]   |
[INFO] [stderr] 4 |     pure_tone::{PureTones, ToneAndDuration},
[INFO] [stderr]   |                            ^^^^^^^^^^^^^^^
[INFO] [stderr] 
[INFO] [stderr] warning: `data2sound` (bin "data2sound" test) generated 7 warnings (5 duplicates) (run `cargo fix --bin "data2sound" --tests` to apply 2 suggestions)
[INFO] [stderr]     Finished `test` profile [unoptimized + debuginfo] target(s) in 0.14s
[INFO] [stderr]      Running unittests src/lib.rs (/opt/rustwide/target/debug/deps/data2sound-addc4d9cb61dcdfc)
[INFO] [stdout] 
[INFO] [stdout] running 19 tests
[INFO] [stdout] test domain::text2track::tests::test_determine_track_type::case_1_hiragana ... ok
[INFO] [stdout] test domain::text2track::tests::test_determine_track_type::case_3_kanji ... ok
[INFO] [stdout] test domain::text2track::tests::test_determine_track_type::case_4_alphabets ... ok
[INFO] [stdout] test domain::text2track::tests::test_new ... ok
[INFO] [stdout] test domain::text_analyzer::tests::test_calculate_alphabets_ratio ... ok
[INFO] [stdout] test domain::text2track::tests::test_determine_track_type::case_2_katakana ... ok
[INFO] [stdout] test domain::text_analyzer::tests::test_calculate_hiragana_ratio ... ok
[INFO] [stdout] test domain::text_analyzer::tests::test_calculate_katakana_ratio ... ok
[INFO] [stdout] test domain::text_analyzer::tests::test_count_alphabets ... ok
[INFO] [stdout] test domain::text_analyzer::tests::test_count_hiragana ... ok
[INFO] [stdout] test domain::text_analyzer::tests::test_count_katakana ... ok
[INFO] [stdout] test domain::text_analyzer::tests::test_text2param ... ok
[INFO] [stdout] test domain::text_analyzer::tests::test_calculate_kanji_ratio ... ok
[INFO] [stdout] test domain::text_analyzer::tests::test_count_kanji ... ok
[INFO] [stdout] test domain::text_analyzer::tests::test_length ... ok
[INFO] [stdout] test domain::text2track::tests::test_generate_track::case_3_kanji ... FAILED
[INFO] [stderr] error: test failed, to rerun pass `--lib`
[INFO] [stdout] test domain::text2track::tests::test_generate_track::case_4_alphabets ... FAILED
[INFO] [stdout] test domain::text2track::tests::test_generate_track::case_2_katakana ... FAILED
[INFO] [stdout] test domain::text2track::tests::test_generate_track::case_1_hiragana ... FAILED
[INFO] [stdout] 
[INFO] [stdout] failures:
[INFO] [stdout] 
[INFO] [stdout] ---- domain::text2track::tests::test_generate_track::case_3_kanji stdout ----
[INFO] [stdout] 
[INFO] [stdout] thread 'domain::text2track::tests::test_generate_track::case_3_kanji' panicked at src/domain/text2track.rs:819:9:
[INFO] [stdout] assertion `left == right` failed
[INFO] [stdout]   left: [ToneAndDuration { frequency: 392.0, duration: 0.75 }, ToneAndDuration { frequency: 440.0, duration: 0.25 }, ToneAndDuration { frequency: 523.25, duration: 0.5 }, ToneAndDuration { frequency: 587.33, duration: 0.5 }, ToneAndDuration { frequency: 523.25, duration: 0.25 }, ToneAndDuration { frequency: 440.0, duration: 0.25 }, ToneAndDuration { frequency: 392.0, duration: 0.5 }, ToneAndDuration { frequency: 329.63, duration: 0.75 }, ToneAndDuration { frequency: 392.0, duration: 0.25 }, ToneAndDuration { frequency: 523.25, duration: 0.5 }, ToneAndDuration { frequency: 587.33, duration: 0.25 }, ToneAndDuration { frequency: 523.25, duration: 0.25 }, ToneAndDuration { frequency: 440.0, duration: 1.0 }, ToneAndDuration { frequency: 587.33, duration: 0.25 }, ToneAndDuration { frequency: 659.26, duration: 0.25 }, ToneAndDuration { frequency: 587.33, duration: 0.25 }, ToneAndDuration { frequency: 523.25, duration: 0.25 }, ToneAndDuration { frequency: 440.0, duration: 0.75 }, ToneAndDuration { frequency: 392.0, duration: 0.25 }, ToneAndDuration { frequency: 783.99, duration: 0.5 }, ToneAndDuration { frequency: 659.26, duration: 0.5 }, ToneAndDuration { frequency: 587.33, duration: 0.75 }, ToneAndDuration { frequency: 523.25, duration: 0.25 }, ToneAndDuration { frequency: 659.26, duration: 0.5 }, ToneAndDuration { frequency: 587.33, duration: 0.25 }, ToneAndDuration { frequency: 523.25, duration: 0.25 }, ToneAndDuration { frequency: 440.0, duration: 1.0 }, ToneAndDuration { frequency: 523.25, duration: 0.25 }, ToneAndDuration { frequency: 587.33, duration: 0.25 }, ToneAndDuration { frequency: 659.26, duration: 0.5 }, ToneAndDuration { frequency: 587.33, duration: 0.5 }, ToneAndDuration { frequency: 523.25, duration: 0.5 }, ToneAndDuration { frequency: 440.0, duration: 0.5 }, ToneAndDuration { frequency: 392.0, duration: 0.5 }, ToneAndDuration { frequency: 392.0, duration: 1.0 }]
[INFO] [stdout]  right: [ToneAndDuration { frequency: 261.63, duration: 0.375 }]
[INFO] [stdout] stack backtrace:
[INFO] [stdout]    0:     0x5c1cadefc96a - std::backtrace_rs::backtrace::libunwind::trace::hb059275cfc8d6126
[INFO] [stdout]                                at /rustc/6067b36314ab5eb2eb47cecc464545ba58e1ad24/library/std/src/../../backtrace/src/backtrace/libunwind.rs:116:5
[INFO] [stdout]    1:     0x5c1cadefc96a - std::backtrace_rs::backtrace::trace_unsynchronized::h2da071e4327ce3ee
[INFO] [stdout]                                at /rustc/6067b36314ab5eb2eb47cecc464545ba58e1ad24/library/std/src/../../backtrace/src/backtrace/mod.rs:66:5
[INFO] [stdout]    2:     0x5c1cadefc96a - std::sys::backtrace::_print_fmt::h842a1474e6f8d23f
[INFO] [stdout]                                at /rustc/6067b36314ab5eb2eb47cecc464545ba58e1ad24/library/std/src/sys/backtrace.rs:66:9
[INFO] [stdout]    3:     0x5c1cadefc96a - <std::sys::backtrace::BacktraceLock::print::DisplayBacktrace as core::fmt::Display>::fmt::h71a62eb3b9696b12
[INFO] [stdout]                                at /rustc/6067b36314ab5eb2eb47cecc464545ba58e1ad24/library/std/src/sys/backtrace.rs:39:26
[INFO] [stdout]    4:     0x5c1cadf24ac3 - core::fmt::rt::Argument::fmt::hdb6b616786b41dc1
[INFO] [stdout]                                at /rustc/6067b36314ab5eb2eb47cecc464545ba58e1ad24/library/core/src/fmt/rt.rs:177:76
[INFO] [stdout]    5:     0x5c1cadf24ac3 - core::fmt::write::h2cc1698af7e2d686
[INFO] [stdout]                                at /rustc/6067b36314ab5eb2eb47cecc464545ba58e1ad24/library/core/src/fmt/mod.rs:1440:21
[INFO] [stdout]    6:     0x5c1cadef94c3 - std::io::Write::write_fmt::hab1b4cd059a79022
[INFO] [stdout]                                at /rustc/6067b36314ab5eb2eb47cecc464545ba58e1ad24/library/std/src/io/mod.rs:1887:15
[INFO] [stdout]    7:     0x5c1cadefc7b2 - std::sys::backtrace::BacktraceLock::print::h147fe35b4ea13b08
[INFO] [stdout]                                at /rustc/6067b36314ab5eb2eb47cecc464545ba58e1ad24/library/std/src/sys/backtrace.rs:42:9
[INFO] [stdout]    8:     0x5c1cadefdd8f - std::panicking::default_hook::{{closure}}::hbd44223dbdc0d208
[INFO] [stdout]                                at /rustc/6067b36314ab5eb2eb47cecc464545ba58e1ad24/library/std/src/panicking.rs:298:22
[INFO] [stdout]    9:     0x5c1cadefdba8 - std::panicking::default_hook::h20f81eb0576efcec
[INFO] [stdout]                                at /rustc/6067b36314ab5eb2eb47cecc464545ba58e1ad24/library/std/src/panicking.rs:322:9
[INFO] [stdout]   10:     0x5c1cadec6073 - <alloc::boxed::Box<F,A> as core::ops::function::Fn<Args>>::call::hdb53814c496a4d34
[INFO] [stdout]                                at /rustc/6067b36314ab5eb2eb47cecc464545ba58e1ad24/library/alloc/src/boxed.rs:2027:9
[INFO] [stdout]   11:     0x5c1cadec6073 - test::test_main::{{closure}}::hc0a4963c59427c24
[INFO] [stdout]                                at /rustc/6067b36314ab5eb2eb47cecc464545ba58e1ad24/library/test/src/lib.rs:134:21
[INFO] [stdout]   12:     0x5c1cadefe883 - <alloc::boxed::Box<F,A> as core::ops::function::Fn<Args>>::call::h591b2225413a77e9
[INFO] [stdout]                                at /rustc/6067b36314ab5eb2eb47cecc464545ba58e1ad24/library/alloc/src/boxed.rs:2027:9
[INFO] [stdout]   13:     0x5c1cadefe883 - std::panicking::rust_panic_with_hook::h625eea43051b2edc
[INFO] [stdout]                                at /rustc/6067b36314ab5eb2eb47cecc464545ba58e1ad24/library/std/src/panicking.rs:839:13
[INFO] [stdout]   14:     0x5c1cadefe53a - std::panicking::begin_panic_handler::{{closure}}::h4f9159cfbc3f6bd3
[INFO] [stdout]                                at /rustc/6067b36314ab5eb2eb47cecc464545ba58e1ad24/library/std/src/panicking.rs:704:13
[INFO] [stdout]   15:     0x5c1cadefce69 - std::sys::backtrace::__rust_end_short_backtrace::h0390abce48353151
[INFO] [stdout]                                at /rustc/6067b36314ab5eb2eb47cecc464545ba58e1ad24/library/std/src/sys/backtrace.rs:168:18
[INFO] [stdout]   16:     0x5c1cadefe1cd - rust_begin_unwind
[INFO] [stdout]                                at /rustc/6067b36314ab5eb2eb47cecc464545ba58e1ad24/library/std/src/panicking.rs:695:5
[INFO] [stdout]   17:     0x5c1cadf22a40 - core::panicking::panic_fmt::h9e7c637e9e5f29c9
[INFO] [stdout]                                at /rustc/6067b36314ab5eb2eb47cecc464545ba58e1ad24/library/core/src/panicking.rs:75:14
[INFO] [stdout]   18:     0x5c1cadf22e32 - core::panicking::assert_failed_inner::h538bec7c1374cd9c
[INFO] [stdout]   19:     0x5c1cade89952 - core::panicking::assert_failed::h6413600d9e8cd78a
[INFO] [stdout]                                at /rustc/6067b36314ab5eb2eb47cecc464545ba58e1ad24/library/core/src/panicking.rs:364:5
[INFO] [stdout]   20:     0x5c1cade86346 - data2sound::domain::text2track::tests::test_generate_track::h7b34fc487eb136a2
[INFO] [stdout]                                at /opt/rustwide/workdir/src/domain/text2track.rs:819:9
[INFO] [stdout]   21:     0x5c1cade86715 - data2sound::domain::text2track::tests::test_generate_track::case_3_kanji::h3feb86e9cf10279b
[INFO] [stdout]                                at /opt/rustwide/workdir/src/domain/text2track.rs:809:5
[INFO] [stdout]   22:     0x5c1cade86627 - data2sound::domain::text2track::tests::test_generate_track::case_3_kanji::{{closure}}::hac4ba4a77331f35d
[INFO] [stdout]                                at /opt/rustwide/workdir/src/domain/text2track.rs:809:14
[INFO] [stdout]   23:     0x5c1cade84496 - core::ops::function::FnOnce::call_once::hcd3e968676dfeb95
[INFO] [stdout]                                at /rustc/6067b36314ab5eb2eb47cecc464545ba58e1ad24/library/core/src/ops/function.rs:250:5
[INFO] [stdout]   24:     0x5c1cadecb7cb - core::ops::function::FnOnce::call_once::he27718dfdd183f43
[INFO] [stdout]                                at /rustc/6067b36314ab5eb2eb47cecc464545ba58e1ad24/library/core/src/ops/function.rs:250:5
[INFO] [stdout]   25:     0x5c1cadecb7cb - test::__rust_begin_short_backtrace::h4e84902998457a5d
[INFO] [stdout]                                at /rustc/6067b36314ab5eb2eb47cecc464545ba58e1ad24/library/test/src/lib.rs:632:18
[INFO] [stdout]   26:     0x5c1cadeca703 - test::run_test_in_process::{{closure}}::h7176fd18fc1feca0
[INFO] [stdout]                                at /rustc/6067b36314ab5eb2eb47cecc464545ba58e1ad24/library/test/src/lib.rs:655:60
[INFO] [stdout]   27:     0x5c1cadeca703 - <core::panic::unwind_safe::AssertUnwindSafe<F> as core::ops::function::FnOnce<()>>::call_once::hf79cff2a624d8cf7
[INFO] [stdout]                                at /rustc/6067b36314ab5eb2eb47cecc464545ba58e1ad24/library/core/src/panic/unwind_safe.rs:272:9
[INFO] [stdout]   28:     0x5c1cadeca703 - std::panicking::try::do_call::h3da0561d9ab99c25
[INFO] [stdout]                                at /rustc/6067b36314ab5eb2eb47cecc464545ba58e1ad24/library/std/src/panicking.rs:587:40
[INFO] [stdout]   29:     0x5c1cadeca703 - std::panicking::try::h41c9fa508bc61df6
[INFO] [stdout]                                at /rustc/6067b36314ab5eb2eb47cecc464545ba58e1ad24/library/std/src/panicking.rs:550:19
[INFO] [stdout]   30:     0x5c1cadeca703 - std::panic::catch_unwind::h6b3ff07bb5afad93
[INFO] [stdout]                                at /rustc/6067b36314ab5eb2eb47cecc464545ba58e1ad24/library/std/src/panic.rs:358:14
[INFO] [stdout]   31:     0x5c1cadeca703 - test::run_test_in_process::hc7253dd11b39b9f4
[INFO] [stdout]                                at /rustc/6067b36314ab5eb2eb47cecc464545ba58e1ad24/library/test/src/lib.rs:655:27
[INFO] [stdout]   32:     0x5c1cadeca703 - test::run_test::{{closure}}::hfb2007f8649c30bb
[INFO] [stdout]                                at /rustc/6067b36314ab5eb2eb47cecc464545ba58e1ad24/library/test/src/lib.rs:576:43
[INFO] [stdout]   33:     0x5c1cade8d7e5 - test::run_test::{{closure}}::h56a17aa7a282a9f4
[INFO] [stdout]                                at /rustc/6067b36314ab5eb2eb47cecc464545ba58e1ad24/library/test/src/lib.rs:606:41
[INFO] [stdout]   34:     0x5c1cade8d7e5 - std::sys::backtrace::__rust_begin_short_backtrace::hd2d2d2fb8e8c6aac
[INFO] [stdout]                                at /rustc/6067b36314ab5eb2eb47cecc464545ba58e1ad24/library/std/src/sys/backtrace.rs:152:18
[INFO] [stdout]   35:     0x5c1cade910ca - std::thread::Builder::spawn_unchecked_::{{closure}}::{{closure}}::h4faa3f9db6133423
[INFO] [stdout]                                at /rustc/6067b36314ab5eb2eb47cecc464545ba58e1ad24/library/std/src/thread/mod.rs:559:17
[INFO] [stdout]   36:     0x5c1cade910ca - <core::panic::unwind_safe::AssertUnwindSafe<F> as core::ops::function::FnOnce<()>>::call_once::hf2e855a36a4ea846
[INFO] [stdout]                                at /rustc/6067b36314ab5eb2eb47cecc464545ba58e1ad24/library/core/src/panic/unwind_safe.rs:272:9
[INFO] [stdout]   37:     0x5c1cade910ca - std::panicking::try::do_call::h2f73af3616c35465
[INFO] [stdout]                                at /rustc/6067b36314ab5eb2eb47cecc464545ba58e1ad24/library/std/src/panicking.rs:587:40
[INFO] [stdout]   38:     0x5c1cade910ca - std::panicking::try::hd1660ce9efadef5a
[INFO] [stdout]                                at /rustc/6067b36314ab5eb2eb47cecc464545ba58e1ad24/library/std/src/panicking.rs:550:19
[INFO] [stdout]   39:     0x5c1cade910ca - std::panic::catch_unwind::h5ee8d7823b8ca744
[INFO] [stdout]                                at /rustc/6067b36314ab5eb2eb47cecc464545ba58e1ad24/library/std/src/panic.rs:358:14
[INFO] [stdout]   40:     0x5c1cade910ca - std::thread::Builder::spawn_unchecked_::{{closure}}::h53c3a1894dce8407
[INFO] [stdout]                                at /rustc/6067b36314ab5eb2eb47cecc464545ba58e1ad24/library/std/src/thread/mod.rs:557:30
[INFO] [stdout]   41:     0x5c1cade910ca - core::ops::function::FnOnce::call_once{{vtable.shim}}::h048ce291ad4f62bf
[INFO] [stdout]                                at /rustc/6067b36314ab5eb2eb47cecc464545ba58e1ad24/library/core/src/ops/function.rs:250:5
[INFO] [stdout]   42:     0x5c1cadf027bb - <alloc::boxed::Box<F,A> as core::ops::function::FnOnce<Args>>::call_once::ha52bedf99a3b4981
[INFO] [stdout]                                at /rustc/6067b36314ab5eb2eb47cecc464545ba58e1ad24/library/alloc/src/boxed.rs:2013:9
[INFO] [stdout]   43:     0x5c1cadf027bb - <alloc::boxed::Box<F,A> as core::ops::function::FnOnce<Args>>::call_once::h567748934d80ccf8
[INFO] [stdout]                                at /rustc/6067b36314ab5eb2eb47cecc464545ba58e1ad24/library/alloc/src/boxed.rs:2013:9
[INFO] [stdout]   44:     0x5c1cadf027bb - std::sys::pal::unix::thread::Thread::new::thread_start::h2d970728ae887adc
[INFO] [stdout]                                at /rustc/6067b36314ab5eb2eb47cecc464545ba58e1ad24/library/std/src/sys/pal/unix/thread.rs:106:17
[INFO] [stdout]   45:     0x7b1b78cf5ac3 - <unknown>
[INFO] [stdout]   46:     0x7b1b78d86a04 - clone
[INFO] [stdout]   47:                0x0 - <unknown>
[INFO] [stdout] 
[INFO] [stdout] ---- domain::text2track::tests::test_generate_track::case_4_alphabets stdout ----
[INFO] [stdout] 
[INFO] [stdout] thread 'domain::text2track::tests::test_generate_track::case_4_alphabets' panicked at src/domain/text2track.rs:819:9:
[INFO] [stdout] assertion `left == right` failed
[INFO] [stdout]   left: [ToneAndDuration { frequency: 493.88, duration: 0.375 }, ToneAndDuration { frequency: 523.25, duration: 0.125 }, ToneAndDuration { frequency: 587.33, duration: 0.25 }, ToneAndDuration { frequency: 523.25, duration: 0.25 }, ToneAndDuration { frequency: 466.16, duration: 0.25 }, ToneAndDuration { frequency: 493.88, duration: 0.25 }, ToneAndDuration { frequency: 440.0, duration: 0.5 }, ToneAndDuration { frequency: 392.0, duration: 0.25 }, ToneAndDuration { frequency: 415.3, duration: 0.125 }, ToneAndDuration { frequency: 440.0, duration: 0.125 }, ToneAndDuration { frequency: 466.16, duration: 0.25 }, ToneAndDuration { frequency: 493.88, duration: 0.25 }, ToneAndDuration { frequency: 523.25, duration: 0.75 }, ToneAndDuration { frequency: 493.88, duration: 0.25 }, ToneAndDuration { frequency: 587.33, duration: 0.25 }, ToneAndDuration { frequency: 659.26, duration: 0.25 }, ToneAndDuration { frequency: 587.33, duration: 0.25 }, ToneAndDuration { frequency: 523.25, duration: 0.25 }, ToneAndDuration { frequency: 493.88, duration: 0.375 }, ToneAndDuration { frequency: 523.25, duration: 0.375 }, ToneAndDuration { frequency: 493.88, duration: 0.25 }, ToneAndDuration { frequency: 440.0, duration: 0.25 }, ToneAndDuration { frequency: 466.16, duration: 0.25 }, ToneAndDuration { frequency: 493.88, duration: 0.25 }, ToneAndDuration { frequency: 523.25, duration: 0.25 }, ToneAndDuration { frequency: 587.33, duration: 1.0 }, ToneAndDuration { frequency: 698.46, duration: 0.25 }, ToneAndDuration { frequency: 659.26, duration: 0.25 }, ToneAndDuration { frequency: 622.25, duration: 0.25 }, ToneAndDuration { frequency: 587.33, duration: 0.25 }, ToneAndDuration { frequency: 523.25, duration: 0.25 }, ToneAndDuration { frequency: 587.33, duration: 0.25 }, ToneAndDuration { frequency: 659.26, duration: 0.25 }, ToneAndDuration { frequency: 698.46, duration: 0.25 }, ToneAndDuration { frequency: 783.99, duration: 0.375 }, ToneAndDuration { frequency: 739.99, duration: 0.125 }, ToneAndDuration { frequency: 698.46, duration: 0.25 }, ToneAndDuration { frequency: 659.26, duration: 0.25 }, ToneAndDuration { frequency: 622.25, duration: 0.5 }, ToneAndDuration { frequency: 587.33, duration: 0.5 }, ToneAndDuration { frequency: 523.25, duration: 0.25 }, ToneAndDuration { frequency: 493.88, duration: 0.25 }, ToneAndDuration { frequency: 466.16, duration: 0.25 }, ToneAndDuration { frequency: 440.0, duration: 0.25 }, ToneAndDuration { frequency: 392.0, duration: 0.375 }, ToneAndDuration { frequency: 440.0, duration: 0.375 }, ToneAndDuration { frequency: 466.16, duration: 0.25 }, ToneAndDuration { frequency: 493.88, duration: 0.25 }, ToneAndDuration { frequency: 523.25, duration: 0.25 }, ToneAndDuration { frequency: 587.33, duration: 0.5 }, ToneAndDuration { frequency: 523.25, duration: 0.75 }, ToneAndDuration { frequency: 493.88, duration: 0.25 }]
[INFO] [stdout]  right: [ToneAndDuration { frequency: 261.63, duration: 0.375 }]
[INFO] [stdout] stack backtrace:
[INFO] [stdout]    0:     0x5c1cadefc96a - std::backtrace_rs::backtrace::libunwind::trace::hb059275cfc8d6126
[INFO] [stdout]                                at /rustc/6067b36314ab5eb2eb47cecc464545ba58e1ad24/library/std/src/../../backtrace/src/backtrace/libunwind.rs:116:5
[INFO] [stdout]    1:     0x5c1cadefc96a - std::backtrace_rs::backtrace::trace_unsynchronized::h2da071e4327ce3ee
[INFO] [stdout]                                at /rustc/6067b36314ab5eb2eb47cecc464545ba58e1ad24/library/std/src/../../backtrace/src/backtrace/mod.rs:66:5
[INFO] [stdout]    2:     0x5c1cadefc96a - std::sys::backtrace::_print_fmt::h842a1474e6f8d23f
[INFO] [stdout]                                at /rustc/6067b36314ab5eb2eb47cecc464545ba58e1ad24/library/std/src/sys/backtrace.rs:66:9
[INFO] [stdout]    3:     0x5c1cadefc96a - <std::sys::backtrace::BacktraceLock::print::DisplayBacktrace as core::fmt::Display>::fmt::h71a62eb3b9696b12
[INFO] [stdout]                                at /rustc/6067b36314ab5eb2eb47cecc464545ba58e1ad24/library/std/src/sys/backtrace.rs:39:26
[INFO] [stdout]    4:     0x5c1cadf24ac3 - core::fmt::rt::Argument::fmt::hdb6b616786b41dc1
[INFO] [stdout]                                at /rustc/6067b36314ab5eb2eb47cecc464545ba58e1ad24/library/core/src/fmt/rt.rs:177:76
[INFO] [stdout]    5:     0x5c1cadf24ac3 - core::fmt::write::h2cc1698af7e2d686
[INFO] [stdout]                                at /rustc/6067b36314ab5eb2eb47cecc464545ba58e1ad24/library/core/src/fmt/mod.rs:1440:21
[INFO] [stdout]    6:     0x5c1cadef94c3 - std::io::Write::write_fmt::hab1b4cd059a79022
[INFO] [stdout]                                at /rustc/6067b36314ab5eb2eb47cecc464545ba58e1ad24/library/std/src/io/mod.rs:1887:15
[INFO] [stdout]    7:     0x5c1cadefc7b2 - std::sys::backtrace::BacktraceLock::print::h147fe35b4ea13b08
[INFO] [stdout]                                at /rustc/6067b36314ab5eb2eb47cecc464545ba58e1ad24/library/std/src/sys/backtrace.rs:42:9
[INFO] [stdout]    8:     0x5c1cadefdd8f - std::panicking::default_hook::{{closure}}::hbd44223dbdc0d208
[INFO] [stdout]                                at /rustc/6067b36314ab5eb2eb47cecc464545ba58e1ad24/library/std/src/panicking.rs:298:22
[INFO] [stdout]    9:     0x5c1cadefdba8 - std::panicking::default_hook::h20f81eb0576efcec
[INFO] [stdout]                                at /rustc/6067b36314ab5eb2eb47cecc464545ba58e1ad24/library/std/src/panicking.rs:322:9
[INFO] [stdout]   10:     0x5c1cadec6073 - <alloc::boxed::Box<F,A> as core::ops::function::Fn<Args>>::call::hdb53814c496a4d34
[INFO] [stdout]                                at /rustc/6067b36314ab5eb2eb47cecc464545ba58e1ad24/library/alloc/src/boxed.rs:2027:9
[INFO] [stdout]   11:     0x5c1cadec6073 - test::test_main::{{closure}}::hc0a4963c59427c24
[INFO] [stdout]                                at /rustc/6067b36314ab5eb2eb47cecc464545ba58e1ad24/library/test/src/lib.rs:134:21
[INFO] [stdout]   12:     0x5c1cadefe883 - <alloc::boxed::Box<F,A> as core::ops::function::Fn<Args>>::call::h591b2225413a77e9
[INFO] [stdout]                                at /rustc/6067b36314ab5eb2eb47cecc464545ba58e1ad24/library/alloc/src/boxed.rs:2027:9
[INFO] [stdout]   13:     0x5c1cadefe883 - std::panicking::rust_panic_with_hook::h625eea43051b2edc
[INFO] [stdout]                                at /rustc/6067b36314ab5eb2eb47cecc464545ba58e1ad24/library/std/src/panicking.rs:839:13
[INFO] [stdout]   14:     0x5c1cadefe53a - std::panicking::begin_panic_handler::{{closure}}::h4f9159cfbc3f6bd3
[INFO] [stdout]                                at /rustc/6067b36314ab5eb2eb47cecc464545ba58e1ad24/library/std/src/panicking.rs:704:13
[INFO] [stdout]   15:     0x5c1cadefce69 - std::sys::backtrace::__rust_end_short_backtrace::h0390abce48353151
[INFO] [stdout]                                at /rustc/6067b36314ab5eb2eb47cecc464545ba58e1ad24/library/std/src/sys/backtrace.rs:168:18
[INFO] [stdout]   16:     0x5c1cadefe1cd - rust_begin_unwind
[INFO] [stdout]                                at /rustc/6067b36314ab5eb2eb47cecc464545ba58e1ad24/library/std/src/panicking.rs:695:5
[INFO] [stdout]   17:     0x5c1cadf22a40 - core::panicking::panic_fmt::h9e7c637e9e5f29c9
[INFO] [stdout]                                at /rustc/6067b36314ab5eb2eb47cecc464545ba58e1ad24/library/core/src/panicking.rs:75:14
[INFO] [stdout]   18:     0x5c1cadf22e32 - core::panicking::assert_failed_inner::h538bec7c1374cd9c
[INFO] [stdout]   19:     0x5c1cade89952 - core::panicking::assert_failed::h6413600d9e8cd78a
[INFO] [stdout]                                at /rustc/6067b36314ab5eb2eb47cecc464545ba58e1ad24/library/core/src/panicking.rs:364:5
[INFO] [stdout]   20:     0x5c1cade86346 - data2sound::domain::text2track::tests::test_generate_track::h7b34fc487eb136a2
[INFO] [stdout]                                at /opt/rustwide/workdir/src/domain/text2track.rs:819:9
[INFO] [stdout]   21:     0x5c1cade86855 - data2sound::domain::text2track::tests::test_generate_track::case_4_alphabets::h7ffd8eb73367220e
[INFO] [stdout]                                at /opt/rustwide/workdir/src/domain/text2track.rs:809:5
[INFO] [stdout]   22:     0x5c1cade86767 - data2sound::domain::text2track::tests::test_generate_track::case_4_alphabets::{{closure}}::h8d23eccb23ba1201
[INFO] [stdout]                                at /opt/rustwide/workdir/src/domain/text2track.rs:809:14
[INFO] [stdout]   23:     0x5c1cade840c6 - core::ops::function::FnOnce::call_once::h18e771dd3e6f05ce
[INFO] [stdout]                                at /rustc/6067b36314ab5eb2eb47cecc464545ba58e1ad24/library/core/src/ops/function.rs:250:5
[INFO] [stdout]   24:     0x5c1cadecb7cb - core::ops::function::FnOnce::call_once::he27718dfdd183f43
[INFO] [stdout]                                at /rustc/6067b36314ab5eb2eb47cecc464545ba58e1ad24/library/core/src/ops/function.rs:250:5
[INFO] [stdout]   25:     0x5c1cadecb7cb - test::__rust_begin_short_backtrace::h4e84902998457a5d
[INFO] [stdout]                                at /rustc/6067b36314ab5eb2eb47cecc464545ba58e1ad24/library/test/src/lib.rs:632:18
[INFO] [stdout]   26:     0x5c1cadeca703 - test::run_test_in_process::{{closure}}::h7176fd18fc1feca0
[INFO] [stdout]                                at /rustc/6067b36314ab5eb2eb47cecc464545ba58e1ad24/library/test/src/lib.rs:655:60
[INFO] [stdout]   27:     0x5c1cadeca703 - <core::panic::unwind_safe::AssertUnwindSafe<F> as core::ops::function::FnOnce<()>>::call_once::hf79cff2a624d8cf7
[INFO] [stdout]                                at /rustc/6067b36314ab5eb2eb47cecc464545ba58e1ad24/library/core/src/panic/unwind_safe.rs:272:9
[INFO] [stdout]   28:     0x5c1cadeca703 - std::panicking::try::do_call::h3da0561d9ab99c25
[INFO] [stdout]                                at /rustc/6067b36314ab5eb2eb47cecc464545ba58e1ad24/library/std/src/panicking.rs:587:40
[INFO] [stdout]   29:     0x5c1cadeca703 - std::panicking::try::h41c9fa508bc61df6
[INFO] [stdout]                                at /rustc/6067b36314ab5eb2eb47cecc464545ba58e1ad24/library/std/src/panicking.rs:550:19
[INFO] [stdout]   30:     0x5c1cadeca703 - std::panic::catch_unwind::h6b3ff07bb5afad93
[INFO] [stdout]                                at /rustc/6067b36314ab5eb2eb47cecc464545ba58e1ad24/library/std/src/panic.rs:358:14
[INFO] [stdout]   31:     0x5c1cadeca703 - test::run_test_in_process::hc7253dd11b39b9f4
[INFO] [stdout]                                at /rustc/6067b36314ab5eb2eb47cecc464545ba58e1ad24/library/test/src/lib.rs:655:27
[INFO] [stdout]   32:     0x5c1cadeca703 - test::run_test::{{closure}}::hfb2007f8649c30bb
[INFO] [stdout]                                at /rustc/6067b36314ab5eb2eb47cecc464545ba58e1ad24/library/test/src/lib.rs:576:43
[INFO] [stdout]   33:     0x5c1cade8d7e5 - test::run_test::{{closure}}::h56a17aa7a282a9f4
[INFO] [stdout]                                at /rustc/6067b36314ab5eb2eb47cecc464545ba58e1ad24/library/test/src/lib.rs:606:41
[INFO] [stdout]   34:     0x5c1cade8d7e5 - std::sys::backtrace::__rust_begin_short_backtrace::hd2d2d2fb8e8c6aac
[INFO] [stdout]                                at /rustc/6067b36314ab5eb2eb47cecc464545ba58e1ad24/library/std/src/sys/backtrace.rs:152:18
[INFO] [stdout]   35:     0x5c1cade910ca - std::thread::Builder::spawn_unchecked_::{{closure}}::{{closure}}::h4faa3f9db6133423
[INFO] [stdout]                                at /rustc/6067b36314ab5eb2eb47cecc464545ba58e1ad24/library/std/src/thread/mod.rs:559:17
[INFO] [stdout]   36:     0x5c1cade910ca - <core::panic::unwind_safe::AssertUnwindSafe<F> as core::ops::function::FnOnce<()>>::call_once::hf2e855a36a4ea846
[INFO] [stdout]                                at /rustc/6067b36314ab5eb2eb47cecc464545ba58e1ad24/library/core/src/panic/unwind_safe.rs:272:9
[INFO] [stdout]   37:     0x5c1cade910ca - std::panicking::try::do_call::h2f73af3616c35465
[INFO] [stdout]                                at /rustc/6067b36314ab5eb2eb47cecc464545ba58e1ad24/library/std/src/panicking.rs:587:40
[INFO] [stdout]   38:     0x5c1cade910ca - std::panicking::try::hd1660ce9efadef5a
[INFO] [stdout]                                at /rustc/6067b36314ab5eb2eb47cecc464545ba58e1ad24/library/std/src/panicking.rs:550:19
[INFO] [stdout]   39:     0x5c1cade910ca - std::panic::catch_unwind::h5ee8d7823b8ca744
[INFO] [stdout]                                at /rustc/6067b36314ab5eb2eb47cecc464545ba58e1ad24/library/std/src/panic.rs:358:14
[INFO] [stdout]   40:     0x5c1cade910ca - std::thread::Builder::spawn_unchecked_::{{closure}}::h53c3a1894dce8407
[INFO] [stdout]                                at /rustc/6067b36314ab5eb2eb47cecc464545ba58e1ad24/library/std/src/thread/mod.rs:557:30
[INFO] [stdout]   41:     0x5c1cade910ca - core::ops::function::FnOnce::call_once{{vtable.shim}}::h048ce291ad4f62bf
[INFO] [stdout]                                at /rustc/6067b36314ab5eb2eb47cecc464545ba58e1ad24/library/core/src/ops/function.rs:250:5
[INFO] [stdout]   42:     0x5c1cadf027bb - <alloc::boxed::Box<F,A> as core::ops::function::FnOnce<Args>>::call_once::ha52bedf99a3b4981
[INFO] [stdout]                                at /rustc/6067b36314ab5eb2eb47cecc464545ba58e1ad24/library/alloc/src/boxed.rs:2013:9
[INFO] [stdout]   43:     0x5c1cadf027bb - <alloc::boxed::Box<F,A> as core::ops::function::FnOnce<Args>>::call_once::h567748934d80ccf8
[INFO] [stdout]                                at /rustc/6067b36314ab5eb2eb47cecc464545ba58e1ad24/library/alloc/src/boxed.rs:2013:9
[INFO] [stdout]   44:     0x5c1cadf027bb - std::sys::pal::unix::thread::Thread::new::thread_start::h2d970728ae887adc
[INFO] [stdout]                                at /rustc/6067b36314ab5eb2eb47cecc464545ba58e1ad24/library/std/src/sys/pal/unix/thread.rs:106:17
[INFO] [stdout]   45:     0x7b1b78cf5ac3 - <unknown>
[INFO] [stdout]   46:     0x7b1b78d86a04 - clone
[INFO] [stdout]   47:                0x0 - <unknown>
[INFO] [stdout] 
[INFO] [stdout] ---- domain::text2track::tests::test_generate_track::case_2_katakana stdout ----
[INFO] [stdout] 
[INFO] [stdout] thread 'domain::text2track::tests::test_generate_track::case_2_katakana' panicked at src/domain/text2track.rs:819:9:
[INFO] [stdout] assertion `left == right` failed
[INFO] [stdout]   left: [ToneAndDuration { frequency: 392.0, duration: 0.33333334 }, ToneAndDuration { frequency: 440.0, duration: 0.16666667 }, ToneAndDuration { frequency: 493.88, duration: 0.5 }, ToneAndDuration { frequency: 523.25, duration: 0.33333334 }, ToneAndDuration { frequency: 493.88, duration: 0.16666667 }, ToneAndDuration { frequency: 440.0, duration: 0.5 }, ToneAndDuration { frequency: 392.0, duration: 0.16666667 }, ToneAndDuration { frequency: 440.0, duration: 0.16666667 }, ToneAndDuration { frequency: 493.88, duration: 0.16666667 }, ToneAndDuration { frequency: 523.25, duration: 0.5 }, ToneAndDuration { frequency: 493.88, duration: 0.75 }, ToneAndDuration { frequency: 440.0, duration: 0.25 }, ToneAndDuration { frequency: 523.25, duration: 0.16666667 }, ToneAndDuration { frequency: 587.33, duration: 0.16666667 }, ToneAndDuration { frequency: 659.26, duration: 0.16666667 }, ToneAndDuration { frequency: 587.33, duration: 0.5 }, ToneAndDuration { frequency: 523.25, duration: 0.33333334 }, ToneAndDuration { frequency: 493.88, duration: 0.16666667 }, ToneAndDuration { frequency: 440.0, duration: 0.5 }, ToneAndDuration { frequency: 392.0, duration: 0.16666667 }, ToneAndDuration { frequency: 440.0, duration: 0.16666667 }, ToneAndDuration { frequency: 493.88, duration: 0.16666667 }, ToneAndDuration { frequency: 523.25, duration: 0.5 }, ToneAndDuration { frequency: 493.88, duration: 1.0 }, ToneAndDuration { frequency: 659.26, duration: 0.33333334 }, ToneAndDuration { frequency: 587.33, duration: 0.16666667 }, ToneAndDuration { frequency: 523.25, duration: 0.5 }, ToneAndDuration { frequency: 493.88, duration: 0.16666667 }, ToneAndDuration { frequency: 523.25, duration: 0.16666667 }, ToneAndDuration { frequency: 493.88, duration: 0.16666667 }, ToneAndDuration { frequency: 440.0, duration: 0.5 }, ToneAndDuration { frequency: 523.25, duration: 0.16666667 }, ToneAndDuration { frequency: 587.33, duration: 0.16666667 }, ToneAndDuration { frequency: 659.26, duration: 0.16666667 }, ToneAndDuration { frequency: 587.33, duration: 0.5 }, ToneAndDuration { frequency: 523.25, duration: 0.75 }, ToneAndDuration { frequency: 493.88, duration: 0.25 }, ToneAndDuration { frequency: 659.26, duration: 0.16666667 }, ToneAndDuration { frequency: 587.33, duration: 0.16666667 }, ToneAndDuration { frequency: 523.25, duration: 0.16666667 }, ToneAndDuration { frequency: 493.88, duration: 0.5 }, ToneAndDuration { frequency: 440.0, duration: 0.33333334 }, ToneAndDuration { frequency: 493.88, duration: 0.16666667 }, ToneAndDuration { frequency: 523.25, duration: 0.5 }, ToneAndDuration { frequency: 493.88, duration: 0.16666667 }, ToneAndDuration { frequency: 440.0, duration: 0.16666667 }, ToneAndDuration { frequency: 392.0, duration: 0.16666667 }, ToneAndDuration { frequency: 440.0, duration: 0.5 }, ToneAndDuration { frequency: 392.0, duration: 1.0 }]
[INFO] [stdout]  right: [ToneAndDuration { frequency: 261.63, duration: 0.375 }]
[INFO] [stdout] stack backtrace:
[INFO] [stdout]    0:     0x5c1cadefc96a - std::backtrace_rs::backtrace::libunwind::trace::hb059275cfc8d6126
[INFO] [stdout]                                at /rustc/6067b36314ab5eb2eb47cecc464545ba58e1ad24/library/std/src/../../backtrace/src/backtrace/libunwind.rs:116:5
[INFO] [stdout]    1:     0x5c1cadefc96a - std::backtrace_rs::backtrace::trace_unsynchronized::h2da071e4327ce3ee
[INFO] [stdout]                                at /rustc/6067b36314ab5eb2eb47cecc464545ba58e1ad24/library/std/src/../../backtrace/src/backtrace/mod.rs:66:5
[INFO] [stdout]    2:     0x5c1cadefc96a - std::sys::backtrace::_print_fmt::h842a1474e6f8d23f
[INFO] [stdout]                                at /rustc/6067b36314ab5eb2eb47cecc464545ba58e1ad24/library/std/src/sys/backtrace.rs:66:9
[INFO] [stdout]    3:     0x5c1cadefc96a - <std::sys::backtrace::BacktraceLock::print::DisplayBacktrace as core::fmt::Display>::fmt::h71a62eb3b9696b12
[INFO] [stdout]                                at /rustc/6067b36314ab5eb2eb47cecc464545ba58e1ad24/library/std/src/sys/backtrace.rs:39:26
[INFO] [stdout]    4:     0x5c1cadf24ac3 - core::fmt::rt::Argument::fmt::hdb6b616786b41dc1
[INFO] [stdout]                                at /rustc/6067b36314ab5eb2eb47cecc464545ba58e1ad24/library/core/src/fmt/rt.rs:177:76
[INFO] [stdout]    5:     0x5c1cadf24ac3 - core::fmt::write::h2cc1698af7e2d686
[INFO] [stdout]                                at /rustc/6067b36314ab5eb2eb47cecc464545ba58e1ad24/library/core/src/fmt/mod.rs:1440:21
[INFO] [stdout]    6:     0x5c1cadef94c3 - std::io::Write::write_fmt::hab1b4cd059a79022
[INFO] [stdout]                                at /rustc/6067b36314ab5eb2eb47cecc464545ba58e1ad24/library/std/src/io/mod.rs:1887:15
[INFO] [stdout]    7:     0x5c1cadefc7b2 - std::sys::backtrace::BacktraceLock::print::h147fe35b4ea13b08
[INFO] [stdout]                                at /rustc/6067b36314ab5eb2eb47cecc464545ba58e1ad24/library/std/src/sys/backtrace.rs:42:9
[INFO] [stdout]    8:     0x5c1cadefdd8f - std::panicking::default_hook::{{closure}}::hbd44223dbdc0d208
[INFO] [stdout]                                at /rustc/6067b36314ab5eb2eb47cecc464545ba58e1ad24/library/std/src/panicking.rs:298:22
[INFO] [stdout]    9:     0x5c1cadefdba8 - std::panicking::default_hook::h20f81eb0576efcec
[INFO] [stdout]                                at /rustc/6067b36314ab5eb2eb47cecc464545ba58e1ad24/library/std/src/panicking.rs:322:9
[INFO] [stdout]   10:     0x5c1cadec6073 - <alloc::boxed::Box<F,A> as core::ops::function::Fn<Args>>::call::hdb53814c496a4d34
[INFO] [stdout]                                at /rustc/6067b36314ab5eb2eb47cecc464545ba58e1ad24/library/alloc/src/boxed.rs:2027:9
[INFO] [stdout]   11:     0x5c1cadec6073 - test::test_main::{{closure}}::hc0a4963c59427c24
[INFO] [stdout]                                at /rustc/6067b36314ab5eb2eb47cecc464545ba58e1ad24/library/test/src/lib.rs:134:21
[INFO] [stdout]   12:     0x5c1cadefe883 - <alloc::boxed::Box<F,A> as core::ops::function::Fn<Args>>::call::h591b2225413a77e9
[INFO] [stdout]                                at /rustc/6067b36314ab5eb2eb47cecc464545ba58e1ad24/library/alloc/src/boxed.rs:2027:9
[INFO] [stdout]   13:     0x5c1cadefe883 - std::panicking::rust_panic_with_hook::h625eea43051b2edc
[INFO] [stdout]                                at /rustc/6067b36314ab5eb2eb47cecc464545ba58e1ad24/library/std/src/panicking.rs:839:13
[INFO] [stdout]   14:     0x5c1cadefe53a - std::panicking::begin_panic_handler::{{closure}}::h4f9159cfbc3f6bd3
[INFO] [stdout]                                at /rustc/6067b36314ab5eb2eb47cecc464545ba58e1ad24/library/std/src/panicking.rs:704:13
[INFO] [stdout]   15:     0x5c1cadefce69 - std::sys::backtrace::__rust_end_short_backtrace::h0390abce48353151
[INFO] [stdout]                                at /rustc/6067b36314ab5eb2eb47cecc464545ba58e1ad24/library/std/src/sys/backtrace.rs:168:18
[INFO] [stdout]   16:     0x5c1cadefe1cd - rust_begin_unwind
[INFO] [stdout]                                at /rustc/6067b36314ab5eb2eb47cecc464545ba58e1ad24/library/std/src/panicking.rs:695:5
[INFO] [stdout]   17:     0x5c1cadf22a40 - core::panicking::panic_fmt::h9e7c637e9e5f29c9
[INFO] [stdout]                                at /rustc/6067b36314ab5eb2eb47cecc464545ba58e1ad24/library/core/src/panicking.rs:75:14
[INFO] [stdout]   18:     0x5c1cadf22e32 - core::panicking::assert_failed_inner::h538bec7c1374cd9c
[INFO] [stdout]   19:     0x5c1cade89952 - core::panicking::assert_failed::h6413600d9e8cd78a
[INFO] [stdout]                                at /rustc/6067b36314ab5eb2eb47cecc464545ba58e1ad24/library/core/src/panicking.rs:364:5
[INFO] [stdout]   20:     0x5c1cade86346 - data2sound::domain::text2track::tests::test_generate_track::h7b34fc487eb136a2
[INFO] [stdout]                                at /opt/rustwide/workdir/src/domain/text2track.rs:819:9
[INFO] [stdout]   21:     0x5c1cade865d5 - data2sound::domain::text2track::tests::test_generate_track::case_2_katakana::h2e971ff7d61005ed
[INFO] [stdout]                                at /opt/rustwide/workdir/src/domain/text2track.rs:809:5
[INFO] [stdout]   22:     0x5c1cade864e7 - data2sound::domain::text2track::tests::test_generate_track::case_2_katakana::{{closure}}::hba6c4210b3192a6e
[INFO] [stdout]                                at /opt/rustwide/workdir/src/domain/text2track.rs:809:14
[INFO] [stdout]   23:     0x5c1cade84446 - core::ops::function::FnOnce::call_once::haa5fe3723bbb0f44
[INFO] [stdout]                                at /rustc/6067b36314ab5eb2eb47cecc464545ba58e1ad24/library/core/src/ops/function.rs:250:5
[INFO] [stdout]   24:     0x5c1cadecb7cb - core::ops::function::FnOnce::call_once::he27718dfdd183f43
[INFO] [stdout]                                at /rustc/6067b36314ab5eb2eb47cecc464545ba58e1ad24/library/core/src/ops/function.rs:250:5
[INFO] [stdout]   25:     0x5c1cadecb7cb - test::__rust_begin_short_backtrace::h4e84902998457a5d
[INFO] [stdout]                                at /rustc/6067b36314ab5eb2eb47cecc464545ba58e1ad24/library/test/src/lib.rs:632:18
[INFO] [stdout]   26:     0x5c1cadeca703 - test::run_test_in_process::{{closure}}::h7176fd18fc1feca0
[INFO] [stdout]                                at /rustc/6067b36314ab5eb2eb47cecc464545ba58e1ad24/library/test/src/lib.rs:655:60
[INFO] [stdout]   27:     0x5c1cadeca703 - <core::panic::unwind_safe::AssertUnwindSafe<F> as core::ops::function::FnOnce<()>>::call_once::hf79cff2a624d8cf7
[INFO] [stdout]                                at /rustc/6067b36314ab5eb2eb47cecc464545ba58e1ad24/library/core/src/panic/unwind_safe.rs:272:9
[INFO] [stdout]   28:     0x5c1cadeca703 - std::panicking::try::do_call::h3da0561d9ab99c25
[INFO] [stdout]                                at /rustc/6067b36314ab5eb2eb47cecc464545ba58e1ad24/library/std/src/panicking.rs:587:40
[INFO] [stdout]   29:     0x5c1cadeca703 - std::panicking::try::h41c9fa508bc61df6
[INFO] [stdout]                                at /rustc/6067b36314ab5eb2eb47cecc464545ba58e1ad24/library/std/src/panicking.rs:550:19
[INFO] [stdout]   30:     0x5c1cadeca703 - std::panic::catch_unwind::h6b3ff07bb5afad93
[INFO] [stdout]                                at /rustc/6067b36314ab5eb2eb47cecc464545ba58e1ad24/library/std/src/panic.rs:358:14
[INFO] [stdout]   31:     0x5c1cadeca703 - test::run_test_in_process::hc7253dd11b39b9f4
[INFO] [stdout]                                at /rustc/6067b36314ab5eb2eb47cecc464545ba58e1ad24/library/test/src/lib.rs:655:27
[INFO] [stdout]   32:     0x5c1cadeca703 - test::run_test::{{closure}}::hfb2007f8649c30bb
[INFO] [stdout]                                at /rustc/6067b36314ab5eb2eb47cecc464545ba58e1ad24/library/test/src/lib.rs:576:43
[INFO] [stdout]   33:     0x5c1cade8d7e5 - test::run_test::{{closure}}::h56a17aa7a282a9f4
[INFO] [stdout]                                at /rustc/6067b36314ab5eb2eb47cecc464545ba58e1ad24/library/test/src/lib.rs:606:41
[INFO] [stdout]   34:     0x5c1cade8d7e5 - std::sys::backtrace::__rust_begin_short_backtrace::hd2d2d2fb8e8c6aac
[INFO] [stdout]                                at /rustc/6067b36314ab5eb2eb47cecc464545ba58e1ad24/library/std/src/sys/backtrace.rs:152:18
[INFO] [stdout]   35:     0x5c1cade910ca - std::thread::Builder::spawn_unchecked_::{{closure}}::{{closure}}::h4faa3f9db6133423
[INFO] [stdout]                                at /rustc/6067b36314ab5eb2eb47cecc464545ba58e1ad24/library/std/src/thread/mod.rs:559:17
[INFO] [stdout]   36:     0x5c1cade910ca - <core::panic::unwind_safe::AssertUnwindSafe<F> as core::ops::function::FnOnce<()>>::call_once::hf2e855a36a4ea846
[INFO] [stdout]                                at /rustc/6067b36314ab5eb2eb47cecc464545ba58e1ad24/library/core/src/panic/unwind_safe.rs:272:9
[INFO] [stdout]   37:     0x5c1cade910ca - std::panicking::try::do_call::h2f73af3616c35465
[INFO] [stdout]                                at /rustc/6067b36314ab5eb2eb47cecc464545ba58e1ad24/library/std/src/panicking.rs:587:40
[INFO] [stdout]   38:     0x5c1cade910ca - std::panicking::try::hd1660ce9efadef5a
[INFO] [stdout]                                at /rustc/6067b36314ab5eb2eb47cecc464545ba58e1ad24/library/std/src/panicking.rs:550:19
[INFO] [stdout]   39:     0x5c1cade910ca - std::panic::catch_unwind::h5ee8d7823b8ca744
[INFO] [stdout]                                at /rustc/6067b36314ab5eb2eb47cecc464545ba58e1ad24/library/std/src/panic.rs:358:14
[INFO] [stdout]   40:     0x5c1cade910ca - std::thread::Builder::spawn_unchecked_::{{closure}}::h53c3a1894dce8407
[INFO] [stdout]                                at /rustc/6067b36314ab5eb2eb47cecc464545ba58e1ad24/library/std/src/thread/mod.rs:557:30
[INFO] [stdout]   41:     0x5c1cade910ca - core::ops::function::FnOnce::call_once{{vtable.shim}}::h048ce291ad4f62bf
[INFO] [stdout]                                at /rustc/6067b36314ab5eb2eb47cecc464545ba58e1ad24/library/core/src/ops/function.rs:250:5
[INFO] [stdout]   42:     0x5c1cadf027bb - <alloc::boxed::Box<F,A> as core::ops::function::FnOnce<Args>>::call_once::ha52bedf99a3b4981
[INFO] [stdout]                                at /rustc/6067b36314ab5eb2eb47cecc464545ba58e1ad24/library/alloc/src/boxed.rs:2013:9
[INFO] [stdout]   43:     0x5c1cadf027bb - <alloc::boxed::Box<F,A> as core::ops::function::FnOnce<Args>>::call_once::h567748934d80ccf8
[INFO] [stdout]                                at /rustc/6067b36314ab5eb2eb47cecc464545ba58e1ad24/library/alloc/src/boxed.rs:2013:9
[INFO] [stdout]   44:     0x5c1cadf027bb - std::sys::pal::unix::thread::Thread::new::thread_start::h2d970728ae887adc
[INFO] [stdout]                                at /rustc/6067b36314ab5eb2eb47cecc464545ba58e1ad24/library/std/src/sys/pal/unix/thread.rs:106:17
[INFO] [stdout]   45:     0x7b1b78cf5ac3 - <unknown>
[INFO] [stdout]   46:     0x7b1b78d86a04 - clone
[INFO] [stdout]   47:                0x0 - <unknown>
[INFO] [stdout] 
[INFO] [stdout] ---- domain::text2track::tests::test_generate_track::case_1_hiragana stdout ----
[INFO] [stdout] 
[INFO] [stdout] thread 'domain::text2track::tests::test_generate_track::case_1_hiragana' panicked at src/domain/text2track.rs:819:9:
[INFO] [stdout] assertion `left == right` failed
[INFO] [stdout]   left: [ToneAndDuration { frequency: 261.63, duration: 0.5 }, ToneAndDuration { frequency: 293.66, duration: 0.5 }, ToneAndDuration { frequency: 349.23, duration: 0.75 }, ToneAndDuration { frequency: 392.0, duration: 0.25 }, ToneAndDuration { frequency: 349.23, duration: 0.5 }, ToneAndDuration { frequency: 293.66, duration: 0.5 }, ToneAndDuration { frequency: 261.63, duration: 1.0 }, ToneAndDuration { frequency: 392.0, duration: 0.5 }, ToneAndDuration { frequency: 349.23, duration: 0.5 }, ToneAndDuration { frequency: 293.66, duration: 0.75 }, ToneAndDuration { frequency: 261.63, duration: 0.25 }, ToneAndDuration { frequency: 293.66, duration: 0.5 }, ToneAndDuration { frequency: 349.23, duration: 0.5 }, ToneAndDuration { frequency: 392.0, duration: 1.0 }, ToneAndDuration { frequency: 523.25, duration: 0.5 }, ToneAndDuration { frequency: 392.0, duration: 0.5 }, ToneAndDuration { frequency: 349.23, duration: 0.75 }, ToneAndDuration { frequency: 293.66, duration: 0.25 }, ToneAndDuration { frequency: 261.63, duration: 1.0 }, ToneAndDuration { frequency: 293.66, duration: 1.0 }, ToneAndDuration { frequency: 349.23, duration: 0.5 }, ToneAndDuration { frequency: 392.0, duration: 0.5 }, ToneAndDuration { frequency: 349.23, duration: 0.75 }, ToneAndDuration { frequency: 293.66, duration: 0.25 }, ToneAndDuration { frequency: 261.63, duration: 0.5 }, ToneAndDuration { frequency: 293.66, duration: 0.5 }, ToneAndDuration { frequency: 261.63, duration: 1.0 }]
[INFO] [stdout]  right: [ToneAndDuration { frequency: 261.63, duration: 0.375 }]
[INFO] [stdout] stack backtrace:
[INFO] [stdout]    0:     0x5c1cadefc96a - std::backtrace_rs::backtrace::libunwind::trace::hb059275cfc8d6126
[INFO] [stdout]                                at /rustc/6067b36314ab5eb2eb47cecc464545ba58e1ad24/library/std/src/../../backtrace/src/backtrace/libunwind.rs:116:5
[INFO] [stdout]    1:     0x5c1cadefc96a - std::backtrace_rs::backtrace::trace_unsynchronized::h2da071e4327ce3ee
[INFO] [stdout]                                at /rustc/6067b36314ab5eb2eb47cecc464545ba58e1ad24/library/std/src/../../backtrace/src/backtrace/mod.rs:66:5
[INFO] [stdout]    2:     0x5c1cadefc96a - std::sys::backtrace::_print_fmt::h842a1474e6f8d23f
[INFO] [stdout]                                at /rustc/6067b36314ab5eb2eb47cecc464545ba58e1ad24/library/std/src/sys/backtrace.rs:66:9
[INFO] [stdout]    3:     0x5c1cadefc96a - <std::sys::backtrace::BacktraceLock::print::DisplayBacktrace as core::fmt::Display>::fmt::h71a62eb3b9696b12
[INFO] [stdout]                                at /rustc/6067b36314ab5eb2eb47cecc464545ba58e1ad24/library/std/src/sys/backtrace.rs:39:26
[INFO] [stdout]    4:     0x5c1cadf24ac3 - core::fmt::rt::Argument::fmt::hdb6b616786b41dc1
[INFO] [stdout]                                at /rustc/6067b36314ab5eb2eb47cecc464545ba58e1ad24/library/core/src/fmt/rt.rs:177:76
[INFO] [stdout]    5:     0x5c1cadf24ac3 - core::fmt::write::h2cc1698af7e2d686
[INFO] [stdout]                                at /rustc/6067b36314ab5eb2eb47cecc464545ba58e1ad24/library/core/src/fmt/mod.rs:1440:21
[INFO] [stdout]    6:     0x5c1cadef94c3 - std::io::Write::write_fmt::hab1b4cd059a79022
[INFO] [stdout]                                at /rustc/6067b36314ab5eb2eb47cecc464545ba58e1ad24/library/std/src/io/mod.rs:1887:15
[INFO] [stdout]    7:     0x5c1cadefc7b2 - std::sys::backtrace::BacktraceLock::print::h147fe35b4ea13b08
[INFO] [stdout]                                at /rustc/6067b36314ab5eb2eb47cecc464545ba58e1ad24/library/std/src/sys/backtrace.rs:42:9
[INFO] [stdout]    8:     0x5c1cadefdd8f - std::panicking::default_hook::{{closure}}::hbd44223dbdc0d208
[INFO] [stdout]                                at /rustc/6067b36314ab5eb2eb47cecc464545ba58e1ad24/library/std/src/panicking.rs:298:22
[INFO] [stdout]    9:     0x5c1cadefdba8 - std::panicking::default_hook::h20f81eb0576efcec
[INFO] [stdout]                                at /rustc/6067b36314ab5eb2eb47cecc464545ba58e1ad24/library/std/src/panicking.rs:322:9
[INFO] [stdout]   10:     0x5c1cadec6073 - <alloc::boxed::Box<F,A> as core::ops::function::Fn<Args>>::call::hdb53814c496a4d34
[INFO] [stdout]                                at /rustc/6067b36314ab5eb2eb47cecc464545ba58e1ad24/library/alloc/src/boxed.rs:2027:9
[INFO] [stdout]   11:     0x5c1cadec6073 - test::test_main::{{closure}}::hc0a4963c59427c24
[INFO] [stdout]                                at /rustc/6067b36314ab5eb2eb47cecc464545ba58e1ad24/library/test/src/lib.rs:134:21
[INFO] [stdout]   12:     0x5c1cadefe883 - <alloc::boxed::Box<F,A> as core::ops::function::Fn<Args>>::call::h591b2225413a77e9
[INFO] [stdout]                                at /rustc/6067b36314ab5eb2eb47cecc464545ba58e1ad24/library/alloc/src/boxed.rs:2027:9
[INFO] [stdout]   13:     0x5c1cadefe883 - std::panicking::rust_panic_with_hook::h625eea43051b2edc
[INFO] [stdout]                                at /rustc/6067b36314ab5eb2eb47cecc464545ba58e1ad24/library/std/src/panicking.rs:839:13
[INFO] [stdout]   14:     0x5c1cadefe53a - std::panicking::begin_panic_handler::{{closure}}::h4f9159cfbc3f6bd3
[INFO] [stdout]                                at /rustc/6067b36314ab5eb2eb47cecc464545ba58e1ad24/library/std/src/panicking.rs:704:13
[INFO] [stdout]   15:     0x5c1cadefce69 - std::sys::backtrace::__rust_end_short_backtrace::h0390abce48353151
[INFO] [stdout]                                at /rustc/6067b36314ab5eb2eb47cecc464545ba58e1ad24/library/std/src/sys/backtrace.rs:168:18
[INFO] [stdout]   16:     0x5c1cadefe1cd - rust_begin_unwind
[INFO] [stdout]                                at /rustc/6067b36314ab5eb2eb47cecc464545ba58e1ad24/library/std/src/panicking.rs:695:5
[INFO] [stdout]   17:     0x5c1cadf22a40 - core::panicking::panic_fmt::h9e7c637e9e5f29c9
[INFO] [stdout]                                at /rustc/6067b36314ab5eb2eb47cecc464545ba58e1ad24/library/core/src/panicking.rs:75:14
[INFO] [stdout]   18:     0x5c1cadf22e32 - core::panicking::assert_failed_inner::h538bec7c1374cd9c
[INFO] [stdout]   19:     0x5c1cade89952 - core::panicking::assert_failed::h6413600d9e8cd78a
[INFO] [stdout]                                at /rustc/6067b36314ab5eb2eb47cecc464545ba58e1ad24/library/core/src/panicking.rs:364:5
[INFO] [stdout]   20:     0x5c1cade86346 - data2sound::domain::text2track::tests::test_generate_track::h7b34fc487eb136a2
[INFO] [stdout]                                at /opt/rustwide/workdir/src/domain/text2track.rs:819:9
[INFO] [stdout]   21:     0x5c1cade86495 - data2sound::domain::text2track::tests::test_generate_track::case_1_hiragana::hff8df2485436116b
[INFO] [stdout]                                at /opt/rustwide/workdir/src/domain/text2track.rs:809:5
[INFO] [stdout]   22:     0x5c1cade863a7 - data2sound::domain::text2track::tests::test_generate_track::case_1_hiragana::{{closure}}::ha320faa7110d8d6f
[INFO] [stdout]                                at /opt/rustwide/workdir/src/domain/text2track.rs:809:14
[INFO] [stdout]   23:     0x5c1cade84306 - core::ops::function::FnOnce::call_once::h5f0b1503c1f3a060
[INFO] [stdout]                                at /rustc/6067b36314ab5eb2eb47cecc464545ba58e1ad24/library/core/src/ops/function.rs:250:5
[INFO] [stdout]   24:     0x5c1cadecb7cb - core::ops::function::FnOnce::call_once::he27718dfdd183f43
[INFO] [stdout]                                at /rustc/6067b36314ab5eb2eb47cecc464545ba58e1ad24/library/core/src/ops/function.rs:250:5
[INFO] [stdout]   25:     0x5c1cadecb7cb - test::__rust_begin_short_backtrace::h4e84902998457a5d
[INFO] [stdout]                                at /rustc/6067b36314ab5eb2eb47cecc464545ba58e1ad24/library/test/src/lib.rs:632:18
[INFO] [stdout]   26:     0x5c1cadeca703 - test::run_test_in_process::{{closure}}::h7176fd18fc1feca0
[INFO] [stdout]                                at /rustc/6067b36314ab5eb2eb47cecc464545ba58e1ad24/library/test/src/lib.rs:655:60
[INFO] [stdout]   27:     0x5c1cadeca703 - <core::panic::unwind_safe::AssertUnwindSafe<F> as core::ops::function::FnOnce<()>>::call_once::hf79cff2a624d8cf7
[INFO] [stdout]                                at /rustc/6067b36314ab5eb2eb47cecc464545ba58e1ad24/library/core/src/panic/unwind_safe.rs:272:9
[INFO] [stdout]   28:     0x5c1cadeca703 - std::panicking::try::do_call::h3da0561d9ab99c25
[INFO] [stdout]                                at /rustc/6067b36314ab5eb2eb47cecc464545ba58e1ad24/library/std/src/panicking.rs:587:40
[INFO] [stdout]   29:     0x5c1cadeca703 - std::panicking::try::h41c9fa508bc61df6
[INFO] [stdout]                                at /rustc/6067b36314ab5eb2eb47cecc464545ba58e1ad24/library/std/src/panicking.rs:550:19
[INFO] [stdout]   30:     0x5c1cadeca703 - std::panic::catch_unwind::h6b3ff07bb5afad93
[INFO] [stdout]                                at /rustc/6067b36314ab5eb2eb47cecc464545ba58e1ad24/library/std/src/panic.rs:358:14
[INFO] [stdout]   31:     0x5c1cadeca703 - test::run_test_in_process::hc7253dd11b39b9f4
[INFO] [stdout]                                at /rustc/6067b36314ab5eb2eb47cecc464545ba58e1ad24/library/test/src/lib.rs:655:27
[INFO] [stdout]   32:     0x5c1cadeca703 - test::run_test::{{closure}}::hfb2007f8649c30bb
[INFO] [stdout]                                at /rustc/6067b36314ab5eb2eb47cecc464545ba58e1ad24/library/test/src/lib.rs:576:43
[INFO] [stdout]   33:     0x5c1cade8d7e5 - test::run_test::{{closure}}::h56a17aa7a282a9f4
[INFO] [stdout]                                at /rustc/6067b36314ab5eb2eb47cecc464545ba58e1ad24/library/test/src/lib.rs:606:41
[INFO] [stdout]   34:     0x5c1cade8d7e5 - std::sys::backtrace::__rust_begin_short_backtrace::hd2d2d2fb8e8c6aac
[INFO] [stdout]                                at /rustc/6067b36314ab5eb2eb47cecc464545ba58e1ad24/library/std/src/sys/backtrace.rs:152:18
[INFO] [stdout]   35:     0x5c1cade910ca - std::thread::Builder::spawn_unchecked_::{{closure}}::{{closure}}::h4faa3f9db6133423
[INFO] [stdout]                                at /rustc/6067b36314ab5eb2eb47cecc464545ba58e1ad24/library/std/src/thread/mod.rs:559:17
[INFO] [stdout]   36:     0x5c1cade910ca - <core::panic::unwind_safe::AssertUnwindSafe<F> as core::ops::function::FnOnce<()>>::call_once::hf2e855a36a4ea846
[INFO] [stdout]                                at /rustc/6067b36314ab5eb2eb47cecc464545ba58e1ad24/library/core/src/panic/unwind_safe.rs:272:9
[INFO] [stdout]   37:     0x5c1cade910ca - std::panicking::try::do_call::h2f73af3616c35465
[INFO] [stdout]                                at /rustc/6067b36314ab5eb2eb47cecc464545ba58e1ad24/library/std/src/panicking.rs:587:40
[INFO] [stdout]   38:     0x5c1cade910ca - std::panicking::try::hd1660ce9efadef5a
[INFO] [stdout]                                at /rustc/6067b36314ab5eb2eb47cecc464545ba58e1ad24/library/std/src/panicking.rs:550:19
[INFO] [stdout]   39:     0x5c1cade910ca - std::panic::catch_unwind::h5ee8d7823b8ca744
[INFO] [stdout]                                at /rustc/6067b36314ab5eb2eb47cecc464545ba58e1ad24/library/std/src/panic.rs:358:14
[INFO] [stdout]   40:     0x5c1cade910ca - std::thread::Builder::spawn_unchecked_::{{closure}}::h53c3a1894dce8407
[INFO] [stdout]                                at /rustc/6067b36314ab5eb2eb47cecc464545ba58e1ad24/library/std/src/thread/mod.rs:557:30
[INFO] [stdout]   41:     0x5c1cade910ca - core::ops::function::FnOnce::call_once{{vtable.shim}}::h048ce291ad4f62bf
[INFO] [stdout]                                at /rustc/6067b36314ab5eb2eb47cecc464545ba58e1ad24/library/core/src/ops/function.rs:250:5
[INFO] [stdout]   42:     0x5c1cadf027bb - <alloc::boxed::Box<F,A> as core::ops::function::FnOnce<Args>>::call_once::ha52bedf99a3b4981
[INFO] [stdout]                                at /rustc/6067b36314ab5eb2eb47cecc464545ba58e1ad24/library/alloc/src/boxed.rs:2013:9
[INFO] [stdout]   43:     0x5c1cadf027bb - <alloc::boxed::Box<F,A> as core::ops::function::FnOnce<Args>>::call_once::h567748934d80ccf8
[INFO] [stdout]                                at /rustc/6067b36314ab5eb2eb47cecc464545ba58e1ad24/library/alloc/src/boxed.rs:2013:9
[INFO] [stdout]   44:     0x5c1cadf027bb - std::sys::pal::unix::thread::Thread::new::thread_start::h2d970728ae887adc
[INFO] [stdout]                                at /rustc/6067b36314ab5eb2eb47cecc464545ba58e1ad24/library/std/src/sys/pal/unix/thread.rs:106:17
[INFO] [stdout]   45:     0x7b1b78cf5ac3 - <unknown>
[INFO] [stdout]   46:     0x7b1b78d86a04 - clone
[INFO] [stdout]   47:                0x0 - <unknown>
[INFO] [stdout] 
[INFO] [stdout] 
[INFO] [stdout] failures:
[INFO] [stdout]     domain::text2track::tests::test_generate_track::case_1_hiragana
[INFO] [stdout]     domain::text2track::tests::test_generate_track::case_2_katakana
[INFO] [stdout]     domain::text2track::tests::test_generate_track::case_3_kanji
[INFO] [stdout]     domain::text2track::tests::test_generate_track::case_4_alphabets
[INFO] [stdout] 
[INFO] [stdout] test result: FAILED. 15 passed; 4 failed; 0 ignored; 0 measured; 0 filtered out; finished in 0.07s
[INFO] [stdout] 
[INFO] running `Command { std: "docker" "inspect" "5be8a8c49bf6f1789149afaf4820877691fd5565745716f892701dcd6e19f9df", kill_on_drop: false }`
[INFO] running `Command { std: "docker" "rm" "-f" "5be8a8c49bf6f1789149afaf4820877691fd5565745716f892701dcd6e19f9df", kill_on_drop: false }`
[INFO] [stdout] 5be8a8c49bf6f1789149afaf4820877691fd5565745716f892701dcd6e19f9df
