[INFO] cloning repository https://github.com/pusher-community/pusher-http-rust
[INFO] running `Command { std: "git" "-c" "credential.helper=" "-c" "credential.helper=/workspace/cargo-home/bin/git-credential-null" "clone" "--bare" "https://github.com/pusher-community/pusher-http-rust" "/workspace/cache/git-repos/https%3A%2F%2Fgithub.com%2Fpusher-community%2Fpusher-http-rust", kill_on_drop: false }`
[INFO] [stderr] Cloning into bare repository '/workspace/cache/git-repos/https%3A%2F%2Fgithub.com%2Fpusher-community%2Fpusher-http-rust'...
[INFO] running `Command { std: "git" "rev-parse" "HEAD", kill_on_drop: false }`
[INFO] [stdout] dcaa68777d63847623964f8f0165e349e9b73112
[INFO] testing pusher-community/pusher-http-rust against nightly-2025-01-18+rustflags=-Zrandomize-layout for randomize-layout-2
[INFO] running `Command { std: "git" "clone" "/workspace/cache/git-repos/https%3A%2F%2Fgithub.com%2Fpusher-community%2Fpusher-http-rust" "/workspace/builds/worker-1-tc2/source", kill_on_drop: false }`
[INFO] [stderr] Cloning into '/workspace/builds/worker-1-tc2/source'...
[INFO] [stderr] done.
[INFO] validating manifest of git repo https://github.com/pusher-community/pusher-http-rust on toolchain nightly-2025-01-18
[INFO] running `Command { std: CARGO_HOME="/workspace/cargo-home" RUSTUP_HOME="/workspace/rustup-home" "/workspace/cargo-home/bin/cargo" "+nightly-2025-01-18" "metadata" "--manifest-path" "Cargo.toml" "--no-deps", kill_on_drop: false }`
[INFO] started tweaking git repo https://github.com/pusher-community/pusher-http-rust
[INFO] removed 0 missing examples
[INFO] finished tweaking git repo https://github.com/pusher-community/pusher-http-rust
[INFO] tweaked toml for git repo https://github.com/pusher-community/pusher-http-rust written to /workspace/builds/worker-1-tc2/source/Cargo.toml
[INFO] crate git repo https://github.com/pusher-community/pusher-http-rust already has a lockfile, it will not be regenerated
[INFO] running `Command { std: CARGO_HOME="/workspace/cargo-home" RUSTUP_HOME="/workspace/rustup-home" "/workspace/cargo-home/bin/cargo" "+nightly-2025-01-18" "fetch" "--manifest-path" "Cargo.toml", kill_on_drop: false }`
[INFO] running `Command { std: "docker" "create" "-v" "/var/lib/crater-agent-workspace/builds/worker-1-tc2/target:/opt/rustwide/target:rw,Z" "-v" "/var/lib/crater-agent-workspace/builds/worker-1-tc2/source:/opt/rustwide/workdir:ro,Z" "-v" "/var/lib/crater-agent-workspace/cargo-home:/opt/rustwide/cargo-home:ro,Z" "-v" "/var/lib/crater-agent-workspace/rustup-home:/opt/rustwide/rustup-home:ro,Z" "-e" "SOURCE_DIR=/opt/rustwide/workdir" "-e" "CARGO_TARGET_DIR=/opt/rustwide/target" "-e" "CARGO_HOME=/opt/rustwide/cargo-home" "-e" "RUSTUP_HOME=/opt/rustwide/rustup-home" "-w" "/opt/rustwide/workdir" "-m" "1610612736" "--user" "0:0" "--network" "none" "ghcr.io/rust-lang/crates-build-env/linux@sha256:819108c5571ea2e421544af4d832f968d213c87fbe3707a016657f43d2f853bc" "/opt/rustwide/cargo-home/bin/cargo" "+nightly-2025-01-18" "metadata" "--no-deps" "--format-version=1", kill_on_drop: false }`
[INFO] [stdout] 8ab3c7fb929560330924a86dd326bda070e26ffdd317efeeac6e1c484108e754
[INFO] running `Command { std: "docker" "start" "-a" "8ab3c7fb929560330924a86dd326bda070e26ffdd317efeeac6e1c484108e754", kill_on_drop: false }`
[INFO] running `Command { std: "docker" "inspect" "8ab3c7fb929560330924a86dd326bda070e26ffdd317efeeac6e1c484108e754", kill_on_drop: false }`
[INFO] running `Command { std: "docker" "rm" "-f" "8ab3c7fb929560330924a86dd326bda070e26ffdd317efeeac6e1c484108e754", kill_on_drop: false }`
[INFO] [stdout] 8ab3c7fb929560330924a86dd326bda070e26ffdd317efeeac6e1c484108e754
[INFO] running `Command { std: "docker" "create" "-v" "/var/lib/crater-agent-workspace/builds/worker-1-tc2/target:/opt/rustwide/target:rw,Z" "-v" "/var/lib/crater-agent-workspace/builds/worker-1-tc2/source:/opt/rustwide/workdir:ro,Z" "-v" "/var/lib/crater-agent-workspace/cargo-home:/opt/rustwide/cargo-home:ro,Z" "-v" "/var/lib/crater-agent-workspace/rustup-home:/opt/rustwide/rustup-home:ro,Z" "-e" "SOURCE_DIR=/opt/rustwide/workdir" "-e" "CARGO_TARGET_DIR=/opt/rustwide/target" "-e" "CARGO_INCREMENTAL=0" "-e" "RUST_BACKTRACE=full" "-e" "RUSTFLAGS=--cap-lints=forbid -Zrandomize-layout" "-e" "RUSTDOCFLAGS=--cap-lints=forbid" "-e" "CARGO_HOME=/opt/rustwide/cargo-home" "-e" "RUSTUP_HOME=/opt/rustwide/rustup-home" "-w" "/opt/rustwide/workdir" "-m" "1610612736" "--user" "0:0" "--network" "none" "ghcr.io/rust-lang/crates-build-env/linux@sha256:819108c5571ea2e421544af4d832f968d213c87fbe3707a016657f43d2f853bc" "/opt/rustwide/cargo-home/bin/cargo" "+nightly-2025-01-18" "build" "--frozen" "--message-format=json", kill_on_drop: false }`
[INFO] [stdout] e83e6684dc63fb204701f524c4a881954e98cf92973eb725b85063c933627692
[INFO] running `Command { std: "docker" "start" "-a" "e83e6684dc63fb204701f524c4a881954e98cf92973eb725b85063c933627692", kill_on_drop: false }`
[INFO] [stderr]    Compiling typenum v1.15.0
[INFO] [stderr]    Compiling libc v0.2.132
[INFO] [stderr]    Compiling proc-macro2 v1.0.43
[INFO] [stderr]    Compiling unicode-ident v1.0.3
[INFO] [stderr]    Compiling tokio v1.24.2
[INFO] [stderr]    Compiling futures-task v0.3.24
[INFO] [stderr]    Compiling syn v1.0.99
[INFO] [stderr]    Compiling generic-array v0.14.6
[INFO] [stderr]    Compiling log v0.4.17
[INFO] [stderr]    Compiling once_cell v1.14.0
[INFO] [stderr]    Compiling serde_derive v1.0.144
[INFO] [stderr]    Compiling futures-util v0.3.24
[INFO] [stderr]    Compiling tinyvec v1.6.0
[INFO] [stderr]    Compiling httparse v1.8.0
[INFO] [stderr]    Compiling serde v1.0.144
[INFO] [stderr]    Compiling futures-channel v0.3.24
[INFO] [stderr]    Compiling futures-sink v0.3.24
[INFO] [stderr]    Compiling tracing-core v0.1.29
[INFO] [stderr]    Compiling indexmap v1.9.1
[INFO] [stderr]    Compiling percent-encoding v2.2.0
[INFO] [stderr]    Compiling unicode-bidi v0.3.8
[INFO] [stderr]    Compiling serde_json v1.0.85
[INFO] [stderr]    Compiling want v0.3.0
[INFO] [stderr]    Compiling http-body v0.4.5
[INFO] [stderr]    Compiling form_urlencoded v1.1.0
[INFO] [stderr]    Compiling ryu v1.0.11
[INFO] [stderr]    Compiling tower-service v0.3.2
[INFO] [stderr]    Compiling httpdate v1.0.2
[INFO] [stderr]    Compiling cpufeatures v0.2.5
[INFO] [stderr]    Compiling regex v1.6.0
[INFO] [stderr]    Compiling hex v0.4.3
[INFO] [stderr]    Compiling tracing v0.1.36
[INFO] [stderr]    Compiling unicode-normalization v0.1.21
[INFO] [stderr]    Compiling mio v0.8.4
[INFO] [stderr]    Compiling socket2 v0.4.7
[INFO] [stderr]    Compiling quote v1.0.21
[INFO] [stderr]    Compiling idna v0.3.0
[INFO] [stderr]    Compiling url v2.3.1
[INFO] [stderr]    Compiling block-buffer v0.10.3
[INFO] [stderr]    Compiling crypto-common v0.1.6
[INFO] [stderr]    Compiling digest v0.10.3
[INFO] [stderr]    Compiling sha2 v0.10.5
[INFO] [stderr]    Compiling hmac v0.12.1
[INFO] [stderr]    Compiling md-5 v0.10.4
[INFO] [stderr]    Compiling tokio-util v0.7.4
[INFO] [stderr]    Compiling h2 v0.3.20
[INFO] [stderr]    Compiling hyper v0.14.20
[INFO] [stderr]    Compiling pusher v0.4.5 (/opt/rustwide/workdir)
[INFO] [stderr]     Finished `dev` profile [unoptimized + debuginfo] target(s) in 18.33s
[INFO] running `Command { std: "docker" "inspect" "e83e6684dc63fb204701f524c4a881954e98cf92973eb725b85063c933627692", kill_on_drop: false }`
[INFO] running `Command { std: "docker" "rm" "-f" "e83e6684dc63fb204701f524c4a881954e98cf92973eb725b85063c933627692", kill_on_drop: false }`
[INFO] [stdout] e83e6684dc63fb204701f524c4a881954e98cf92973eb725b85063c933627692
[INFO] running `Command { std: "docker" "create" "-v" "/var/lib/crater-agent-workspace/builds/worker-1-tc2/target:/opt/rustwide/target:rw,Z" "-v" "/var/lib/crater-agent-workspace/builds/worker-1-tc2/source:/opt/rustwide/workdir:ro,Z" "-v" "/var/lib/crater-agent-workspace/cargo-home:/opt/rustwide/cargo-home:ro,Z" "-v" "/var/lib/crater-agent-workspace/rustup-home:/opt/rustwide/rustup-home:ro,Z" "-e" "SOURCE_DIR=/opt/rustwide/workdir" "-e" "CARGO_TARGET_DIR=/opt/rustwide/target" "-e" "CARGO_INCREMENTAL=0" "-e" "RUST_BACKTRACE=full" "-e" "RUSTFLAGS=--cap-lints=forbid -Zrandomize-layout" "-e" "RUSTDOCFLAGS=--cap-lints=forbid" "-e" "CARGO_HOME=/opt/rustwide/cargo-home" "-e" "RUSTUP_HOME=/opt/rustwide/rustup-home" "-w" "/opt/rustwide/workdir" "-m" "1610612736" "--user" "0:0" "--network" "none" "ghcr.io/rust-lang/crates-build-env/linux@sha256:819108c5571ea2e421544af4d832f968d213c87fbe3707a016657f43d2f853bc" "/opt/rustwide/cargo-home/bin/cargo" "+nightly-2025-01-18" "test" "--frozen" "--no-run" "--message-format=json", kill_on_drop: false }`
[INFO] [stdout] 7415b71b8e107a3487afaa291fee1f761f8845e45fb7f42f522e727e41c07cdb
[INFO] running `Command { std: "docker" "start" "-a" "7415b71b8e107a3487afaa291fee1f761f8845e45fb7f42f522e727e41c07cdb", kill_on_drop: false }`
[INFO] [stderr]    Compiling syn v1.0.99
[INFO] [stderr]    Compiling futures-channel v0.3.24
[INFO] [stderr]    Compiling futures-util v0.3.24
[INFO] [stderr]    Compiling tokio v1.24.2
[INFO] [stderr]    Compiling futures-task v0.3.24
[INFO] [stderr]    Compiling futures-io v0.3.24
[INFO] [stderr]    Compiling futures-macro v0.3.24
[INFO] [stderr]    Compiling tokio-macros v1.8.0
[INFO] [stderr]    Compiling serde_derive v1.0.144
[INFO] [stderr]    Compiling serde v1.0.144
[INFO] [stderr]    Compiling futures-executor v0.3.24
[INFO] [stderr]    Compiling futures v0.3.24
[INFO] [stderr]    Compiling tokio-util v0.7.4
[INFO] [stderr]    Compiling h2 v0.3.20
[INFO] [stderr]    Compiling serde_json v1.0.85
[INFO] [stderr]    Compiling hyper v0.14.20
[INFO] [stderr]    Compiling yup-hyper-mock v6.0.0
[INFO] [stderr]    Compiling pusher v0.4.5 (/opt/rustwide/workdir)
[INFO] [stderr]     Finished `test` profile [unoptimized + debuginfo] target(s) in 24.84s
[INFO] running `Command { std: "docker" "inspect" "7415b71b8e107a3487afaa291fee1f761f8845e45fb7f42f522e727e41c07cdb", kill_on_drop: false }`
[INFO] running `Command { std: "docker" "rm" "-f" "7415b71b8e107a3487afaa291fee1f761f8845e45fb7f42f522e727e41c07cdb", kill_on_drop: false }`
[INFO] [stdout] 7415b71b8e107a3487afaa291fee1f761f8845e45fb7f42f522e727e41c07cdb
[INFO] running `Command { std: "docker" "create" "-v" "/var/lib/crater-agent-workspace/builds/worker-1-tc2/target:/opt/rustwide/target:rw,Z" "-v" "/var/lib/crater-agent-workspace/builds/worker-1-tc2/source:/opt/rustwide/workdir:ro,Z" "-v" "/var/lib/crater-agent-workspace/cargo-home:/opt/rustwide/cargo-home:ro,Z" "-v" "/var/lib/crater-agent-workspace/rustup-home:/opt/rustwide/rustup-home:ro,Z" "-e" "SOURCE_DIR=/opt/rustwide/workdir" "-e" "CARGO_TARGET_DIR=/opt/rustwide/target" "-e" "CARGO_INCREMENTAL=0" "-e" "RUST_BACKTRACE=full" "-e" "RUSTFLAGS=--cap-lints=forbid -Zrandomize-layout" "-e" "RUSTDOCFLAGS=--cap-lints=forbid" "-e" "CARGO_HOME=/opt/rustwide/cargo-home" "-e" "RUSTUP_HOME=/opt/rustwide/rustup-home" "-w" "/opt/rustwide/workdir" "-m" "1610612736" "--user" "0:0" "--network" "none" "ghcr.io/rust-lang/crates-build-env/linux@sha256:819108c5571ea2e421544af4d832f968d213c87fbe3707a016657f43d2f853bc" "/opt/rustwide/cargo-home/bin/cargo" "+nightly-2025-01-18" "test" "--frozen", kill_on_drop: false }`
[INFO] [stdout] 49722d313ebe8d6cde1ac0731b2fd734d0bafa4d502f8425d4f1f5dcd09c43c9
[INFO] running `Command { std: "docker" "start" "-a" "49722d313ebe8d6cde1ac0731b2fd734d0bafa4d502f8425d4f1f5dcd09c43c9", kill_on_drop: false }`
[INFO] [stderr]     Finished `test` profile [unoptimized + debuginfo] target(s) in 0.19s
[INFO] [stderr]      Running unittests src/lib.rs (/opt/rustwide/target/debug/deps/pusher-c062a7e1a084f337)
[INFO] [stdout] 
[INFO] [stdout] running 19 tests
[INFO] [stdout] test client::tests::test_client_webhook_validation ... ok
[INFO] [stdout] test client::tests::test_event_name_length_validation ... ok
[INFO] [stdout] test client::tests::test_initialization_from_env ... ok
[INFO] [stdout] test client::tests::test_channel_number_validation ... ok
[INFO] [stdout] test client::tests::test_channel_format_validation ... ok
[INFO] [stdout] test client::tests::test_webhook_improper_key_case ... ok
[INFO] [stdout] test client::tests::test_presence_channel_authentication ... ok
[INFO] [stdout] test client::tests::test_private_channel_authentication ... ok
[INFO] [stdout] test client::tests::test_channel_length_validation ... ok
[INFO] [stdout] test client::tests::test_socket_id_validation ... ok
[INFO] [stdout] test client::tests::test_initialization_from_url ... ok
[INFO] [stdout] test client::tests::test_webhook_improper_signature_case ... ok
[INFO] [stdout] test request_url::test_get_channel_url ... ok
[INFO] [stdout] test request_url::test_get_channels_url ... ok
[INFO] [stdout] test request_url::test_get_channels_url_with_one_additional_param ... ok
[INFO] [stdout] test request_url::test_get_channels_url_with_no_params ... ok
[INFO] [stdout] test request_url::test_get_users_url ... ok
[INFO] [stdout] test client::tests::test_trigger_payload_size_validation ... ok
[INFO] [stdout] test request_url::test_trigger_request_url ... ok
[INFO] [stdout] 
[INFO] [stdout] test result: ok. 19 passed; 0 failed; 0 ignored; 0 measured; 0 filtered out; finished in 0.01s
[INFO] [stdout] 
[INFO] [stderr]      Running tests/lib.rs (/opt/rustwide/target/debug/deps/lib-d95171d27b022ba6)
[INFO] [stdout] 
[INFO] [stdout] running 5 tests
[INFO] [stdout] test test_get_channel ... ok
[INFO] [stdout] test test_get_channel_users ... ok
[INFO] [stdout] test test_eb_trigger ... ok
[INFO] [stdout] test test_error_response_handler ... ok
[INFO] [stdout] test test_get_channels ... ok
[INFO] [stdout] 
[INFO] [stdout] test result: ok. 5 passed; 0 failed; 0 ignored; 0 measured; 0 filtered out; finished in 0.00s
[INFO] [stdout] 
[INFO] [stderr]    Doc-tests pusher
[INFO] [stdout] 
[INFO] [stdout] running 18 tests
[INFO] [stdout] test src/client.rs - client::Pusher<C>::authenticate_private_channel (line 556) ... ignored
[INFO] [stdout] test src/client.rs - client::Pusher<C>::webhook (line 648) ... ignored
[INFO] [stdout] test src/client.rs - client::PusherBuilder<HttpConnector>::from_env (line 87) ... ignored
[INFO] [stdout] test src/client.rs - client::Pusher<C>::authenticate_presence_channel (line 595) ... ok
[INFO] [stdout] test src/client.rs - client::Pusher<C>::channel_with_options (line 460) ... ok
[INFO] [stdout] test src/client.rs - client::PusherBuilder<C>::secure (line 161) ... ok
[INFO] [stdout] test src/client.rs - client::Pusher<C>::trigger_multi (line 263) ... ok
[INFO] [stdout] test src/client.rs - client::Pusher<C>::trigger (line 208) ... ok
[INFO] [stdout] test src/client.rs - client::PusherBuilder<C>::host (line 150) ... ok
[INFO] [stdout] test src/client.rs - client::Pusher<C>::channel (line 440) ... ok
[INFO] [stdout] test src/client.rs - client::Pusher<C>::trigger_exclusive (line 240) ... ok
[INFO] [stdout] test src/client.rs - client::Pusher<C>::trigger_multi_exclusive (line 285) ... ok
[INFO] [stdout] test src/client.rs - client::Pusher<C>::channels_with_options (line 386) ... ok
[INFO] [stdout] test src/client.rs - client::Pusher<C>::channels (line 365) ... ok
[INFO] [stdout] test src/client.rs - client::Pusher<C>::channel_users (line 509) ... ok
[INFO] [stdout] test src/client.rs - client::PusherBuilder<HttpConnector>::new (line 53) ... ok
[INFO] [stdout] test src/client.rs - client::PusherBuilder<HttpConnector>::from_url (line 70) ... ok
[INFO] [stdout] test src/lib.rs - (line 19) ... FAILED
[INFO] [stdout] 
[INFO] [stdout] failures:
[INFO] [stdout] 
[INFO] [stdout] ---- src/lib.rs - (line 19) stdout ----
[INFO] [stdout] Test executable failed (exit status: 101).
[INFO] [stdout] 
[INFO] [stdout] stderr:
[INFO] [stdout] 
[INFO] [stdout] thread 'main' panicked at /opt/rustwide/workdir/src/request.rs:30:50:
[INFO] [stdout] called `Result::unwrap()` on an `Err` value: hyper::Error(Connect, ConnectError("dns error", Custom { kind: Uncategorized, error: "failed to lookup address information: Temporary failure in name resolution" }))
[INFO] [stdout] stack backtrace:
[INFO] [stdout]    0:     0x5ef3267ce36a - std::backtrace_rs::backtrace::libunwind::trace::hb059275cfc8d6126
[INFO] [stdout]                                at /rustc/6067b36314ab5eb2eb47cecc464545ba58e1ad24/library/std/src/../../backtrace/src/backtrace/libunwind.rs:116:5
[INFO] [stdout]    1:     0x5ef3267ce36a - std::backtrace_rs::backtrace::trace_unsynchronized::h2da071e4327ce3ee
[INFO] [stdout]                                at /rustc/6067b36314ab5eb2eb47cecc464545ba58e1ad24/library/std/src/../../backtrace/src/backtrace/mod.rs:66:5
[INFO] [stdout]    2:     0x5ef3267ce36a - std::sys::backtrace::_print_fmt::h842a1474e6f8d23f
[INFO] [stdout]                                at /rustc/6067b36314ab5eb2eb47cecc464545ba58e1ad24/library/std/src/sys/backtrace.rs:66:9
[INFO] [stdout]    3:     0x5ef3267ce36a - <std::sys::backtrace::BacktraceLock::print::DisplayBacktrace as core::fmt::Display>::fmt::h71a62eb3b9696b12
[INFO] [stdout]                                at /rustc/6067b36314ab5eb2eb47cecc464545ba58e1ad24/library/std/src/sys/backtrace.rs:39:26
[INFO] [stdout]    4:     0x5ef3267f3e23 - core::fmt::rt::Argument::fmt::hdb6b616786b41dc1
[INFO] [stdout]                                at /rustc/6067b36314ab5eb2eb47cecc464545ba58e1ad24/library/core/src/fmt/rt.rs:177:76
[INFO] [stdout]    5:     0x5ef3267f3e23 - core::fmt::write::h2cc1698af7e2d686
[INFO] [stdout]                                at /rustc/6067b36314ab5eb2eb47cecc464545ba58e1ad24/library/core/src/fmt/mod.rs:1440:21
[INFO] [stdout]    6:     0x5ef3267cac63 - std::io::Write::write_fmt::h00c8700df393f328
[INFO] [stdout]                                at /rustc/6067b36314ab5eb2eb47cecc464545ba58e1ad24/library/std/src/io/mod.rs:1887:15
[INFO] [stdout]    7:     0x5ef3267ce1b2 - std::sys::backtrace::BacktraceLock::print::h147fe35b4ea13b08
[INFO] [stdout]                                at /rustc/6067b36314ab5eb2eb47cecc464545ba58e1ad24/library/std/src/sys/backtrace.rs:42:9
[INFO] [stdout]    8:     0x5ef3267cf10f - std::panicking::default_hook::{{closure}}::hbd44223dbdc0d208
[INFO] [stdout]                                at /rustc/6067b36314ab5eb2eb47cecc464545ba58e1ad24/library/std/src/panicking.rs:298:22
[INFO] [stdout]    9:     0x5ef3267cef7a - std::panicking::default_hook::h20f81eb0576efcec
[INFO] [stdout]                                at /rustc/6067b36314ab5eb2eb47cecc464545ba58e1ad24/library/std/src/panicking.rs:325:9
[INFO] [stdout]   10:     0x5ef3267cfb32 - std::panicking::rust_panic_with_hook::h625eea43051b2edc
[INFO] [stdout]                                at /rustc/6067b36314ab5eb2eb47cecc464545ba58e1ad24/library/std/src/panicking.rs:831:13
[INFO] [stdout]   11:     0x5ef3267cf8ba - std::panicking::begin_panic_handler::{{closure}}::h4f9159cfbc3f6bd3
[INFO] [stdout]                                at /rustc/6067b36314ab5eb2eb47cecc464545ba58e1ad24/library/std/src/panicking.rs:704:13
[INFO] [stdout]   12:     0x5ef3267ce869 - std::sys::backtrace::__rust_end_short_backtrace::h0390abce48353151
[INFO] [stdout]                                at /rustc/6067b36314ab5eb2eb47cecc464545ba58e1ad24/library/std/src/sys/backtrace.rs:168:18
[INFO] [stdout]   13:     0x5ef3267cf54d - rust_begin_unwind
[INFO] [stdout]                                at /rustc/6067b36314ab5eb2eb47cecc464545ba58e1ad24/library/std/src/panicking.rs:695:5
[INFO] [stdout]   14:     0x5ef3267f2090 - core::panicking::panic_fmt::h9e7c637e9e5f29c9
[INFO] [stdout]                                at /rustc/6067b36314ab5eb2eb47cecc464545ba58e1ad24/library/core/src/panicking.rs:75:14
[INFO] [stdout]   15:     0x5ef3267f2506 - core::result::unwrap_failed::h7979f09313fe1849
[INFO] [stdout]                                at /rustc/6067b36314ab5eb2eb47cecc464545ba58e1ad24/library/core/src/result.rs:1704:5
[INFO] [stdout]   16:     0x5ef32647248d - pusher::request::send_request::{{closure}}::h0a9cdb30046fe389
[INFO] [stdout]   17:     0x5ef326471771 - pusher::client::Pusher<C>::_trigger::{{closure}}::hdef78e5f2cec5407
[INFO] [stdout]   18:     0x5ef32647055c - pusher::client::Pusher<C>::trigger::{{closure}}::h764068b65aad8f22
[INFO] [stdout]   19:     0x5ef326493f7c - rust_out::main::{{closure}}::h5b39ac0ba21052fe
[INFO] [stdout]   20:     0x5ef326474806 - <core::pin::Pin<P> as core::future::future::Future>::poll::h60946177a0da2fae
[INFO] [stdout]   21:     0x5ef32646d0b5 - tokio::runtime::scheduler::current_thread::CoreGuard::block_on::{{closure}}::{{closure}}::{{closure}}::h16de8f235a86b11a
[INFO] [stdout]   22:     0x5ef32646cfd8 - tokio::runtime::scheduler::current_thread::CoreGuard::block_on::{{closure}}::{{closure}}::hbe2eeff66e9371c3
[INFO] [stdout]   23:     0x5ef32646ba30 - tokio::runtime::scheduler::current_thread::Context::enter::hcdf897359cf41a82
[INFO] [stdout]   24:     0x5ef32646c6fa - tokio::runtime::scheduler::current_thread::CoreGuard::block_on::{{closure}}::h06d8c4b59bc5e802
[INFO] [stdout]   25:     0x5ef32646c494 - tokio::runtime::scheduler::current_thread::CoreGuard::enter::{{closure}}::h4c43e1992d90d164
[INFO] [stdout]   26:     0x5ef32644c5b3 - tokio::macros::scoped_tls::ScopedKey<T>::set::hd3866cc0654c9d35
[INFO] [stdout]   27:     0x5ef32646c247 - tokio::runtime::scheduler::current_thread::CoreGuard::enter::h9eba424590472cc4
[INFO] [stdout]   28:     0x5ef32646c4ae - tokio::runtime::scheduler::current_thread::CoreGuard::block_on::h30c868f633ff6c1c
[INFO] [stdout]   29:     0x5ef326468ea9 - tokio::runtime::scheduler::current_thread::CurrentThread::block_on::hcaac6bd003009d7d
[INFO] [stdout]   30:     0x5ef326468ceb - tokio::runtime::runtime::Runtime::block_on::h63624a0316ccc0f8
[INFO] [stdout]   31:     0x5ef326493cfb - rust_out::main::he88f0b9b281d54e0
[INFO] [stdout]   32:     0x5ef3263ebb03 - core::ops::function::FnOnce::call_once::hcf3829d8b58d0254
[INFO] [stdout]   33:     0x5ef3263e3706 - std::sys::backtrace::__rust_begin_short_backtrace::h5e1527399e8d5bd4
[INFO] [stdout]   34:     0x5ef3263e36a9 - std::rt::lang_start::{{closure}}::h2c234101ed7b1b74
[INFO] [stdout]   35:     0x5ef3267c6fa0 - core::ops::function::impls::<impl core::ops::function::FnOnce<A> for &F>::call_once::h1b085b6c1d2518b2
[INFO] [stdout]                                at /rustc/6067b36314ab5eb2eb47cecc464545ba58e1ad24/library/core/src/ops/function.rs:284:13
[INFO] [stdout]   36:     0x5ef3267c6fa0 - std::panicking::try::do_call::h382f964a5a23b565
[INFO] [stdout]                                at /rustc/6067b36314ab5eb2eb47cecc464545ba58e1ad24/library/std/src/panicking.rs:587:40
[INFO] [stdout]   37:     0x5ef3267c6fa0 - std::panicking::try::h57f991055eb622f9
[INFO] [stdout]                                at /rustc/6067b36314ab5eb2eb47cecc464545ba58e1ad24/library/std/src/panicking.rs:550:19
[INFO] [stdout]   38:     0x5ef3267c6fa0 - std::panic::catch_unwind::h4d9a74ef04456343
[INFO] [stdout]                                at /rustc/6067b36314ab5eb2eb47cecc464545ba58e1ad24/library/std/src/panic.rs:358:14
[INFO] [stdout]   39:     0x5ef3267c6fa0 - std::rt::lang_start_internal::{{closure}}::h2faa8ae84a93f314
[INFO] [stdout]                                at /rustc/6067b36314ab5eb2eb47cecc464545ba58e1ad24/library/std/src/rt.rs:163:24
[INFO] [stdout]   40:     0x5ef3267c6fa0 - std::panicking::try::do_call::h0f8932bf638a9bf5
[INFO] [stdout]                                at /rustc/6067b36314ab5eb2eb47cecc464545ba58e1ad24/library/std/src/panicking.rs:587:40
[INFO] [stdout]   41:     0x5ef3267c6fa0 - std::panicking::try::h683416ea756b175d
[INFO] [stdout]                                at /rustc/6067b36314ab5eb2eb47cecc464545ba58e1ad24/library/std/src/panicking.rs:550:19
[INFO] [stdout]   42:     0x5ef3267c6fa0 - std::panic::catch_unwind::h56189fac8994979f
[INFO] [stdout]                                at /rustc/6067b36314ab5eb2eb47cecc464545ba58e1ad24/library/std/src/panic.rs:358:14
[INFO] [stdout]   43:     0x5ef3267c6fa0 - std::rt::lang_start_internal::h8bbc1061691274fe
[INFO] [stdout]                                at /rustc/6067b36314ab5eb2eb47cecc464545ba58e1ad24/library/std/src/rt.rs:159:5
[INFO] [stdout]   44:     0x5ef3263e3691 - std::rt::lang_start::h601b10a269c70ef7
[INFO] [stdout]   45:     0x5ef326494235 - main
[INFO] [stdout]   46:     0x746f6458dd90 - <unknown>
[INFO] [stdout]   47:     0x746f6458de40 - __libc_start_main
[INFO] [stdout]   48:     0x5ef326397e65 - _start
[INFO] [stdout]   49:                0x0 - <unknown>
[INFO] [stdout] 
[INFO] [stdout] 
[INFO] [stdout] 
[INFO] [stdout] failures:
[INFO] [stdout]     src/lib.rs - (line 19)
[INFO] [stdout] 
[INFO] [stdout] test result: FAILED. 14 passed; 1 failed; 3 ignored; 0 measured; 0 filtered out; finished in 4.15s
[INFO] [stdout] 
[INFO] [stderr] error: doctest failed, to rerun pass `--doc`
[INFO] running `Command { std: "docker" "inspect" "49722d313ebe8d6cde1ac0731b2fd734d0bafa4d502f8425d4f1f5dcd09c43c9", kill_on_drop: false }`
[INFO] running `Command { std: "docker" "rm" "-f" "49722d313ebe8d6cde1ac0731b2fd734d0bafa4d502f8425d4f1f5dcd09c43c9", kill_on_drop: false }`
[INFO] [stdout] 49722d313ebe8d6cde1ac0731b2fd734d0bafa4d502f8425d4f1f5dcd09c43c9
