[INFO] cloning repository https://github.com/prscoelho/aoc2019
[INFO] running `Command { std: "git" "-c" "credential.helper=" "-c" "credential.helper=/workspace/cargo-home/bin/git-credential-null" "clone" "--bare" "https://github.com/prscoelho/aoc2019" "/workspace/cache/git-repos/https%3A%2F%2Fgithub.com%2Fprscoelho%2Faoc2019", kill_on_drop: false }`
[INFO] [stderr] Cloning into bare repository '/workspace/cache/git-repos/https%3A%2F%2Fgithub.com%2Fprscoelho%2Faoc2019'...
[INFO] running `Command { std: "git" "rev-parse" "HEAD", kill_on_drop: false }`
[INFO] [stdout] f4f97163a823d336aa183cd4c8ffe410941ffa11
[INFO] testing prscoelho/aoc2019 against nightly-2025-01-18 for randomize-layout-2
[INFO] running `Command { std: "git" "clone" "/workspace/cache/git-repos/https%3A%2F%2Fgithub.com%2Fprscoelho%2Faoc2019" "/workspace/builds/worker-6-tc1/source", kill_on_drop: false }`
[INFO] [stderr] Cloning into '/workspace/builds/worker-6-tc1/source'...
[INFO] [stderr] done.
[INFO] validating manifest of git repo https://github.com/prscoelho/aoc2019 on toolchain nightly-2025-01-18
[INFO] running `Command { std: CARGO_HOME="/workspace/cargo-home" RUSTUP_HOME="/workspace/rustup-home" "/workspace/cargo-home/bin/cargo" "+nightly-2025-01-18" "metadata" "--manifest-path" "Cargo.toml" "--no-deps", kill_on_drop: false }`
[INFO] started tweaking git repo https://github.com/prscoelho/aoc2019
[INFO] finished tweaking git repo https://github.com/prscoelho/aoc2019
[INFO] tweaked toml for git repo https://github.com/prscoelho/aoc2019 written to /workspace/builds/worker-6-tc1/source/Cargo.toml
[INFO] crate git repo https://github.com/prscoelho/aoc2019 already has a lockfile, it will not be regenerated
[INFO] running `Command { std: CARGO_HOME="/workspace/cargo-home" RUSTUP_HOME="/workspace/rustup-home" "/workspace/cargo-home/bin/cargo" "+nightly-2025-01-18" "fetch" "--manifest-path" "Cargo.toml", kill_on_drop: false }`
[INFO] running `Command { std: "docker" "create" "-v" "/var/lib/crater-agent-workspace/builds/worker-6-tc1/target:/opt/rustwide/target:rw,Z" "-v" "/var/lib/crater-agent-workspace/builds/worker-6-tc1/source:/opt/rustwide/workdir:ro,Z" "-v" "/var/lib/crater-agent-workspace/cargo-home:/opt/rustwide/cargo-home:ro,Z" "-v" "/var/lib/crater-agent-workspace/rustup-home:/opt/rustwide/rustup-home:ro,Z" "-e" "SOURCE_DIR=/opt/rustwide/workdir" "-e" "CARGO_TARGET_DIR=/opt/rustwide/target" "-e" "CARGO_HOME=/opt/rustwide/cargo-home" "-e" "RUSTUP_HOME=/opt/rustwide/rustup-home" "-w" "/opt/rustwide/workdir" "-m" "1610612736" "--user" "0:0" "--network" "none" "ghcr.io/rust-lang/crates-build-env/linux@sha256:819108c5571ea2e421544af4d832f968d213c87fbe3707a016657f43d2f853bc" "/opt/rustwide/cargo-home/bin/cargo" "+nightly-2025-01-18" "metadata" "--no-deps" "--format-version=1", kill_on_drop: false }`
[INFO] [stdout] e0e710582594871ad021b264292b6cbe0f1b1c4e347470b84027e0abdaf30d2b
[INFO] running `Command { std: "docker" "start" "-a" "e0e710582594871ad021b264292b6cbe0f1b1c4e347470b84027e0abdaf30d2b", kill_on_drop: false }`
[INFO] running `Command { std: "docker" "inspect" "e0e710582594871ad021b264292b6cbe0f1b1c4e347470b84027e0abdaf30d2b", kill_on_drop: false }`
[INFO] running `Command { std: "docker" "rm" "-f" "e0e710582594871ad021b264292b6cbe0f1b1c4e347470b84027e0abdaf30d2b", kill_on_drop: false }`
[INFO] [stdout] e0e710582594871ad021b264292b6cbe0f1b1c4e347470b84027e0abdaf30d2b
[INFO] running `Command { std: "docker" "create" "-v" "/var/lib/crater-agent-workspace/builds/worker-6-tc1/target:/opt/rustwide/target:rw,Z" "-v" "/var/lib/crater-agent-workspace/builds/worker-6-tc1/source:/opt/rustwide/workdir:ro,Z" "-v" "/var/lib/crater-agent-workspace/cargo-home:/opt/rustwide/cargo-home:ro,Z" "-v" "/var/lib/crater-agent-workspace/rustup-home:/opt/rustwide/rustup-home:ro,Z" "-e" "SOURCE_DIR=/opt/rustwide/workdir" "-e" "CARGO_TARGET_DIR=/opt/rustwide/target" "-e" "CARGO_INCREMENTAL=0" "-e" "RUST_BACKTRACE=full" "-e" "RUSTFLAGS=--cap-lints=forbid" "-e" "RUSTDOCFLAGS=--cap-lints=forbid" "-e" "CARGO_HOME=/opt/rustwide/cargo-home" "-e" "RUSTUP_HOME=/opt/rustwide/rustup-home" "-w" "/opt/rustwide/workdir" "-m" "1610612736" "--user" "0:0" "--network" "none" "ghcr.io/rust-lang/crates-build-env/linux@sha256:819108c5571ea2e421544af4d832f968d213c87fbe3707a016657f43d2f853bc" "/opt/rustwide/cargo-home/bin/cargo" "+nightly-2025-01-18" "build" "--frozen" "--message-format=json", kill_on_drop: false }`
[INFO] [stdout] 7721404a05d0ceec3d296e6d6f7ded046ac5bb4e99c7e47e664635f3f5be5d42
[INFO] running `Command { std: "docker" "start" "-a" "7721404a05d0ceec3d296e6d6f7ded046ac5bb4e99c7e47e664635f3f5be5d42", kill_on_drop: false }`
[INFO] [stderr]    Compiling autocfg v0.1.7
[INFO] [stderr]    Compiling cfg-if v0.1.10
[INFO] [stderr]    Compiling semver-parser v0.7.0
[INFO] [stderr]    Compiling lazy_static v1.4.0
[INFO] [stderr]    Compiling proc-macro2 v0.4.30
[INFO] [stderr]    Compiling scopeguard v1.0.0
[INFO] [stderr]    Compiling libc v0.2.66
[INFO] [stderr]    Compiling byteorder v1.3.2
[INFO] [stderr]    Compiling unicode-xid v0.1.0
[INFO] [stderr]    Compiling rayon-core v1.7.0
[INFO] [stderr]    Compiling syn v0.15.44
[INFO] [stderr]    Compiling num-derive v0.2.5
[INFO] [stderr]    Compiling memchr v2.2.1
[INFO] [stderr]    Compiling bitflags v1.2.1
[INFO] [stderr]    Compiling crc32fast v1.2.0
[INFO] [stderr]    Compiling adler32 v1.0.4
[INFO] [stderr]    Compiling either v1.5.3
[INFO] [stderr]    Compiling lzw v0.10.0
[INFO] [stderr]    Compiling color_quant v1.0.1
[INFO] [stderr]    Compiling inflate v0.4.5
[INFO] [stderr]    Compiling thread_local v1.0.1
[INFO] [stderr]    Compiling scoped_threadpool v0.1.9
[INFO] [stderr]    Compiling regex-syntax v0.6.17
[INFO] [stderr]    Compiling itertools v0.8.2
[INFO] [stderr]    Compiling semver v0.9.0
[INFO] [stderr]    Compiling gif v0.10.3
[INFO] [stderr]    Compiling crossbeam-utils v0.7.0
[INFO] [stderr]    Compiling crossbeam-epoch v0.8.0
[INFO] [stderr]    Compiling num-traits v0.2.10
[INFO] [stderr]    Compiling num-integer v0.1.41
[INFO] [stderr]    Compiling num-rational v0.2.2
[INFO] [stderr]    Compiling num-iter v0.1.39
[INFO] [stderr]    Compiling quote v0.6.13
[INFO] [stderr]    Compiling rustc_version v0.2.3
[INFO] [stderr]    Compiling deflate v0.7.20
[INFO] [stderr]    Compiling aho-corasick v0.7.6
[INFO] [stderr]    Compiling memoffset v0.5.3
[INFO] [stderr]    Compiling num_cpus v1.11.1
[INFO] [stderr]    Compiling crossbeam-queue v0.2.1
[INFO] [stderr]    Compiling crossbeam-channel v0.4.0
[INFO] [stderr]    Compiling png v0.15.3
[INFO] [stderr]    Compiling crossbeam-deque v0.7.2
[INFO] [stderr]    Compiling crossbeam v0.7.3
[INFO] [stderr]    Compiling rayon v1.3.0
[INFO] [stderr]    Compiling regex v1.3.7
[INFO] [stderr]    Compiling jpeg-decoder v0.1.18
[INFO] [stderr]    Compiling tiff v0.3.1
[INFO] [stderr]    Compiling image v0.22.3
[INFO] [stderr]    Compiling aoc2019 v0.1.0 (/opt/rustwide/workdir)
[INFO] [stderr]     Finished `dev` profile [unoptimized + debuginfo] target(s) in 21.86s
[INFO] running `Command { std: "docker" "inspect" "7721404a05d0ceec3d296e6d6f7ded046ac5bb4e99c7e47e664635f3f5be5d42", kill_on_drop: false }`
[INFO] running `Command { std: "docker" "rm" "-f" "7721404a05d0ceec3d296e6d6f7ded046ac5bb4e99c7e47e664635f3f5be5d42", kill_on_drop: false }`
[INFO] [stdout] 7721404a05d0ceec3d296e6d6f7ded046ac5bb4e99c7e47e664635f3f5be5d42
[INFO] running `Command { std: "docker" "create" "-v" "/var/lib/crater-agent-workspace/builds/worker-6-tc1/target:/opt/rustwide/target:rw,Z" "-v" "/var/lib/crater-agent-workspace/builds/worker-6-tc1/source:/opt/rustwide/workdir:ro,Z" "-v" "/var/lib/crater-agent-workspace/cargo-home:/opt/rustwide/cargo-home:ro,Z" "-v" "/var/lib/crater-agent-workspace/rustup-home:/opt/rustwide/rustup-home:ro,Z" "-e" "SOURCE_DIR=/opt/rustwide/workdir" "-e" "CARGO_TARGET_DIR=/opt/rustwide/target" "-e" "CARGO_INCREMENTAL=0" "-e" "RUST_BACKTRACE=full" "-e" "RUSTFLAGS=--cap-lints=forbid" "-e" "RUSTDOCFLAGS=--cap-lints=forbid" "-e" "CARGO_HOME=/opt/rustwide/cargo-home" "-e" "RUSTUP_HOME=/opt/rustwide/rustup-home" "-w" "/opt/rustwide/workdir" "-m" "1610612736" "--user" "0:0" "--network" "none" "ghcr.io/rust-lang/crates-build-env/linux@sha256:819108c5571ea2e421544af4d832f968d213c87fbe3707a016657f43d2f853bc" "/opt/rustwide/cargo-home/bin/cargo" "+nightly-2025-01-18" "test" "--frozen" "--no-run" "--message-format=json", kill_on_drop: false }`
[INFO] [stdout] 2d398dd528ad232afaece573eafb0fd9bcaec8b00c50b5d29b949628fd439f5f
[INFO] running `Command { std: "docker" "start" "-a" "2d398dd528ad232afaece573eafb0fd9bcaec8b00c50b5d29b949628fd439f5f", kill_on_drop: false }`
[INFO] [stderr]    Compiling aoc2019 v0.1.0 (/opt/rustwide/workdir)
[INFO] [stderr]     Finished `test` profile [unoptimized + debuginfo] target(s) in 3.53s
[INFO] running `Command { std: "docker" "inspect" "2d398dd528ad232afaece573eafb0fd9bcaec8b00c50b5d29b949628fd439f5f", kill_on_drop: false }`
[INFO] running `Command { std: "docker" "rm" "-f" "2d398dd528ad232afaece573eafb0fd9bcaec8b00c50b5d29b949628fd439f5f", kill_on_drop: false }`
[INFO] [stdout] 2d398dd528ad232afaece573eafb0fd9bcaec8b00c50b5d29b949628fd439f5f
[INFO] running `Command { std: "docker" "create" "-v" "/var/lib/crater-agent-workspace/builds/worker-6-tc1/target:/opt/rustwide/target:rw,Z" "-v" "/var/lib/crater-agent-workspace/builds/worker-6-tc1/source:/opt/rustwide/workdir:ro,Z" "-v" "/var/lib/crater-agent-workspace/cargo-home:/opt/rustwide/cargo-home:ro,Z" "-v" "/var/lib/crater-agent-workspace/rustup-home:/opt/rustwide/rustup-home:ro,Z" "-e" "SOURCE_DIR=/opt/rustwide/workdir" "-e" "CARGO_TARGET_DIR=/opt/rustwide/target" "-e" "CARGO_INCREMENTAL=0" "-e" "RUST_BACKTRACE=full" "-e" "RUSTFLAGS=--cap-lints=forbid" "-e" "RUSTDOCFLAGS=--cap-lints=forbid" "-e" "CARGO_HOME=/opt/rustwide/cargo-home" "-e" "RUSTUP_HOME=/opt/rustwide/rustup-home" "-w" "/opt/rustwide/workdir" "-m" "1610612736" "--user" "0:0" "--network" "none" "ghcr.io/rust-lang/crates-build-env/linux@sha256:819108c5571ea2e421544af4d832f968d213c87fbe3707a016657f43d2f853bc" "/opt/rustwide/cargo-home/bin/cargo" "+nightly-2025-01-18" "test" "--frozen", kill_on_drop: false }`
[INFO] [stdout] 794e450fa4f996e1c5ccfb4e861f9798084d437538c19666aaca3da89d2ab0da
[INFO] running `Command { std: "docker" "start" "-a" "794e450fa4f996e1c5ccfb4e861f9798084d437538c19666aaca3da89d2ab0da", kill_on_drop: false }`
[INFO] [stderr]     Finished `test` profile [unoptimized + debuginfo] target(s) in 0.06s
[INFO] [stderr]      Running unittests src/main.rs (/opt/rustwide/target/debug/deps/aoc2019-19839d9f13572cbb)
[INFO] [stdout] 
[INFO] [stdout] running 105 tests
[INFO] [stdout] test aoc02::test::test_first ... ok
[INFO] [stdout] test aoc01::test::test_second ... ok
[INFO] [stdout] test aoc01::test::test_first ... ok
[INFO] [stdout] test aoc05::test::test_instruction ... ok
[INFO] [stdout] test aoc05::test::test_save ... ok
[INFO] [stdout] test aoc04::test::test_valid_second ... ok
[INFO] [stdout] test aoc05::test::test_decode2 ... ok
[INFO] [stdout] test aoc05::test::test_load ... ok
[INFO] [stdout] test aoc05::test::test_decode1 ... ok
[INFO] [stdout] test aoc07::test::test_decode1 ... ok
[INFO] [stdout] test aoc07::test::test_decode2 ... ok
[INFO] [stdout] test aoc08::test::test_find ... ok
[INFO] [stdout] test aoc06::test::test_count ... ok
[INFO] [stdout] test aoc08::test::test_solve ... ok
[INFO] [stdout] test aoc04::test::test_valid_first ... ok
[INFO] [stdout] test aoc09::test::test_first ... ok
[INFO] [stdout] test aoc08::test::test_new ... ok
[INFO] [stdout] test aoc06::test::test_first ... ok
[INFO] [stdout] test aoc09::test::test_single_intcode ... ok
[INFO] [stdout] test aoc06::test::test_second ... ok
[INFO] [stdout] test aoc06::test::test_read ... ok
[INFO] [stdout] test aoc08::test::test_first ... ok
[INFO] [stdout] test aoc10::test::test_gcd ... ok
[INFO] [stdout] test aoc10::test::test_vaporize1 ... ok
[INFO] [stdout] test aoc10::test::test_vaporize2 ... ok
[INFO] [stdout] test aoc10::test::test_read ... ok
[INFO] [stdout] test aoc11::test::test_robot ... ok
[INFO] [stdout] test aoc12::test::test_example2 ... ok
[INFO] [stdout] test aoc12::test::test_example1 ... ok
[INFO] [stdout] test aoc11::test::test_walk ... ok
[INFO] [stdout] test aoc12::test::test_first ... ok
[INFO] [stdout] test aoc13::test::test_first ... ok
[INFO] [stdout] test aoc02::test::test_second ... ok
[INFO] [stdout] test aoc14::test::test_example3_2 ... ok
[INFO] [stdout] test aoc11::test::test_first ... ok
[INFO] [stdout] test aoc14::test::test_example5_2 ... ok
[INFO] [stdout] test aoc14::test::test_example4_2 ... ok
[INFO] [stdout] test aoc15::test::test_bfs ... ok
[INFO] [stdout] test aoc15::test::test_bfs_depth ... ok
[INFO] [stdout] test aoc15::test::test_bfs_unknown ... ok
[INFO] [stdout] test aoc14::test::test_first ... ok
[INFO] [stdout] test aoc09::test::test_second ... ok
[INFO] [stdout] test aoc16::test::example1 ... ok
[INFO] [stdout] test aoc16::test::example2 ... ok
[INFO] [stdout] test aoc16::test::example3 ... ok
[INFO] [stdout] test aoc14::test::test_second ... ok
[INFO] [stdout] test aoc15::test::test_second ... ok
[INFO] [stdout] test aoc15::test::test_first ... ok
[INFO] [stdout] test aoc10::test::test_second ... ok
[INFO] [stdout] test aoc10::test::test_first ... ok
[INFO] [stdout] test aoc17::test::compact ... ok
[INFO] [stdout] test aoc17::test::first ... ok
[INFO] [stdout] test aoc17::test::second ... ok
[INFO] [stdout] test aoc18::test::example1 ... ok
[INFO] [stdout] test aoc18::test::example2 ... ok
[INFO] [stdout] test aoc18::test::example3 ... ok
[INFO] [stdout] test aoc16::test::example6 ... ok
[INFO] [stdout] test aoc07::test::test_first ... ok
[INFO] [stdout] test aoc16::test::example4 ... ok
[INFO] [stdout] test aoc18::test::next_keys ... ok
[INFO] [stdout] test aoc18::test::example5 ... ok
[INFO] [stdout] test aoc04::test::test_first ... ok
[INFO] [stdout] test aoc04::test::test_second ... ok
[INFO] [stdout] test aoc03::test::test_second ... ok
[INFO] [stdout] test aoc20::parse::portal ... ok
[INFO] [stdout] test aoc20::test::example1 ... ok
[INFO] [stdout] test aoc12::test::test_second ... ok
[INFO] [stdout] test aoc20::test::example2 ... ok
[INFO] [stdout] test aoc20::test::example3 ... ok
[INFO] [stdout] test aoc20::test::nodes ... ok
[INFO] [stdout] test aoc19::test::first ... ok
[INFO] [stdout] test aoc21::test::first ... ok
[INFO] [stdout] test aoc19::test::compare_scan ... ok
[INFO] [stdout] test aoc22::test::example1 ... ok
[INFO] [stdout] test aoc22::test::example2 ... ok
[INFO] [stdout] test aoc22::test::first ... ok
[INFO] [stdout] test aoc22::test::parse ... ok
[INFO] [stdout] test aoc20::test::first ... ok
[INFO] [stdout] test aoc22::test::single_cut ... ok
[INFO] [stdout] test aoc22::test::second ... ok
[INFO] [stdout] test aoc16::test::example5 ... ok
[INFO] [stdout] test aoc24::first::test::input ... ok
[INFO] [stdout] test aoc24::first::test::input_simple ... ok
[INFO] [stdout] test aoc24::first::test::neighbours_normal ... ok
[INFO] [stdout] test aoc24::first::test::neighbours_simple ... ok
[INFO] [stdout] test aoc24::first::test::state_is_biodiversity ... ok
[INFO] [stdout] test aoc24::second::test::example ... ok
[INFO] [stdout] test aoc24::test::example ... ok
[INFO] [stdout] test aoc24::test::first ... ok
[INFO] [stdout] test aoc21::test::second ... ok
[INFO] [stdout] test aoc20::test::second ... ok
[INFO] [stdout] test aoc23::test::first ... ok
[INFO] [stdout] test aoc03::test::test_first ... ok
[INFO] [stdout] test aoc23::test::second ... FAILED
[INFO] [stdout] test aoc07::test::test_second ... ok
[INFO] [stdout] test aoc13::test::test_second ... ok
[INFO] [stdout] test aoc18::test::first ... ok
[INFO] [stdout] test aoc07::test::test_feedback1 ... ok
[INFO] [stdout] test aoc07::test::test_feedback2 ... ok
[INFO] [stdout] test aoc16::test::first ... ok
[INFO] [stdout] test aoc18::test::second ... ok
[INFO] [stdout] test aoc18::test::example4 ... ok
[INFO] [stdout] test aoc16::test::second has been running for over 60 seconds
[INFO] [stdout] test aoc19::test::second has been running for over 60 seconds
[INFO] [stdout] test aoc24::test::second has been running for over 60 seconds
[INFO] [stdout] test aoc24::test::second ... ok
[INFO] [stdout] test aoc16::test::second ... ok
[INFO] [stdout] test aoc19::test::second ... ok
[INFO] [stdout] 
[INFO] [stdout] failures:
[INFO] [stdout] 
[INFO] [stdout] ---- aoc23::test::second stdout ----
[INFO] [stdout] 
[INFO] [stdout] thread 'aoc23::test::second' panicked at src/aoc23/mod.rs:138:9:
[INFO] [stdout] assertion `left == right` failed
[INFO] [stdout]   left: 22035
[INFO] [stdout]  right: 16666
[INFO] [stdout] stack backtrace:
[INFO] [stdout]    0:     0x5e26444b1e1a - std::backtrace_rs::backtrace::libunwind::trace::hb059275cfc8d6126
[INFO] [stdout]                                at /rustc/6067b36314ab5eb2eb47cecc464545ba58e1ad24/library/std/src/../../backtrace/src/backtrace/libunwind.rs:116:5
[INFO] [stdout]    1:     0x5e26444b1e1a - std::backtrace_rs::backtrace::trace_unsynchronized::h2da071e4327ce3ee
[INFO] [stdout]                                at /rustc/6067b36314ab5eb2eb47cecc464545ba58e1ad24/library/std/src/../../backtrace/src/backtrace/mod.rs:66:5
[INFO] [stdout]    2:     0x5e26444b1e1a - std::sys::backtrace::_print_fmt::h842a1474e6f8d23f
[INFO] [stdout]                                at /rustc/6067b36314ab5eb2eb47cecc464545ba58e1ad24/library/std/src/sys/backtrace.rs:66:9
[INFO] [stdout]    3:     0x5e26444b1e1a - <std::sys::backtrace::BacktraceLock::print::DisplayBacktrace as core::fmt::Display>::fmt::h71a62eb3b9696b12
[INFO] [stdout]                                at /rustc/6067b36314ab5eb2eb47cecc464545ba58e1ad24/library/std/src/sys/backtrace.rs:39:26
[INFO] [stdout]    4:     0x5e26444da583 - core::fmt::rt::Argument::fmt::hdb6b616786b41dc1
[INFO] [stdout]                                at /rustc/6067b36314ab5eb2eb47cecc464545ba58e1ad24/library/core/src/fmt/rt.rs:177:76
[INFO] [stdout]    5:     0x5e26444da583 - core::fmt::write::h2cc1698af7e2d686
[INFO] [stdout]                                at /rustc/6067b36314ab5eb2eb47cecc464545ba58e1ad24/library/core/src/fmt/mod.rs:1440:21
[INFO] [stdout]    6:     0x5e26444ae973 - std::io::Write::write_fmt::hab1b4cd059a79022
[INFO] [stdout]                                at /rustc/6067b36314ab5eb2eb47cecc464545ba58e1ad24/library/std/src/io/mod.rs:1887:15
[INFO] [stdout]    7:     0x5e26444b1c62 - std::sys::backtrace::BacktraceLock::print::h147fe35b4ea13b08
[INFO] [stdout]                                at /rustc/6067b36314ab5eb2eb47cecc464545ba58e1ad24/library/std/src/sys/backtrace.rs:42:9
[INFO] [stdout]    8:     0x5e26444b323f - std::panicking::default_hook::{{closure}}::hbd44223dbdc0d208
[INFO] [stdout]                                at /rustc/6067b36314ab5eb2eb47cecc464545ba58e1ad24/library/std/src/panicking.rs:298:22
[INFO] [stdout]    9:     0x5e26444b3058 - std::panicking::default_hook::h20f81eb0576efcec
[INFO] [stdout]                                at /rustc/6067b36314ab5eb2eb47cecc464545ba58e1ad24/library/std/src/panicking.rs:322:9
[INFO] [stdout]   10:     0x5e26443254a3 - <alloc::boxed::Box<F,A> as core::ops::function::Fn<Args>>::call::hdb53814c496a4d34
[INFO] [stdout]                                at /rustc/6067b36314ab5eb2eb47cecc464545ba58e1ad24/library/alloc/src/boxed.rs:2027:9
[INFO] [stdout]   11:     0x5e26443254a3 - test::test_main::{{closure}}::hc0a4963c59427c24
[INFO] [stdout]                                at /rustc/6067b36314ab5eb2eb47cecc464545ba58e1ad24/library/test/src/lib.rs:134:21
[INFO] [stdout]   12:     0x5e26444b3d33 - <alloc::boxed::Box<F,A> as core::ops::function::Fn<Args>>::call::h591b2225413a77e9
[INFO] [stdout]                                at /rustc/6067b36314ab5eb2eb47cecc464545ba58e1ad24/library/alloc/src/boxed.rs:2027:9
[INFO] [stdout]   13:     0x5e26444b3d33 - std::panicking::rust_panic_with_hook::h625eea43051b2edc
[INFO] [stdout]                                at /rustc/6067b36314ab5eb2eb47cecc464545ba58e1ad24/library/std/src/panicking.rs:839:13
[INFO] [stdout]   14:     0x5e26444b39ea - std::panicking::begin_panic_handler::{{closure}}::h4f9159cfbc3f6bd3
[INFO] [stdout]                                at /rustc/6067b36314ab5eb2eb47cecc464545ba58e1ad24/library/std/src/panicking.rs:704:13
[INFO] [stdout]   15:     0x5e26444b2319 - std::sys::backtrace::__rust_end_short_backtrace::h0390abce48353151
[INFO] [stdout]                                at /rustc/6067b36314ab5eb2eb47cecc464545ba58e1ad24/library/std/src/sys/backtrace.rs:168:18
[INFO] [stdout]   16:     0x5e26444b367d - rust_begin_unwind
[INFO] [stdout]                                at /rustc/6067b36314ab5eb2eb47cecc464545ba58e1ad24/library/std/src/panicking.rs:695:5
[INFO] [stdout]   17:     0x5e26444d86c0 - core::panicking::panic_fmt::h9e7c637e9e5f29c9
[INFO] [stdout]                                at /rustc/6067b36314ab5eb2eb47cecc464545ba58e1ad24/library/core/src/panicking.rs:75:14
[INFO] [stdout]   18:     0x5e26444d8ab2 - core::panicking::assert_failed_inner::h538bec7c1374cd9c
[INFO] [stdout]   19:     0x5e26442746af - core::panicking::assert_failed::h5df18582ed59d91e
[INFO] [stdout]                                at /rustc/6067b36314ab5eb2eb47cecc464545ba58e1ad24/library/core/src/panicking.rs:364:5
[INFO] [stdout]   20:     0x5e2644254c73 - aoc2019::aoc23::test::second::hb8c3ab872223ca4e
[INFO] [stdout]                                at /opt/rustwide/workdir/src/aoc23/mod.rs:138:9
[INFO] [stdout]   21:     0x5e2644254bd7 - aoc2019::aoc23::test::second::{{closure}}::hbdcb9f1f721d0c92
[INFO] [stdout]                                at /opt/rustwide/workdir/src/aoc23/mod.rs:136:16
[INFO] [stdout]   22:     0x5e2644294e86 - core::ops::function::FnOnce::call_once::h76f813f4eb79f739
[INFO] [stdout]                                at /rustc/6067b36314ab5eb2eb47cecc464545ba58e1ad24/library/core/src/ops/function.rs:250:5
[INFO] [stdout]   23:     0x5e264432abfb - core::ops::function::FnOnce::call_once::he27718dfdd183f43
[INFO] [stdout]                                at /rustc/6067b36314ab5eb2eb47cecc464545ba58e1ad24/library/core/src/ops/function.rs:250:5
[INFO] [stdout]   24:     0x5e264432abfb - test::__rust_begin_short_backtrace::h4e84902998457a5d
[INFO] [stdout]                                at /rustc/6067b36314ab5eb2eb47cecc464545ba58e1ad24/library/test/src/lib.rs:632:18
[INFO] [stdout]   25:     0x5e2644329b33 - test::run_test_in_process::{{closure}}::h7176fd18fc1feca0
[INFO] [stdout]                                at /rustc/6067b36314ab5eb2eb47cecc464545ba58e1ad24/library/test/src/lib.rs:655:60
[INFO] [stdout]   26:     0x5e2644329b33 - <core::panic::unwind_safe::AssertUnwindSafe<F> as core::ops::function::FnOnce<()>>::call_once::hf79cff2a624d8cf7
[INFO] [stdout]                                at /rustc/6067b36314ab5eb2eb47cecc464545ba58e1ad24/library/core/src/panic/unwind_safe.rs:272:9
[INFO] [stdout]   27:     0x5e2644329b33 - std::panicking::try::do_call::h3da0561d9ab99c25
[INFO] [stdout]                                at /rustc/6067b36314ab5eb2eb47cecc464545ba58e1ad24/library/std/src/panicking.rs:587:40
[INFO] [stdout]   28:     0x5e2644329b33 - std::panicking::try::h41c9fa508bc61df6
[INFO] [stdout]                                at /rustc/6067b36314ab5eb2eb47cecc464545ba58e1ad24/library/std/src/panicking.rs:550:19
[INFO] [stdout]   29:     0x5e2644329b33 - std::panic::catch_unwind::h6b3ff07bb5afad93
[INFO] [stdout]                                at /rustc/6067b36314ab5eb2eb47cecc464545ba58e1ad24/library/std/src/panic.rs:358:14
[INFO] [stdout]   30:     0x5e2644329b33 - test::run_test_in_process::hc7253dd11b39b9f4
[INFO] [stdout]                                at /rustc/6067b36314ab5eb2eb47cecc464545ba58e1ad24/library/test/src/lib.rs:655:27
[INFO] [stdout]   31:     0x5e2644329b33 - test::run_test::{{closure}}::hfb2007f8649c30bb
[INFO] [stdout]                                at /rustc/6067b36314ab5eb2eb47cecc464545ba58e1ad24/library/test/src/lib.rs:576:43
[INFO] [stdout]   32:     0x5e26442ecc15 - test::run_test::{{closure}}::h56a17aa7a282a9f4
[INFO] [stdout]                                at /rustc/6067b36314ab5eb2eb47cecc464545ba58e1ad24/library/test/src/lib.rs:606:41
[INFO] [stdout]   33:     0x5e26442ecc15 - std::sys::backtrace::__rust_begin_short_backtrace::hd2d2d2fb8e8c6aac
[INFO] [stdout]                                at /rustc/6067b36314ab5eb2eb47cecc464545ba58e1ad24/library/std/src/sys/backtrace.rs:152:18
[INFO] [stdout]   34:     0x5e26442f04fa - std::thread::Builder::spawn_unchecked_::{{closure}}::{{closure}}::h4faa3f9db6133423
[INFO] [stdout]                                at /rustc/6067b36314ab5eb2eb47cecc464545ba58e1ad24/library/std/src/thread/mod.rs:559:17
[INFO] [stdout]   35:     0x5e26442f04fa - <core::panic::unwind_safe::AssertUnwindSafe<F> as core::ops::function::FnOnce<()>>::call_once::hf2e855a36a4ea846
[INFO] [stdout]                                at /rustc/6067b36314ab5eb2eb47cecc464545ba58e1ad24/library/core/src/panic/unwind_safe.rs:272:9
[INFO] [stdout]   36:     0x5e26442f04fa - std::panicking::try::do_call::h2f73af3616c35465
[INFO] [stdout]                                at /rustc/6067b36314ab5eb2eb47cecc464545ba58e1ad24/library/std/src/panicking.rs:587:40
[INFO] [stdout]   37:     0x5e26442f04fa - std::panicking::try::hd1660ce9efadef5a
[INFO] [stdout]                                at /rustc/6067b36314ab5eb2eb47cecc464545ba58e1ad24/library/std/src/panicking.rs:550:19
[INFO] [stdout]   38:     0x5e26442f04fa - std::panic::catch_unwind::h5ee8d7823b8ca744
[INFO] [stdout]                                at /rustc/6067b36314ab5eb2eb47cecc464545ba58e1ad24/library/std/src/panic.rs:358:14
[INFO] [stdout]   39:     0x5e26442f04fa - std::thread::Builder::spawn_unchecked_::{{closure}}::h53c3a1894dce8407
[INFO] [stdout]                                at /rustc/6067b36314ab5eb2eb47cecc464545ba58e1ad24/library/std/src/thread/mod.rs:557:30
[INFO] [stdout]   40:     0x5e26442f04fa - core::ops::function::FnOnce::call_once{{vtable.shim}}::h048ce291ad4f62bf
[INFO] [stdout]                                at /rustc/6067b36314ab5eb2eb47cecc464545ba58e1ad24/library/core/src/ops/function.rs:250:5
[INFO] [stdout]   41:     0x5e26444b7c6b - <alloc::boxed::Box<F,A> as core::ops::function::FnOnce<Args>>::call_once::ha52bedf99a3b4981
[INFO] [stdout]                                at /rustc/6067b36314ab5eb2eb47cecc464545ba58e1ad24/library/alloc/src/boxed.rs:2013:9
[INFO] [stdout]   42:     0x5e26444b7c6b - <alloc::boxed::Box<F,A> as core::ops::function::FnOnce<Args>>::call_once::h567748934d80ccf8
[INFO] [stdout]                                at /rustc/6067b36314ab5eb2eb47cecc464545ba58e1ad24/library/alloc/src/boxed.rs:2013:9
[INFO] [stdout]   43:     0x5e26444b7c6b - std::sys::pal::unix::thread::Thread::new::thread_start::h2d970728ae887adc
[INFO] [stdout]                                at /rustc/6067b36314ab5eb2eb47cecc464545ba58e1ad24/library/std/src/sys/pal/unix/thread.rs:106:17
[INFO] [stdout]   44:     0x771514712ac3 - <unknown>
[INFO] [stdout]   45:     0x7715147a3a04 - clone
[INFO] [stdout]   46:                0x0 - <unknown>
[INFO] [stdout] 
[INFO] [stdout] 
[INFO] [stdout] failures:
[INFO] [stdout]     aoc23::test::second
[INFO] [stdout] 
[INFO] [stdout] test result: FAILED. 104 passed; 1 failed; 0 ignored; 0 measured; 0 filtered out; finished in 411.12s
[INFO] [stdout] 
[INFO] [stderr] error: test failed, to rerun pass `--bin aoc2019`
[INFO] running `Command { std: "docker" "inspect" "794e450fa4f996e1c5ccfb4e861f9798084d437538c19666aaca3da89d2ab0da", kill_on_drop: false }`
[INFO] running `Command { std: "docker" "rm" "-f" "794e450fa4f996e1c5ccfb4e861f9798084d437538c19666aaca3da89d2ab0da", kill_on_drop: false }`
[INFO] [stdout] 794e450fa4f996e1c5ccfb4e861f9798084d437538c19666aaca3da89d2ab0da
