[INFO] cloning repository https://github.com/prplnorangesoda/steamopenid
[INFO] running `Command { std: "git" "-c" "credential.helper=" "-c" "credential.helper=/workspace/cargo-home/bin/git-credential-null" "clone" "--bare" "https://github.com/prplnorangesoda/steamopenid" "/workspace/cache/git-repos/https%3A%2F%2Fgithub.com%2Fprplnorangesoda%2Fsteamopenid", kill_on_drop: false }`
[INFO] [stderr] Cloning into bare repository '/workspace/cache/git-repos/https%3A%2F%2Fgithub.com%2Fprplnorangesoda%2Fsteamopenid'...
[INFO] running `Command { std: "git" "rev-parse" "HEAD", kill_on_drop: false }`
[INFO] [stdout] d4b1a2dbc73fe033937c88bbe026842ed045a1de
[INFO] testing prplnorangesoda/steamopenid against nightly-2025-01-18 for randomize-layout-2
[INFO] running `Command { std: "git" "clone" "/workspace/cache/git-repos/https%3A%2F%2Fgithub.com%2Fprplnorangesoda%2Fsteamopenid" "/workspace/builds/worker-6-tc1/source", kill_on_drop: false }`
[INFO] [stderr] Cloning into '/workspace/builds/worker-6-tc1/source'...
[INFO] [stderr] done.
[INFO] validating manifest of git repo https://github.com/prplnorangesoda/steamopenid on toolchain nightly-2025-01-18
[INFO] running `Command { std: CARGO_HOME="/workspace/cargo-home" RUSTUP_HOME="/workspace/rustup-home" "/workspace/cargo-home/bin/cargo" "+nightly-2025-01-18" "metadata" "--manifest-path" "Cargo.toml" "--no-deps", kill_on_drop: false }`
[INFO] started tweaking git repo https://github.com/prplnorangesoda/steamopenid
[INFO] finished tweaking git repo https://github.com/prplnorangesoda/steamopenid
[INFO] tweaked toml for git repo https://github.com/prplnorangesoda/steamopenid written to /workspace/builds/worker-6-tc1/source/Cargo.toml
[INFO] crate git repo https://github.com/prplnorangesoda/steamopenid already has a lockfile, it will not be regenerated
[INFO] running `Command { std: CARGO_HOME="/workspace/cargo-home" RUSTUP_HOME="/workspace/rustup-home" "/workspace/cargo-home/bin/cargo" "+nightly-2025-01-18" "fetch" "--manifest-path" "Cargo.toml", kill_on_drop: false }`
[INFO] [stderr]  Downloading crates ...
[INFO] [stderr]   Downloaded curl-sys v0.4.74+curl-8.9.0
[INFO] running `Command { std: "docker" "create" "-v" "/var/lib/crater-agent-workspace/builds/worker-6-tc1/target:/opt/rustwide/target:rw,Z" "-v" "/var/lib/crater-agent-workspace/builds/worker-6-tc1/source:/opt/rustwide/workdir:ro,Z" "-v" "/var/lib/crater-agent-workspace/cargo-home:/opt/rustwide/cargo-home:ro,Z" "-v" "/var/lib/crater-agent-workspace/rustup-home:/opt/rustwide/rustup-home:ro,Z" "-e" "SOURCE_DIR=/opt/rustwide/workdir" "-e" "CARGO_TARGET_DIR=/opt/rustwide/target" "-e" "CARGO_HOME=/opt/rustwide/cargo-home" "-e" "RUSTUP_HOME=/opt/rustwide/rustup-home" "-w" "/opt/rustwide/workdir" "-m" "1610612736" "--user" "0:0" "--network" "none" "ghcr.io/rust-lang/crates-build-env/linux@sha256:819108c5571ea2e421544af4d832f968d213c87fbe3707a016657f43d2f853bc" "/opt/rustwide/cargo-home/bin/cargo" "+nightly-2025-01-18" "metadata" "--no-deps" "--format-version=1", kill_on_drop: false }`
[INFO] [stdout] 282dedeb1277b06700fdc7340006e3274b89f9f017678fb509d0df12056d6cea
[INFO] running `Command { std: "docker" "start" "-a" "282dedeb1277b06700fdc7340006e3274b89f9f017678fb509d0df12056d6cea", kill_on_drop: false }`
[INFO] running `Command { std: "docker" "inspect" "282dedeb1277b06700fdc7340006e3274b89f9f017678fb509d0df12056d6cea", kill_on_drop: false }`
[INFO] running `Command { std: "docker" "rm" "-f" "282dedeb1277b06700fdc7340006e3274b89f9f017678fb509d0df12056d6cea", kill_on_drop: false }`
[INFO] [stdout] 282dedeb1277b06700fdc7340006e3274b89f9f017678fb509d0df12056d6cea
[INFO] running `Command { std: "docker" "create" "-v" "/var/lib/crater-agent-workspace/builds/worker-6-tc1/target:/opt/rustwide/target:rw,Z" "-v" "/var/lib/crater-agent-workspace/builds/worker-6-tc1/source:/opt/rustwide/workdir:ro,Z" "-v" "/var/lib/crater-agent-workspace/cargo-home:/opt/rustwide/cargo-home:ro,Z" "-v" "/var/lib/crater-agent-workspace/rustup-home:/opt/rustwide/rustup-home:ro,Z" "-e" "SOURCE_DIR=/opt/rustwide/workdir" "-e" "CARGO_TARGET_DIR=/opt/rustwide/target" "-e" "CARGO_INCREMENTAL=0" "-e" "RUST_BACKTRACE=full" "-e" "RUSTFLAGS=--cap-lints=forbid" "-e" "RUSTDOCFLAGS=--cap-lints=forbid" "-e" "CARGO_HOME=/opt/rustwide/cargo-home" "-e" "RUSTUP_HOME=/opt/rustwide/rustup-home" "-w" "/opt/rustwide/workdir" "-m" "1610612736" "--user" "0:0" "--network" "none" "ghcr.io/rust-lang/crates-build-env/linux@sha256:819108c5571ea2e421544af4d832f968d213c87fbe3707a016657f43d2f853bc" "/opt/rustwide/cargo-home/bin/cargo" "+nightly-2025-01-18" "build" "--frozen" "--message-format=json", kill_on_drop: false }`
[INFO] [stdout] 06a6782ebc1c5e21fe22d50d69b1526defc66b29f59b1f44b0dc036ee76d0ddb
[INFO] running `Command { std: "docker" "start" "-a" "06a6782ebc1c5e21fe22d50d69b1526defc66b29f59b1f44b0dc036ee76d0ddb", kill_on_drop: false }`
[INFO] [stderr]    Compiling pkg-config v0.3.30
[INFO] [stderr]    Compiling cc v1.1.8
[INFO] [stderr]    Compiling vcpkg v0.2.15
[INFO] [stderr]    Compiling libc v0.2.155
[INFO] [stderr]    Compiling proc-macro2 v1.0.86
[INFO] [stderr]    Compiling unicode-ident v1.0.12
[INFO] [stderr]    Compiling curl v0.4.46
[INFO] [stderr]    Compiling unicode-xid v0.2.4
[INFO] [stderr]    Compiling openssl-probe v0.1.5
[INFO] [stderr]    Compiling urlencoding v2.1.3
[INFO] [stderr]    Compiling quote v1.0.36
[INFO] [stderr]    Compiling socket2 v0.5.7
[INFO] [stderr]    Compiling openssl-sys v0.9.103
[INFO] [stderr]    Compiling libz-sys v1.1.18
[INFO] [stderr]    Compiling curl-sys v0.4.74+curl-8.9.0
[INFO] [stderr]    Compiling syn v2.0.72
[INFO] [stderr]    Compiling derive_more-impl v1.0.0
[INFO] [stderr]    Compiling derive_more v1.0.0
[INFO] [stderr]    Compiling steamopenid v0.3.0 (/opt/rustwide/workdir)
[INFO] [stderr]     Finished `dev` profile [unoptimized + debuginfo] target(s) in 11.51s
[INFO] running `Command { std: "docker" "inspect" "06a6782ebc1c5e21fe22d50d69b1526defc66b29f59b1f44b0dc036ee76d0ddb", kill_on_drop: false }`
[INFO] running `Command { std: "docker" "rm" "-f" "06a6782ebc1c5e21fe22d50d69b1526defc66b29f59b1f44b0dc036ee76d0ddb", kill_on_drop: false }`
[INFO] [stdout] 06a6782ebc1c5e21fe22d50d69b1526defc66b29f59b1f44b0dc036ee76d0ddb
[INFO] running `Command { std: "docker" "create" "-v" "/var/lib/crater-agent-workspace/builds/worker-6-tc1/target:/opt/rustwide/target:rw,Z" "-v" "/var/lib/crater-agent-workspace/builds/worker-6-tc1/source:/opt/rustwide/workdir:ro,Z" "-v" "/var/lib/crater-agent-workspace/cargo-home:/opt/rustwide/cargo-home:ro,Z" "-v" "/var/lib/crater-agent-workspace/rustup-home:/opt/rustwide/rustup-home:ro,Z" "-e" "SOURCE_DIR=/opt/rustwide/workdir" "-e" "CARGO_TARGET_DIR=/opt/rustwide/target" "-e" "CARGO_INCREMENTAL=0" "-e" "RUST_BACKTRACE=full" "-e" "RUSTFLAGS=--cap-lints=forbid" "-e" "RUSTDOCFLAGS=--cap-lints=forbid" "-e" "CARGO_HOME=/opt/rustwide/cargo-home" "-e" "RUSTUP_HOME=/opt/rustwide/rustup-home" "-w" "/opt/rustwide/workdir" "-m" "1610612736" "--user" "0:0" "--network" "none" "ghcr.io/rust-lang/crates-build-env/linux@sha256:819108c5571ea2e421544af4d832f968d213c87fbe3707a016657f43d2f853bc" "/opt/rustwide/cargo-home/bin/cargo" "+nightly-2025-01-18" "test" "--frozen" "--no-run" "--message-format=json", kill_on_drop: false }`
[INFO] [stdout] 362dd0ed14217c6c8adddae5dd4b09b86b21fb972eab90b744f237563148e861
[INFO] running `Command { std: "docker" "start" "-a" "362dd0ed14217c6c8adddae5dd4b09b86b21fb972eab90b744f237563148e861", kill_on_drop: false }`
[INFO] [stderr]    Compiling pin-project-lite v0.2.14
[INFO] [stderr]    Compiling syn v2.0.72
[INFO] [stderr]    Compiling derive_more-impl v1.0.0
[INFO] [stderr]    Compiling tokio-macros v2.4.0
[INFO] [stderr]    Compiling tokio v1.39.2
[INFO] [stderr]    Compiling derive_more v1.0.0
[INFO] [stderr]    Compiling steamopenid v0.3.0 (/opt/rustwide/workdir)
[INFO] [stderr]     Finished `test` profile [unoptimized + debuginfo] target(s) in 9.96s
[INFO] running `Command { std: "docker" "inspect" "362dd0ed14217c6c8adddae5dd4b09b86b21fb972eab90b744f237563148e861", kill_on_drop: false }`
[INFO] running `Command { std: "docker" "rm" "-f" "362dd0ed14217c6c8adddae5dd4b09b86b21fb972eab90b744f237563148e861", kill_on_drop: false }`
[INFO] [stdout] 362dd0ed14217c6c8adddae5dd4b09b86b21fb972eab90b744f237563148e861
[INFO] running `Command { std: "docker" "create" "-v" "/var/lib/crater-agent-workspace/builds/worker-6-tc1/target:/opt/rustwide/target:rw,Z" "-v" "/var/lib/crater-agent-workspace/builds/worker-6-tc1/source:/opt/rustwide/workdir:ro,Z" "-v" "/var/lib/crater-agent-workspace/cargo-home:/opt/rustwide/cargo-home:ro,Z" "-v" "/var/lib/crater-agent-workspace/rustup-home:/opt/rustwide/rustup-home:ro,Z" "-e" "SOURCE_DIR=/opt/rustwide/workdir" "-e" "CARGO_TARGET_DIR=/opt/rustwide/target" "-e" "CARGO_INCREMENTAL=0" "-e" "RUST_BACKTRACE=full" "-e" "RUSTFLAGS=--cap-lints=forbid" "-e" "RUSTDOCFLAGS=--cap-lints=forbid" "-e" "CARGO_HOME=/opt/rustwide/cargo-home" "-e" "RUSTUP_HOME=/opt/rustwide/rustup-home" "-w" "/opt/rustwide/workdir" "-m" "1610612736" "--user" "0:0" "--network" "none" "ghcr.io/rust-lang/crates-build-env/linux@sha256:819108c5571ea2e421544af4d832f968d213c87fbe3707a016657f43d2f853bc" "/opt/rustwide/cargo-home/bin/cargo" "+nightly-2025-01-18" "test" "--frozen", kill_on_drop: false }`
[INFO] [stdout] f96d9c20f257dea362218fc879deab408b11aba09c576655d05a2e8fdb816e21
[INFO] running `Command { std: "docker" "start" "-a" "f96d9c20f257dea362218fc879deab408b11aba09c576655d05a2e8fdb816e21", kill_on_drop: false }`
[INFO] [stderr]     Finished `test` profile [unoptimized + debuginfo] target(s) in 0.05s
[INFO] [stderr]      Running unittests src/lib.rs (/opt/rustwide/target/debug/deps/steamopenid-eefee4608351b0e9)
[INFO] [stdout] 
[INFO] [stdout] running 0 tests
[INFO] [stdout] 
[INFO] [stdout] test result: ok. 0 passed; 0 failed; 0 ignored; 0 measured; 0 filtered out; finished in 0.00s
[INFO] [stdout] 
[INFO] [stderr]      Running unittests src/main.rs (/opt/rustwide/target/debug/deps/steamopenid-c862b5de7f4bf726)
[INFO] [stdout] 
[INFO] [stdout] running 0 tests
[INFO] [stdout] 
[INFO] [stdout] test result: ok. 0 passed; 0 failed; 0 ignored; 0 measured; 0 filtered out; finished in 0.00s
[INFO] [stdout] 
[INFO] [stderr]    Doc-tests steamopenid
[INFO] [stdout] 
[INFO] [stdout] running 3 tests
[INFO] [stdout] test src/lib.rs - kv::decode_keyvalues (line 131) ... ok
[INFO] [stdout] test src/lib.rs - kv::encode_keyvalues (line 171) ... ok
[INFO] [stdout] test src/lib.rs - verify_auth_keyvalues (line 30) ... FAILED
[INFO] [stdout] 
[INFO] [stdout] failures:
[INFO] [stdout] 
[INFO] [stdout] ---- src/lib.rs - verify_auth_keyvalues (line 30) stdout ----
[INFO] [stdout] Test executable failed (exit status: 101).
[INFO] [stdout] 
[INFO] [stdout] stderr:
[INFO] [stdout] 
[INFO] [stdout] thread 'main' panicked at /opt/rustwide/workdir/src/lib.rs:91:10:
[INFO] [stdout] Should end up with a result from steam: Error { description: "Couldn't resolve host name", code: 6, extra: Some("Could not resolve host: steamcommunity.com") }
[INFO] [stdout] stack backtrace:
[INFO] [stdout]    0:     0x5d5d1e68e6aa - std::backtrace_rs::backtrace::libunwind::trace::hb059275cfc8d6126
[INFO] [stdout]                                at /rustc/6067b36314ab5eb2eb47cecc464545ba58e1ad24/library/std/src/../../backtrace/src/backtrace/libunwind.rs:116:5
[INFO] [stdout]    1:     0x5d5d1e68e6aa - std::backtrace_rs::backtrace::trace_unsynchronized::h2da071e4327ce3ee
[INFO] [stdout]                                at /rustc/6067b36314ab5eb2eb47cecc464545ba58e1ad24/library/std/src/../../backtrace/src/backtrace/mod.rs:66:5
[INFO] [stdout]    2:     0x5d5d1e68e6aa - std::sys::backtrace::_print_fmt::h842a1474e6f8d23f
[INFO] [stdout]                                at /rustc/6067b36314ab5eb2eb47cecc464545ba58e1ad24/library/std/src/sys/backtrace.rs:66:9
[INFO] [stdout]    3:     0x5d5d1e68e6aa - <std::sys::backtrace::BacktraceLock::print::DisplayBacktrace as core::fmt::Display>::fmt::h71a62eb3b9696b12
[INFO] [stdout]                                at /rustc/6067b36314ab5eb2eb47cecc464545ba58e1ad24/library/std/src/sys/backtrace.rs:39:26
[INFO] [stdout]    4:     0x5d5d1e6acb63 - core::fmt::rt::Argument::fmt::hdb6b616786b41dc1
[INFO] [stdout]                                at /rustc/6067b36314ab5eb2eb47cecc464545ba58e1ad24/library/core/src/fmt/rt.rs:177:76
[INFO] [stdout]    5:     0x5d5d1e6acb63 - core::fmt::write::h2cc1698af7e2d686
[INFO] [stdout]                                at /rustc/6067b36314ab5eb2eb47cecc464545ba58e1ad24/library/core/src/fmt/mod.rs:1440:21
[INFO] [stdout]    6:     0x5d5d1e68b9a3 - std::io::Write::write_fmt::h00c8700df393f328
[INFO] [stdout]                                at /rustc/6067b36314ab5eb2eb47cecc464545ba58e1ad24/library/std/src/io/mod.rs:1887:15
[INFO] [stdout]    7:     0x5d5d1e68e4f2 - std::sys::backtrace::BacktraceLock::print::h147fe35b4ea13b08
[INFO] [stdout]                                at /rustc/6067b36314ab5eb2eb47cecc464545ba58e1ad24/library/std/src/sys/backtrace.rs:42:9
[INFO] [stdout]    8:     0x5d5d1e68f43f - std::panicking::default_hook::{{closure}}::hbd44223dbdc0d208
[INFO] [stdout]                                at /rustc/6067b36314ab5eb2eb47cecc464545ba58e1ad24/library/std/src/panicking.rs:298:22
[INFO] [stdout]    9:     0x5d5d1e68f2aa - std::panicking::default_hook::h20f81eb0576efcec
[INFO] [stdout]                                at /rustc/6067b36314ab5eb2eb47cecc464545ba58e1ad24/library/std/src/panicking.rs:325:9
[INFO] [stdout]   10:     0x5d5d1e68fd52 - std::panicking::rust_panic_with_hook::h625eea43051b2edc
[INFO] [stdout]                                at /rustc/6067b36314ab5eb2eb47cecc464545ba58e1ad24/library/std/src/panicking.rs:831:13
[INFO] [stdout]   11:     0x5d5d1e68fbea - std::panicking::begin_panic_handler::{{closure}}::h4f9159cfbc3f6bd3
[INFO] [stdout]                                at /rustc/6067b36314ab5eb2eb47cecc464545ba58e1ad24/library/std/src/panicking.rs:704:13
[INFO] [stdout]   12:     0x5d5d1e68eba9 - std::sys::backtrace::__rust_end_short_backtrace::h0390abce48353151
[INFO] [stdout]                                at /rustc/6067b36314ab5eb2eb47cecc464545ba58e1ad24/library/std/src/sys/backtrace.rs:168:18
[INFO] [stdout]   13:     0x5d5d1e68f87d - rust_begin_unwind
[INFO] [stdout]                                at /rustc/6067b36314ab5eb2eb47cecc464545ba58e1ad24/library/std/src/panicking.rs:695:5
[INFO] [stdout]   14:     0x5d5d1e6abc10 - core::panicking::panic_fmt::h9e7c637e9e5f29c9
[INFO] [stdout]                                at /rustc/6067b36314ab5eb2eb47cecc464545ba58e1ad24/library/core/src/panicking.rs:75:14
[INFO] [stdout]   15:     0x5d5d1e6ac086 - core::result::unwrap_failed::h7979f09313fe1849
[INFO] [stdout]                                at /rustc/6067b36314ab5eb2eb47cecc464545ba58e1ad24/library/core/src/result.rs:1704:5
[INFO] [stdout]   16:     0x5d5d1e665b56 - core::result::Result<T,E>::expect::heab02938d4989b4c
[INFO] [stdout]                                at /rustc/6067b36314ab5eb2eb47cecc464545ba58e1ad24/library/core/src/result.rs:1061:23
[INFO] [stdout]   17:     0x5d5d1e62286d - steamopenid::send_verify_request_raw::{{closure}}::h59842c8aad690275
[INFO] [stdout]   18:     0x5d5d1e6223d3 - steamopenid::verify_auth_keyvalues::{{closure}}::h0ab203705a34134c
[INFO] [stdout]   19:     0x5d5d1e631f84 - rust_out::main::{{closure}}::h5b39ac0ba21052fe
[INFO] [stdout]   20:     0x5d5d1e631156 - <core::pin::Pin<P> as core::future::future::Future>::poll::h60946177a0da2fae
[INFO] [stdout]   21:     0x5d5d1e630db5 - tokio::runtime::scheduler::current_thread::CoreGuard::block_on::{{closure}}::{{closure}}::{{closure}}::hdaddabd08296d3df
[INFO] [stdout]   22:     0x5d5d1e630cf8 - tokio::runtime::scheduler::current_thread::CoreGuard::block_on::{{closure}}::{{closure}}::h7a1664239ca258aa
[INFO] [stdout]   23:     0x5d5d1e62e270 - tokio::runtime::scheduler::current_thread::Context::enter::h1f92dd163cc82d00
[INFO] [stdout]   24:     0x5d5d1e62fc2b - tokio::runtime::scheduler::current_thread::CoreGuard::block_on::{{closure}}::h345dbba48c4be492
[INFO] [stdout]   25:     0x5d5d1e62f964 - tokio::runtime::scheduler::current_thread::CoreGuard::enter::{{closure}}::h779c8cbcfdec5aa9
[INFO] [stdout]   26:     0x5d5d1e62c961 - tokio::runtime::context::scoped::Scoped<T>::set::h08d9fbf34fc0669a
[INFO] [stdout]   27:     0x5d5d1e62c754 - tokio::runtime::context::set_scheduler::{{closure}}::h0fbc4ab1222fe24d
[INFO] [stdout]   28:     0x5d5d1e62479a - std::thread::local::LocalKey<T>::try_with::hed28883214a21da5
[INFO] [stdout]   29:     0x5d5d1e623426 - std::thread::local::LocalKey<T>::with::hec2def96ca4edfef
[INFO] [stdout]   30:     0x5d5d1e62c71b - tokio::runtime::context::set_scheduler::hf3d2a2ffceb41a90
[INFO] [stdout]   31:     0x5d5d1e62f704 - tokio::runtime::scheduler::current_thread::CoreGuard::enter::hccd80040227a01df
[INFO] [stdout]   32:     0x5d5d1e62f97e - tokio::runtime::scheduler::current_thread::CoreGuard::block_on::h100b054647ab2224
[INFO] [stdout]   33:     0x5d5d1e62dd6d - tokio::runtime::scheduler::current_thread::CurrentThread::block_on::{{closure}}::hffcf72e31582d458
[INFO] [stdout]   34:     0x5d5d1e62cd8f - tokio::runtime::context::runtime::enter_runtime::h7a33d579a95924b7
[INFO] [stdout]   35:     0x5d5d1e62d651 - tokio::runtime::scheduler::current_thread::CurrentThread::block_on::h28b672a788d4c763
[INFO] [stdout]   36:     0x5d5d1e62d3c2 - tokio::runtime::runtime::Runtime::block_on_inner::h5abb9cfca44114df
[INFO] [stdout]   37:     0x5d5d1e62d4de - tokio::runtime::runtime::Runtime::block_on::h7aa74d594ed91056
[INFO] [stdout]   38:     0x5d5d1e631c69 - rust_out::main::he88f0b9b281d54e0
[INFO] [stdout]   39:     0x5d5d1e625443 - core::ops::function::FnOnce::call_once::hcf3829d8b58d0254
[INFO] [stdout]   40:     0x5d5d1e622cf6 - std::sys::backtrace::__rust_begin_short_backtrace::h5e1527399e8d5bd4
[INFO] [stdout]   41:     0x5d5d1e622cd9 - std::rt::lang_start::{{closure}}::h2c234101ed7b1b74
[INFO] [stdout]   42:     0x5d5d1e6887d0 - core::ops::function::impls::<impl core::ops::function::FnOnce<A> for &F>::call_once::h1b085b6c1d2518b2
[INFO] [stdout]                                at /rustc/6067b36314ab5eb2eb47cecc464545ba58e1ad24/library/core/src/ops/function.rs:284:13
[INFO] [stdout]   43:     0x5d5d1e6887d0 - std::panicking::try::do_call::h382f964a5a23b565
[INFO] [stdout]                                at /rustc/6067b36314ab5eb2eb47cecc464545ba58e1ad24/library/std/src/panicking.rs:587:40
[INFO] [stdout]   44:     0x5d5d1e6887d0 - std::panicking::try::h57f991055eb622f9
[INFO] [stdout]                                at /rustc/6067b36314ab5eb2eb47cecc464545ba58e1ad24/library/std/src/panicking.rs:550:19
[INFO] [stdout]   45:     0x5d5d1e6887d0 - std::panic::catch_unwind::h4d9a74ef04456343
[INFO] [stdout]                                at /rustc/6067b36314ab5eb2eb47cecc464545ba58e1ad24/library/std/src/panic.rs:358:14
[INFO] [stdout]   46:     0x5d5d1e6887d0 - std::rt::lang_start_internal::{{closure}}::h2faa8ae84a93f314
[INFO] [stdout]                                at /rustc/6067b36314ab5eb2eb47cecc464545ba58e1ad24/library/std/src/rt.rs:163:24
[INFO] [stdout]   47:     0x5d5d1e6887d0 - std::panicking::try::do_call::h0f8932bf638a9bf5
[INFO] [stdout]                                at /rustc/6067b36314ab5eb2eb47cecc464545ba58e1ad24/library/std/src/panicking.rs:587:40
[INFO] [stdout]   48:     0x5d5d1e6887d0 - std::panicking::try::h683416ea756b175d
[INFO] [stdout]                                at /rustc/6067b36314ab5eb2eb47cecc464545ba58e1ad24/library/std/src/panicking.rs:550:19
[INFO] [stdout]   49:     0x5d5d1e6887d0 - std::panic::catch_unwind::h56189fac8994979f
[INFO] [stdout]                                at /rustc/6067b36314ab5eb2eb47cecc464545ba58e1ad24/library/std/src/panic.rs:358:14
[INFO] [stdout]   50:     0x5d5d1e6887d0 - std::rt::lang_start_internal::h8bbc1061691274fe
[INFO] [stdout]                                at /rustc/6067b36314ab5eb2eb47cecc464545ba58e1ad24/library/std/src/rt.rs:159:5
[INFO] [stdout]   51:     0x5d5d1e622cc1 - std::rt::lang_start::h601b10a269c70ef7
[INFO] [stdout]   52:     0x5d5d1e632105 - main
[INFO] [stdout]   53:     0x73935b7d8d90 - <unknown>
[INFO] [stdout]   54:     0x73935b7d8e40 - __libc_start_main
[INFO] [stdout]   55:     0x5d5d1e621db5 - _start
[INFO] [stdout]   56:                0x0 - <unknown>
[INFO] [stdout] 
[INFO] [stdout] 
[INFO] [stdout] 
[INFO] [stdout] failures:
[INFO] [stdout]     src/lib.rs - verify_auth_keyvalues (line 30)
[INFO] [stdout] 
[INFO] [stdout] test result: FAILED. 2 passed; 1 failed; 0 ignored; 0 measured; 0 filtered out; finished in 0.82s
[INFO] [stdout] 
[INFO] [stderr] error: doctest failed, to rerun pass `--doc`
[INFO] running `Command { std: "docker" "inspect" "f96d9c20f257dea362218fc879deab408b11aba09c576655d05a2e8fdb816e21", kill_on_drop: false }`
[INFO] running `Command { std: "docker" "rm" "-f" "f96d9c20f257dea362218fc879deab408b11aba09c576655d05a2e8fdb816e21", kill_on_drop: false }`
[INFO] [stdout] f96d9c20f257dea362218fc879deab408b11aba09c576655d05a2e8fdb816e21
