[INFO] cloning repository https://github.com/protojour/arx
[INFO] running `Command { std: "git" "-c" "credential.helper=" "-c" "credential.helper=/workspace/cargo-home/bin/git-credential-null" "clone" "--bare" "https://github.com/protojour/arx" "/workspace/cache/git-repos/https%3A%2F%2Fgithub.com%2Fprotojour%2Farx", kill_on_drop: false }`
[INFO] [stderr] Cloning into bare repository '/workspace/cache/git-repos/https%3A%2F%2Fgithub.com%2Fprotojour%2Farx'...
[INFO] running `Command { std: "git" "rev-parse" "HEAD", kill_on_drop: false }`
[INFO] [stdout] 4a8425056d290fd320597a82f6d566e9593cf969
[INFO] testing protojour/arx against nightly-2025-01-18 for randomize-layout-2
[INFO] running `Command { std: "git" "clone" "/workspace/cache/git-repos/https%3A%2F%2Fgithub.com%2Fprotojour%2Farx" "/workspace/builds/worker-7-tc1/source", kill_on_drop: false }`
[INFO] [stderr] Cloning into '/workspace/builds/worker-7-tc1/source'...
[INFO] [stderr] done.
[INFO] validating manifest of git repo https://github.com/protojour/arx on toolchain nightly-2025-01-18
[INFO] running `Command { std: CARGO_HOME="/workspace/cargo-home" RUSTUP_HOME="/workspace/rustup-home" "/workspace/cargo-home/bin/cargo" "+nightly-2025-01-18" "metadata" "--manifest-path" "Cargo.toml" "--no-deps", kill_on_drop: false }`
[INFO] started tweaking git repo https://github.com/protojour/arx
[INFO] finished tweaking git repo https://github.com/protojour/arx
[INFO] tweaked toml for git repo https://github.com/protojour/arx written to /workspace/builds/worker-7-tc1/source/Cargo.toml
[INFO] crate git repo https://github.com/protojour/arx already has a lockfile, it will not be regenerated
[INFO] running `Command { std: CARGO_HOME="/workspace/cargo-home" RUSTUP_HOME="/workspace/rustup-home" "/workspace/cargo-home/bin/cargo" "+nightly-2025-01-18" "fetch" "--manifest-path" "Cargo.toml", kill_on_drop: false }`
[INFO] [stderr]     Updating git repository `https://github.com/protojour/authly-lib.git`
[INFO] [stderr]     Updating crates.io index
[INFO] [stderr]  Downloading crates ...
[INFO] [stderr]   Downloaded async-tungstenite v0.28.2
[INFO] [stderr]   Downloaded tower-server v0.3.0
[INFO] [stderr]   Downloaded hexhex_impl v0.1.1
[INFO] [stderr]   Downloaded kube-runtime v0.98.0
[INFO] [stderr]   Downloaded hexhex v1.1.1
[INFO] [stderr]   Downloaded kube v0.98.0
[INFO] [stderr]   Downloaded delegate v0.13.2
[INFO] [stderr]   Downloaded hexhex_macros v1.0.1
[INFO] [stderr]   Downloaded kube-derive v0.98.0
[INFO] [stderr]   Downloaded int-enum v1.1.2
[INFO] [stderr]   Downloaded jsonpath-rust v0.7.5
[INFO] [stderr]   Downloaded gateway-api v0.14.2
[INFO] [stderr]   Downloaded kube-client v0.98.0
[INFO] [stderr]   Downloaded kube-core v0.98.0
[INFO] [stderr]   Downloaded reqwest-websocket v0.4.4
[INFO] [stderr]   Downloaded matchit v0.8.6
[INFO] [stderr]   Downloaded reqwest-tracing v0.5.5
[INFO] [stderr]   Downloaded k8s-openapi v0.24.0
[INFO] running `Command { std: "docker" "create" "-v" "/var/lib/crater-agent-workspace/builds/worker-7-tc1/target:/opt/rustwide/target:rw,Z" "-v" "/var/lib/crater-agent-workspace/builds/worker-7-tc1/source:/opt/rustwide/workdir:ro,Z" "-v" "/var/lib/crater-agent-workspace/cargo-home:/opt/rustwide/cargo-home:ro,Z" "-v" "/var/lib/crater-agent-workspace/rustup-home:/opt/rustwide/rustup-home:ro,Z" "-e" "SOURCE_DIR=/opt/rustwide/workdir" "-e" "CARGO_TARGET_DIR=/opt/rustwide/target" "-e" "CARGO_HOME=/opt/rustwide/cargo-home" "-e" "RUSTUP_HOME=/opt/rustwide/rustup-home" "-w" "/opt/rustwide/workdir" "-m" "1610612736" "--user" "0:0" "--network" "none" "ghcr.io/rust-lang/crates-build-env/linux@sha256:819108c5571ea2e421544af4d832f968d213c87fbe3707a016657f43d2f853bc" "/opt/rustwide/cargo-home/bin/cargo" "+nightly-2025-01-18" "metadata" "--no-deps" "--format-version=1", kill_on_drop: false }`
[INFO] [stdout] 7217db38849024df0591a05f82be0cd8d901fbade8208c9b19c19066f3a7028b
[INFO] running `Command { std: "docker" "start" "-a" "7217db38849024df0591a05f82be0cd8d901fbade8208c9b19c19066f3a7028b", kill_on_drop: false }`
[INFO] running `Command { std: "docker" "inspect" "7217db38849024df0591a05f82be0cd8d901fbade8208c9b19c19066f3a7028b", kill_on_drop: false }`
[INFO] running `Command { std: "docker" "rm" "-f" "7217db38849024df0591a05f82be0cd8d901fbade8208c9b19c19066f3a7028b", kill_on_drop: false }`
[INFO] [stdout] 7217db38849024df0591a05f82be0cd8d901fbade8208c9b19c19066f3a7028b
[INFO] running `Command { std: "docker" "create" "-v" "/var/lib/crater-agent-workspace/builds/worker-7-tc1/target:/opt/rustwide/target:rw,Z" "-v" "/var/lib/crater-agent-workspace/builds/worker-7-tc1/source:/opt/rustwide/workdir:ro,Z" "-v" "/var/lib/crater-agent-workspace/cargo-home:/opt/rustwide/cargo-home:ro,Z" "-v" "/var/lib/crater-agent-workspace/rustup-home:/opt/rustwide/rustup-home:ro,Z" "-e" "SOURCE_DIR=/opt/rustwide/workdir" "-e" "CARGO_TARGET_DIR=/opt/rustwide/target" "-e" "CARGO_INCREMENTAL=0" "-e" "RUST_BACKTRACE=full" "-e" "RUSTFLAGS=--cap-lints=forbid" "-e" "RUSTDOCFLAGS=--cap-lints=forbid" "-e" "CARGO_HOME=/opt/rustwide/cargo-home" "-e" "RUSTUP_HOME=/opt/rustwide/rustup-home" "-w" "/opt/rustwide/workdir" "-m" "1610612736" "--user" "0:0" "--network" "none" "ghcr.io/rust-lang/crates-build-env/linux@sha256:819108c5571ea2e421544af4d832f968d213c87fbe3707a016657f43d2f853bc" "/opt/rustwide/cargo-home/bin/cargo" "+nightly-2025-01-18" "build" "--frozen" "--message-format=json", kill_on_drop: false }`
[INFO] [stdout] 90fce04daa3f2116d60d67a26e2c81e37b4618b9945d55b0940f95a2bb3dcc76
[INFO] running `Command { std: "docker" "start" "-a" "90fce04daa3f2116d60d67a26e2c81e37b4618b9945d55b0940f95a2bb3dcc76", kill_on_drop: false }`
[INFO] [stderr]    Compiling proc-macro2 v1.0.93
[INFO] [stderr]    Compiling unicode-ident v1.0.14
[INFO] [stderr]    Compiling libc v0.2.169
[INFO] [stderr]    Compiling autocfg v1.4.0
[INFO] [stderr]    Compiling cfg-if v1.0.0
[INFO] [stderr]    Compiling memchr v2.7.4
[INFO] [stderr]    Compiling itoa v1.0.14
[INFO] [stderr]    Compiling pin-project-lite v0.2.16
[INFO] [stderr]    Compiling once_cell v1.20.2
[INFO] [stderr]    Compiling smallvec v1.13.2
[INFO] [stderr]    Compiling futures-core v0.3.31
[INFO] [stderr]    Compiling shlex v1.3.0
[INFO] [stderr]    Compiling bytes v1.9.0
[INFO] [stderr]    Compiling futures-sink v0.3.31
[INFO] [stderr]    Compiling version_check v0.9.5
[INFO] [stderr]    Compiling serde v1.0.217
[INFO] [stderr]    Compiling fnv v1.0.7
[INFO] [stderr]    Compiling log v0.4.25
[INFO] [stderr]    Compiling slab v0.4.9
[INFO] [stderr]    Compiling lock_api v0.4.12
[INFO] [stderr]    Compiling parking_lot_core v0.9.10
[INFO] [stderr]    Compiling scopeguard v1.2.0
[INFO] [stderr]    Compiling futures-io v0.3.31
[INFO] [stderr]    Compiling futures-channel v0.3.31
[INFO] [stderr]    Compiling pin-utils v0.1.0
[INFO] [stderr]    Compiling futures-task v0.3.31
[INFO] [stderr]    Compiling tracing-core v0.1.33
[INFO] [stderr]    Compiling equivalent v1.0.1
[INFO] [stderr]    Compiling quote v1.0.38
[INFO] [stderr]    Compiling http v1.2.0
[INFO] [stderr]    Compiling ryu v1.0.18
[INFO] [stderr]    Compiling dunce v1.0.5
[INFO] [stderr]    Compiling stable_deref_trait v1.2.0
[INFO] [stderr]    Compiling fs_extra v1.3.0
[INFO] [stderr]    Compiling syn v2.0.96
[INFO] [stderr]    Compiling jobserver v0.1.32
[INFO] [stderr]    Compiling getrandom v0.2.15
[INFO] [stderr]    Compiling socket2 v0.5.8
[INFO] [stderr]    Compiling cc v1.2.10
[INFO] [stderr]    Compiling parking_lot v0.12.3
[INFO] [stderr]    Compiling signal-hook-registry v1.4.2
[INFO] [stderr]    Compiling mio v1.0.3
[INFO] [stderr]    Compiling thiserror v1.0.69
[INFO] [stderr]    Compiling byteorder v1.5.0
[INFO] [stderr]    Compiling httparse v1.9.5
[INFO] [stderr]    Compiling cmake v0.1.52
[INFO] [stderr]    Compiling foldhash v0.1.4
[INFO] [stderr]    Compiling allocator-api2 v0.2.21
[INFO] [stderr]    Compiling percent-encoding v2.3.1
[INFO] [stderr]    Compiling http-body v1.0.1
[INFO] [stderr]    Compiling tower-service v0.3.3
[INFO] [stderr]    Compiling paste v1.0.15
[INFO] [stderr]    Compiling rustls-pki-types v1.10.1
[INFO] [stderr]    Compiling serde_json v1.0.137
[INFO] [stderr]    Compiling untrusted v0.9.0
[INFO] [stderr]    Compiling spin v0.9.8
[INFO] [stderr]    Compiling aws-lc-rs v1.12.1
[INFO] [stderr]    Compiling hashbrown v0.15.2
[INFO] [stderr]    Compiling rand_core v0.6.4
[INFO] [stderr]    Compiling num-traits v0.2.19
[INFO] [stderr]    Compiling atomic-waker v1.1.2
[INFO] [stderr]    Compiling writeable v0.5.5
[INFO] [stderr]    Compiling zeroize v1.8.1
[INFO] [stderr]    Compiling litemap v0.7.4
[INFO] [stderr]    Compiling ring v0.17.8
[INFO] [stderr]    Compiling aws-lc-sys v0.25.0
[INFO] [stderr]    Compiling try-lock v0.2.5
[INFO] [stderr]    Compiling base64 v0.22.1
[INFO] [stderr]    Compiling httpdate v1.0.3
[INFO] [stderr]    Compiling want v0.3.1
[INFO] [stderr]    Compiling indexmap v2.7.1
[INFO] [stderr]    Compiling icu_locid_transform_data v1.5.0
[INFO] [stderr]    Compiling anyhow v1.0.95
[INFO] [stderr]    Compiling rustls v0.23.21
[INFO] [stderr]    Compiling tower-layer v0.3.3
[INFO] [stderr]    Compiling sync_wrapper v1.0.2
[INFO] [stderr]    Compiling subtle v2.6.1
[INFO] [stderr]    Compiling pkg-config v0.3.31
[INFO] [stderr]    Compiling icu_properties_data v1.5.0
[INFO] [stderr]    Compiling mime v0.3.17
[INFO] [stderr]    Compiling icu_normalizer_data v1.5.0
[INFO] [stderr]    Compiling utf16_iter v1.0.5
[INFO] [stderr]    Compiling write16 v1.0.0
[INFO] [stderr]    Compiling utf8_iter v1.0.4
[INFO] [stderr]    Compiling zstd-sys v2.0.13+zstd.1.5.6
[INFO] [stderr]    Compiling thiserror v2.0.11
[INFO] [stderr]    Compiling form_urlencoded v1.2.1
[INFO] [stderr]    Compiling zstd-safe v7.2.1
[INFO] [stderr]    Compiling alloc-no-stdlib v2.0.4
[INFO] [stderr]    Compiling alloc-stdlib v0.2.2
[INFO] [stderr]    Compiling rustls-pemfile v2.2.0
[INFO] [stderr]    Compiling either v1.13.0
[INFO] [stderr]    Compiling adler2 v2.0.0
[INFO] [stderr]    Compiling miniz_oxide v0.8.3
[INFO] [stderr]    Compiling brotli-decompressor v4.0.1
[INFO] [stderr]    Compiling crc32fast v1.4.2
[INFO] [stderr]    Compiling itertools v0.13.0
[INFO] [stderr]    Compiling openssl-probe v0.1.5
[INFO] [stderr]    Compiling synstructure v0.13.1
[INFO] [stderr]    Compiling flate2 v1.0.35
[INFO] [stderr]    Compiling brotli v7.0.0
[INFO] [stderr]    Compiling time-core v0.1.2
[INFO] [stderr]    Compiling num-conv v0.1.0
[INFO] [stderr]    Compiling powerfmt v0.2.0
[INFO] [stderr]    Compiling time-macros v0.2.19
[INFO] [stderr]    Compiling deranged v0.3.11
[INFO] [stderr]    Compiling rustls-native-certs v0.8.1
[INFO] [stderr]    Compiling webpki-roots v0.26.7
[INFO] [stderr]    Compiling typenum v1.17.0
[INFO] [stderr]    Compiling generic-array v0.14.7
[INFO] [stderr]    Compiling aho-corasick v1.1.3
[INFO] [stderr]    Compiling time v0.3.37
[INFO] [stderr]    Compiling serde_derive v1.0.217
[INFO] [stderr]    Compiling tokio-macros v2.5.0
[INFO] [stderr]    Compiling futures-macro v0.3.31
[INFO] [stderr]    Compiling tokio v1.43.0
[INFO] [stderr]    Compiling futures-util v0.3.31
[INFO] [stderr]    Compiling tracing-attributes v0.1.28
[INFO] [stderr]    Compiling displaydoc v0.2.5
[INFO] [stderr]    Compiling zerofrom-derive v0.1.5
[INFO] [stderr]    Compiling yoke-derive v0.7.5
[INFO] [stderr]    Compiling tracing v0.1.41
[INFO] [stderr]    Compiling zerocopy-derive v0.7.35
[INFO] [stderr]    Compiling zerofrom v0.1.5
[INFO] [stderr]    Compiling zerovec-derive v0.10.3
[INFO] [stderr]    Compiling yoke v0.7.5
[INFO] [stderr]    Compiling thiserror-impl v1.0.69
[INFO] [stderr]    Compiling icu_provider_macros v1.5.0
[INFO] [stderr]    Compiling zerocopy v0.7.35
[INFO] [stderr]    Compiling http-body-util v0.1.2
[INFO] [stderr]    Compiling thiserror-impl v2.0.11
[INFO] [stderr]    Compiling zerovec v0.10.4
[INFO] [stderr]    Compiling ppv-lite86 v0.2.20
[INFO] [stderr]    Compiling async-trait v0.1.85
[INFO] [stderr]    Compiling rand_chacha v0.3.1
[INFO] [stderr]    Compiling tinystr v0.7.6
[INFO] [stderr]    Compiling rand v0.8.5
[INFO] [stderr]    Compiling icu_collections v1.5.0
[INFO] [stderr]    Compiling icu_locid v1.5.0
[INFO] [stderr]    Compiling prost-derive v0.13.4
[INFO] [stderr]    Compiling zstd v0.13.2
[INFO] [stderr]    Compiling icu_provider v1.5.0
[INFO] [stderr]    Compiling futures-executor v0.3.31
[INFO] [stderr]    Compiling tokio-util v0.7.13
[INFO] [stderr]    Compiling icu_locid_transform v1.5.0
[INFO] [stderr]    Compiling async-compression v0.4.18
[INFO] [stderr]    Compiling pin-project-internal v1.1.8
[INFO] [stderr]    Compiling strsim v0.11.1
[INFO] [stderr]    Compiling regex-syntax v0.8.5
[INFO] [stderr]    Compiling h2 v0.4.7
[INFO] [stderr]    Compiling icu_properties v1.5.1
[INFO] [stderr]    Compiling tower v0.5.2
[INFO] [stderr]    Compiling pin-project v1.1.8
[INFO] [stderr]    Compiling async-stream-impl v0.3.6
[INFO] [stderr]    Compiling rustversion v1.0.19
[INFO] [stderr]    Compiling ucd-trie v0.1.7
[INFO] [stderr]    Compiling rustix v0.38.43
[INFO] [stderr]    Compiling crossbeam-utils v0.8.21
[INFO] [stderr]    Compiling pest v2.7.15
[INFO] [stderr]    Compiling async-stream v0.3.6
[INFO] [stderr]    Compiling regex-automata v0.4.9
[INFO] [stderr]    Compiling icu_normalizer v1.5.0
[INFO] [stderr]    Compiling idna_adapter v1.2.0
[INFO] [stderr]    Compiling idna v1.0.3
[INFO] [stderr]    Compiling tokio-stream v0.1.17
[INFO] [stderr]    Compiling serde_derive_internals v0.29.1
[INFO] [stderr]    Compiling url v2.5.4
[INFO] [stderr]    Compiling proc-macro2-diagnostics v0.10.1
[INFO] [stderr]    Compiling indexmap v1.9.3
[INFO] [stderr]    Compiling ident_case v1.0.1
[INFO] [stderr]    Compiling unicase v2.8.1
[INFO] [stderr]    Compiling bitflags v2.8.0
[INFO] [stderr]    Compiling heck v0.5.0
[INFO] [stderr]    Compiling linux-raw-sys v0.4.15
[INFO] [stderr]    Compiling regex v1.11.1
[INFO] [stderr]    Compiling schemars v0.8.21
[INFO] [stderr]    Compiling prettyplease v0.2.29
[INFO] [stderr]    Compiling prost v0.13.4
[INFO] [stderr]    Compiling hyper v1.5.2
[INFO] [stderr]    Compiling schemars_derive v0.8.21
[INFO] [stderr]    Compiling mime_guess v2.0.5
[INFO] [stderr]    Compiling darling_core v0.20.10
[INFO] [stderr]    Compiling hyper-util v0.1.10
[INFO] [stderr]    Compiling pest_meta v2.7.15
[INFO] [stderr]    Compiling chrono v0.4.39
[INFO] [stderr]    Compiling ordered-float v2.10.1
[INFO] [stderr]    Compiling pem v3.0.4
[INFO] [stderr]    Compiling hyper-timeout v0.5.2
[INFO] [stderr]    Compiling dyn-clone v1.0.17
[INFO] [stderr]    Compiling hashbrown v0.12.3
[INFO] [stderr]    Compiling k8s-openapi v0.24.0
[INFO] [stderr]    Compiling yansi v1.0.1
[INFO] [stderr]    Compiling fixedbitset v0.4.2
[INFO] [stderr]    Compiling fastrand v2.3.0
[INFO] [stderr]    Compiling minimal-lexical v0.2.1
[INFO] [stderr]    Compiling petgraph v0.6.5
[INFO] [stderr]    Compiling tempfile v3.15.0
[INFO] [stderr]    Compiling nom v7.1.3
[INFO] [stderr]    Compiling serde-value v0.7.0
[INFO] [stderr]    Compiling pest_generator v2.7.15
[INFO] [stderr]    Compiling axum-core v0.4.5
[INFO] [stderr]    Compiling concurrent-queue v2.5.0
[INFO] [stderr]    Compiling prost-types v0.13.4
[INFO] [stderr]    Compiling darling_macro v0.20.10
[INFO] [stderr]    Compiling block-buffer v0.10.4
[INFO] [stderr]    Compiling crypto-common v0.1.6
[INFO] [stderr]    Compiling jsonptr v0.6.3
[INFO] [stderr]    Compiling serde_urlencoded v0.7.1
[INFO] [stderr]    Compiling num-integer v0.1.46
[INFO] [stderr]    Compiling ipnet v2.11.0
[INFO] [stderr]    Compiling matchit v0.7.3
[INFO] [stderr]    Compiling lazy_static v1.5.0
[INFO] [stderr]    Compiling data-encoding v2.7.0
[INFO] [stderr]    Compiling parking v2.2.1
[INFO] [stderr]    Compiling unsafe-libyaml v0.2.11
[INFO] [stderr]    Compiling multimap v0.10.0
[INFO] [stderr]    Compiling event-listener v5.4.0
[INFO] [stderr]    Compiling prost-build v0.13.4
[INFO] [stderr]    Compiling rusticata-macros v4.1.0
[INFO] [stderr]    Compiling num-bigint v0.4.6
[INFO] [stderr]    Compiling json-patch v3.0.1
[INFO] [stderr]    Compiling digest v0.10.7
[INFO] [stderr]    Compiling darling v0.20.10
[INFO] [stderr]    Compiling pest_derive v2.7.15
[INFO] [stderr]    Compiling axum v0.7.9
[INFO] [stderr]    Compiling serde_yaml v0.9.34+deprecated
[INFO] [stderr]    Compiling tower v0.4.13
[INFO] [stderr]    Compiling futures v0.3.31
[INFO] [stderr]    Compiling opentelemetry v0.27.1
[INFO] [stderr]    Compiling asn1-rs-impl v0.2.0
[INFO] [stderr]    Compiling asn1-rs-derive v0.5.1
[INFO] [stderr]    Compiling enum-ordinalize-derive v4.3.1
[INFO] [stderr]    Compiling uuid v1.12.0
[INFO] [stderr]    Compiling ahash v0.8.11
[INFO] [stderr]    Compiling iri-string v0.7.7
[INFO] [stderr]    Compiling glob v0.3.2
[INFO] [stderr]    Compiling fallible-iterator v0.2.0
[INFO] [stderr]    Compiling cpufeatures v0.2.16
[INFO] [stderr]    Compiling regex-syntax v0.6.29
[INFO] [stderr]    Compiling http-range-header v0.4.2
[INFO] [stderr]    Compiling hexhex_impl v0.1.1
[INFO] [stderr]    Compiling sha1 v0.10.6
[INFO] [stderr]    Compiling opentelemetry_sdk v0.27.1
[INFO] [stderr]    Compiling asn1-rs v0.6.2
[INFO] [stderr]    Compiling enum-ordinalize v4.3.0
[INFO] [stderr]    Compiling tonic-build v0.12.3
[INFO] [stderr]    Compiling tower-http v0.6.2
[INFO] [stderr]    Compiling regex-automata v0.1.10
[INFO] [stderr]    Compiling jsonpath-rust v0.7.5
[INFO] [stderr]    Compiling event-listener-strategy v0.5.3
[INFO] [stderr]    Compiling secrecy v0.10.3
[INFO] [stderr]    Compiling int-enum v1.1.2
[INFO] [stderr]    Compiling instant v0.1.13
[INFO] [stderr]    Compiling overload v0.1.1
[INFO] [stderr]    Compiling utf-8 v0.7.6
[INFO] [stderr]    Compiling utf8parse v0.2.2
[INFO] [stderr]    Compiling home v0.5.11
[INFO] [stderr]    Compiling oid-registry v0.7.1
[INFO] [stderr]    Compiling tungstenite v0.24.0
[INFO] [stderr]    Compiling anstyle-parse v0.2.6
[INFO] [stderr]    Compiling nu-ansi-term v0.46.0
[INFO] [stderr]    Compiling backoff v0.4.0
[INFO] [stderr]    Compiling async-broadcast v0.7.2
[INFO] [stderr]    Compiling matchers v0.1.0
[INFO] [stderr]    Compiling authly-common v0.0.2 (https://github.com/protojour/authly-lib.git#40092345)
[INFO] [stderr]    Compiling educe v0.6.0
[INFO] [stderr]    Compiling hexhex_macros v1.0.1
[INFO] [stderr]    Compiling sharded-slab v0.1.7
[INFO] [stderr]    Compiling tracing-log v0.2.0
[INFO] [stderr]    Compiling hostname v0.4.0
[INFO] [stderr]    Compiling uncased v0.9.10
[INFO] [stderr]    Compiling thread_local v1.1.8
[INFO] [stderr]    Compiling anstyle v1.0.10
[INFO] [stderr]    Compiling colorchoice v1.0.3
[INFO] [stderr]    Compiling anstyle-query v1.1.2
[INFO] [stderr]    Compiling is_terminal_polyfill v1.70.1
[INFO] [stderr]    Compiling anstream v0.6.18
[INFO] [stderr]    Compiling tracing-subscriber v0.3.19
[INFO] [stderr]    Compiling hexhex v1.1.1
[INFO] [stderr]    Compiling der-parser v9.0.0
[INFO] [stderr]    Compiling simple_asn1 v0.6.3
[INFO] [stderr]    Compiling pear_codegen v0.2.9
[INFO] [stderr]    Compiling yasna v0.5.2
[INFO] [stderr]    Compiling cookie v0.18.1
[INFO] [stderr]    Compiling kube-derive v0.98.0
[INFO] [stderr]    Compiling figment v0.10.19
[INFO] [stderr]    Compiling unsigned-varint v0.8.0
[INFO] [stderr]    Compiling inlinable_string v0.1.15
[INFO] [stderr]    Compiling base64 v0.21.7
[INFO] [stderr]    Compiling clap_lex v0.7.4
[INFO] [stderr]    Compiling arc-swap v1.7.1
[INFO] [stderr]    Compiling jsonwebtoken v9.3.0
[INFO] [stderr]    Compiling clap_builder v4.5.26
[INFO] [stderr]    Compiling pear v0.2.9
[INFO] [stderr]    Compiling rcgen v0.13.2
[INFO] [stderr]    Compiling tracing-opentelemetry v0.28.0
[INFO] [stderr]    Compiling x509-parser v0.16.0
[INFO] [stderr]    Compiling async-tungstenite v0.28.2
[INFO] [stderr]    Compiling serde_with_macros v3.12.0
[INFO] [stderr]    Compiling clap_derive v4.5.24
[INFO] [stderr]    Compiling retry-policies v0.4.0
[INFO] [stderr]    Compiling delegate v0.13.2
[INFO] [stderr]    Compiling matchit v0.8.6
[INFO] [stderr]    Compiling humantime v2.1.0
[INFO] [stderr]    Compiling regex-lite v0.1.6
[INFO] [stderr]    Compiling serde_with v3.12.0
[INFO] [stderr]    Compiling humantime-serde v1.1.1
[INFO] [stderr]    Compiling clap v4.5.26
[INFO] [stderr]    Compiling tokio-tungstenite v0.24.0
[INFO] [stderr]    Compiling bytesize v1.3.0
[INFO] [stderr]    Compiling kube-core v0.98.0
[INFO] [stderr]    Compiling rustls-webpki v0.102.8
[INFO] [stderr]    Compiling tokio-rustls v0.26.1
[INFO] [stderr]    Compiling hyper-rustls v0.27.5
[INFO] [stderr]    Compiling tonic v0.12.3
[INFO] [stderr]    Compiling tower-server v0.3.0
[INFO] [stderr]    Compiling reqwest v0.12.12
[INFO] [stderr]    Compiling kube-client v0.98.0
[INFO] [stderr]    Compiling reqwest-middleware v0.4.0
[INFO] [stderr]    Compiling reqwest-websocket v0.4.4
[INFO] [stderr]    Compiling opentelemetry-proto v0.27.0
[INFO] [stderr]    Compiling reqwest-retry v0.7.0
[INFO] [stderr]    Compiling reqwest-tracing v0.5.5
[INFO] [stderr]    Compiling authly-client v0.0.2 (https://github.com/protojour/authly-lib.git#40092345)
[INFO] [stderr]    Compiling kube-runtime v0.98.0
[INFO] [stderr]    Compiling opentelemetry-otlp v0.27.0
[INFO] [stderr]    Compiling kube v0.98.0
[INFO] [stderr]    Compiling gateway-api v0.14.2
[INFO] [stderr]    Compiling arx v0.0.1 (/opt/rustwide/workdir)
[INFO] [stderr]     Finished `dev` profile [unoptimized + debuginfo] target(s) in 6m 38s
[INFO] running `Command { std: "docker" "inspect" "90fce04daa3f2116d60d67a26e2c81e37b4618b9945d55b0940f95a2bb3dcc76", kill_on_drop: false }`
[INFO] running `Command { std: "docker" "rm" "-f" "90fce04daa3f2116d60d67a26e2c81e37b4618b9945d55b0940f95a2bb3dcc76", kill_on_drop: false }`
[INFO] [stdout] 90fce04daa3f2116d60d67a26e2c81e37b4618b9945d55b0940f95a2bb3dcc76
[INFO] running `Command { std: "docker" "create" "-v" "/var/lib/crater-agent-workspace/builds/worker-7-tc1/target:/opt/rustwide/target:rw,Z" "-v" "/var/lib/crater-agent-workspace/builds/worker-7-tc1/source:/opt/rustwide/workdir:ro,Z" "-v" "/var/lib/crater-agent-workspace/cargo-home:/opt/rustwide/cargo-home:ro,Z" "-v" "/var/lib/crater-agent-workspace/rustup-home:/opt/rustwide/rustup-home:ro,Z" "-e" "SOURCE_DIR=/opt/rustwide/workdir" "-e" "CARGO_TARGET_DIR=/opt/rustwide/target" "-e" "CARGO_INCREMENTAL=0" "-e" "RUST_BACKTRACE=full" "-e" "RUSTFLAGS=--cap-lints=forbid" "-e" "RUSTDOCFLAGS=--cap-lints=forbid" "-e" "CARGO_HOME=/opt/rustwide/cargo-home" "-e" "RUSTUP_HOME=/opt/rustwide/rustup-home" "-w" "/opt/rustwide/workdir" "-m" "1610612736" "--user" "0:0" "--network" "none" "ghcr.io/rust-lang/crates-build-env/linux@sha256:819108c5571ea2e421544af4d832f968d213c87fbe3707a016657f43d2f853bc" "/opt/rustwide/cargo-home/bin/cargo" "+nightly-2025-01-18" "test" "--frozen" "--no-run" "--message-format=json", kill_on_drop: false }`
[INFO] [stdout] 4d90722a652ced68ae63b87df5472165b5b6b0abd5e44ac8858d6d9c36d51034
[INFO] running `Command { std: "docker" "start" "-a" "4d90722a652ced68ae63b87df5472165b5b6b0abd5e44ac8858d6d9c36d51034", kill_on_drop: false }`
[INFO] [stderr]    Compiling serde_json v1.0.137
[INFO] [stderr]    Compiling hyper v1.5.2
[INFO] [stderr]    Compiling tower v0.5.2
[INFO] [stderr]    Compiling axum-core v0.4.5
[INFO] [stderr]    Compiling serde_path_to_error v0.1.16
[INFO] [stderr]    Compiling num_cpus v1.16.0
[INFO] [stderr]    Compiling deadpool-runtime v0.1.4
[INFO] [stderr]    Compiling indoc v2.0.5
[INFO] [stderr]    Compiling deadpool v0.10.0
[INFO] [stderr]    Compiling tower-http v0.6.2
[INFO] [stderr]    Compiling schemars v0.8.21
[INFO] [stderr]    Compiling jsonptr v0.6.3
[INFO] [stderr]    Compiling opentelemetry_sdk v0.27.1
[INFO] [stderr]    Compiling jsonpath-rust v0.7.5
[INFO] [stderr]    Compiling hyper-util v0.1.10
[INFO] [stderr]    Compiling json-patch v3.0.1
[INFO] [stderr]    Compiling jsonwebtoken v9.3.0
[INFO] [stderr]    Compiling k8s-openapi v0.24.0
[INFO] [stderr]    Compiling assert-json-diff v2.0.2
[INFO] [stderr]    Compiling hyper-rustls v0.27.5
[INFO] [stderr]    Compiling hyper-timeout v0.5.2
[INFO] [stderr]    Compiling axum v0.7.9
[INFO] [stderr]    Compiling tower-server v0.3.0
[INFO] [stderr]    Compiling reqwest v0.12.12
[INFO] [stderr]    Compiling wiremock v0.6.2
[INFO] [stderr]    Compiling tracing-opentelemetry v0.28.0
[INFO] [stderr]    Compiling reqwest-middleware v0.4.0
[INFO] [stderr]    Compiling reqwest-websocket v0.4.4
[INFO] [stderr]    Compiling reqwest-tracing v0.5.5
[INFO] [stderr]    Compiling reqwest-retry v0.7.0
[INFO] [stderr]    Compiling tonic v0.12.3
[INFO] [stderr]    Compiling opentelemetry-proto v0.27.0
[INFO] [stderr]    Compiling authly-common v0.0.2 (https://github.com/protojour/authly-lib.git#40092345)
[INFO] [stderr]    Compiling authly-client v0.0.2 (https://github.com/protojour/authly-lib.git#40092345)
[INFO] [stderr]    Compiling opentelemetry-otlp v0.27.0
[INFO] [stderr]    Compiling kube-core v0.98.0
[INFO] [stderr]    Compiling kube-client v0.98.0
[INFO] [stderr]    Compiling kube-runtime v0.98.0
[INFO] [stderr]    Compiling kube v0.98.0
[INFO] [stderr]    Compiling gateway-api v0.14.2
[INFO] [stderr]    Compiling arx v0.0.1 (/opt/rustwide/workdir)
[INFO] [stderr]     Finished `test` profile [unoptimized + debuginfo] target(s) in 2m 17s
[INFO] running `Command { std: "docker" "inspect" "4d90722a652ced68ae63b87df5472165b5b6b0abd5e44ac8858d6d9c36d51034", kill_on_drop: false }`
[INFO] running `Command { std: "docker" "rm" "-f" "4d90722a652ced68ae63b87df5472165b5b6b0abd5e44ac8858d6d9c36d51034", kill_on_drop: false }`
[INFO] [stdout] 4d90722a652ced68ae63b87df5472165b5b6b0abd5e44ac8858d6d9c36d51034
[INFO] running `Command { std: "docker" "create" "-v" "/var/lib/crater-agent-workspace/builds/worker-7-tc1/target:/opt/rustwide/target:rw,Z" "-v" "/var/lib/crater-agent-workspace/builds/worker-7-tc1/source:/opt/rustwide/workdir:ro,Z" "-v" "/var/lib/crater-agent-workspace/cargo-home:/opt/rustwide/cargo-home:ro,Z" "-v" "/var/lib/crater-agent-workspace/rustup-home:/opt/rustwide/rustup-home:ro,Z" "-e" "SOURCE_DIR=/opt/rustwide/workdir" "-e" "CARGO_TARGET_DIR=/opt/rustwide/target" "-e" "CARGO_INCREMENTAL=0" "-e" "RUST_BACKTRACE=full" "-e" "RUSTFLAGS=--cap-lints=forbid" "-e" "RUSTDOCFLAGS=--cap-lints=forbid" "-e" "CARGO_HOME=/opt/rustwide/cargo-home" "-e" "RUSTUP_HOME=/opt/rustwide/rustup-home" "-w" "/opt/rustwide/workdir" "-m" "1610612736" "--user" "0:0" "--network" "none" "ghcr.io/rust-lang/crates-build-env/linux@sha256:819108c5571ea2e421544af4d832f968d213c87fbe3707a016657f43d2f853bc" "/opt/rustwide/cargo-home/bin/cargo" "+nightly-2025-01-18" "test" "--frozen", kill_on_drop: false }`
[INFO] [stdout] c138f57d825ef4fcaf163885de9151f096b3a61e18aac4ba4568bd439ba92c65
[INFO] running `Command { std: "docker" "start" "-a" "c138f57d825ef4fcaf163885de9151f096b3a61e18aac4ba4568bd439ba92c65", kill_on_drop: false }`
[INFO] [stderr]     Finished `test` profile [unoptimized + debuginfo] target(s) in 0.86s
[INFO] [stderr]      Running unittests src/lib.rs (/opt/rustwide/target/debug/deps/arx-bee860a8f9508514)
[INFO] [stdout] 
[INFO] [stdout] running 14 tests
[INFO] [stdout] test k8s::k8s_routing::tests::simple_route ... ok
[INFO] [stdout] test http_client::tests::use_custom_ca ... ok
[INFO] [stdout] test layers::http_compression::tests::http_should_compress_when_bigger_than_custom_size ... ok
[INFO] [stdout] test layers::http_compression::tests::http_should_compress_when_bigger_than_default_min ... ok
[INFO] [stdout] test k8s::k8s_routing::tests::authly_auth_whitelist ... ok
[INFO] [stdout] test layers::http_compression::tests::http_should_not_compress_exempt_content_type ... ok
[INFO] [stdout] test layers::http_compression::tests::http_should_not_compress_image_by_default ... ok
[INFO] [stdout] test layers::http_compression::tests::http_should_not_compress_when_smaller_than_custom_size ... ok
[INFO] [stdout] test layers::http_compression::tests::http_should_compress_image ... ok
[INFO] [stdout] test static_routes::tests::routes_smoke_test ... ok
[INFO] [stdout] test layers::http_compression::tests::http_should_not_compress_when_smaller_than_default_min ... ok
[INFO] [stdout] test layers::http_compression::tests::http_should_compress_svg_by_default ... ok
[INFO] [stdout] test http_client::tests::request_retry ... ok
[INFO] [stdout] test http_client::tests::verify_webpki_certs ... FAILED
[INFO] [stdout] 
[INFO] [stdout] failures:
[INFO] [stdout] 
[INFO] [stdout] ---- http_client::tests::verify_webpki_certs stdout ----
[INFO] [stdout] 
[INFO] [stdout] thread 'http_client::tests::verify_webpki_certs' panicked at src/http_client.rs:180:9:
[INFO] [stdout] assertion failed: result.is_ok()
[INFO] [stdout] stack backtrace:
[INFO] [stdout]    0:     0x5ca21991174a - std::backtrace_rs::backtrace::libunwind::trace::hb059275cfc8d6126
[INFO] [stdout]                                at /rustc/6067b36314ab5eb2eb47cecc464545ba58e1ad24/library/std/src/../../backtrace/src/backtrace/libunwind.rs:116:5
[INFO] [stdout]    1:     0x5ca21991174a - std::backtrace_rs::backtrace::trace_unsynchronized::h2da071e4327ce3ee
[INFO] [stdout]                                at /rustc/6067b36314ab5eb2eb47cecc464545ba58e1ad24/library/std/src/../../backtrace/src/backtrace/mod.rs:66:5
[INFO] [stdout]    2:     0x5ca21991174a - std::sys::backtrace::_print_fmt::h842a1474e6f8d23f
[INFO] [stdout]                                at /rustc/6067b36314ab5eb2eb47cecc464545ba58e1ad24/library/std/src/sys/backtrace.rs:66:9
[INFO] [stdout]    3:     0x5ca21991174a - <std::sys::backtrace::BacktraceLock::print::DisplayBacktrace as core::fmt::Display>::fmt::h71a62eb3b9696b12
[INFO] [stdout]                                at /rustc/6067b36314ab5eb2eb47cecc464545ba58e1ad24/library/std/src/sys/backtrace.rs:39:26
[INFO] [stdout]    4:     0x5ca21993f273 - core::fmt::rt::Argument::fmt::hdb6b616786b41dc1
[INFO] [stdout]                                at /rustc/6067b36314ab5eb2eb47cecc464545ba58e1ad24/library/core/src/fmt/rt.rs:177:76
[INFO] [stdout]    5:     0x5ca21993f273 - core::fmt::write::h2cc1698af7e2d686
[INFO] [stdout]                                at /rustc/6067b36314ab5eb2eb47cecc464545ba58e1ad24/library/core/src/fmt/mod.rs:1440:21
[INFO] [stdout]    6:     0x5ca21990cb23 - std::io::Write::write_fmt::hab1b4cd059a79022
[INFO] [stdout]                                at /rustc/6067b36314ab5eb2eb47cecc464545ba58e1ad24/library/std/src/io/mod.rs:1887:15
[INFO] [stdout]    7:     0x5ca219911592 - std::sys::backtrace::BacktraceLock::print::h147fe35b4ea13b08
[INFO] [stdout]                                at /rustc/6067b36314ab5eb2eb47cecc464545ba58e1ad24/library/std/src/sys/backtrace.rs:42:9
[INFO] [stdout]    8:     0x5ca219912b6f - std::panicking::default_hook::{{closure}}::hbd44223dbdc0d208
[INFO] [stdout]                                at /rustc/6067b36314ab5eb2eb47cecc464545ba58e1ad24/library/std/src/panicking.rs:298:22
[INFO] [stdout]    9:     0x5ca219912988 - std::panicking::default_hook::h20f81eb0576efcec
[INFO] [stdout]                                at /rustc/6067b36314ab5eb2eb47cecc464545ba58e1ad24/library/std/src/panicking.rs:322:9
[INFO] [stdout]   10:     0x5ca218f9f2e3 - <alloc::boxed::Box<F,A> as core::ops::function::Fn<Args>>::call::hdb53814c496a4d34
[INFO] [stdout]                                at /rustc/6067b36314ab5eb2eb47cecc464545ba58e1ad24/library/alloc/src/boxed.rs:2027:9
[INFO] [stdout]   11:     0x5ca218f9f2e3 - test::test_main::{{closure}}::hc0a4963c59427c24
[INFO] [stdout]                                at /rustc/6067b36314ab5eb2eb47cecc464545ba58e1ad24/library/test/src/lib.rs:134:21
[INFO] [stdout]   12:     0x5ca219913663 - <alloc::boxed::Box<F,A> as core::ops::function::Fn<Args>>::call::h591b2225413a77e9
[INFO] [stdout]                                at /rustc/6067b36314ab5eb2eb47cecc464545ba58e1ad24/library/alloc/src/boxed.rs:2027:9
[INFO] [stdout]   13:     0x5ca219913663 - std::panicking::rust_panic_with_hook::h625eea43051b2edc
[INFO] [stdout]                                at /rustc/6067b36314ab5eb2eb47cecc464545ba58e1ad24/library/std/src/panicking.rs:839:13
[INFO] [stdout]   14:     0x5ca2199132e6 - std::panicking::begin_panic_handler::{{closure}}::h4f9159cfbc3f6bd3
[INFO] [stdout]                                at /rustc/6067b36314ab5eb2eb47cecc464545ba58e1ad24/library/std/src/panicking.rs:697:13
[INFO] [stdout]   15:     0x5ca219911c49 - std::sys::backtrace::__rust_end_short_backtrace::h0390abce48353151
[INFO] [stdout]                                at /rustc/6067b36314ab5eb2eb47cecc464545ba58e1ad24/library/std/src/sys/backtrace.rs:168:18
[INFO] [stdout]   16:     0x5ca219912fad - rust_begin_unwind
[INFO] [stdout]                                at /rustc/6067b36314ab5eb2eb47cecc464545ba58e1ad24/library/std/src/panicking.rs:695:5
[INFO] [stdout]   17:     0x5ca21993cb60 - core::panicking::panic_fmt::h9e7c637e9e5f29c9
[INFO] [stdout]                                at /rustc/6067b36314ab5eb2eb47cecc464545ba58e1ad24/library/core/src/panicking.rs:75:14
[INFO] [stdout]   18:     0x5ca21993cbec - core::panicking::panic::haa3255ea20181a33
[INFO] [stdout]                                at /rustc/6067b36314ab5eb2eb47cecc464545ba58e1ad24/library/core/src/panicking.rs:145:5
[INFO] [stdout]   19:     0x5ca218ef0575 - arx::http_client::tests::verify_webpki_certs::{{closure}}::h93024dbaba862fd5
[INFO] [stdout]                                at /opt/rustwide/workdir/src/http_client.rs:180:9
[INFO] [stdout]   20:     0x5ca218e270c2 - <core::pin::Pin<P> as core::future::future::Future>::poll::h19c12063137e9aa9
[INFO] [stdout]                                at /rustc/6067b36314ab5eb2eb47cecc464545ba58e1ad24/library/core/src/future/future.rs:124:9
[INFO] [stdout]   21:     0x5ca218e2713d - <core::pin::Pin<P> as core::future::future::Future>::poll::h44f2b850d90bd487
[INFO] [stdout]                                at /rustc/6067b36314ab5eb2eb47cecc464545ba58e1ad24/library/core/src/future/future.rs:124:9
[INFO] [stdout]   22:     0x5ca218e1546f - tokio::runtime::scheduler::current_thread::CoreGuard::block_on::{{closure}}::{{closure}}::{{closure}}::h1288606079bc190c
[INFO] [stdout]                                at /opt/rustwide/cargo-home/registry/src/index.crates.io-1949cf8c6b5b557f/tokio-1.43.0/src/runtime/scheduler/current_thread/mod.rs:729:57
[INFO] [stdout]   23:     0x5ca218e15215 - tokio::runtime::coop::with_budget::h7db4ccb0b6668fcc
[INFO] [stdout]                                at /opt/rustwide/cargo-home/registry/src/index.crates.io-1949cf8c6b5b557f/tokio-1.43.0/src/runtime/coop.rs:107:5
[INFO] [stdout]   24:     0x5ca218e15215 - tokio::runtime::coop::budget::h49a101cc7daa26d8
[INFO] [stdout]                                at /opt/rustwide/cargo-home/registry/src/index.crates.io-1949cf8c6b5b557f/tokio-1.43.0/src/runtime/coop.rs:73:5
[INFO] [stdout]   25:     0x5ca218e15215 - tokio::runtime::scheduler::current_thread::CoreGuard::block_on::{{closure}}::{{closure}}::h9efe33cbc9761574
[INFO] [stdout]                                at /opt/rustwide/cargo-home/registry/src/index.crates.io-1949cf8c6b5b557f/tokio-1.43.0/src/runtime/scheduler/current_thread/mod.rs:729:25
[INFO] [stdout]   26:     0x5ca218e12d00 - tokio::runtime::scheduler::current_thread::Context::enter::he804e9c18db3f277
[INFO] [stdout]                                at /opt/rustwide/cargo-home/registry/src/index.crates.io-1949cf8c6b5b557f/tokio-1.43.0/src/runtime/scheduler/current_thread/mod.rs:428:19
[INFO] [stdout]   27:     0x5ca218e141be - tokio::runtime::scheduler::current_thread::CoreGuard::block_on::{{closure}}::h348a9aff74589c69
[INFO] [stdout]                                at /opt/rustwide/cargo-home/registry/src/index.crates.io-1949cf8c6b5b557f/tokio-1.43.0/src/runtime/scheduler/current_thread/mod.rs:728:36
[INFO] [stdout]   28:     0x5ca218e13ed4 - tokio::runtime::scheduler::current_thread::CoreGuard::enter::{{closure}}::hac4859f3ac5aabb7
[INFO] [stdout]                                at /opt/rustwide/cargo-home/registry/src/index.crates.io-1949cf8c6b5b557f/tokio-1.43.0/src/runtime/scheduler/current_thread/mod.rs:807:68
[INFO] [stdout]   29:     0x5ca218ea92cb - tokio::runtime::context::scoped::Scoped<T>::set::hd37b30db1e3c3f5a
[INFO] [stdout]                                at /opt/rustwide/cargo-home/registry/src/index.crates.io-1949cf8c6b5b557f/tokio-1.43.0/src/runtime/context/scoped.rs:40:9
[INFO] [stdout]   30:     0x5ca218ee2e99 - tokio::runtime::context::set_scheduler::{{closure}}::h8560588a76ae5b8e
[INFO] [stdout]                                at /opt/rustwide/cargo-home/registry/src/index.crates.io-1949cf8c6b5b557f/tokio-1.43.0/src/runtime/context.rs:180:26
[INFO] [stdout]   31:     0x5ca218e99892 - std::thread::local::LocalKey<T>::try_with::hcf00d74e3c12dabf
[INFO] [stdout]                                at /rustc/6067b36314ab5eb2eb47cecc464545ba58e1ad24/library/std/src/thread/local.rs:308:12
[INFO] [stdout]   32:     0x5ca218e9820a - std::thread::local::LocalKey<T>::with::h3070924feb773681
[INFO] [stdout]                                at /rustc/6067b36314ab5eb2eb47cecc464545ba58e1ad24/library/std/src/thread/local.rs:272:9
[INFO] [stdout]   33:     0x5ca218ee2e0d - tokio::runtime::context::set_scheduler::h2e8daeb3196ba933
[INFO] [stdout]                                at /opt/rustwide/cargo-home/registry/src/index.crates.io-1949cf8c6b5b557f/tokio-1.43.0/src/runtime/context.rs:180:9
[INFO] [stdout]   34:     0x5ca218e13840 - tokio::runtime::scheduler::current_thread::CoreGuard::enter::ha93a34ef7ab9fc94
[INFO] [stdout]                                at /opt/rustwide/cargo-home/registry/src/index.crates.io-1949cf8c6b5b557f/tokio-1.43.0/src/runtime/scheduler/current_thread/mod.rs:807:27
[INFO] [stdout]   35:     0x5ca218e13f53 - tokio::runtime::scheduler::current_thread::CoreGuard::block_on::hfb36de1ddbf6fa0b
[INFO] [stdout]                                at /opt/rustwide/cargo-home/registry/src/index.crates.io-1949cf8c6b5b557f/tokio-1.43.0/src/runtime/scheduler/current_thread/mod.rs:716:19
[INFO] [stdout]   36:     0x5ca218e1043a - tokio::runtime::scheduler::current_thread::CurrentThread::block_on::{{closure}}::heef7426eea709544
[INFO] [stdout]                                at /opt/rustwide/cargo-home/registry/src/index.crates.io-1949cf8c6b5b557f/tokio-1.43.0/src/runtime/scheduler/current_thread/mod.rs:196:28
[INFO] [stdout]   37:     0x5ca218ec8356 - tokio::runtime::context::runtime::enter_runtime::h5fd7cd161942e615
[INFO] [stdout]                                at /opt/rustwide/cargo-home/registry/src/index.crates.io-1949cf8c6b5b557f/tokio-1.43.0/src/runtime/context/runtime.rs:65:16
[INFO] [stdout]   38:     0x5ca218e0fca1 - tokio::runtime::scheduler::current_thread::CurrentThread::block_on::h068d0ae97ef3b418
[INFO] [stdout]                                at /opt/rustwide/cargo-home/registry/src/index.crates.io-1949cf8c6b5b557f/tokio-1.43.0/src/runtime/scheduler/current_thread/mod.rs:184:9
[INFO] [stdout]   39:     0x5ca218dba7c3 - tokio::runtime::runtime::Runtime::block_on_inner::h157dcf68d622f3e5
[INFO] [stdout]                                at /opt/rustwide/cargo-home/registry/src/index.crates.io-1949cf8c6b5b557f/tokio-1.43.0/src/runtime/runtime.rs:368:47
[INFO] [stdout]   40:     0x5ca218dbaac7 - tokio::runtime::runtime::Runtime::block_on::h365a57e0d44d4bba
[INFO] [stdout]                                at /opt/rustwide/cargo-home/registry/src/index.crates.io-1949cf8c6b5b557f/tokio-1.43.0/src/runtime/runtime.rs:342:13
[INFO] [stdout]   41:     0x5ca218eefab4 - arx::http_client::tests::verify_webpki_certs::h71d21799ed3f4d0a
[INFO] [stdout]                                at /opt/rustwide/workdir/src/http_client.rs:180:9
[INFO] [stdout]   42:     0x5ca218eef947 - arx::http_client::tests::verify_webpki_certs::{{closure}}::h94396e1f25d0d059
[INFO] [stdout]                                at /opt/rustwide/workdir/src/http_client.rs:166:35
[INFO] [stdout]   43:     0x5ca218d4cc46 - core::ops::function::FnOnce::call_once::h526c19ebc2fcb892
[INFO] [stdout]                                at /rustc/6067b36314ab5eb2eb47cecc464545ba58e1ad24/library/core/src/ops/function.rs:250:5
[INFO] [stdout]   44:     0x5ca218fa4a3b - core::ops::function::FnOnce::call_once::he27718dfdd183f43
[INFO] [stdout]                                at /rustc/6067b36314ab5eb2eb47cecc464545ba58e1ad24/library/core/src/ops/function.rs:250:5
[INFO] [stdout]   45:     0x5ca218fa4a3b - test::__rust_begin_short_backtrace::h4e84902998457a5d
[INFO] [stdout]                                at /rustc/6067b36314ab5eb2eb47cecc464545ba58e1ad24/library/test/src/lib.rs:632:18
[INFO] [stdout]   46:     0x5ca218fa3973 - test::run_test_in_process::{{closure}}::h7176fd18fc1feca0
[INFO] [stdout]                                at /rustc/6067b36314ab5eb2eb47cecc464545ba58e1ad24/library/test/src/lib.rs:655:60
[INFO] [stdout]   47:     0x5ca218fa3973 - <core::panic::unwind_safe::AssertUnwindSafe<F> as core::ops::function::FnOnce<()>>::call_once::hf79cff2a624d8cf7
[INFO] [stdout]                                at /rustc/6067b36314ab5eb2eb47cecc464545ba58e1ad24/library/core/src/panic/unwind_safe.rs:272:9
[INFO] [stdout]   48:     0x5ca218fa3973 - std::panicking::try::do_call::h3da0561d9ab99c25
[INFO] [stdout]                                at /rustc/6067b36314ab5eb2eb47cecc464545ba58e1ad24/library/std/src/panicking.rs:587:40
[INFO] [stdout]   49:     0x5ca218fa3973 - std::panicking::try::h41c9fa508bc61df6
[INFO] [stdout]                                at /rustc/6067b36314ab5eb2eb47cecc464545ba58e1ad24/library/std/src/panicking.rs:550:19
[INFO] [stdout]   50:     0x5ca218fa3973 - std::panic::catch_unwind::h6b3ff07bb5afad93
[INFO] [stdout]                                at /rustc/6067b36314ab5eb2eb47cecc464545ba58e1ad24/library/std/src/panic.rs:358:14
[INFO] [stdout]   51:     0x5ca218fa3973 - test::run_test_in_process::hc7253dd11b39b9f4
[INFO] [stdout]                                at /rustc/6067b36314ab5eb2eb47cecc464545ba58e1ad24/library/test/src/lib.rs:655:27
[INFO] [stdout]   52:     0x5ca218fa3973 - test::run_test::{{closure}}::hfb2007f8649c30bb
[INFO] [stdout]                                at /rustc/6067b36314ab5eb2eb47cecc464545ba58e1ad24/library/test/src/lib.rs:576:43
[INFO] [stdout]   53:     0x5ca218f66a55 - test::run_test::{{closure}}::h56a17aa7a282a9f4
[INFO] [stdout]                                at /rustc/6067b36314ab5eb2eb47cecc464545ba58e1ad24/library/test/src/lib.rs:606:41
[INFO] [stdout]   54:     0x5ca218f66a55 - std::sys::backtrace::__rust_begin_short_backtrace::hd2d2d2fb8e8c6aac
[INFO] [stdout]                                at /rustc/6067b36314ab5eb2eb47cecc464545ba58e1ad24/library/std/src/sys/backtrace.rs:152:18
[INFO] [stdout]   55:     0x5ca218f6a33a - std::thread::Builder::spawn_unchecked_::{{closure}}::{{closure}}::h4faa3f9db6133423
[INFO] [stdout]                                at /rustc/6067b36314ab5eb2eb47cecc464545ba58e1ad24/library/std/src/thread/mod.rs:559:17
[INFO] [stdout]   56:     0x5ca218f6a33a - <core::panic::unwind_safe::AssertUnwindSafe<F> as core::ops::function::FnOnce<()>>::call_once::hf2e855a36a4ea846
[INFO] [stdout]                                at /rustc/6067b36314ab5eb2eb47cecc464545ba58e1ad24/library/core/src/panic/unwind_safe.rs:272:9
[INFO] [stdout]   57:     0x5ca218f6a33a - std::panicking::try::do_call::h2f73af3616c35465
[INFO] [stdout]                                at /rustc/6067b36314ab5eb2eb47cecc464545ba58e1ad24/library/std/src/panicking.rs:587:40
[INFO] [stdout]   58:     0x5ca218f6a33a - std::panicking::try::hd1660ce9efadef5a
[INFO] [stdout]                                at /rustc/6067b36314ab5eb2eb47cecc464545ba58e1ad24/library/std/src/panicking.rs:550:19
[INFO] [stdout]   59:     0x5ca218f6a33a - std::panic::catch_unwind::h5ee8d7823b8ca744
[INFO] [stdout]                                at /rustc/6067b36314ab5eb2eb47cecc464545ba58e1ad24/library/std/src/panic.rs:358:14
[INFO] [stdout]   60:     0x5ca218f6a33a - std::thread::Builder::spawn_unchecked_::{{closure}}::h53c3a1894dce8407
[INFO] [stdout]                                at /rustc/6067b36314ab5eb2eb47cecc464545ba58e1ad24/library/std/src/thread/mod.rs:557:30
[INFO] [stdout]   61:     0x5ca218f6a33a - core::ops::function::FnOnce::call_once{{vtable.shim}}::h048ce291ad4f62bf
[INFO] [stdout]                                at /rustc/6067b36314ab5eb2eb47cecc464545ba58e1ad24/library/core/src/ops/function.rs:250:5
[INFO] [stdout]   62:     0x5ca21991793b - <alloc::boxed::Box<F,A> as core::ops::function::FnOnce<Args>>::call_once::ha52bedf99a3b4981
[INFO] [stdout]                                at /rustc/6067b36314ab5eb2eb47cecc464545ba58e1ad24/library/alloc/src/boxed.rs:2013:9
[INFO] [stdout]   63:     0x5ca21991793b - <alloc::boxed::Box<F,A> as core::ops::function::FnOnce<Args>>::call_once::h567748934d80ccf8
[INFO] [stdout]                                at /rustc/6067b36314ab5eb2eb47cecc464545ba58e1ad24/library/alloc/src/boxed.rs:2013:9
[INFO] [stdout]   64:     0x5ca21991793b - std::sys::pal::unix::thread::Thread::new::thread_start::h2d970728ae887adc
[INFO] [stdout]                                at /rustc/6067b36314ab5eb2eb47cecc464545ba58e1ad24/library/std/src/sys/pal/unix/thread.rs:106:17
[INFO] [stdout]   65:     0x7f68196e8ac3 - <unknown>
[INFO] [stdout]   66:     0x7f6819779a04 - clone
[INFO] [stdout]   67:                0x0 - <unknown>
[INFO] [stdout] 
[INFO] [stdout] 
[INFO] [stdout] failures:
[INFO] [stdout]     http_client::tests::verify_webpki_certs
[INFO] [stdout] 
[INFO] [stdout] test result: FAILED. 13 passed; 1 failed; 0 ignored; 0 measured; 0 filtered out; finished in 0.29s
[INFO] [stdout] 
[INFO] [stderr] error: test failed, to rerun pass `--lib`
[INFO] running `Command { std: "docker" "inspect" "c138f57d825ef4fcaf163885de9151f096b3a61e18aac4ba4568bd439ba92c65", kill_on_drop: false }`
[INFO] running `Command { std: "docker" "rm" "-f" "c138f57d825ef4fcaf163885de9151f096b3a61e18aac4ba4568bd439ba92c65", kill_on_drop: false }`
[INFO] [stdout] c138f57d825ef4fcaf163885de9151f096b3a61e18aac4ba4568bd439ba92c65
