[INFO] cloning repository https://github.com/probablySophie/todo-txt-rs
[INFO] running `Command { std: "git" "-c" "credential.helper=" "-c" "credential.helper=/workspace/cargo-home/bin/git-credential-null" "clone" "--bare" "https://github.com/probablySophie/todo-txt-rs" "/workspace/cache/git-repos/https%3A%2F%2Fgithub.com%2FprobablySophie%2Ftodo-txt-rs", kill_on_drop: false }`
[INFO] [stderr] Cloning into bare repository '/workspace/cache/git-repos/https%3A%2F%2Fgithub.com%2FprobablySophie%2Ftodo-txt-rs'...
[INFO] running `Command { std: "git" "rev-parse" "HEAD", kill_on_drop: false }`
[INFO] [stdout] a28835824ce952b7400109674e9406460b0a3e5a
[INFO] testing probablySophie/todo-txt-rs against nightly-2025-01-18+rustflags=-Zrandomize-layout for randomize-layout-2
[INFO] running `Command { std: "git" "clone" "/workspace/cache/git-repos/https%3A%2F%2Fgithub.com%2FprobablySophie%2Ftodo-txt-rs" "/workspace/builds/worker-1-tc2/source", kill_on_drop: false }`
[INFO] [stderr] Cloning into '/workspace/builds/worker-1-tc2/source'...
[INFO] [stderr] done.
[INFO] validating manifest of git repo https://github.com/probablySophie/todo-txt-rs on toolchain nightly-2025-01-18
[INFO] running `Command { std: CARGO_HOME="/workspace/cargo-home" RUSTUP_HOME="/workspace/rustup-home" "/workspace/cargo-home/bin/cargo" "+nightly-2025-01-18" "metadata" "--manifest-path" "Cargo.toml" "--no-deps", kill_on_drop: false }`
[INFO] started tweaking git repo https://github.com/probablySophie/todo-txt-rs
[INFO] finished tweaking git repo https://github.com/probablySophie/todo-txt-rs
[INFO] tweaked toml for git repo https://github.com/probablySophie/todo-txt-rs written to /workspace/builds/worker-1-tc2/source/Cargo.toml
[INFO] crate git repo https://github.com/probablySophie/todo-txt-rs already has a lockfile, it will not be regenerated
[INFO] running `Command { std: CARGO_HOME="/workspace/cargo-home" RUSTUP_HOME="/workspace/rustup-home" "/workspace/cargo-home/bin/cargo" "+nightly-2025-01-18" "fetch" "--manifest-path" "Cargo.toml", kill_on_drop: false }`
[INFO] [stderr] warning: unused manifest key: lib.version
[INFO] [stderr]     Updating crates.io index
[INFO] [stderr]      Locking 36 packages to latest compatible versions
[INFO] [stderr]       Adding android-tzdata v0.1.1
[INFO] [stderr]       Adding android_system_properties v0.1.5
[INFO] [stderr]       Adding autocfg v1.4.0
[INFO] [stderr]       Adding bumpalo v3.16.0
[INFO] [stderr]       Adding cc v1.2.10
[INFO] [stderr]       Adding cfg-if v1.0.0
[INFO] [stderr]       Adding chrono v0.4.39
[INFO] [stderr]       Adding core-foundation-sys v0.8.7
[INFO] [stderr]       Adding iana-time-zone v0.1.61
[INFO] [stderr]       Adding iana-time-zone-haiku v0.1.2
[INFO] [stderr]       Adding js-sys v0.3.77
[INFO] [stderr]       Adding libc v0.2.169
[INFO] [stderr]       Adding log v0.4.25
[INFO] [stderr]       Adding num-traits v0.2.19
[INFO] [stderr]       Adding once_cell v1.20.2
[INFO] [stderr]       Adding proc-macro2 v1.0.93
[INFO] [stderr]       Adding quote v1.0.38
[INFO] [stderr]       Adding rustversion v1.0.19
[INFO] [stderr]       Adding shlex v1.3.0
[INFO] [stderr]       Adding syn v2.0.96
[INFO] [stderr]       Adding unicode-ident v1.0.14
[INFO] [stderr]       Adding wasm-bindgen v0.2.100
[INFO] [stderr]       Adding wasm-bindgen-backend v0.2.100
[INFO] [stderr]       Adding wasm-bindgen-macro v0.2.100
[INFO] [stderr]       Adding wasm-bindgen-macro-support v0.2.100
[INFO] [stderr]       Adding wasm-bindgen-shared v0.2.100
[INFO] [stderr]       Adding windows-core v0.52.0
[INFO] [stderr]       Adding windows-targets v0.52.6
[INFO] [stderr]       Adding windows_aarch64_gnullvm v0.52.6
[INFO] [stderr]       Adding windows_aarch64_msvc v0.52.6
[INFO] [stderr]       Adding windows_i686_gnu v0.52.6
[INFO] [stderr]       Adding windows_i686_gnullvm v0.52.6
[INFO] [stderr]       Adding windows_i686_msvc v0.52.6
[INFO] [stderr]       Adding windows_x86_64_gnu v0.52.6
[INFO] [stderr]       Adding windows_x86_64_gnullvm v0.52.6
[INFO] [stderr]       Adding windows_x86_64_msvc v0.52.6
[INFO] running `Command { std: "docker" "create" "-v" "/var/lib/crater-agent-workspace/builds/worker-1-tc2/target:/opt/rustwide/target:rw,Z" "-v" "/var/lib/crater-agent-workspace/builds/worker-1-tc2/source:/opt/rustwide/workdir:ro,Z" "-v" "/var/lib/crater-agent-workspace/cargo-home:/opt/rustwide/cargo-home:ro,Z" "-v" "/var/lib/crater-agent-workspace/rustup-home:/opt/rustwide/rustup-home:ro,Z" "-e" "SOURCE_DIR=/opt/rustwide/workdir" "-e" "CARGO_TARGET_DIR=/opt/rustwide/target" "-e" "CARGO_HOME=/opt/rustwide/cargo-home" "-e" "RUSTUP_HOME=/opt/rustwide/rustup-home" "-w" "/opt/rustwide/workdir" "-m" "1610612736" "--user" "0:0" "--network" "none" "ghcr.io/rust-lang/crates-build-env/linux@sha256:819108c5571ea2e421544af4d832f968d213c87fbe3707a016657f43d2f853bc" "/opt/rustwide/cargo-home/bin/cargo" "+nightly-2025-01-18" "metadata" "--no-deps" "--format-version=1", kill_on_drop: false }`
[INFO] [stdout] 08a070af330427092be11aee00e4cb0eb8d8e1d0aee283c23178b2ca7cddc8d1
[INFO] running `Command { std: "docker" "start" "-a" "08a070af330427092be11aee00e4cb0eb8d8e1d0aee283c23178b2ca7cddc8d1", kill_on_drop: false }`
[INFO] running `Command { std: "docker" "inspect" "08a070af330427092be11aee00e4cb0eb8d8e1d0aee283c23178b2ca7cddc8d1", kill_on_drop: false }`
[INFO] running `Command { std: "docker" "rm" "-f" "08a070af330427092be11aee00e4cb0eb8d8e1d0aee283c23178b2ca7cddc8d1", kill_on_drop: false }`
[INFO] [stdout] 08a070af330427092be11aee00e4cb0eb8d8e1d0aee283c23178b2ca7cddc8d1
[INFO] running `Command { std: "docker" "create" "-v" "/var/lib/crater-agent-workspace/builds/worker-1-tc2/target:/opt/rustwide/target:rw,Z" "-v" "/var/lib/crater-agent-workspace/builds/worker-1-tc2/source:/opt/rustwide/workdir:ro,Z" "-v" "/var/lib/crater-agent-workspace/cargo-home:/opt/rustwide/cargo-home:ro,Z" "-v" "/var/lib/crater-agent-workspace/rustup-home:/opt/rustwide/rustup-home:ro,Z" "-e" "SOURCE_DIR=/opt/rustwide/workdir" "-e" "CARGO_TARGET_DIR=/opt/rustwide/target" "-e" "CARGO_INCREMENTAL=0" "-e" "RUST_BACKTRACE=full" "-e" "RUSTFLAGS=--cap-lints=forbid -Zrandomize-layout" "-e" "RUSTDOCFLAGS=--cap-lints=forbid" "-e" "CARGO_HOME=/opt/rustwide/cargo-home" "-e" "RUSTUP_HOME=/opt/rustwide/rustup-home" "-w" "/opt/rustwide/workdir" "-m" "1610612736" "--user" "0:0" "--network" "none" "ghcr.io/rust-lang/crates-build-env/linux@sha256:819108c5571ea2e421544af4d832f968d213c87fbe3707a016657f43d2f853bc" "/opt/rustwide/cargo-home/bin/cargo" "+nightly-2025-01-18" "build" "--frozen" "--message-format=json", kill_on_drop: false }`
[INFO] [stdout] 3548323e6bc827305fd82e36225a2eb158163c90b9ed6c7992806a3fccdf5705
[INFO] running `Command { std: "docker" "start" "-a" "3548323e6bc827305fd82e36225a2eb158163c90b9ed6c7992806a3fccdf5705", kill_on_drop: false }`
[INFO] [stderr] warning: unused manifest key: lib.version
[INFO] [stderr]    Compiling autocfg v1.4.0
[INFO] [stderr]    Compiling iana-time-zone v0.1.61
[INFO] [stderr]    Compiling num-traits v0.2.19
[INFO] [stderr]    Compiling chrono v0.4.39
[INFO] [stderr]    Compiling todo-txt-rs v0.0.1 (/opt/rustwide/workdir)
[INFO] [stderr]     Finished `dev` profile [unoptimized + debuginfo] target(s) in 3.87s
[INFO] running `Command { std: "docker" "inspect" "3548323e6bc827305fd82e36225a2eb158163c90b9ed6c7992806a3fccdf5705", kill_on_drop: false }`
[INFO] running `Command { std: "docker" "rm" "-f" "3548323e6bc827305fd82e36225a2eb158163c90b9ed6c7992806a3fccdf5705", kill_on_drop: false }`
[INFO] [stdout] 3548323e6bc827305fd82e36225a2eb158163c90b9ed6c7992806a3fccdf5705
[INFO] running `Command { std: "docker" "create" "-v" "/var/lib/crater-agent-workspace/builds/worker-1-tc2/target:/opt/rustwide/target:rw,Z" "-v" "/var/lib/crater-agent-workspace/builds/worker-1-tc2/source:/opt/rustwide/workdir:ro,Z" "-v" "/var/lib/crater-agent-workspace/cargo-home:/opt/rustwide/cargo-home:ro,Z" "-v" "/var/lib/crater-agent-workspace/rustup-home:/opt/rustwide/rustup-home:ro,Z" "-e" "SOURCE_DIR=/opt/rustwide/workdir" "-e" "CARGO_TARGET_DIR=/opt/rustwide/target" "-e" "CARGO_INCREMENTAL=0" "-e" "RUST_BACKTRACE=full" "-e" "RUSTFLAGS=--cap-lints=forbid -Zrandomize-layout" "-e" "RUSTDOCFLAGS=--cap-lints=forbid" "-e" "CARGO_HOME=/opt/rustwide/cargo-home" "-e" "RUSTUP_HOME=/opt/rustwide/rustup-home" "-w" "/opt/rustwide/workdir" "-m" "1610612736" "--user" "0:0" "--network" "none" "ghcr.io/rust-lang/crates-build-env/linux@sha256:819108c5571ea2e421544af4d832f968d213c87fbe3707a016657f43d2f853bc" "/opt/rustwide/cargo-home/bin/cargo" "+nightly-2025-01-18" "test" "--frozen" "--no-run" "--message-format=json", kill_on_drop: false }`
[INFO] [stdout] e30bc7524c95712256555a816767c018acd3fd3fc1fdd2c5cf8808a9ccac159a
[INFO] running `Command { std: "docker" "start" "-a" "e30bc7524c95712256555a816767c018acd3fd3fc1fdd2c5cf8808a9ccac159a", kill_on_drop: false }`
[INFO] [stderr] warning: unused manifest key: lib.version
[INFO] [stderr]    Compiling todo-txt-rs v0.0.1 (/opt/rustwide/workdir)
[INFO] [stderr]     Finished `test` profile [unoptimized + debuginfo] target(s) in 0.98s
[INFO] running `Command { std: "docker" "inspect" "e30bc7524c95712256555a816767c018acd3fd3fc1fdd2c5cf8808a9ccac159a", kill_on_drop: false }`
[INFO] running `Command { std: "docker" "rm" "-f" "e30bc7524c95712256555a816767c018acd3fd3fc1fdd2c5cf8808a9ccac159a", kill_on_drop: false }`
[INFO] [stdout] e30bc7524c95712256555a816767c018acd3fd3fc1fdd2c5cf8808a9ccac159a
[INFO] running `Command { std: "docker" "create" "-v" "/var/lib/crater-agent-workspace/builds/worker-1-tc2/target:/opt/rustwide/target:rw,Z" "-v" "/var/lib/crater-agent-workspace/builds/worker-1-tc2/source:/opt/rustwide/workdir:ro,Z" "-v" "/var/lib/crater-agent-workspace/cargo-home:/opt/rustwide/cargo-home:ro,Z" "-v" "/var/lib/crater-agent-workspace/rustup-home:/opt/rustwide/rustup-home:ro,Z" "-e" "SOURCE_DIR=/opt/rustwide/workdir" "-e" "CARGO_TARGET_DIR=/opt/rustwide/target" "-e" "CARGO_INCREMENTAL=0" "-e" "RUST_BACKTRACE=full" "-e" "RUSTFLAGS=--cap-lints=forbid -Zrandomize-layout" "-e" "RUSTDOCFLAGS=--cap-lints=forbid" "-e" "CARGO_HOME=/opt/rustwide/cargo-home" "-e" "RUSTUP_HOME=/opt/rustwide/rustup-home" "-w" "/opt/rustwide/workdir" "-m" "1610612736" "--user" "0:0" "--network" "none" "ghcr.io/rust-lang/crates-build-env/linux@sha256:819108c5571ea2e421544af4d832f968d213c87fbe3707a016657f43d2f853bc" "/opt/rustwide/cargo-home/bin/cargo" "+nightly-2025-01-18" "test" "--frozen", kill_on_drop: false }`
[INFO] [stdout] 7e3a629ba82f3d0d809c74a44b08f59a187d10ad8235866c701c09fad1d11e8c
[INFO] running `Command { std: "docker" "start" "-a" "7e3a629ba82f3d0d809c74a44b08f59a187d10ad8235866c701c09fad1d11e8c", kill_on_drop: false }`
[INFO] [stderr] warning: unused manifest key: lib.version
[INFO] [stderr]     Finished `test` profile [unoptimized + debuginfo] target(s) in 0.03s
[INFO] [stderr]      Running unittests src/lib.rs (/opt/rustwide/target/debug/deps/todo_txt_rs-e2f90f147edffd6c)
[INFO] [stdout] 
[INFO] [stdout] running 34 tests
[INFO] [stdout] test filter::test::filter_context ... ok
[INFO] [stdout] test filter::test::filter_complete ... ok
[INFO] [stdout] test filter::test::filter_due_date ... ok
[INFO] [stdout] test filter::test::filter_creation_date ... ok
[INFO] [stdout] test filter::test::filter_incomplete ... ok
[INFO] [stdout] test info::test::get_contexts ... ok
[INFO] [stdout] test filter::test::test_priority ... ok
[INFO] [stdout] test filter::test::filter_project ... ok
[INFO] [stdout] test info::test::get_projects ... ok
[INFO] [stdout] test shared::trigrams::test::safe_char_lower ... ok
[INFO] [stdout] test filter::test::filter_has_tag ... ok
[INFO] [stdout] test shared::trigrams::test::safe_char_symbol ... ok
[INFO] [stdout] test shared::date::test::check_date ... ok
[INFO] [stdout] test shared::trigrams::test::safe_char_upper ... ok
[INFO] [stdout] test shared::trigrams::test::similarity_caps ... ok
[INFO] [stdout] test shared::trigrams::test::similarity_very ... ok
[INFO] [stdout] test shared::trigrams::test::simularity_invalid ... ok
[INFO] [stdout] test sort::test::due_date ... ok
[INFO] [stdout] test sort::test::creation_date_ascending ... ok
[INFO] [stdout] test sort::test::priority_ascending ... ok
[INFO] [stdout] test sort::test::creation_date_descending ... ok
[INFO] [stdout] test test::empty_todo ... ok
[INFO] [stdout] test sort::test::priority_descending ... ok
[INFO] [stdout] test test::full_todo ... ok
[INFO] [stdout] test tags::test::tags ... ok
[INFO] [stdout] test shared::trigrams::test::similarity ... ok
[INFO] [stdout] test tags::test::empty_tags ... ok
[INFO] [stdout] test shared::trigrams::test::safe_char_number ... ok
[INFO] [stdout] test todo::test::incorrect_form ... ok
[INFO] [stdout] test todo::test::long_priority ... ok
[INFO] [stdout] test todo::test::test_description ... ok
[INFO] [stdout] test todo::test::correct_priority ... ok
[INFO] [stdout] test todo::test::empty_priority ... ok
[INFO] [stdout] test filter::test::fuzzy_search ... FAILED
[INFO] [stdout] 
[INFO] [stdout] failures:
[INFO] [stdout] 
[INFO] [stdout] ---- filter::test::fuzzy_search stdout ----
[INFO] [stdout] Similarity: 0
[INFO] [stdout] 0 Take Mr Cat to the vet! +project1 @context1
[INFO] [stdout] Similarity: 22.222223
[INFO] [stdout] 22 Learn how to drive and land a plane
[INFO] [stdout] Similarity: 0
[INFO] [stdout] 0 Make sure the oven is turned off +project2 @context2 @context3
[INFO] [stdout] Similarity: 15.151516
[INFO] [stdout] 15 Become Napoleon and lose a land war in Russia +project3 @context3
[INFO] [stdout] 
[INFO] [stdout] thread 'filter::test::fuzzy_search' panicked at src/tests/filter_test.rs:84:66:
[INFO] [stdout] called `Result::unwrap()` on an `Err` value: Custom { kind: NotFound, error: "Unable to find a Todo with the searched string" }
[INFO] [stdout] stack backtrace:
[INFO] [stdout]    0:     0x559cb536754a - std::backtrace_rs::backtrace::libunwind::trace::hb059275cfc8d6126
[INFO] [stdout]                                at /rustc/6067b36314ab5eb2eb47cecc464545ba58e1ad24/library/std/src/../../backtrace/src/backtrace/libunwind.rs:116:5
[INFO] [stdout]    1:     0x559cb536754a - std::backtrace_rs::backtrace::trace_unsynchronized::h2da071e4327ce3ee
[INFO] [stdout]                                at /rustc/6067b36314ab5eb2eb47cecc464545ba58e1ad24/library/std/src/../../backtrace/src/backtrace/mod.rs:66:5
[INFO] [stdout]    2:     0x559cb536754a - std::sys::backtrace::_print_fmt::h842a1474e6f8d23f
[INFO] [stdout]                                at /rustc/6067b36314ab5eb2eb47cecc464545ba58e1ad24/library/std/src/sys/backtrace.rs:66:9
[INFO] [stdout]    3:     0x559cb536754a - <std::sys::backtrace::BacktraceLock::print::DisplayBacktrace as core::fmt::Display>::fmt::h71a62eb3b9696b12
[INFO] [stdout]                                at /rustc/6067b36314ab5eb2eb47cecc464545ba58e1ad24/library/std/src/sys/backtrace.rs:39:26
[INFO] [stdout]    4:     0x559cb538f3c3 - core::fmt::rt::Argument::fmt::hdb6b616786b41dc1
[INFO] [stdout]                                at /rustc/6067b36314ab5eb2eb47cecc464545ba58e1ad24/library/core/src/fmt/rt.rs:177:76
[INFO] [stdout]    5:     0x559cb538f3c3 - core::fmt::write::h2cc1698af7e2d686
[INFO] [stdout]                                at /rustc/6067b36314ab5eb2eb47cecc464545ba58e1ad24/library/core/src/fmt/mod.rs:1440:21
[INFO] [stdout]    6:     0x559cb53640a3 - std::io::Write::write_fmt::hab1b4cd059a79022
[INFO] [stdout]                                at /rustc/6067b36314ab5eb2eb47cecc464545ba58e1ad24/library/std/src/io/mod.rs:1887:15
[INFO] [stdout]    7:     0x559cb5367392 - std::sys::backtrace::BacktraceLock::print::h147fe35b4ea13b08
[INFO] [stdout]                                at /rustc/6067b36314ab5eb2eb47cecc464545ba58e1ad24/library/std/src/sys/backtrace.rs:42:9
[INFO] [stdout]    8:     0x559cb536896f - std::panicking::default_hook::{{closure}}::hbd44223dbdc0d208
[INFO] [stdout]                                at /rustc/6067b36314ab5eb2eb47cecc464545ba58e1ad24/library/std/src/panicking.rs:298:22
[INFO] [stdout]    9:     0x559cb5368788 - std::panicking::default_hook::h20f81eb0576efcec
[INFO] [stdout]                                at /rustc/6067b36314ab5eb2eb47cecc464545ba58e1ad24/library/std/src/panicking.rs:322:9
[INFO] [stdout]   10:     0x559cb5328d13 - <alloc::boxed::Box<F,A> as core::ops::function::Fn<Args>>::call::hdb53814c496a4d34
[INFO] [stdout]                                at /rustc/6067b36314ab5eb2eb47cecc464545ba58e1ad24/library/alloc/src/boxed.rs:2027:9
[INFO] [stdout]   11:     0x559cb5328d13 - test::test_main::{{closure}}::hc0a4963c59427c24
[INFO] [stdout]                                at /rustc/6067b36314ab5eb2eb47cecc464545ba58e1ad24/library/test/src/lib.rs:134:21
[INFO] [stdout]   12:     0x559cb5369463 - <alloc::boxed::Box<F,A> as core::ops::function::Fn<Args>>::call::h591b2225413a77e9
[INFO] [stdout]                                at /rustc/6067b36314ab5eb2eb47cecc464545ba58e1ad24/library/alloc/src/boxed.rs:2027:9
[INFO] [stdout]   13:     0x559cb5369463 - std::panicking::rust_panic_with_hook::h625eea43051b2edc
[INFO] [stdout]                                at /rustc/6067b36314ab5eb2eb47cecc464545ba58e1ad24/library/std/src/panicking.rs:839:13
[INFO] [stdout]   14:     0x559cb536911a - std::panicking::begin_panic_handler::{{closure}}::h4f9159cfbc3f6bd3
[INFO] [stdout]                                at /rustc/6067b36314ab5eb2eb47cecc464545ba58e1ad24/library/std/src/panicking.rs:704:13
[INFO] [stdout]   15:     0x559cb5367a49 - std::sys::backtrace::__rust_end_short_backtrace::h0390abce48353151
[INFO] [stdout]                                at /rustc/6067b36314ab5eb2eb47cecc464545ba58e1ad24/library/std/src/sys/backtrace.rs:168:18
[INFO] [stdout]   16:     0x559cb5368dad - rust_begin_unwind
[INFO] [stdout]                                at /rustc/6067b36314ab5eb2eb47cecc464545ba58e1ad24/library/std/src/panicking.rs:695:5
[INFO] [stdout]   17:     0x559cb538d6e0 - core::panicking::panic_fmt::h9e7c637e9e5f29c9
[INFO] [stdout]                                at /rustc/6067b36314ab5eb2eb47cecc464545ba58e1ad24/library/core/src/panicking.rs:75:14
[INFO] [stdout]   18:     0x559cb538db56 - core::result::unwrap_failed::h7979f09313fe1849
[INFO] [stdout]                                at /rustc/6067b36314ab5eb2eb47cecc464545ba58e1ad24/library/core/src/result.rs:1704:5
[INFO] [stdout]   19:     0x559cb52dccac - core::result::Result<T,E>::unwrap::h507eb5f83ec9e85f
[INFO] [stdout]                                at /rustc/6067b36314ab5eb2eb47cecc464545ba58e1ad24/library/core/src/result.rs:1109:23
[INFO] [stdout]   20:     0x559cb52dccac - todo_txt_rs::filter::test::fuzzy_search::ha09603859214c387
[INFO] [stdout]                                at /opt/rustwide/workdir/src/tests/filter_test.rs:84:13
[INFO] [stdout]   21:     0x559cb52dcb97 - todo_txt_rs::filter::test::fuzzy_search::{{closure}}::he952515b9afd4812
[INFO] [stdout]                                at /opt/rustwide/workdir/src/tests/filter_test.rs:81:18
[INFO] [stdout]   22:     0x559cb52cf756 - core::ops::function::FnOnce::call_once::h963ba20b7ff78074
[INFO] [stdout]                                at /rustc/6067b36314ab5eb2eb47cecc464545ba58e1ad24/library/core/src/ops/function.rs:250:5
[INFO] [stdout]   23:     0x559cb532e46b - core::ops::function::FnOnce::call_once::he27718dfdd183f43
[INFO] [stdout]                                at /rustc/6067b36314ab5eb2eb47cecc464545ba58e1ad24/library/core/src/ops/function.rs:250:5
[INFO] [stdout]   24:     0x559cb532e46b - test::__rust_begin_short_backtrace::h4e84902998457a5d
[INFO] [stdout]                                at /rustc/6067b36314ab5eb2eb47cecc464545ba58e1ad24/library/test/src/lib.rs:632:18
[INFO] [stdout]   25:     0x559cb532d3a3 - test::run_test_in_process::{{closure}}::h7176fd18fc1feca0
[INFO] [stdout]                                at /rustc/6067b36314ab5eb2eb47cecc464545ba58e1ad24/library/test/src/lib.rs:655:60
[INFO] [stdout]   26:     0x559cb532d3a3 - <core::panic::unwind_safe::AssertUnwindSafe<F> as core::ops::function::FnOnce<()>>::call_once::hf79cff2a624d8cf7
[INFO] [stdout]                                at /rustc/6067b36314ab5eb2eb47cecc464545ba58e1ad24/library/core/src/panic/unwind_safe.rs:272:9
[INFO] [stdout]   27:     0x559cb532d3a3 - std::panicking::try::do_call::h3da0561d9ab99c25
[INFO] [stdout]                                at /rustc/6067b36314ab5eb2eb47cecc464545ba58e1ad24/library/std/src/panicking.rs:587:40
[INFO] [stdout]   28:     0x559cb532d3a3 - std::panicking::try::h41c9fa508bc61df6
[INFO] [stdout]                                at /rustc/6067b36314ab5eb2eb47cecc464545ba58e1ad24/library/std/src/panicking.rs:550:19
[INFO] [stdout]   29:     0x559cb532d3a3 - std::panic::catch_unwind::h6b3ff07bb5afad93
[INFO] [stdout]                                at /rustc/6067b36314ab5eb2eb47cecc464545ba58e1ad24/library/std/src/panic.rs:358:14
[INFO] [stdout]   30:     0x559cb532d3a3 - test::run_test_in_process::hc7253dd11b39b9f4
[INFO] [stdout]                                at /rustc/6067b36314ab5eb2eb47cecc464545ba58e1ad24/library/test/src/lib.rs:655:27
[INFO] [stdout]   31:     0x559cb532d3a3 - test::run_test::{{closure}}::hfb2007f8649c30bb
[INFO] [stdout]                                at /rustc/6067b36314ab5eb2eb47cecc464545ba58e1ad24/library/test/src/lib.rs:576:43
[INFO] [stdout]   32:     0x559cb52f0485 - test::run_test::{{closure}}::h56a17aa7a282a9f4
[INFO] [stdout]                                at /rustc/6067b36314ab5eb2eb47cecc464545ba58e1ad24/library/test/src/lib.rs:606:41
[INFO] [stdout]   33:     0x559cb52f0485 - std::sys::backtrace::__rust_begin_short_backtrace::hd2d2d2fb8e8c6aac
[INFO] [stdout]                                at /rustc/6067b36314ab5eb2eb47cecc464545ba58e1ad24/library/std/src/sys/backtrace.rs:152:18
[INFO] [stdout]   34:     0x559cb52f3d6a - std::thread::Builder::spawn_unchecked_::{{closure}}::{{closure}}::h4faa3f9db6133423
[INFO] [stdout]                                at /rustc/6067b36314ab5eb2eb47cecc464545ba58e1ad24/library/std/src/thread/mod.rs:559:17
[INFO] [stdout]   35:     0x559cb52f3d6a - <core::panic::unwind_safe::AssertUnwindSafe<F> as core::ops::function::FnOnce<()>>::call_once::hf2e855a36a4ea846
[INFO] [stdout]                                at /rustc/6067b36314ab5eb2eb47cecc464545ba58e1ad24/library/core/src/panic/unwind_safe.rs:272:9
[INFO] [stdout]   36:     0x559cb52f3d6a - std::panicking::try::do_call::h2f73af3616c35465
[INFO] [stdout]                                at /rustc/6067b36314ab5eb2eb47cecc464545ba58e1ad24/library/std/src/panicking.rs:587:40
[INFO] [stdout]   37:     0x559cb52f3d6a - std::panicking::try::hd1660ce9efadef5a
[INFO] [stdout]                                at /rustc/6067b36314ab5eb2eb47cecc464545ba58e1ad24/library/std/src/panicking.rs:550:19
[INFO] [stdout]   38:     0x559cb52f3d6a - std::panic::catch_unwind::h5ee8d7823b8ca744
[INFO] [stdout]                                at /rustc/6067b36314ab5eb2eb47cecc464545ba58e1ad24/library/std/src/panic.rs:358:14
[INFO] [stdout]   39:     0x559cb52f3d6a - std::thread::Builder::spawn_unchecked_::{{closure}}::h53c3a1894dce8407
[INFO] [stdout]                                at /rustc/6067b36314ab5eb2eb47cecc464545ba58e1ad24/library/std/src/thread/mod.rs:557:30
[INFO] [stdout]   40:     0x559cb52f3d6a - core::ops::function::FnOnce::call_once{{vtable.shim}}::h048ce291ad4f62bf
[INFO] [stdout]                                at /rustc/6067b36314ab5eb2eb47cecc464545ba58e1ad24/library/core/src/ops/function.rs:250:5
[INFO] [stdout]   41:     0x559cb536d39b - <alloc::boxed::Box<F,A> as core::ops::function::FnOnce<Args>>::call_once::ha52bedf99a3b4981
[INFO] [stdout]                                at /rustc/6067b36314ab5eb2eb47cecc464545ba58e1ad24/library/alloc/src/boxed.rs:2013:9
[INFO] [stdout]   42:     0x559cb536d39b - <alloc::boxed::Box<F,A> as core::ops::function::FnOnce<Args>>::call_once::h567748934d80ccf8
[INFO] [stdout]                                at /rustc/6067b36314ab5eb2eb47cecc464545ba58e1ad24/library/alloc/src/boxed.rs:2013:9
[INFO] [stdout]   43:     0x559cb536d39b - std::sys::pal::unix::thread::Thread::new::thread_start::h2d970728ae887adc
[INFO] [stdout]                                at /rustc/6067b36314ab5eb2eb47cecc464545ba58e1ad24/library/std/src/sys/pal/unix/thread.rs:106:17
[INFO] [stdout]   44:     0x7d6cc6abeac3 - <unknown>
[INFO] [stdout]   45:     0x7d6cc6b4fa04 - clone
[INFO] [stdout]   46:                0x0 - <unknown>
[INFO] [stdout] 
[INFO] [stdout] 
[INFO] [stdout] failures:
[INFO] [stdout]     filter::test::fuzzy_search
[INFO] [stdout] 
[INFO] [stdout] test result: FAILED. 33 passed; 1 failed; 0 ignored; 0 measured; 0 filtered out; finished in 0.06s
[INFO] [stdout] 
[INFO] [stderr] error: test failed, to rerun pass `--lib`
[INFO] running `Command { std: "docker" "inspect" "7e3a629ba82f3d0d809c74a44b08f59a187d10ad8235866c701c09fad1d11e8c", kill_on_drop: false }`
[INFO] running `Command { std: "docker" "rm" "-f" "7e3a629ba82f3d0d809c74a44b08f59a187d10ad8235866c701c09fad1d11e8c", kill_on_drop: false }`
[INFO] [stdout] 7e3a629ba82f3d0d809c74a44b08f59a187d10ad8235866c701c09fad1d11e8c
