[INFO] cloning repository https://github.com/pontuslaestadius/pathfinder
[INFO] running `Command { std: "git" "-c" "credential.helper=" "-c" "credential.helper=/workspace/cargo-home/bin/git-credential-null" "clone" "--bare" "https://github.com/pontuslaestadius/pathfinder" "/workspace/cache/git-repos/https%3A%2F%2Fgithub.com%2Fpontuslaestadius%2Fpathfinder", kill_on_drop: false }`
[INFO] [stderr] Cloning into bare repository '/workspace/cache/git-repos/https%3A%2F%2Fgithub.com%2Fpontuslaestadius%2Fpathfinder'...
[INFO] running `Command { std: "git" "rev-parse" "HEAD", kill_on_drop: false }`
[INFO] [stdout] 3a9882aaa4aa80c828a7ee60755aeccca7fbd641
[INFO] testing pontuslaestadius/pathfinder against nightly-2025-01-18 for randomize-layout-2
[INFO] running `Command { std: "git" "clone" "/workspace/cache/git-repos/https%3A%2F%2Fgithub.com%2Fpontuslaestadius%2Fpathfinder" "/workspace/builds/worker-3-tc1/source", kill_on_drop: false }`
[INFO] [stderr] Cloning into '/workspace/builds/worker-3-tc1/source'...
[INFO] [stderr] done.
[INFO] validating manifest of git repo https://github.com/pontuslaestadius/pathfinder on toolchain nightly-2025-01-18
[INFO] running `Command { std: CARGO_HOME="/workspace/cargo-home" RUSTUP_HOME="/workspace/rustup-home" "/workspace/cargo-home/bin/cargo" "+nightly-2025-01-18" "metadata" "--manifest-path" "Cargo.toml" "--no-deps", kill_on_drop: false }`
[INFO] started tweaking git repo https://github.com/pontuslaestadius/pathfinder
[INFO] finished tweaking git repo https://github.com/pontuslaestadius/pathfinder
[INFO] tweaked toml for git repo https://github.com/pontuslaestadius/pathfinder written to /workspace/builds/worker-3-tc1/source/Cargo.toml
[INFO] running `Command { std: CARGO_HOME="/workspace/cargo-home" RUSTUP_HOME="/workspace/rustup-home" "/workspace/cargo-home/bin/cargo" "+nightly-2025-01-18" "generate-lockfile" "--manifest-path" "Cargo.toml", kill_on_drop: false }`
[INFO] [stderr]     Updating crates.io index
[INFO] [stderr]      Locking 114 packages to latest compatible versions
[INFO] running `Command { std: CARGO_HOME="/workspace/cargo-home" RUSTUP_HOME="/workspace/rustup-home" "/workspace/cargo-home/bin/cargo" "+nightly-2025-01-18" "fetch" "--manifest-path" "Cargo.toml", kill_on_drop: false }`
[INFO] [stderr]  Downloading crates ...
[INFO] [stderr]   Downloaded pythagoras v0.1.1
[INFO] running `Command { std: "docker" "create" "-v" "/var/lib/crater-agent-workspace/builds/worker-3-tc1/target:/opt/rustwide/target:rw,Z" "-v" "/var/lib/crater-agent-workspace/builds/worker-3-tc1/source:/opt/rustwide/workdir:ro,Z" "-v" "/var/lib/crater-agent-workspace/cargo-home:/opt/rustwide/cargo-home:ro,Z" "-v" "/var/lib/crater-agent-workspace/rustup-home:/opt/rustwide/rustup-home:ro,Z" "-e" "SOURCE_DIR=/opt/rustwide/workdir" "-e" "CARGO_TARGET_DIR=/opt/rustwide/target" "-e" "CARGO_HOME=/opt/rustwide/cargo-home" "-e" "RUSTUP_HOME=/opt/rustwide/rustup-home" "-w" "/opt/rustwide/workdir" "-m" "1610612736" "--user" "0:0" "--network" "none" "ghcr.io/rust-lang/crates-build-env/linux@sha256:819108c5571ea2e421544af4d832f968d213c87fbe3707a016657f43d2f853bc" "/opt/rustwide/cargo-home/bin/cargo" "+nightly-2025-01-18" "metadata" "--no-deps" "--format-version=1", kill_on_drop: false }`
[INFO] [stdout] 5bf3eadd25f29d7d10b4321f0080d76474db10650d40941f62400babf7aa2b4a
[INFO] running `Command { std: "docker" "start" "-a" "5bf3eadd25f29d7d10b4321f0080d76474db10650d40941f62400babf7aa2b4a", kill_on_drop: false }`
[INFO] running `Command { std: "docker" "inspect" "5bf3eadd25f29d7d10b4321f0080d76474db10650d40941f62400babf7aa2b4a", kill_on_drop: false }`
[INFO] running `Command { std: "docker" "rm" "-f" "5bf3eadd25f29d7d10b4321f0080d76474db10650d40941f62400babf7aa2b4a", kill_on_drop: false }`
[INFO] [stdout] 5bf3eadd25f29d7d10b4321f0080d76474db10650d40941f62400babf7aa2b4a
[INFO] running `Command { std: "docker" "create" "-v" "/var/lib/crater-agent-workspace/builds/worker-3-tc1/target:/opt/rustwide/target:rw,Z" "-v" "/var/lib/crater-agent-workspace/builds/worker-3-tc1/source:/opt/rustwide/workdir:ro,Z" "-v" "/var/lib/crater-agent-workspace/cargo-home:/opt/rustwide/cargo-home:ro,Z" "-v" "/var/lib/crater-agent-workspace/rustup-home:/opt/rustwide/rustup-home:ro,Z" "-e" "SOURCE_DIR=/opt/rustwide/workdir" "-e" "CARGO_TARGET_DIR=/opt/rustwide/target" "-e" "CARGO_INCREMENTAL=0" "-e" "RUST_BACKTRACE=full" "-e" "RUSTFLAGS=--cap-lints=forbid" "-e" "RUSTDOCFLAGS=--cap-lints=forbid" "-e" "CARGO_HOME=/opt/rustwide/cargo-home" "-e" "RUSTUP_HOME=/opt/rustwide/rustup-home" "-w" "/opt/rustwide/workdir" "-m" "1610612736" "--user" "0:0" "--network" "none" "ghcr.io/rust-lang/crates-build-env/linux@sha256:819108c5571ea2e421544af4d832f968d213c87fbe3707a016657f43d2f853bc" "/opt/rustwide/cargo-home/bin/cargo" "+nightly-2025-01-18" "build" "--frozen" "--message-format=json", kill_on_drop: false }`
[INFO] [stdout] 26368dcfa0ca5eef6f7bf96e428d806d09e1a2914b4e7b765dc3b4235e0c8e1b
[INFO] running `Command { std: "docker" "start" "-a" "26368dcfa0ca5eef6f7bf96e428d806d09e1a2914b4e7b765dc3b4235e0c8e1b", kill_on_drop: false }`
[INFO] [stderr]    Compiling proc-macro2 v1.0.93
[INFO] [stderr]    Compiling unicode-ident v1.0.14
[INFO] [stderr]    Compiling cfg-if v1.0.0
[INFO] [stderr]    Compiling autocfg v1.4.0
[INFO] [stderr]    Compiling crossbeam-utils v0.8.21
[INFO] [stderr]    Compiling libc v0.2.169
[INFO] [stderr]    Compiling simd-adler32 v0.3.7
[INFO] [stderr]    Compiling rayon-core v1.12.1
[INFO] [stderr]    Compiling anyhow v1.0.95
[INFO] [stderr]    Compiling either v1.13.0
[INFO] [stderr]    Compiling adler2 v2.0.0
[INFO] [stderr]    Compiling paste v1.0.15
[INFO] [stderr]    Compiling memchr v2.7.4
[INFO] [stderr]    Compiling aligned-vec v0.5.0
[INFO] [stderr]    Compiling thiserror v1.0.69
[INFO] [stderr]    Compiling minimal-lexical v0.2.1
[INFO] [stderr]    Compiling arrayvec v0.7.6
[INFO] [stderr]    Compiling built v0.7.5
[INFO] [stderr]    Compiling crc32fast v1.4.2
[INFO] [stderr]    Compiling log v0.4.25
[INFO] [stderr]    Compiling byteorder v1.5.0
[INFO] [stderr]    Compiling miniz_oxide v0.8.3
[INFO] [stderr]    Compiling itertools v0.12.1
[INFO] [stderr]    Compiling new_debug_unreachable v1.0.6
[INFO] [stderr]    Compiling once_cell v1.20.2
[INFO] [stderr]    Compiling weezl v0.1.8
[INFO] [stderr]    Compiling imgref v1.11.0
[INFO] [stderr]    Compiling quick-error v2.0.1
[INFO] [stderr]    Compiling bitstream-io v2.6.0
[INFO] [stderr]    Compiling noop_proc_macro v0.3.0
[INFO] [stderr]    Compiling fdeflate v0.3.7
[INFO] [stderr]    Compiling num-traits v0.2.19
[INFO] [stderr]    Compiling rav1e v0.7.1
[INFO] [stderr]    Compiling crossbeam-epoch v0.9.18
[INFO] [stderr]    Compiling flate2 v1.0.35
[INFO] [stderr]    Compiling loop9 v0.1.5
[INFO] [stderr]    Compiling zune-inflate v0.2.54
[INFO] [stderr]    Compiling avif-serialize v0.8.2
[INFO] [stderr]    Compiling half v2.4.1
[INFO] [stderr]    Compiling byteorder-lite v0.1.0
[INFO] [stderr]    Compiling zune-core v0.4.12
[INFO] [stderr]    Compiling bitflags v1.3.2
[INFO] [stderr]    Compiling quote v1.0.38
[INFO] [stderr]    Compiling nom v7.1.3
[INFO] [stderr]    Compiling crossbeam-deque v0.8.6
[INFO] [stderr]    Compiling color_quant v1.1.0
[INFO] [stderr]    Compiling smallvec v1.13.2
[INFO] [stderr]    Compiling bytemuck v1.21.0
[INFO] [stderr]    Compiling getrandom v0.2.15
[INFO] [stderr]    Compiling rgb v0.8.50
[INFO] [stderr]    Compiling bit_field v0.10.2
[INFO] [stderr]    Compiling syn v2.0.96
[INFO] [stderr]    Compiling jpeg-decoder v0.3.1
[INFO] [stderr]    Compiling lebe v0.5.2
[INFO] [stderr]    Compiling gif v0.13.1
[INFO] [stderr]    Compiling png v0.17.16
[INFO] [stderr]    Compiling simd_helpers v0.1.0
[INFO] [stderr]    Compiling zune-jpeg v0.4.14
[INFO] [stderr]    Compiling rand_core v0.6.4
[INFO] [stderr]    Compiling image-webp v0.2.1
[INFO] [stderr]    Compiling pythagoras v0.1.1
[INFO] [stderr]    Compiling qoi v0.4.1
[INFO] [stderr]    Compiling num-integer v0.1.46
[INFO] [stderr]    Compiling v_frame v0.3.8
[INFO] [stderr]    Compiling rayon v1.10.0
[INFO] [stderr]    Compiling exr v1.73.0
[INFO] [stderr]    Compiling tiff v0.9.1
[INFO] [stderr]    Compiling num-bigint v0.4.6
[INFO] [stderr]    Compiling num-rational v0.4.2
[INFO] [stderr]    Compiling av1-grain v0.2.3
[INFO] [stderr]    Compiling maybe-rayon v0.1.1
[INFO] [stderr]    Compiling profiling-procmacros v1.0.16
[INFO] [stderr]    Compiling thiserror-impl v1.0.69
[INFO] [stderr]    Compiling zerocopy-derive v0.7.35
[INFO] [stderr]    Compiling arg_enum_proc_macro v0.3.4
[INFO] [stderr]    Compiling num-derive v0.4.2
[INFO] [stderr]    Compiling profiling v1.0.16
[INFO] [stderr]    Compiling zerocopy v0.7.35
[INFO] [stderr]    Compiling ppv-lite86 v0.2.20
[INFO] [stderr]    Compiling rand_chacha v0.3.1
[INFO] [stderr]    Compiling rand v0.8.5
[INFO] [stderr]    Compiling ravif v0.11.11
[INFO] [stderr]    Compiling image v0.25.5
[INFO] [stderr]    Compiling pathtracer v0.7.0 (/opt/rustwide/workdir)
[INFO] [stdout] warning: elided lifetime has a name
[INFO] [stdout]   --> src/data/mod.rs:60:10
[INFO] [stdout]    |
[INFO] [stdout] 51 | impl<'a> CustomConverter<'a> {
[INFO] [stdout]    |      -- lifetime `'a` declared here
[INFO] [stdout] ...
[INFO] [stdout] 60 |     ) -> CustomConverter {
[INFO] [stdout]    |          ^^^^^^^^^^^^^^^ this elided lifetime gets resolved as `'a`
[INFO] [stdout]    |
[INFO] [stdout]    = note: `#[warn(elided_named_lifetimes)]` on by default
[INFO] [stdout] 
[INFO] [stdout] 
[INFO] [stderr]     Finished `dev` profile [unoptimized + debuginfo] target(s) in 44.27s
[INFO] running `Command { std: "docker" "inspect" "26368dcfa0ca5eef6f7bf96e428d806d09e1a2914b4e7b765dc3b4235e0c8e1b", kill_on_drop: false }`
[INFO] running `Command { std: "docker" "rm" "-f" "26368dcfa0ca5eef6f7bf96e428d806d09e1a2914b4e7b765dc3b4235e0c8e1b", kill_on_drop: false }`
[INFO] [stdout] 26368dcfa0ca5eef6f7bf96e428d806d09e1a2914b4e7b765dc3b4235e0c8e1b
[INFO] running `Command { std: "docker" "create" "-v" "/var/lib/crater-agent-workspace/builds/worker-3-tc1/target:/opt/rustwide/target:rw,Z" "-v" "/var/lib/crater-agent-workspace/builds/worker-3-tc1/source:/opt/rustwide/workdir:ro,Z" "-v" "/var/lib/crater-agent-workspace/cargo-home:/opt/rustwide/cargo-home:ro,Z" "-v" "/var/lib/crater-agent-workspace/rustup-home:/opt/rustwide/rustup-home:ro,Z" "-e" "SOURCE_DIR=/opt/rustwide/workdir" "-e" "CARGO_TARGET_DIR=/opt/rustwide/target" "-e" "CARGO_INCREMENTAL=0" "-e" "RUST_BACKTRACE=full" "-e" "RUSTFLAGS=--cap-lints=forbid" "-e" "RUSTDOCFLAGS=--cap-lints=forbid" "-e" "CARGO_HOME=/opt/rustwide/cargo-home" "-e" "RUSTUP_HOME=/opt/rustwide/rustup-home" "-w" "/opt/rustwide/workdir" "-m" "1610612736" "--user" "0:0" "--network" "none" "ghcr.io/rust-lang/crates-build-env/linux@sha256:819108c5571ea2e421544af4d832f968d213c87fbe3707a016657f43d2f853bc" "/opt/rustwide/cargo-home/bin/cargo" "+nightly-2025-01-18" "test" "--frozen" "--no-run" "--message-format=json", kill_on_drop: false }`
[INFO] [stdout] c2374cb6fe7872bc3cde6a13db71d774b7ef0c47e39ed1a13a1a910387b84a19
[INFO] running `Command { std: "docker" "start" "-a" "c2374cb6fe7872bc3cde6a13db71d774b7ef0c47e39ed1a13a1a910387b84a19", kill_on_drop: false }`
[INFO] [stdout] warning: elided lifetime has a name
[INFO] [stdout]   --> src/data/mod.rs:60:10
[INFO] [stdout]    |
[INFO] [stdout] 51 | impl<'a> CustomConverter<'a> {
[INFO] [stdout]    |      -- lifetime `'a` declared here
[INFO] [stdout] ...
[INFO] [stdout] 60 |     ) -> CustomConverter {
[INFO] [stdout]    |          ^^^^^^^^^^^^^^^ this elided lifetime gets resolved as `'a`
[INFO] [stdout]    |
[INFO] [stdout]    = note: `#[warn(elided_named_lifetimes)]` on by default
[INFO] [stdout] 
[INFO] [stdout] 
[INFO] [stderr]    Compiling pathtracer v0.7.0 (/opt/rustwide/workdir)
[INFO] [stdout] warning: elided lifetime has a name
[INFO] [stdout]   --> src/data/mod.rs:60:10
[INFO] [stdout]    |
[INFO] [stdout] 51 | impl<'a> CustomConverter<'a> {
[INFO] [stdout]    |      -- lifetime `'a` declared here
[INFO] [stdout] ...
[INFO] [stdout] 60 |     ) -> CustomConverter {
[INFO] [stdout]    |          ^^^^^^^^^^^^^^^ this elided lifetime gets resolved as `'a`
[INFO] [stdout]    |
[INFO] [stdout]    = note: `#[warn(elided_named_lifetimes)]` on by default
[INFO] [stdout] 
[INFO] [stdout] 
[INFO] [stderr]     Finished `test` profile [unoptimized + debuginfo] target(s) in 6.90s
[INFO] running `Command { std: "docker" "inspect" "c2374cb6fe7872bc3cde6a13db71d774b7ef0c47e39ed1a13a1a910387b84a19", kill_on_drop: false }`
[INFO] running `Command { std: "docker" "rm" "-f" "c2374cb6fe7872bc3cde6a13db71d774b7ef0c47e39ed1a13a1a910387b84a19", kill_on_drop: false }`
[INFO] [stdout] c2374cb6fe7872bc3cde6a13db71d774b7ef0c47e39ed1a13a1a910387b84a19
[INFO] running `Command { std: "docker" "create" "-v" "/var/lib/crater-agent-workspace/builds/worker-3-tc1/target:/opt/rustwide/target:rw,Z" "-v" "/var/lib/crater-agent-workspace/builds/worker-3-tc1/source:/opt/rustwide/workdir:ro,Z" "-v" "/var/lib/crater-agent-workspace/cargo-home:/opt/rustwide/cargo-home:ro,Z" "-v" "/var/lib/crater-agent-workspace/rustup-home:/opt/rustwide/rustup-home:ro,Z" "-e" "SOURCE_DIR=/opt/rustwide/workdir" "-e" "CARGO_TARGET_DIR=/opt/rustwide/target" "-e" "CARGO_INCREMENTAL=0" "-e" "RUST_BACKTRACE=full" "-e" "RUSTFLAGS=--cap-lints=forbid" "-e" "RUSTDOCFLAGS=--cap-lints=forbid" "-e" "CARGO_HOME=/opt/rustwide/cargo-home" "-e" "RUSTUP_HOME=/opt/rustwide/rustup-home" "-w" "/opt/rustwide/workdir" "-m" "1610612736" "--user" "0:0" "--network" "none" "ghcr.io/rust-lang/crates-build-env/linux@sha256:819108c5571ea2e421544af4d832f968d213c87fbe3707a016657f43d2f853bc" "/opt/rustwide/cargo-home/bin/cargo" "+nightly-2025-01-18" "test" "--frozen", kill_on_drop: false }`
[INFO] [stdout] f7cfb2954a8d078aa935d674a5a2bb4502fc36866b842e54c4898c5d5c3b2d12
[INFO] running `Command { std: "docker" "start" "-a" "f7cfb2954a8d078aa935d674a5a2bb4502fc36866b842e54c4898c5d5c3b2d12", kill_on_drop: false }`
[INFO] [stderr] warning: elided lifetime has a name
[INFO] [stderr]   --> src/data/mod.rs:60:10
[INFO] [stderr]    |
[INFO] [stderr] 51 | impl<'a> CustomConverter<'a> {
[INFO] [stderr]    |      -- lifetime `'a` declared here
[INFO] [stderr] ...
[INFO] [stderr] 60 |     ) -> CustomConverter {
[INFO] [stderr]    |          ^^^^^^^^^^^^^^^ this elided lifetime gets resolved as `'a`
[INFO] [stderr]    |
[INFO] [stderr]    = note: `#[warn(elided_named_lifetimes)]` on by default
[INFO] [stderr] 
[INFO] [stderr] warning: `pathtracer` (lib) generated 1 warning
[INFO] [stderr] warning: `pathtracer` (lib test) generated 1 warning (1 duplicate)
[INFO] [stderr]     Finished `test` profile [unoptimized + debuginfo] target(s) in 0.08s
[INFO] [stderr]      Running unittests src/lib.rs (/opt/rustwide/target/debug/deps/pathtracer-684d09ca2babe74c)
[INFO] [stdout] 
[INFO] [stdout] running 86 tests
[INFO] [stdout] test coordinate::tests::test_clone ... ok
[INFO] [stdout] test coordinate::tests::test_diff ... ok
[INFO] [stdout] test coordinate::tests::test_clone_macros ... ok
[INFO] [stdout] test coordinate::tests::test_diff_args_placement ... ok
[INFO] [stdout] test coordinate::tests::test_eq ... ok
[INFO] [stdout] test coordinate::tests::test_eq_macros ... ok
[INFO] [stdout] test data::tests::test_link_groups ... ok
[INFO] [stdout] test coordinate::tests::test_rotate_around_moved_axis_2 ... ok
[INFO] [stdout] test coordinate::tests::test_rotate_around_radians_2 ... ok
[INFO] [stdout] test coordinate::tests::test_rotate_around_radians_3 ... ok
[INFO] [stdout] test data::tests::test_convert ... ok
[INFO] [stdout] test group::tests::test_count_some ... ok
[INFO] [stdout] test coordinate::tests::test_gen_within_radius ... ok
[INFO] [stdout] test coordinate::tests::test_rotate_around_radians_1 ... ok
[INFO] [stdout] test coordinate::tests::test_rotate_around_no_rotates ... ok
[INFO] [stdout] test coordinate::tests::test_rotate_around_one_circle ... ok
[INFO] [stdout] test coordinate::tests::test_rotate_around_moved_axis_1 ... ok
[INFO] [stdout] test data::tests::test_convert_inner ... ok
[INFO] [stdout] test group::tests::test_add_node ... ok
[INFO] [stdout] test macros::tests::cluster_any_type ... ok
[INFO] [stdout] test group::tests::test_count_none ... ok
[INFO] [stdout] test coordinate::tests::test_gen_radius ... ok
[INFO] [stdout] test macros::tests::coordinate_any_type ... ok
[INFO] [stdout] test macros::tests::coordinate ... ok
[INFO] [stdout] test macros::tests::node ... ok
[INFO] [stdout] test macros::tests::node_any_type ... ok
[INFO] [stdout] test macros::tests::cluster ... ok
[INFO] [stdout] test map::gif::tests::test_gif_new ... ok
[INFO] [stdout] test map::network::tests::invalid_network_3 ... ok
[INFO] [stdout] test map::gif::tests::cycles_predicate ... ok
[INFO] [stdout] test map::network::tests::invalid_network_2 ... ok
[INFO] [stdout] test map::gif::tests::cycles_every_other ... ok
[INFO] [stdout] test map::network::tests::invalid_gets ... ok
[INFO] [stdout] test map::network::tests::simple_networks_have_same_path ... ok
[INFO] [stdout] test map::network::tests::valid_gets ... ok
[INFO] [stdout] test map::network::tests::simple_network_end_in_the_middle ... ok
[INFO] [stdout] test map::network::tests::simple_network_start_in_the_middle ... ok
[INFO] [stdout] test map::tests::test_gen_canvas ... ok
[INFO] [stdout] test map::network::tests::invalid_network_1 ... ok
[INFO] [stdout] test map::network::tests::simple_network_shortest_leg ... ok
[INFO] [stdout] test map::network::tests::invalid_network_4 ... ok
[INFO] [stdout] test map::gif::tests::cycles_every_frame ... ok
[INFO] [stdout] test map::network::tests::simple_network ... ok
[INFO] [stdout] test map::tests::test_min_max ... ok
[INFO] [stdout] test map::tests::test_min_max_2 ... ok
[INFO] [stdout] test map::tests::test_gen_canvas_2 ... ok
[INFO] [stdout] test node::tests::test_get_node_names_fail ... ok
[INFO] [stdout] test tests::examples::git_log ... ok
[INFO] [stdout] test tests::examples::hello_world_gif ... ok
[INFO] [stdout] test tests::examples::hello_world ... ok
[INFO] [stdout] test tests::examples::types ... ok
[INFO] [stdout] test tests::from::coordinate_conversion ... ok
[INFO] [stdout] test tests::from::node_conversion ... ok
[INFO] [stdout] test tests::from_list::coordinate ... ok
[INFO] [stdout] test tests::examples::node_plot ... ok
[INFO] [stdout] test tests::from_list::group ... ok
[INFO] [stdout] test tests::examples::mvp ... ok
[INFO] [stdout] test tests::from_list::node ... ok
[INFO] [stdout] test tests::integration::links::adding_and_disconnecting ... ok
[INFO] [stdout] test tests::integration::links::groups_many ... ok
[INFO] [stdout] test tests::integration::links::groups_one ... ok
[INFO] [stdout] test tests::integration::links::max_links ... ok
[INFO] [stdout] test tests::integration::links::multiple_disconnects ... ok
[INFO] [stdout] test tests::integration::path::group_to_node ... ok
[INFO] [stdout] test tests::integration::path::node_to_group ... ok
[INFO] [stdout] test tests::from::group_conversion ... ok
[INFO] [stdout] test tests::integration::path::nodes ... ok
[INFO] [stdout] test tools::tests::test_border ... ok
[INFO] [stdout] test tools::tests::test_gen_rgb ... ok
[INFO] [stdout] test tools::tests::test_random_item ... ok
[INFO] [stdout] test tools::tests::test_roll ... ok
[INFO] [stdout] test tools::tests::test_seed_rgb ... ok
[INFO] [stdout] test tools::tests::test_seed_rgb_consistancy ... ok
[INFO] [stdout] test map::gif::tests::blank_frames ... ok
[INFO] [stdout] test tests::integration::rotate::group_children_no_move ... ok
[INFO] [stdout] test tools::tests::test_plot_start_and_end ... ok
[INFO] [stdout] test tests::examples::graph ... ok
[INFO] [stdout] test tests::integration::rotate::group_children_inc2 ... ok
[INFO] [stdout] test tests::integration::rotate::group ... ok
[INFO] [stdout] test tests::integration::rotate::group_children_no_move_incr ... ok
[INFO] [stdout] test tools::tests::test_plot_straight_line ... ok
[INFO] [stdout] test tests::examples::cycles ... ok
[INFO] [stdout] test tests::examples::city ... ok
[INFO] [stdout] test tests::examples::ellipse ... ok
[INFO] [stdout] test tests::examples::random ... ok
[INFO] [stdout] test data::tests::test_convert_file ... FAILED
[INFO] [stderr] error: test failed, to rerun pass `--lib`
[INFO] [stdout] 
[INFO] [stdout] failures:
[INFO] [stdout] 
[INFO] [stdout] ---- data::tests::test_convert_file stdout ----
[INFO] [stdout] 
[INFO] [stdout] thread 'data::tests::test_convert_file' panicked at src/data/mod.rs:165:43:
[INFO] [stdout] called `Result::unwrap()` on an `Err` value: Os { code: 30, kind: ReadOnlyFilesystem, message: "Read-only file system" }
[INFO] [stdout] stack backtrace:
[INFO] [stdout]    0:     0x563e5ae5064a - std::backtrace_rs::backtrace::libunwind::trace::hb059275cfc8d6126
[INFO] [stdout]                                at /rustc/6067b36314ab5eb2eb47cecc464545ba58e1ad24/library/std/src/../../backtrace/src/backtrace/libunwind.rs:116:5
[INFO] [stdout]    1:     0x563e5ae5064a - std::backtrace_rs::backtrace::trace_unsynchronized::h2da071e4327ce3ee
[INFO] [stdout]                                at /rustc/6067b36314ab5eb2eb47cecc464545ba58e1ad24/library/std/src/../../backtrace/src/backtrace/mod.rs:66:5
[INFO] [stdout]    2:     0x563e5ae5064a - std::sys::backtrace::_print_fmt::h842a1474e6f8d23f
[INFO] [stdout]                                at /rustc/6067b36314ab5eb2eb47cecc464545ba58e1ad24/library/std/src/sys/backtrace.rs:66:9
[INFO] [stdout]    3:     0x563e5ae5064a - <std::sys::backtrace::BacktraceLock::print::DisplayBacktrace as core::fmt::Display>::fmt::h71a62eb3b9696b12
[INFO] [stdout]                                at /rustc/6067b36314ab5eb2eb47cecc464545ba58e1ad24/library/std/src/sys/backtrace.rs:39:26
[INFO] [stdout]    4:     0x563e5ae78f93 - core::fmt::rt::Argument::fmt::hdb6b616786b41dc1
[INFO] [stdout]                                at /rustc/6067b36314ab5eb2eb47cecc464545ba58e1ad24/library/core/src/fmt/rt.rs:177:76
[INFO] [stdout]    5:     0x563e5ae78f93 - core::fmt::write::h2cc1698af7e2d686
[INFO] [stdout]                                at /rustc/6067b36314ab5eb2eb47cecc464545ba58e1ad24/library/core/src/fmt/mod.rs:1440:21
[INFO] [stdout]    6:     0x563e5ae4d0f3 - std::io::Write::write_fmt::hab1b4cd059a79022
[INFO] [stdout]                                at /rustc/6067b36314ab5eb2eb47cecc464545ba58e1ad24/library/std/src/io/mod.rs:1887:15
[INFO] [stdout]    7:     0x563e5ae50492 - std::sys::backtrace::BacktraceLock::print::h147fe35b4ea13b08
[INFO] [stdout]                                at /rustc/6067b36314ab5eb2eb47cecc464545ba58e1ad24/library/std/src/sys/backtrace.rs:42:9
[INFO] [stdout]    8:     0x563e5ae51a6f - std::panicking::default_hook::{{closure}}::hbd44223dbdc0d208
[INFO] [stdout]                                at /rustc/6067b36314ab5eb2eb47cecc464545ba58e1ad24/library/std/src/panicking.rs:298:22
[INFO] [stdout]    9:     0x563e5ae51888 - std::panicking::default_hook::h20f81eb0576efcec
[INFO] [stdout]                                at /rustc/6067b36314ab5eb2eb47cecc464545ba58e1ad24/library/std/src/panicking.rs:322:9
[INFO] [stdout]   10:     0x563e5ada8943 - <alloc::boxed::Box<F,A> as core::ops::function::Fn<Args>>::call::hdb53814c496a4d34
[INFO] [stdout]                                at /rustc/6067b36314ab5eb2eb47cecc464545ba58e1ad24/library/alloc/src/boxed.rs:2027:9
[INFO] [stdout]   11:     0x563e5ada8943 - test::test_main::{{closure}}::hc0a4963c59427c24
[INFO] [stdout]                                at /rustc/6067b36314ab5eb2eb47cecc464545ba58e1ad24/library/test/src/lib.rs:134:21
[INFO] [stdout]   12:     0x563e5ae52563 - <alloc::boxed::Box<F,A> as core::ops::function::Fn<Args>>::call::h591b2225413a77e9
[INFO] [stdout]                                at /rustc/6067b36314ab5eb2eb47cecc464545ba58e1ad24/library/alloc/src/boxed.rs:2027:9
[INFO] [stdout]   13:     0x563e5ae52563 - std::panicking::rust_panic_with_hook::h625eea43051b2edc
[INFO] [stdout]                                at /rustc/6067b36314ab5eb2eb47cecc464545ba58e1ad24/library/std/src/panicking.rs:839:13
[INFO] [stdout]   14:     0x563e5ae5221a - std::panicking::begin_panic_handler::{{closure}}::h4f9159cfbc3f6bd3
[INFO] [stdout]                                at /rustc/6067b36314ab5eb2eb47cecc464545ba58e1ad24/library/std/src/panicking.rs:704:13
[INFO] [stdout]   15:     0x563e5ae50b49 - std::sys::backtrace::__rust_end_short_backtrace::h0390abce48353151
[INFO] [stdout]                                at /rustc/6067b36314ab5eb2eb47cecc464545ba58e1ad24/library/std/src/sys/backtrace.rs:168:18
[INFO] [stdout]   16:     0x563e5ae51ead - rust_begin_unwind
[INFO] [stdout]                                at /rustc/6067b36314ab5eb2eb47cecc464545ba58e1ad24/library/std/src/panicking.rs:695:5
[INFO] [stdout]   17:     0x563e5ae76f10 - core::panicking::panic_fmt::h9e7c637e9e5f29c9
[INFO] [stdout]                                at /rustc/6067b36314ab5eb2eb47cecc464545ba58e1ad24/library/core/src/panicking.rs:75:14
[INFO] [stdout]   18:     0x563e5ae77386 - core::result::unwrap_failed::h7979f09313fe1849
[INFO] [stdout]                                at /rustc/6067b36314ab5eb2eb47cecc464545ba58e1ad24/library/core/src/result.rs:1704:5
[INFO] [stdout]   19:     0x563e5ad6c6d3 - core::result::Result<T,E>::unwrap::hdcd60250e19952e8
[INFO] [stdout]                                at /rustc/6067b36314ab5eb2eb47cecc464545ba58e1ad24/library/core/src/result.rs:1109:23
[INFO] [stdout]   20:     0x563e5ad6c6d3 - pathtracer::data::tests::test_convert_file::h5126a353e51529ba
[INFO] [stdout]                                at /opt/rustwide/workdir/src/data/mod.rs:165:24
[INFO] [stdout]   21:     0x563e5ad6c627 - pathtracer::data::tests::test_convert_file::{{closure}}::h0c50190d3bb97486
[INFO] [stdout]                                at /opt/rustwide/workdir/src/data/mod.rs:163:27
[INFO] [stdout]   22:     0x563e5ad4c786 - core::ops::function::FnOnce::call_once::h20ba82a8b09756c3
[INFO] [stdout]                                at /rustc/6067b36314ab5eb2eb47cecc464545ba58e1ad24/library/core/src/ops/function.rs:250:5
[INFO] [stdout]   23:     0x563e5adae09b - core::ops::function::FnOnce::call_once::he27718dfdd183f43
[INFO] [stdout]                                at /rustc/6067b36314ab5eb2eb47cecc464545ba58e1ad24/library/core/src/ops/function.rs:250:5
[INFO] [stdout]   24:     0x563e5adae09b - test::__rust_begin_short_backtrace::h4e84902998457a5d
[INFO] [stdout]                                at /rustc/6067b36314ab5eb2eb47cecc464545ba58e1ad24/library/test/src/lib.rs:632:18
[INFO] [stdout]   25:     0x563e5adacfd3 - test::run_test_in_process::{{closure}}::h7176fd18fc1feca0
[INFO] [stdout]                                at /rustc/6067b36314ab5eb2eb47cecc464545ba58e1ad24/library/test/src/lib.rs:655:60
[INFO] [stdout]   26:     0x563e5adacfd3 - <core::panic::unwind_safe::AssertUnwindSafe<F> as core::ops::function::FnOnce<()>>::call_once::hf79cff2a624d8cf7
[INFO] [stdout]                                at /rustc/6067b36314ab5eb2eb47cecc464545ba58e1ad24/library/core/src/panic/unwind_safe.rs:272:9
[INFO] [stdout]   27:     0x563e5adacfd3 - std::panicking::try::do_call::h3da0561d9ab99c25
[INFO] [stdout]                                at /rustc/6067b36314ab5eb2eb47cecc464545ba58e1ad24/library/std/src/panicking.rs:587:40
[INFO] [stdout]   28:     0x563e5adacfd3 - std::panicking::try::h41c9fa508bc61df6
[INFO] [stdout]                                at /rustc/6067b36314ab5eb2eb47cecc464545ba58e1ad24/library/std/src/panicking.rs:550:19
[INFO] [stdout]   29:     0x563e5adacfd3 - std::panic::catch_unwind::h6b3ff07bb5afad93
[INFO] [stdout]                                at /rustc/6067b36314ab5eb2eb47cecc464545ba58e1ad24/library/std/src/panic.rs:358:14
[INFO] [stdout]   30:     0x563e5adacfd3 - test::run_test_in_process::hc7253dd11b39b9f4
[INFO] [stdout]                                at /rustc/6067b36314ab5eb2eb47cecc464545ba58e1ad24/library/test/src/lib.rs:655:27
[INFO] [stdout]   31:     0x563e5adacfd3 - test::run_test::{{closure}}::hfb2007f8649c30bb
[INFO] [stdout]                                at /rustc/6067b36314ab5eb2eb47cecc464545ba58e1ad24/library/test/src/lib.rs:576:43
[INFO] [stdout]   32:     0x563e5ad700b5 - test::run_test::{{closure}}::h56a17aa7a282a9f4
[INFO] [stdout]                                at /rustc/6067b36314ab5eb2eb47cecc464545ba58e1ad24/library/test/src/lib.rs:606:41
[INFO] [stdout]   33:     0x563e5ad700b5 - std::sys::backtrace::__rust_begin_short_backtrace::hd2d2d2fb8e8c6aac
[INFO] [stdout]                                at /rustc/6067b36314ab5eb2eb47cecc464545ba58e1ad24/library/std/src/sys/backtrace.rs:152:18
[INFO] [stdout]   34:     0x563e5ad7399a - std::thread::Builder::spawn_unchecked_::{{closure}}::{{closure}}::h4faa3f9db6133423
[INFO] [stdout]                                at /rustc/6067b36314ab5eb2eb47cecc464545ba58e1ad24/library/std/src/thread/mod.rs:559:17
[INFO] [stdout]   35:     0x563e5ad7399a - <core::panic::unwind_safe::AssertUnwindSafe<F> as core::ops::function::FnOnce<()>>::call_once::hf2e855a36a4ea846
[INFO] [stdout]                                at /rustc/6067b36314ab5eb2eb47cecc464545ba58e1ad24/library/core/src/panic/unwind_safe.rs:272:9
[INFO] [stdout]   36:     0x563e5ad7399a - std::panicking::try::do_call::h2f73af3616c35465
[INFO] [stdout]                                at /rustc/6067b36314ab5eb2eb47cecc464545ba58e1ad24/library/std/src/panicking.rs:587:40
[INFO] [stdout]   37:     0x563e5ad7399a - std::panicking::try::hd1660ce9efadef5a
[INFO] [stdout]                                at /rustc/6067b36314ab5eb2eb47cecc464545ba58e1ad24/library/std/src/panicking.rs:550:19
[INFO] [stdout]   38:     0x563e5ad7399a - std::panic::catch_unwind::h5ee8d7823b8ca744
[INFO] [stdout]                                at /rustc/6067b36314ab5eb2eb47cecc464545ba58e1ad24/library/std/src/panic.rs:358:14
[INFO] [stdout]   39:     0x563e5ad7399a - std::thread::Builder::spawn_unchecked_::{{closure}}::h53c3a1894dce8407
[INFO] [stdout]                                at /rustc/6067b36314ab5eb2eb47cecc464545ba58e1ad24/library/std/src/thread/mod.rs:557:30
[INFO] [stdout]   40:     0x563e5ad7399a - core::ops::function::FnOnce::call_once{{vtable.shim}}::h048ce291ad4f62bf
[INFO] [stdout]                                at /rustc/6067b36314ab5eb2eb47cecc464545ba58e1ad24/library/core/src/ops/function.rs:250:5
[INFO] [stdout]   41:     0x563e5ae5658b - <alloc::boxed::Box<F,A> as core::ops::function::FnOnce<Args>>::call_once::ha52bedf99a3b4981
[INFO] [stdout]                                at /rustc/6067b36314ab5eb2eb47cecc464545ba58e1ad24/library/alloc/src/boxed.rs:2013:9
[INFO] [stdout]   42:     0x563e5ae5658b - <alloc::boxed::Box<F,A> as core::ops::function::FnOnce<Args>>::call_once::h567748934d80ccf8
[INFO] [stdout]                                at /rustc/6067b36314ab5eb2eb47cecc464545ba58e1ad24/library/alloc/src/boxed.rs:2013:9
[INFO] [stdout]   43:     0x563e5ae5658b - std::sys::pal::unix::thread::Thread::new::thread_start::h2d970728ae887adc
[INFO] [stdout]                                at /rustc/6067b36314ab5eb2eb47cecc464545ba58e1ad24/library/std/src/sys/pal/unix/thread.rs:106:17
[INFO] [stdout]   44:     0x74035d045ac3 - <unknown>
[INFO] [stdout]   45:     0x74035d0d6a04 - clone
[INFO] [stdout]   46:                0x0 - <unknown>
[INFO] [stdout] 
[INFO] [stdout] 
[INFO] [stdout] failures:
[INFO] [stdout]     data::tests::test_convert_file
[INFO] [stdout] 
[INFO] [stdout] test result: FAILED. 85 passed; 1 failed; 0 ignored; 0 measured; 0 filtered out; finished in 0.09s
[INFO] [stdout] 
[INFO] running `Command { std: "docker" "inspect" "f7cfb2954a8d078aa935d674a5a2bb4502fc36866b842e54c4898c5d5c3b2d12", kill_on_drop: false }`
[INFO] running `Command { std: "docker" "rm" "-f" "f7cfb2954a8d078aa935d674a5a2bb4502fc36866b842e54c4898c5d5c3b2d12", kill_on_drop: false }`
[INFO] [stdout] f7cfb2954a8d078aa935d674a5a2bb4502fc36866b842e54c4898c5d5c3b2d12
