[INFO] cloning repository https://github.com/pohlm01/mct-verifier
[INFO] running `Command { std: "git" "-c" "credential.helper=" "-c" "credential.helper=/workspace/cargo-home/bin/git-credential-null" "clone" "--bare" "https://github.com/pohlm01/mct-verifier" "/workspace/cache/git-repos/https%3A%2F%2Fgithub.com%2Fpohlm01%2Fmct-verifier", kill_on_drop: false }`
[INFO] [stderr] Cloning into bare repository '/workspace/cache/git-repos/https%3A%2F%2Fgithub.com%2Fpohlm01%2Fmct-verifier'...
[INFO] running `Command { std: "git" "rev-parse" "HEAD", kill_on_drop: false }`
[INFO] [stdout] 3b72ecc3280c8857e8b15d4ad1898cc71fd1dc8d
[INFO] testing pohlm01/mct-verifier against nightly-2025-01-18 for randomize-layout-2
[INFO] running `Command { std: "git" "clone" "/workspace/cache/git-repos/https%3A%2F%2Fgithub.com%2Fpohlm01%2Fmct-verifier" "/workspace/builds/worker-7-tc1/source", kill_on_drop: false }`
[INFO] [stderr] Cloning into '/workspace/builds/worker-7-tc1/source'...
[INFO] [stderr] done.
[INFO] validating manifest of git repo https://github.com/pohlm01/mct-verifier on toolchain nightly-2025-01-18
[INFO] running `Command { std: CARGO_HOME="/workspace/cargo-home" RUSTUP_HOME="/workspace/rustup-home" "/workspace/cargo-home/bin/cargo" "+nightly-2025-01-18" "metadata" "--manifest-path" "Cargo.toml" "--no-deps", kill_on_drop: false }`
[INFO] started tweaking git repo https://github.com/pohlm01/mct-verifier
[INFO] finished tweaking git repo https://github.com/pohlm01/mct-verifier
[INFO] tweaked toml for git repo https://github.com/pohlm01/mct-verifier written to /workspace/builds/worker-7-tc1/source/Cargo.toml
[INFO] crate git repo https://github.com/pohlm01/mct-verifier already has a lockfile, it will not be regenerated
[INFO] running `Command { std: CARGO_HOME="/workspace/cargo-home" RUSTUP_HOME="/workspace/rustup-home" "/workspace/cargo-home/bin/cargo" "+nightly-2025-01-18" "fetch" "--manifest-path" "Cargo.toml", kill_on_drop: false }`
[INFO] [stderr]     Updating crates.io index
[INFO] [stderr]  Downloading crates ...
[INFO] [stderr]   Downloaded pqcrypto-traits v0.3.5
[INFO] [stderr]   Downloaded pqcrypto-internals v0.2.6
[INFO] [stderr]   Downloaded pqcrypto-mldsa v0.1.0
[INFO] running `Command { std: "docker" "create" "-v" "/var/lib/crater-agent-workspace/builds/worker-7-tc1/target:/opt/rustwide/target:rw,Z" "-v" "/var/lib/crater-agent-workspace/builds/worker-7-tc1/source:/opt/rustwide/workdir:ro,Z" "-v" "/var/lib/crater-agent-workspace/cargo-home:/opt/rustwide/cargo-home:ro,Z" "-v" "/var/lib/crater-agent-workspace/rustup-home:/opt/rustwide/rustup-home:ro,Z" "-e" "SOURCE_DIR=/opt/rustwide/workdir" "-e" "CARGO_TARGET_DIR=/opt/rustwide/target" "-e" "CARGO_HOME=/opt/rustwide/cargo-home" "-e" "RUSTUP_HOME=/opt/rustwide/rustup-home" "-w" "/opt/rustwide/workdir" "-m" "1610612736" "--user" "0:0" "--network" "none" "ghcr.io/rust-lang/crates-build-env/linux@sha256:819108c5571ea2e421544af4d832f968d213c87fbe3707a016657f43d2f853bc" "/opt/rustwide/cargo-home/bin/cargo" "+nightly-2025-01-18" "metadata" "--no-deps" "--format-version=1", kill_on_drop: false }`
[INFO] [stdout] 7fea39ed25205f0ae0566a2a22347b3f5da33755146dd6997f1b2ec96306583c
[INFO] running `Command { std: "docker" "start" "-a" "7fea39ed25205f0ae0566a2a22347b3f5da33755146dd6997f1b2ec96306583c", kill_on_drop: false }`
[INFO] running `Command { std: "docker" "inspect" "7fea39ed25205f0ae0566a2a22347b3f5da33755146dd6997f1b2ec96306583c", kill_on_drop: false }`
[INFO] running `Command { std: "docker" "rm" "-f" "7fea39ed25205f0ae0566a2a22347b3f5da33755146dd6997f1b2ec96306583c", kill_on_drop: false }`
[INFO] [stdout] 7fea39ed25205f0ae0566a2a22347b3f5da33755146dd6997f1b2ec96306583c
[INFO] running `Command { std: "docker" "create" "-v" "/var/lib/crater-agent-workspace/builds/worker-7-tc1/target:/opt/rustwide/target:rw,Z" "-v" "/var/lib/crater-agent-workspace/builds/worker-7-tc1/source:/opt/rustwide/workdir:ro,Z" "-v" "/var/lib/crater-agent-workspace/cargo-home:/opt/rustwide/cargo-home:ro,Z" "-v" "/var/lib/crater-agent-workspace/rustup-home:/opt/rustwide/rustup-home:ro,Z" "-e" "SOURCE_DIR=/opt/rustwide/workdir" "-e" "CARGO_TARGET_DIR=/opt/rustwide/target" "-e" "CARGO_INCREMENTAL=0" "-e" "RUST_BACKTRACE=full" "-e" "RUSTFLAGS=--cap-lints=forbid" "-e" "RUSTDOCFLAGS=--cap-lints=forbid" "-e" "CARGO_HOME=/opt/rustwide/cargo-home" "-e" "RUSTUP_HOME=/opt/rustwide/rustup-home" "-w" "/opt/rustwide/workdir" "-m" "1610612736" "--user" "0:0" "--network" "none" "ghcr.io/rust-lang/crates-build-env/linux@sha256:819108c5571ea2e421544af4d832f968d213c87fbe3707a016657f43d2f853bc" "/opt/rustwide/cargo-home/bin/cargo" "+nightly-2025-01-18" "build" "--frozen" "--message-format=json", kill_on_drop: false }`
[INFO] [stdout] 83aa1cff51a21377128886c504555b8b39c0e222eb77676454a2eedee7577bec
[INFO] running `Command { std: "docker" "start" "-a" "83aa1cff51a21377128886c504555b8b39c0e222eb77676454a2eedee7577bec", kill_on_drop: false }`
[INFO] [stderr]    Compiling libc v0.2.158
[INFO] [stderr]    Compiling typenum v1.17.0
[INFO] [stderr]    Compiling version_check v0.9.5
[INFO] [stderr]    Compiling shlex v1.3.0
[INFO] [stderr]    Compiling dunce v1.0.5
[INFO] [stderr]    Compiling cfg-if v1.0.0
[INFO] [stderr]    Compiling paste v1.0.15
[INFO] [stderr]    Compiling glob v0.3.1
[INFO] [stderr]    Compiling minimal-lexical v0.2.1
[INFO] [stderr]    Compiling pqcrypto-traits v0.3.5
[INFO] [stderr]    Compiling cpufeatures v0.2.14
[INFO] [stderr]    Compiling memchr v2.7.4
[INFO] [stderr]    Compiling log v0.4.22
[INFO] [stderr]    Compiling rustls-pki-types v1.10.0
[INFO] [stderr]    Compiling generic-array v0.14.7
[INFO] [stderr]    Compiling nom v7.1.3
[INFO] [stderr]    Compiling jobserver v0.1.32
[INFO] [stderr]    Compiling getrandom v0.2.15
[INFO] [stderr]    Compiling cc v1.2.1
[INFO] [stderr]    Compiling crypto-common v0.1.6
[INFO] [stderr]    Compiling block-buffer v0.10.4
[INFO] [stderr]    Compiling digest v0.10.7
[INFO] [stderr]    Compiling sha2 v0.10.8
[INFO] [stderr]    Compiling pqcrypto-internals v0.2.6
[INFO] [stderr]    Compiling pqcrypto-mldsa v0.1.0
[INFO] [stderr]    Compiling mtc-verifier v0.1.0 (/opt/rustwide/workdir)
[INFO] [stdout] warning: unused variable: `issuer`
[INFO] [stdout]   --> src/model/tai_store.rs:53:25
[INFO] [stdout]    |
[INFO] [stdout] 53 |     fn ca_params(&self, issuer: &Issuer) -> Option<&crate::CAParams> {
[INFO] [stdout]    |                         ^^^^^^ help: if this is intentional, prefix it with an underscore: `_issuer`
[INFO] [stdout]    |
[INFO] [stdout]    = note: `#[warn(unused_variables)]` on by default
[INFO] [stdout] 
[INFO] [stdout] 
[INFO] [stdout] warning: type `trust_store::CAParams` is more private than the item `tai_store::TaiRootStore::ca_params`
[INFO] [stdout]   --> src/model/tai_store.rs:12:5
[INFO] [stdout]    |
[INFO] [stdout] 12 |     fn ca_params(&self, issuer: &Issuer) -> Option<&crate::CAParams>;
[INFO] [stdout]    |     ^^^^^^^^^^^^^^^^^^^^^^^^^^^^^^^^^^^^^^^^^^^^^^^^^^^^^^^^^^^^^^^^^ method `tai_store::TaiRootStore::ca_params` is reachable at visibility `pub`
[INFO] [stdout]    |
[INFO] [stdout] note: but type `trust_store::CAParams` is only usable at visibility `pub(crate)`
[INFO] [stdout]   --> src/trust_store.rs:20:1
[INFO] [stdout]    |
[INFO] [stdout] 20 | pub(crate) struct CAParams {
[INFO] [stdout]    | ^^^^^^^^^^^^^^^^^^^^^^^^^^
[INFO] [stdout]    = note: `#[warn(private_interfaces)]` on by default
[INFO] [stdout] 
[INFO] [stdout] 
[INFO] [stdout] warning: type `trust_store::CAParams` is more private than the item `<MemoryTaiRootStore as tai_store::TaiRootStore>::ca_params`
[INFO] [stdout]   --> src/model/tai_store.rs:53:5
[INFO] [stdout]    |
[INFO] [stdout] 53 |     fn ca_params(&self, issuer: &Issuer) -> Option<&crate::CAParams> {
[INFO] [stdout]    |     ^^^^^^^^^^^^^^^^^^^^^^^^^^^^^^^^^^^^^^^^^^^^^^^^^^^^^^^^^^^^^^^^ method `<MemoryTaiRootStore as tai_store::TaiRootStore>::ca_params` is reachable at visibility `pub`
[INFO] [stdout]    |
[INFO] [stdout] note: but type `trust_store::CAParams` is only usable at visibility `pub(crate)`
[INFO] [stdout]   --> src/trust_store.rs:20:1
[INFO] [stdout]    |
[INFO] [stdout] 20 | pub(crate) struct CAParams {
[INFO] [stdout]    | ^^^^^^^^^^^^^^^^^^^^^^^^^^
[INFO] [stdout] 
[INFO] [stdout] 
[INFO] [stdout] warning: type `trust_store::CAParams` is more private than the item `<OsMtcRootStore as tai_store::TaiRootStore>::ca_params`
[INFO] [stdout]    --> src/trust_store.rs:242:5
[INFO] [stdout]     |
[INFO] [stdout] 242 |     fn ca_params(&self, issuer: &Issuer) -> Option<&CAParams> {
[INFO] [stdout]     |     ^^^^^^^^^^^^^^^^^^^^^^^^^^^^^^^^^^^^^^^^^^^^^^^^^^^^^^^^^ method `<OsMtcRootStore as tai_store::TaiRootStore>::ca_params` is reachable at visibility `pub`
[INFO] [stdout]     |
[INFO] [stdout] note: but type `trust_store::CAParams` is only usable at visibility `pub(crate)`
[INFO] [stdout]    --> src/trust_store.rs:20:1
[INFO] [stdout]     |
[INFO] [stdout] 20  | pub(crate) struct CAParams {
[INFO] [stdout]     | ^^^^^^^^^^^^^^^^^^^^^^^^^^
[INFO] [stdout] 
[INFO] [stdout] 
[INFO] [stdout] warning: variant `U8` is never constructed
[INFO] [stdout]   --> src/model/mod.rs:49:5
[INFO] [stdout]    |
[INFO] [stdout] 48 | enum ListLength {
[INFO] [stdout]    |      ---------- variant in this enum
[INFO] [stdout] 49 |     U8,
[INFO] [stdout]    |     ^^
[INFO] [stdout]    |
[INFO] [stdout]    = note: `#[warn(dead_code)]` on by default
[INFO] [stdout] 
[INFO] [stdout] 
[INFO] [stdout] warning: fields `storage_window_size` and `http_server` are never read
[INFO] [stdout]   --> src/trust_store.rs:28:16
[INFO] [stdout]    |
[INFO] [stdout] 20 | pub(crate) struct CAParams {
[INFO] [stdout]    |                   -------- fields in this struct
[INFO] [stdout] ...
[INFO] [stdout] 28 |     pub(crate) storage_window_size: u64,
[INFO] [stdout]    |                ^^^^^^^^^^^^^^^^^^^
[INFO] [stdout] 29 |     pub(crate) http_server: String,
[INFO] [stdout]    |                ^^^^^^^^^^^
[INFO] [stdout]    |
[INFO] [stdout]    = note: `CAParams` has a derived impl for the trait `Debug`, but this is intentionally ignored during dead code analysis
[INFO] [stdout] 
[INFO] [stdout] 
[INFO] [stdout] warning: struct `LabeledValidityWindow` is never constructed
[INFO] [stdout]   --> src/trust_store.rs:71:8
[INFO] [stdout]    |
[INFO] [stdout] 71 | struct LabeledValidityWindow<T> {
[INFO] [stdout]    |        ^^^^^^^^^^^^^^^^^^^^^
[INFO] [stdout] 
[INFO] [stdout] 
[INFO] [stderr]     Finished `dev` profile [unoptimized + debuginfo] target(s) in 20.01s
[INFO] running `Command { std: "docker" "inspect" "83aa1cff51a21377128886c504555b8b39c0e222eb77676454a2eedee7577bec", kill_on_drop: false }`
[INFO] running `Command { std: "docker" "rm" "-f" "83aa1cff51a21377128886c504555b8b39c0e222eb77676454a2eedee7577bec", kill_on_drop: false }`
[INFO] [stdout] 83aa1cff51a21377128886c504555b8b39c0e222eb77676454a2eedee7577bec
[INFO] running `Command { std: "docker" "create" "-v" "/var/lib/crater-agent-workspace/builds/worker-7-tc1/target:/opt/rustwide/target:rw,Z" "-v" "/var/lib/crater-agent-workspace/builds/worker-7-tc1/source:/opt/rustwide/workdir:ro,Z" "-v" "/var/lib/crater-agent-workspace/cargo-home:/opt/rustwide/cargo-home:ro,Z" "-v" "/var/lib/crater-agent-workspace/rustup-home:/opt/rustwide/rustup-home:ro,Z" "-e" "SOURCE_DIR=/opt/rustwide/workdir" "-e" "CARGO_TARGET_DIR=/opt/rustwide/target" "-e" "CARGO_INCREMENTAL=0" "-e" "RUST_BACKTRACE=full" "-e" "RUSTFLAGS=--cap-lints=forbid" "-e" "RUSTDOCFLAGS=--cap-lints=forbid" "-e" "CARGO_HOME=/opt/rustwide/cargo-home" "-e" "RUSTUP_HOME=/opt/rustwide/rustup-home" "-w" "/opt/rustwide/workdir" "-m" "1610612736" "--user" "0:0" "--network" "none" "ghcr.io/rust-lang/crates-build-env/linux@sha256:819108c5571ea2e421544af4d832f968d213c87fbe3707a016657f43d2f853bc" "/opt/rustwide/cargo-home/bin/cargo" "+nightly-2025-01-18" "test" "--frozen" "--no-run" "--message-format=json", kill_on_drop: false }`
[INFO] [stdout] 4dcf94d36d8831c2d8b5b5683e938fd75692244251c6527d068d043c0bcbcbe6
[INFO] running `Command { std: "docker" "start" "-a" "4dcf94d36d8831c2d8b5b5683e938fd75692244251c6527d068d043c0bcbcbe6", kill_on_drop: false }`
[INFO] [stderr]    Compiling aho-corasick v1.1.3
[INFO] [stderr]    Compiling regex-syntax v0.8.4
[INFO] [stderr]    Compiling utf8parse v0.2.2
[INFO] [stderr]    Compiling log v0.4.22
[INFO] [stderr]    Compiling is_terminal_polyfill v1.70.1
[INFO] [stderr]    Compiling anstyle-query v1.1.1
[INFO] [stderr]    Compiling anstyle v1.0.8
[INFO] [stderr]    Compiling colorchoice v1.0.2
[INFO] [stderr]    Compiling humantime v2.1.0
[INFO] [stderr]    Compiling anstyle-parse v0.2.5
[INFO] [stderr]    Compiling mtc-verifier v0.1.0 (/opt/rustwide/workdir)
[INFO] [stderr]    Compiling anstream v0.6.15
[INFO] [stdout] warning: unused variable: `issuer`
[INFO] [stdout]   --> src/model/tai_store.rs:53:25
[INFO] [stdout]    |
[INFO] [stdout] 53 |     fn ca_params(&self, issuer: &Issuer) -> Option<&crate::CAParams> {
[INFO] [stdout]    |                         ^^^^^^ help: if this is intentional, prefix it with an underscore: `_issuer`
[INFO] [stdout]    |
[INFO] [stdout]    = note: `#[warn(unused_variables)]` on by default
[INFO] [stdout] 
[INFO] [stdout] 
[INFO] [stdout] warning: type `trust_store::CAParams` is more private than the item `tai_store::TaiRootStore::ca_params`
[INFO] [stdout]   --> src/model/tai_store.rs:12:5
[INFO] [stdout]    |
[INFO] [stdout] 12 |     fn ca_params(&self, issuer: &Issuer) -> Option<&crate::CAParams>;
[INFO] [stdout]    |     ^^^^^^^^^^^^^^^^^^^^^^^^^^^^^^^^^^^^^^^^^^^^^^^^^^^^^^^^^^^^^^^^^ method `tai_store::TaiRootStore::ca_params` is reachable at visibility `pub`
[INFO] [stdout]    |
[INFO] [stdout] note: but type `trust_store::CAParams` is only usable at visibility `pub(crate)`
[INFO] [stdout]   --> src/trust_store.rs:20:1
[INFO] [stdout]    |
[INFO] [stdout] 20 | pub(crate) struct CAParams {
[INFO] [stdout]    | ^^^^^^^^^^^^^^^^^^^^^^^^^^
[INFO] [stdout]    = note: `#[warn(private_interfaces)]` on by default
[INFO] [stdout] 
[INFO] [stdout] 
[INFO] [stdout] warning: type `trust_store::CAParams` is more private than the item `<MemoryTaiRootStore as tai_store::TaiRootStore>::ca_params`
[INFO] [stdout]   --> src/model/tai_store.rs:53:5
[INFO] [stdout]    |
[INFO] [stdout] 53 |     fn ca_params(&self, issuer: &Issuer) -> Option<&crate::CAParams> {
[INFO] [stdout]    |     ^^^^^^^^^^^^^^^^^^^^^^^^^^^^^^^^^^^^^^^^^^^^^^^^^^^^^^^^^^^^^^^^ method `<MemoryTaiRootStore as tai_store::TaiRootStore>::ca_params` is reachable at visibility `pub`
[INFO] [stdout]    |
[INFO] [stdout] note: but type `trust_store::CAParams` is only usable at visibility `pub(crate)`
[INFO] [stdout]   --> src/trust_store.rs:20:1
[INFO] [stdout]    |
[INFO] [stdout] 20 | pub(crate) struct CAParams {
[INFO] [stdout]    | ^^^^^^^^^^^^^^^^^^^^^^^^^^
[INFO] [stdout] 
[INFO] [stdout] 
[INFO] [stdout] warning: type `trust_store::CAParams` is more private than the item `<OsMtcRootStore as tai_store::TaiRootStore>::ca_params`
[INFO] [stdout]    --> src/trust_store.rs:242:5
[INFO] [stdout]     |
[INFO] [stdout] 242 |     fn ca_params(&self, issuer: &Issuer) -> Option<&CAParams> {
[INFO] [stdout]     |     ^^^^^^^^^^^^^^^^^^^^^^^^^^^^^^^^^^^^^^^^^^^^^^^^^^^^^^^^^ method `<OsMtcRootStore as tai_store::TaiRootStore>::ca_params` is reachable at visibility `pub`
[INFO] [stdout]     |
[INFO] [stdout] note: but type `trust_store::CAParams` is only usable at visibility `pub(crate)`
[INFO] [stdout]    --> src/trust_store.rs:20:1
[INFO] [stdout]     |
[INFO] [stdout] 20  | pub(crate) struct CAParams {
[INFO] [stdout]     | ^^^^^^^^^^^^^^^^^^^^^^^^^^
[INFO] [stdout] 
[INFO] [stdout] 
[INFO] [stdout] warning: variant `U8` is never constructed
[INFO] [stdout]   --> src/model/mod.rs:49:5
[INFO] [stdout]    |
[INFO] [stdout] 48 | enum ListLength {
[INFO] [stdout]    |      ---------- variant in this enum
[INFO] [stdout] 49 |     U8,
[INFO] [stdout]    |     ^^
[INFO] [stdout]    |
[INFO] [stdout]    = note: `#[warn(dead_code)]` on by default
[INFO] [stdout] 
[INFO] [stdout] 
[INFO] [stdout] warning: fields `storage_window_size` and `http_server` are never read
[INFO] [stdout]   --> src/trust_store.rs:28:16
[INFO] [stdout]    |
[INFO] [stdout] 20 | pub(crate) struct CAParams {
[INFO] [stdout]    |                   -------- fields in this struct
[INFO] [stdout] ...
[INFO] [stdout] 28 |     pub(crate) storage_window_size: u64,
[INFO] [stdout]    |                ^^^^^^^^^^^^^^^^^^^
[INFO] [stdout] 29 |     pub(crate) http_server: String,
[INFO] [stdout]    |                ^^^^^^^^^^^
[INFO] [stdout]    |
[INFO] [stdout]    = note: `CAParams` has a derived impl for the trait `Debug`, but this is intentionally ignored during dead code analysis
[INFO] [stdout] 
[INFO] [stdout] 
[INFO] [stdout] warning: struct `LabeledValidityWindow` is never constructed
[INFO] [stdout]   --> src/trust_store.rs:71:8
[INFO] [stdout]    |
[INFO] [stdout] 71 | struct LabeledValidityWindow<T> {
[INFO] [stdout]    |        ^^^^^^^^^^^^^^^^^^^^^
[INFO] [stdout] 
[INFO] [stdout] 
[INFO] [stderr]    Compiling regex-automata v0.4.7
[INFO] [stderr]    Compiling regex v1.10.6
[INFO] [stderr]    Compiling env_filter v0.1.2
[INFO] [stderr]    Compiling env_logger v0.11.5
[INFO] [stdout] warning: unused variable: `issuer`
[INFO] [stdout]   --> src/model/tai_store.rs:53:25
[INFO] [stdout]    |
[INFO] [stdout] 53 |     fn ca_params(&self, issuer: &Issuer) -> Option<&crate::CAParams> {
[INFO] [stdout]    |                         ^^^^^^ help: if this is intentional, prefix it with an underscore: `_issuer`
[INFO] [stdout]    |
[INFO] [stdout]    = note: `#[warn(unused_variables)]` on by default
[INFO] [stdout] 
[INFO] [stdout] 
[INFO] [stdout] warning: unused variable: `issuer`
[INFO] [stdout]    --> src/model/tai_store.rs:135:29
[INFO] [stdout]     |
[INFO] [stdout] 135 |         fn ca_params(&self, issuer: &Issuer) -> Option<&CAParams> {
[INFO] [stdout]     |                             ^^^^^^ help: if this is intentional, prefix it with an underscore: `_issuer`
[INFO] [stdout] 
[INFO] [stdout] 
[INFO] [stdout] warning: type `trust_store::CAParams` is more private than the item `tai_store::TaiRootStore::ca_params`
[INFO] [stdout]   --> src/model/tai_store.rs:12:5
[INFO] [stdout]    |
[INFO] [stdout] 12 |     fn ca_params(&self, issuer: &Issuer) -> Option<&crate::CAParams>;
[INFO] [stdout]    |     ^^^^^^^^^^^^^^^^^^^^^^^^^^^^^^^^^^^^^^^^^^^^^^^^^^^^^^^^^^^^^^^^^ method `tai_store::TaiRootStore::ca_params` is reachable at visibility `pub`
[INFO] [stdout]    |
[INFO] [stdout] note: but type `trust_store::CAParams` is only usable at visibility `pub(crate)`
[INFO] [stdout]   --> src/trust_store.rs:20:1
[INFO] [stdout]    |
[INFO] [stdout] 20 | pub(crate) struct CAParams {
[INFO] [stdout]    | ^^^^^^^^^^^^^^^^^^^^^^^^^^
[INFO] [stdout]    = note: `#[warn(private_interfaces)]` on by default
[INFO] [stdout] 
[INFO] [stdout] 
[INFO] [stdout] warning: type `trust_store::CAParams` is more private than the item `<tai_store::MemoryTaiRootStore as tai_store::TaiRootStore>::ca_params`
[INFO] [stdout]   --> src/model/tai_store.rs:53:5
[INFO] [stdout]    |
[INFO] [stdout] 53 |     fn ca_params(&self, issuer: &Issuer) -> Option<&crate::CAParams> {
[INFO] [stdout]    |     ^^^^^^^^^^^^^^^^^^^^^^^^^^^^^^^^^^^^^^^^^^^^^^^^^^^^^^^^^^^^^^^^ method `<tai_store::MemoryTaiRootStore as tai_store::TaiRootStore>::ca_params` is reachable at visibility `pub`
[INFO] [stdout]    |
[INFO] [stdout] note: but type `trust_store::CAParams` is only usable at visibility `pub(crate)`
[INFO] [stdout]   --> src/trust_store.rs:20:1
[INFO] [stdout]    |
[INFO] [stdout] 20 | pub(crate) struct CAParams {
[INFO] [stdout]    | ^^^^^^^^^^^^^^^^^^^^^^^^^^
[INFO] [stdout] 
[INFO] [stdout] 
[INFO] [stdout] warning: type `trust_store::CAParams` is more private than the item `<OsMtcRootStore as tai_store::TaiRootStore>::ca_params`
[INFO] [stdout]    --> src/trust_store.rs:242:5
[INFO] [stdout]     |
[INFO] [stdout] 242 |     fn ca_params(&self, issuer: &Issuer) -> Option<&CAParams> {
[INFO] [stdout]     |     ^^^^^^^^^^^^^^^^^^^^^^^^^^^^^^^^^^^^^^^^^^^^^^^^^^^^^^^^^ method `<OsMtcRootStore as tai_store::TaiRootStore>::ca_params` is reachable at visibility `pub`
[INFO] [stdout]     |
[INFO] [stdout] note: but type `trust_store::CAParams` is only usable at visibility `pub(crate)`
[INFO] [stdout]    --> src/trust_store.rs:20:1
[INFO] [stdout]     |
[INFO] [stdout] 20  | pub(crate) struct CAParams {
[INFO] [stdout]     | ^^^^^^^^^^^^^^^^^^^^^^^^^^
[INFO] [stdout] 
[INFO] [stdout] 
[INFO] [stdout] warning: variant `U8` is never constructed
[INFO] [stdout]   --> src/model/mod.rs:49:5
[INFO] [stdout]    |
[INFO] [stdout] 48 | enum ListLength {
[INFO] [stdout]    |      ---------- variant in this enum
[INFO] [stdout] 49 |     U8,
[INFO] [stdout]    |     ^^
[INFO] [stdout]    |
[INFO] [stdout]    = note: `#[warn(dead_code)]` on by default
[INFO] [stdout] 
[INFO] [stdout] 
[INFO] [stdout] warning: fields `storage_window_size` and `http_server` are never read
[INFO] [stdout]   --> src/trust_store.rs:28:16
[INFO] [stdout]    |
[INFO] [stdout] 20 | pub(crate) struct CAParams {
[INFO] [stdout]    |                   -------- fields in this struct
[INFO] [stdout] ...
[INFO] [stdout] 28 |     pub(crate) storage_window_size: u64,
[INFO] [stdout]    |                ^^^^^^^^^^^^^^^^^^^
[INFO] [stdout] 29 |     pub(crate) http_server: String,
[INFO] [stdout]    |                ^^^^^^^^^^^
[INFO] [stdout]    |
[INFO] [stdout]    = note: `CAParams` has a derived impl for the trait `Debug`, but this is intentionally ignored during dead code analysis
[INFO] [stdout] 
[INFO] [stdout] 
[INFO] [stdout] warning: struct `LabeledValidityWindow` is never constructed
[INFO] [stdout]   --> src/trust_store.rs:71:8
[INFO] [stdout]    |
[INFO] [stdout] 71 | struct LabeledValidityWindow<T> {
[INFO] [stdout]    |        ^^^^^^^^^^^^^^^^^^^^^
[INFO] [stdout] 
[INFO] [stdout] 
[INFO] [stderr]     Finished `test` profile [unoptimized + debuginfo] target(s) in 9.60s
[INFO] running `Command { std: "docker" "inspect" "4dcf94d36d8831c2d8b5b5683e938fd75692244251c6527d068d043c0bcbcbe6", kill_on_drop: false }`
[INFO] running `Command { std: "docker" "rm" "-f" "4dcf94d36d8831c2d8b5b5683e938fd75692244251c6527d068d043c0bcbcbe6", kill_on_drop: false }`
[INFO] [stdout] 4dcf94d36d8831c2d8b5b5683e938fd75692244251c6527d068d043c0bcbcbe6
[INFO] running `Command { std: "docker" "create" "-v" "/var/lib/crater-agent-workspace/builds/worker-7-tc1/target:/opt/rustwide/target:rw,Z" "-v" "/var/lib/crater-agent-workspace/builds/worker-7-tc1/source:/opt/rustwide/workdir:ro,Z" "-v" "/var/lib/crater-agent-workspace/cargo-home:/opt/rustwide/cargo-home:ro,Z" "-v" "/var/lib/crater-agent-workspace/rustup-home:/opt/rustwide/rustup-home:ro,Z" "-e" "SOURCE_DIR=/opt/rustwide/workdir" "-e" "CARGO_TARGET_DIR=/opt/rustwide/target" "-e" "CARGO_INCREMENTAL=0" "-e" "RUST_BACKTRACE=full" "-e" "RUSTFLAGS=--cap-lints=forbid" "-e" "RUSTDOCFLAGS=--cap-lints=forbid" "-e" "CARGO_HOME=/opt/rustwide/cargo-home" "-e" "RUSTUP_HOME=/opt/rustwide/rustup-home" "-w" "/opt/rustwide/workdir" "-m" "1610612736" "--user" "0:0" "--network" "none" "ghcr.io/rust-lang/crates-build-env/linux@sha256:819108c5571ea2e421544af4d832f968d213c87fbe3707a016657f43d2f853bc" "/opt/rustwide/cargo-home/bin/cargo" "+nightly-2025-01-18" "test" "--frozen", kill_on_drop: false }`
[INFO] [stdout] 4411c551c140f47f1421c5c5f4f2ee803b8540dae419dcddce4ba1ab5c8d958d
[INFO] running `Command { std: "docker" "start" "-a" "4411c551c140f47f1421c5c5f4f2ee803b8540dae419dcddce4ba1ab5c8d958d", kill_on_drop: false }`
[INFO] [stderr] warning: unused variable: `issuer`
[INFO] [stderr]   --> src/model/tai_store.rs:53:25
[INFO] [stderr]    |
[INFO] [stderr] 53 |     fn ca_params(&self, issuer: &Issuer) -> Option<&crate::CAParams> {
[INFO] [stderr]    |                         ^^^^^^ help: if this is intentional, prefix it with an underscore: `_issuer`
[INFO] [stderr]    |
[INFO] [stderr]    = note: `#[warn(unused_variables)]` on by default
[INFO] [stderr] 
[INFO] [stderr] warning: type `trust_store::CAParams` is more private than the item `tai_store::TaiRootStore::ca_params`
[INFO] [stderr]   --> src/model/tai_store.rs:12:5
[INFO] [stderr]    |
[INFO] [stderr] 12 |     fn ca_params(&self, issuer: &Issuer) -> Option<&crate::CAParams>;
[INFO] [stderr]    |     ^^^^^^^^^^^^^^^^^^^^^^^^^^^^^^^^^^^^^^^^^^^^^^^^^^^^^^^^^^^^^^^^^ method `tai_store::TaiRootStore::ca_params` is reachable at visibility `pub`
[INFO] [stderr]    |
[INFO] [stderr] note: but type `trust_store::CAParams` is only usable at visibility `pub(crate)`
[INFO] [stderr]   --> src/trust_store.rs:20:1
[INFO] [stderr]    |
[INFO] [stderr] 20 | pub(crate) struct CAParams {
[INFO] [stderr]    | ^^^^^^^^^^^^^^^^^^^^^^^^^^
[INFO] [stderr]    = note: `#[warn(private_interfaces)]` on by default
[INFO] [stderr] 
[INFO] [stderr] warning: type `trust_store::CAParams` is more private than the item `<MemoryTaiRootStore as tai_store::TaiRootStore>::ca_params`
[INFO] [stderr]   --> src/model/tai_store.rs:53:5
[INFO] [stderr]    |
[INFO] [stderr] 53 |     fn ca_params(&self, issuer: &Issuer) -> Option<&crate::CAParams> {
[INFO] [stderr]    |     ^^^^^^^^^^^^^^^^^^^^^^^^^^^^^^^^^^^^^^^^^^^^^^^^^^^^^^^^^^^^^^^^ method `<MemoryTaiRootStore as tai_store::TaiRootStore>::ca_params` is reachable at visibility `pub`
[INFO] [stderr]    |
[INFO] [stderr] note: but type `trust_store::CAParams` is only usable at visibility `pub(crate)`
[INFO] [stderr]   --> src/trust_store.rs:20:1
[INFO] [stderr]    |
[INFO] [stderr] 20 | pub(crate) struct CAParams {
[INFO] [stderr]    | ^^^^^^^^^^^^^^^^^^^^^^^^^^
[INFO] [stderr] 
[INFO] [stderr] warning: type `trust_store::CAParams` is more private than the item `<OsMtcRootStore as tai_store::TaiRootStore>::ca_params`
[INFO] [stderr]    --> src/trust_store.rs:242:5
[INFO] [stderr]     |
[INFO] [stderr] 242 |     fn ca_params(&self, issuer: &Issuer) -> Option<&CAParams> {
[INFO] [stderr]     |     ^^^^^^^^^^^^^^^^^^^^^^^^^^^^^^^^^^^^^^^^^^^^^^^^^^^^^^^^^ method `<OsMtcRootStore as tai_store::TaiRootStore>::ca_params` is reachable at visibility `pub`
[INFO] [stderr]     |
[INFO] [stderr] note: but type `trust_store::CAParams` is only usable at visibility `pub(crate)`
[INFO] [stderr]    --> src/trust_store.rs:20:1
[INFO] [stderr]     |
[INFO] [stderr] 20  | pub(crate) struct CAParams {
[INFO] [stderr]     | ^^^^^^^^^^^^^^^^^^^^^^^^^^
[INFO] [stderr] 
[INFO] [stderr] warning: variant `U8` is never constructed
[INFO] [stderr]   --> src/model/mod.rs:49:5
[INFO] [stderr]    |
[INFO] [stderr] 48 | enum ListLength {
[INFO] [stderr]    |      ---------- variant in this enum
[INFO] [stderr] 49 |     U8,
[INFO] [stderr]    |     ^^
[INFO] [stderr]    |
[INFO] [stderr]    = note: `#[warn(dead_code)]` on by default
[INFO] [stderr] 
[INFO] [stderr] warning: fields `storage_window_size` and `http_server` are never read
[INFO] [stderr]   --> src/trust_store.rs:28:16
[INFO] [stderr]    |
[INFO] [stderr] 20 | pub(crate) struct CAParams {
[INFO] [stderr]    |                   -------- fields in this struct
[INFO] [stderr] ...
[INFO] [stderr] 28 |     pub(crate) storage_window_size: u64,
[INFO] [stderr]    |                ^^^^^^^^^^^^^^^^^^^
[INFO] [stderr] 29 |     pub(crate) http_server: String,
[INFO] [stderr]    |                ^^^^^^^^^^^
[INFO] [stderr]    |
[INFO] [stderr]    = note: `CAParams` has a derived impl for the trait `Debug`, but this is intentionally ignored during dead code analysis
[INFO] [stderr] 
[INFO] [stderr] warning: struct `LabeledValidityWindow` is never constructed
[INFO] [stderr]   --> src/trust_store.rs:71:8
[INFO] [stderr]    |
[INFO] [stderr] 71 | struct LabeledValidityWindow<T> {
[INFO] [stderr]    |        ^^^^^^^^^^^^^^^^^^^^^
[INFO] [stderr] 
[INFO] [stderr] warning: `mtc-verifier` (lib) generated 7 warnings
[INFO] [stderr] warning: unused variable: `issuer`
[INFO] [stderr]    --> src/model/tai_store.rs:135:29
[INFO] [stderr]     |
[INFO] [stderr] 135 |         fn ca_params(&self, issuer: &Issuer) -> Option<&CAParams> {
[INFO] [stderr]     |                             ^^^^^^ help: if this is intentional, prefix it with an underscore: `_issuer`
[INFO] [stderr] 
[INFO] [stderr] warning: type `trust_store::CAParams` is more private than the item `<tai_store::MemoryTaiRootStore as tai_store::TaiRootStore>::ca_params`
[INFO] [stderr]   --> src/model/tai_store.rs:53:5
[INFO] [stderr]    |
[INFO] [stderr] 53 |     fn ca_params(&self, issuer: &Issuer) -> Option<&crate::CAParams> {
[INFO] [stderr]    |     ^^^^^^^^^^^^^^^^^^^^^^^^^^^^^^^^^^^^^^^^^^^^^^^^^^^^^^^^^^^^^^^^ method `<tai_store::MemoryTaiRootStore as tai_store::TaiRootStore>::ca_params` is reachable at visibility `pub`
[INFO] [stderr]    |
[INFO] [stderr] note: but type `trust_store::CAParams` is only usable at visibility `pub(crate)`
[INFO] [stderr]   --> src/trust_store.rs:20:1
[INFO] [stderr]    |
[INFO] [stderr] 20 | pub(crate) struct CAParams {
[INFO] [stderr]    | ^^^^^^^^^^^^^^^^^^^^^^^^^^
[INFO] [stderr] 
[INFO] [stderr] warning: `mtc-verifier` (lib test) generated 8 warnings (6 duplicates)
[INFO] [stderr]     Finished `test` profile [unoptimized + debuginfo] target(s) in 0.06s
[INFO] [stderr]      Running unittests src/lib.rs (/opt/rustwide/target/debug/deps/mtc_verifier-56e77b6d867c730e)
[INFO] [stdout] 
[INFO] [stdout] running 2 tests
[INFO] [stdout] test model::test::basic ... ok
[INFO] [stdout] test test::valid_cert ... FAILED
[INFO] [stdout] 
[INFO] [stdout] failures:
[INFO] [stdout] 
[INFO] [stdout] ---- test::valid_cert stdout ----
[INFO] [stdout] 
[INFO] [stdout] thread 'test::valid_cert' panicked at src/model/tai_store.rs:54:9:
[INFO] [stdout] not yet implemented
[INFO] [stdout] stack backtrace:
[INFO] [stdout]    0:     0x5ec72a6ccf7a - std::backtrace_rs::backtrace::libunwind::trace::hb059275cfc8d6126
[INFO] [stdout]                                at /rustc/6067b36314ab5eb2eb47cecc464545ba58e1ad24/library/std/src/../../backtrace/src/backtrace/libunwind.rs:116:5
[INFO] [stdout]    1:     0x5ec72a6ccf7a - std::backtrace_rs::backtrace::trace_unsynchronized::h2da071e4327ce3ee
[INFO] [stdout]                                at /rustc/6067b36314ab5eb2eb47cecc464545ba58e1ad24/library/std/src/../../backtrace/src/backtrace/mod.rs:66:5
[INFO] [stdout]    2:     0x5ec72a6ccf7a - std::sys::backtrace::_print_fmt::h842a1474e6f8d23f
[INFO] [stdout]                                at /rustc/6067b36314ab5eb2eb47cecc464545ba58e1ad24/library/std/src/sys/backtrace.rs:66:9
[INFO] [stdout]    3:     0x5ec72a6ccf7a - <std::sys::backtrace::BacktraceLock::print::DisplayBacktrace as core::fmt::Display>::fmt::h71a62eb3b9696b12
[INFO] [stdout]                                at /rustc/6067b36314ab5eb2eb47cecc464545ba58e1ad24/library/std/src/sys/backtrace.rs:39:26
[INFO] [stdout]    4:     0x5ec72a6f5213 - core::fmt::rt::Argument::fmt::hdb6b616786b41dc1
[INFO] [stdout]                                at /rustc/6067b36314ab5eb2eb47cecc464545ba58e1ad24/library/core/src/fmt/rt.rs:177:76
[INFO] [stdout]    5:     0x5ec72a6f5213 - core::fmt::write::h2cc1698af7e2d686
[INFO] [stdout]                                at /rustc/6067b36314ab5eb2eb47cecc464545ba58e1ad24/library/core/src/fmt/mod.rs:1440:21
[INFO] [stdout]    6:     0x5ec72a6c9ad3 - std::io::Write::write_fmt::hab1b4cd059a79022
[INFO] [stdout]                                at /rustc/6067b36314ab5eb2eb47cecc464545ba58e1ad24/library/std/src/io/mod.rs:1887:15
[INFO] [stdout]    7:     0x5ec72a6ccdc2 - std::sys::backtrace::BacktraceLock::print::h147fe35b4ea13b08
[INFO] [stdout]                                at /rustc/6067b36314ab5eb2eb47cecc464545ba58e1ad24/library/std/src/sys/backtrace.rs:42:9
[INFO] [stdout]    8:     0x5ec72a6ce39f - std::panicking::default_hook::{{closure}}::hbd44223dbdc0d208
[INFO] [stdout]                                at /rustc/6067b36314ab5eb2eb47cecc464545ba58e1ad24/library/std/src/panicking.rs:298:22
[INFO] [stdout]    9:     0x5ec72a6ce1b8 - std::panicking::default_hook::h20f81eb0576efcec
[INFO] [stdout]                                at /rustc/6067b36314ab5eb2eb47cecc464545ba58e1ad24/library/std/src/panicking.rs:322:9
[INFO] [stdout]   10:     0x5ec72a66cd23 - <alloc::boxed::Box<F,A> as core::ops::function::Fn<Args>>::call::hdb53814c496a4d34
[INFO] [stdout]                                at /rustc/6067b36314ab5eb2eb47cecc464545ba58e1ad24/library/alloc/src/boxed.rs:2027:9
[INFO] [stdout]   11:     0x5ec72a66cd23 - test::test_main::{{closure}}::hc0a4963c59427c24
[INFO] [stdout]                                at /rustc/6067b36314ab5eb2eb47cecc464545ba58e1ad24/library/test/src/lib.rs:134:21
[INFO] [stdout]   12:     0x5ec72a6cee93 - <alloc::boxed::Box<F,A> as core::ops::function::Fn<Args>>::call::h591b2225413a77e9
[INFO] [stdout]                                at /rustc/6067b36314ab5eb2eb47cecc464545ba58e1ad24/library/alloc/src/boxed.rs:2027:9
[INFO] [stdout]   13:     0x5ec72a6cee93 - std::panicking::rust_panic_with_hook::h625eea43051b2edc
[INFO] [stdout]                                at /rustc/6067b36314ab5eb2eb47cecc464545ba58e1ad24/library/std/src/panicking.rs:839:13
[INFO] [stdout]   14:     0x5ec72a6ceb16 - std::panicking::begin_panic_handler::{{closure}}::h4f9159cfbc3f6bd3
[INFO] [stdout]                                at /rustc/6067b36314ab5eb2eb47cecc464545ba58e1ad24/library/std/src/panicking.rs:697:13
[INFO] [stdout]   15:     0x5ec72a6cd479 - std::sys::backtrace::__rust_end_short_backtrace::h0390abce48353151
[INFO] [stdout]                                at /rustc/6067b36314ab5eb2eb47cecc464545ba58e1ad24/library/std/src/sys/backtrace.rs:168:18
[INFO] [stdout]   16:     0x5ec72a6ce7dd - rust_begin_unwind
[INFO] [stdout]                                at /rustc/6067b36314ab5eb2eb47cecc464545ba58e1ad24/library/std/src/panicking.rs:695:5
[INFO] [stdout]   17:     0x5ec72a6f38a0 - core::panicking::panic_fmt::h9e7c637e9e5f29c9
[INFO] [stdout]                                at /rustc/6067b36314ab5eb2eb47cecc464545ba58e1ad24/library/core/src/panicking.rs:75:14
[INFO] [stdout]   18:     0x5ec72a6f392c - core::panicking::panic::haa3255ea20181a33
[INFO] [stdout]                                at /rustc/6067b36314ab5eb2eb47cecc464545ba58e1ad24/library/core/src/panicking.rs:145:5
[INFO] [stdout]   19:     0x5ec72a3a8d4a - <mtc_verifier::model::tai_store::MemoryTaiRootStore as mtc_verifier::model::tai_store::TaiRootStore>::ca_params::h8ebeea79309ba41c
[INFO] [stdout]                                at /opt/rustwide/workdir/src/model/tai_store.rs:54:9
[INFO] [stdout]   20:     0x5ec72a39ed54 - mtc_verifier::verify_cert::hd8d32356579d8684
[INFO] [stdout]                                at /opt/rustwide/workdir/src/lib.rs:25:21
[INFO] [stdout]   21:     0x5ec72a3a047c - mtc_verifier::test::valid_cert::hd6f9009157e7ce9e
[INFO] [stdout]                                at /opt/rustwide/workdir/src/lib.rs:82:9
[INFO] [stdout]   22:     0x5ec72a39fb67 - mtc_verifier::test::valid_cert::{{closure}}::h54ce52e20e288446
[INFO] [stdout]                                at /opt/rustwide/workdir/src/lib.rs:61:20
[INFO] [stdout]   23:     0x5ec72a3b3136 - core::ops::function::FnOnce::call_once::h35d3e94ec8fc23f2
[INFO] [stdout]                                at /rustc/6067b36314ab5eb2eb47cecc464545ba58e1ad24/library/core/src/ops/function.rs:250:5
[INFO] [stdout]   24:     0x5ec72a67247b - core::ops::function::FnOnce::call_once::he27718dfdd183f43
[INFO] [stdout]                                at /rustc/6067b36314ab5eb2eb47cecc464545ba58e1ad24/library/core/src/ops/function.rs:250:5
[INFO] [stdout]   25:     0x5ec72a67247b - test::__rust_begin_short_backtrace::h4e84902998457a5d
[INFO] [stdout]                                at /rustc/6067b36314ab5eb2eb47cecc464545ba58e1ad24/library/test/src/lib.rs:632:18
[INFO] [stdout]   26:     0x5ec72a6713b3 - test::run_test_in_process::{{closure}}::h7176fd18fc1feca0
[INFO] [stdout]                                at /rustc/6067b36314ab5eb2eb47cecc464545ba58e1ad24/library/test/src/lib.rs:655:60
[INFO] [stdout]   27:     0x5ec72a6713b3 - <core::panic::unwind_safe::AssertUnwindSafe<F> as core::ops::function::FnOnce<()>>::call_once::hf79cff2a624d8cf7
[INFO] [stdout]                                at /rustc/6067b36314ab5eb2eb47cecc464545ba58e1ad24/library/core/src/panic/unwind_safe.rs:272:9
[INFO] [stdout]   28:     0x5ec72a6713b3 - std::panicking::try::do_call::h3da0561d9ab99c25
[INFO] [stdout]                                at /rustc/6067b36314ab5eb2eb47cecc464545ba58e1ad24/library/std/src/panicking.rs:587:40
[INFO] [stdout]   29:     0x5ec72a6713b3 - std::panicking::try::h41c9fa508bc61df6
[INFO] [stdout]                                at /rustc/6067b36314ab5eb2eb47cecc464545ba58e1ad24/library/std/src/panicking.rs:550:19
[INFO] [stdout]   30:     0x5ec72a6713b3 - std::panic::catch_unwind::h6b3ff07bb5afad93
[INFO] [stdout]                                at /rustc/6067b36314ab5eb2eb47cecc464545ba58e1ad24/library/std/src/panic.rs:358:14
[INFO] [stdout]   31:     0x5ec72a6713b3 - test::run_test_in_process::hc7253dd11b39b9f4
[INFO] [stdout]                                at /rustc/6067b36314ab5eb2eb47cecc464545ba58e1ad24/library/test/src/lib.rs:655:27
[INFO] [stdout]   32:     0x5ec72a6713b3 - test::run_test::{{closure}}::hfb2007f8649c30bb
[INFO] [stdout]                                at /rustc/6067b36314ab5eb2eb47cecc464545ba58e1ad24/library/test/src/lib.rs:576:43
[INFO] [stdout]   33:     0x5ec72a634495 - test::run_test::{{closure}}::h56a17aa7a282a9f4
[INFO] [stdout]                                at /rustc/6067b36314ab5eb2eb47cecc464545ba58e1ad24/library/test/src/lib.rs:606:41
[INFO] [stdout]   34:     0x5ec72a634495 - std::sys::backtrace::__rust_begin_short_backtrace::hd2d2d2fb8e8c6aac
[INFO] [stdout]                                at /rustc/6067b36314ab5eb2eb47cecc464545ba58e1ad24/library/std/src/sys/backtrace.rs:152:18
[INFO] [stdout]   35:     0x5ec72a637d7a - std::thread::Builder::spawn_unchecked_::{{closure}}::{{closure}}::h4faa3f9db6133423
[INFO] [stdout]                                at /rustc/6067b36314ab5eb2eb47cecc464545ba58e1ad24/library/std/src/thread/mod.rs:559:17
[INFO] [stdout]   36:     0x5ec72a637d7a - <core::panic::unwind_safe::AssertUnwindSafe<F> as core::ops::function::FnOnce<()>>::call_once::hf2e855a36a4ea846
[INFO] [stdout]                                at /rustc/6067b36314ab5eb2eb47cecc464545ba58e1ad24/library/core/src/panic/unwind_safe.rs:272:9
[INFO] [stdout]   37:     0x5ec72a637d7a - std::panicking::try::do_call::h2f73af3616c35465
[INFO] [stdout]                                at /rustc/6067b36314ab5eb2eb47cecc464545ba58e1ad24/library/std/src/panicking.rs:587:40
[INFO] [stdout]   38:     0x5ec72a637d7a - std::panicking::try::hd1660ce9efadef5a
[INFO] [stdout]                                at /rustc/6067b36314ab5eb2eb47cecc464545ba58e1ad24/library/std/src/panicking.rs:550:19
[INFO] [stdout]   39:     0x5ec72a637d7a - std::panic::catch_unwind::h5ee8d7823b8ca744
[INFO] [stdout]                                at /rustc/6067b36314ab5eb2eb47cecc464545ba58e1ad24/library/std/src/panic.rs:358:14
[INFO] [stdout]   40:     0x5ec72a637d7a - std::thread::Builder::spawn_unchecked_::{{closure}}::h53c3a1894dce8407
[INFO] [stdout]                                at /rustc/6067b36314ab5eb2eb47cecc464545ba58e1ad24/library/std/src/thread/mod.rs:557:30
[INFO] [stdout]   41:     0x5ec72a637d7a - core::ops::function::FnOnce::call_once{{vtable.shim}}::h048ce291ad4f62bf
[INFO] [stdout]                                at /rustc/6067b36314ab5eb2eb47cecc464545ba58e1ad24/library/core/src/ops/function.rs:250:5
[INFO] [stdout]   42:     0x5ec72a6d2dcb - <alloc::boxed::Box<F,A> as core::ops::function::FnOnce<Args>>::call_once::ha52bedf99a3b4981
[INFO] [stdout]                                at /rustc/6067b36314ab5eb2eb47cecc464545ba58e1ad24/library/alloc/src/boxed.rs:2013:9
[INFO] [stdout]   43:     0x5ec72a6d2dcb - <alloc::boxed::Box<F,A> as core::ops::function::FnOnce<Args>>::call_once::h567748934d80ccf8
[INFO] [stdout]                                at /rustc/6067b36314ab5eb2eb47cecc464545ba58e1ad24/library/alloc/src/boxed.rs:2013:9
[INFO] [stdout]   44:     0x5ec72a6d2dcb - std::sys::pal::unix::thread::Thread::new::thread_start::h2d970728ae887adc
[INFO] [stdout]                                at /rustc/6067b36314ab5eb2eb47cecc464545ba58e1ad24/library/std/src/sys/pal/unix/thread.rs:106:17
[INFO] [stdout]   45:     0x731a89901ac3 - <unknown>
[INFO] [stdout]   46:     0x731a89992a04 - clone
[INFO] [stdout]   47:                0x0 - <unknown>
[INFO] [stdout] 
[INFO] [stdout] 
[INFO] [stdout] failures:
[INFO] [stdout]     test::valid_cert
[INFO] [stdout] 
[INFO] [stdout] test result: FAILED. 1 passed; 1 failed; 0 ignored; 0 measured; 0 filtered out; finished in 0.04s
[INFO] [stdout] 
[INFO] [stderr] error: test failed, to rerun pass `--lib`
[INFO] running `Command { std: "docker" "inspect" "4411c551c140f47f1421c5c5f4f2ee803b8540dae419dcddce4ba1ab5c8d958d", kill_on_drop: false }`
[INFO] running `Command { std: "docker" "rm" "-f" "4411c551c140f47f1421c5c5f4f2ee803b8540dae419dcddce4ba1ab5c8d958d", kill_on_drop: false }`
[INFO] [stdout] 4411c551c140f47f1421c5c5f4f2ee803b8540dae419dcddce4ba1ab5c8d958d
