[INFO] cloning repository https://github.com/pjankiewicz/mechatyper
[INFO] running `Command { std: "git" "-c" "credential.helper=" "-c" "credential.helper=/workspace/cargo-home/bin/git-credential-null" "clone" "--bare" "https://github.com/pjankiewicz/mechatyper" "/workspace/cache/git-repos/https%3A%2F%2Fgithub.com%2Fpjankiewicz%2Fmechatyper", kill_on_drop: false }`
[INFO] [stderr] Cloning into bare repository '/workspace/cache/git-repos/https%3A%2F%2Fgithub.com%2Fpjankiewicz%2Fmechatyper'...
[INFO] running `Command { std: "git" "rev-parse" "HEAD", kill_on_drop: false }`
[INFO] [stdout] 2b34e3630b96ac9f9a1c7837fbfafec9c6a18b47
[INFO] testing pjankiewicz/mechatyper against nightly-2025-01-18+rustflags=-Zrandomize-layout for randomize-layout-2
[INFO] running `Command { std: "git" "clone" "/workspace/cache/git-repos/https%3A%2F%2Fgithub.com%2Fpjankiewicz%2Fmechatyper" "/workspace/builds/worker-3-tc2/source", kill_on_drop: false }`
[INFO] [stderr] Cloning into '/workspace/builds/worker-3-tc2/source'...
[INFO] [stderr] done.
[INFO] validating manifest of git repo https://github.com/pjankiewicz/mechatyper on toolchain nightly-2025-01-18
[INFO] running `Command { std: CARGO_HOME="/workspace/cargo-home" RUSTUP_HOME="/workspace/rustup-home" "/workspace/cargo-home/bin/cargo" "+nightly-2025-01-18" "metadata" "--manifest-path" "Cargo.toml" "--no-deps", kill_on_drop: false }`
[INFO] started tweaking git repo https://github.com/pjankiewicz/mechatyper
[INFO] finished tweaking git repo https://github.com/pjankiewicz/mechatyper
[INFO] tweaked toml for git repo https://github.com/pjankiewicz/mechatyper written to /workspace/builds/worker-3-tc2/source/Cargo.toml
[INFO] crate git repo https://github.com/pjankiewicz/mechatyper already has a lockfile, it will not be regenerated
[INFO] running `Command { std: CARGO_HOME="/workspace/cargo-home" RUSTUP_HOME="/workspace/rustup-home" "/workspace/cargo-home/bin/cargo" "+nightly-2025-01-18" "fetch" "--manifest-path" "Cargo.toml", kill_on_drop: false }`
[INFO] running `Command { std: "docker" "create" "-v" "/var/lib/crater-agent-workspace/builds/worker-3-tc2/target:/opt/rustwide/target:rw,Z" "-v" "/var/lib/crater-agent-workspace/builds/worker-3-tc2/source:/opt/rustwide/workdir:ro,Z" "-v" "/var/lib/crater-agent-workspace/cargo-home:/opt/rustwide/cargo-home:ro,Z" "-v" "/var/lib/crater-agent-workspace/rustup-home:/opt/rustwide/rustup-home:ro,Z" "-e" "SOURCE_DIR=/opt/rustwide/workdir" "-e" "CARGO_TARGET_DIR=/opt/rustwide/target" "-e" "CARGO_HOME=/opt/rustwide/cargo-home" "-e" "RUSTUP_HOME=/opt/rustwide/rustup-home" "-w" "/opt/rustwide/workdir" "-m" "1610612736" "--user" "0:0" "--network" "none" "ghcr.io/rust-lang/crates-build-env/linux@sha256:819108c5571ea2e421544af4d832f968d213c87fbe3707a016657f43d2f853bc" "/opt/rustwide/cargo-home/bin/cargo" "+nightly-2025-01-18" "metadata" "--no-deps" "--format-version=1", kill_on_drop: false }`
[INFO] [stdout] 211404c70aa81d687d0fb4f0640a492ea399c782804f1d187c5fd6e712ffe740
[INFO] running `Command { std: "docker" "start" "-a" "211404c70aa81d687d0fb4f0640a492ea399c782804f1d187c5fd6e712ffe740", kill_on_drop: false }`
[INFO] running `Command { std: "docker" "inspect" "211404c70aa81d687d0fb4f0640a492ea399c782804f1d187c5fd6e712ffe740", kill_on_drop: false }`
[INFO] running `Command { std: "docker" "rm" "-f" "211404c70aa81d687d0fb4f0640a492ea399c782804f1d187c5fd6e712ffe740", kill_on_drop: false }`
[INFO] [stdout] 211404c70aa81d687d0fb4f0640a492ea399c782804f1d187c5fd6e712ffe740
[INFO] running `Command { std: "docker" "create" "-v" "/var/lib/crater-agent-workspace/builds/worker-3-tc2/target:/opt/rustwide/target:rw,Z" "-v" "/var/lib/crater-agent-workspace/builds/worker-3-tc2/source:/opt/rustwide/workdir:ro,Z" "-v" "/var/lib/crater-agent-workspace/cargo-home:/opt/rustwide/cargo-home:ro,Z" "-v" "/var/lib/crater-agent-workspace/rustup-home:/opt/rustwide/rustup-home:ro,Z" "-e" "SOURCE_DIR=/opt/rustwide/workdir" "-e" "CARGO_TARGET_DIR=/opt/rustwide/target" "-e" "CARGO_INCREMENTAL=0" "-e" "RUST_BACKTRACE=full" "-e" "RUSTFLAGS=--cap-lints=forbid -Zrandomize-layout" "-e" "RUSTDOCFLAGS=--cap-lints=forbid" "-e" "CARGO_HOME=/opt/rustwide/cargo-home" "-e" "RUSTUP_HOME=/opt/rustwide/rustup-home" "-w" "/opt/rustwide/workdir" "-m" "1610612736" "--user" "0:0" "--network" "none" "ghcr.io/rust-lang/crates-build-env/linux@sha256:819108c5571ea2e421544af4d832f968d213c87fbe3707a016657f43d2f853bc" "/opt/rustwide/cargo-home/bin/cargo" "+nightly-2025-01-18" "build" "--frozen" "--message-format=json", kill_on_drop: false }`
[INFO] [stdout] 8d9b883fd53c0b99aea0ee97ed09282f0a8c1ae12499eb9285aab699374b4ca0
[INFO] running `Command { std: "docker" "start" "-a" "8d9b883fd53c0b99aea0ee97ed09282f0a8c1ae12499eb9285aab699374b4ca0", kill_on_drop: false }`
[INFO] [stderr]    Compiling proc-macro2 v1.0.62
[INFO] [stderr]    Compiling quote v1.0.28
[INFO] [stderr]    Compiling unicode-ident v1.0.9
[INFO] [stderr]    Compiling libc v0.2.146
[INFO] [stderr]    Compiling once_cell v1.18.0
[INFO] [stderr]    Compiling syn v1.0.109
[INFO] [stderr]    Compiling pkg-config v0.3.27
[INFO] [stderr]    Compiling parking_lot_core v0.9.8
[INFO] [stderr]    Compiling futures-core v0.3.28
[INFO] [stderr]    Compiling lock_api v0.4.10
[INFO] [stderr]    Compiling smallvec v1.10.0
[INFO] [stderr]    Compiling itoa v1.0.6
[INFO] [stderr]    Compiling scopeguard v1.1.0
[INFO] [stderr]    Compiling tokio v1.28.2
[INFO] [stderr]    Compiling slab v0.4.8
[INFO] [stderr]    Compiling strsim v0.10.0
[INFO] [stderr]    Compiling futures-task v0.3.28
[INFO] [stderr]    Compiling unicase v2.6.0
[INFO] [stderr]    Compiling indexmap v1.9.3
[INFO] [stderr]    Compiling tracing-core v0.1.31
[INFO] [stderr]    Compiling io-lifetimes v1.0.11
[INFO] [stderr]    Compiling serde v1.0.164
[INFO] [stderr]    Compiling openssl v0.10.55
[INFO] [stderr]    Compiling futures-util v0.3.28
[INFO] [stderr]    Compiling http v0.2.9
[INFO] [stderr]    Compiling rustix v0.37.20
[INFO] [stderr]    Compiling futures-sink v0.3.28
[INFO] [stderr]    Compiling futures-channel v0.3.28
[INFO] [stderr]    Compiling percent-encoding v2.3.0
[INFO] [stderr]    Compiling ryu v1.0.13
[INFO] [stderr]    Compiling try-lock v0.2.4
[INFO] [stderr]    Compiling log v0.4.19
[INFO] [stderr]    Compiling serde_json v1.0.99
[INFO] [stderr]    Compiling want v0.3.1
[INFO] [stderr]    Compiling httpdate v1.0.2
[INFO] [stderr]    Compiling unicode-bidi v0.3.13
[INFO] [stderr]    Compiling form_urlencoded v1.2.0
[INFO] [stderr]    Compiling aho-corasick v1.0.2
[INFO] [stderr]    Compiling tree-sitter v0.20.10
[INFO] [stderr]    Compiling tracing v0.1.37
[INFO] [stderr]    Compiling mime_guess v2.0.4
[INFO] [stderr]    Compiling openssl-sys v0.9.90
[INFO] [stderr]    Compiling http-body v0.4.5
[INFO] [stderr]    Compiling thiserror v1.0.40
[INFO] [stderr]    Compiling idna v0.4.0
[INFO] [stderr]    Compiling utf8parse v0.2.1
[INFO] [stderr]    Compiling regex-syntax v0.7.2
[INFO] [stderr]    Compiling minimal-lexical v0.2.1
[INFO] [stderr]    Compiling anstyle-parse v0.2.1
[INFO] [stderr]    Compiling encoding_rs v0.8.32
[INFO] [stderr]    Compiling anstyle-query v1.0.0
[INFO] [stderr]    Compiling ipnet v2.7.2
[INFO] [stderr]    Compiling anstyle v1.0.1
[INFO] [stderr]    Compiling nom v7.1.3
[INFO] [stderr]    Compiling anyhow v1.0.71
[INFO] [stderr]    Compiling native-tls v0.2.11
[INFO] [stderr]    Compiling base64 v0.21.2
[INFO] [stderr]    Compiling colorchoice v1.0.0
[INFO] [stderr]    Compiling tree-sitter-python v0.20.2
[INFO] [stderr]    Compiling tempfile v3.6.0
[INFO] [stderr]    Compiling tree-sitter-rust v0.20.3
[INFO] [stderr]    Compiling heck v0.4.1
[INFO] [stderr]    Compiling futures-timer v3.0.2
[INFO] [stderr]    Compiling clap_lex v0.5.0
[INFO] [stderr]    Compiling schemars v0.8.12
[INFO] [stderr]    Compiling url v2.4.0
[INFO] [stderr]    Compiling syn v2.0.22
[INFO] [stderr]    Compiling unicode-segmentation v1.10.1
[INFO] [stderr]    Compiling mio v0.8.8
[INFO] [stderr]    Compiling socket2 v0.4.9
[INFO] [stderr]    Compiling num_cpus v1.15.0
[INFO] [stderr]    Compiling parking_lot v0.12.1
[INFO] [stderr]    Compiling signal-hook-registry v1.4.1
[INFO] [stderr]    Compiling getrandom v0.2.10
[INFO] [stderr]    Compiling heck v0.3.3
[INFO] [stderr]    Compiling rand_core v0.6.4
[INFO] [stderr]    Compiling atty v0.2.14
[INFO] [stderr]    Compiling rand_chacha v0.3.1
[INFO] [stderr]    Compiling dyn-clone v1.0.11
[INFO] [stderr]    Compiling colored v2.0.0
[INFO] [stderr]    Compiling termcolor v1.2.0
[INFO] [stderr]    Compiling strum v0.21.0
[INFO] [stderr]    Compiling dotenv v0.15.0
[INFO] [stderr]    Compiling regex v1.8.4
[INFO] [stderr]    Compiling rand v0.8.5
[INFO] [stderr]    Compiling tokio-macros v2.1.0
[INFO] [stderr]    Compiling serde_derive v1.0.164
[INFO] [stderr]    Compiling futures-macro v0.3.28
[INFO] [stderr]    Compiling openssl-macros v0.1.1
[INFO] [stderr]    Compiling thiserror-impl v1.0.40
[INFO] [stderr]    Compiling eventsource-stream v0.2.3
[INFO] [stderr]    Compiling clap_derive v4.3.2
[INFO] [stderr]    Compiling is-terminal v0.4.7
[INFO] [stderr]    Compiling anstream v0.3.2
[INFO] [stderr]    Compiling clap_builder v4.3.8
[INFO] [stderr]    Compiling darling_core v0.14.4
[INFO] [stderr]    Compiling serde_derive_internals v0.26.0
[INFO] [stderr]    Compiling schemars_derive v0.8.12
[INFO] [stderr]    Compiling strum_macros v0.21.1
[INFO] [stderr]    Compiling clap v4.3.8
[INFO] [stderr]    Compiling darling_macro v0.14.4
[INFO] [stderr]    Compiling darling v0.14.4
[INFO] [stderr]    Compiling derive_builder_core v0.12.0
[INFO] [stderr]    Compiling derive_builder_macro v0.12.0
[INFO] [stderr]    Compiling derive_builder v0.12.0
[INFO] [stderr]    Compiling tokio-util v0.7.8
[INFO] [stderr]    Compiling tokio-native-tls v0.3.1
[INFO] [stderr]    Compiling h2 v0.3.19
[INFO] [stderr]    Compiling serde_urlencoded v0.7.1
[INFO] [stderr]    Compiling hyper v0.14.26
[INFO] [stderr]    Compiling hyper-tls v0.5.0
[INFO] [stderr]    Compiling reqwest v0.11.18
[INFO] [stderr]    Compiling reqwest-eventsource v0.4.0
[INFO] [stderr]    Compiling openai v1.0.0-alpha.12
[INFO] [stderr]    Compiling mechatyper v0.1.0 (/opt/rustwide/workdir)
[INFO] [stdout] warning: unused import: `std::collections::HashMap`
[INFO] [stdout]  --> src/main.rs:3:5
[INFO] [stdout]   |
[INFO] [stdout] 3 | use std::collections::HashMap;
[INFO] [stdout]   |     ^^^^^^^^^^^^^^^^^^^^^^^^^
[INFO] [stdout]   |
[INFO] [stdout]   = note: `#[warn(unused_imports)]` on by default
[INFO] [stdout] 
[INFO] [stdout] 
[INFO] [stdout] warning: unused import: `std::fs::File`
[INFO] [stdout]  --> src/main.rs:4:5
[INFO] [stdout]   |
[INFO] [stdout] 4 | use std::fs::File;
[INFO] [stdout]   |     ^^^^^^^^^^^^^
[INFO] [stdout] 
[INFO] [stdout] 
[INFO] [stdout] warning: unused imports: `Read`, `Write`, `stdin`, and `stdout`
[INFO] [stdout]  --> src/main.rs:5:15
[INFO] [stdout]   |
[INFO] [stdout] 5 | use std::io::{stdin, stdout, Read, Write};
[INFO] [stdout]   |               ^^^^^  ^^^^^^  ^^^^  ^^^^^
[INFO] [stdout] 
[INFO] [stdout] 
[INFO] [stdout] warning: unused import: `Path`
[INFO] [stdout]  --> src/main.rs:6:17
[INFO] [stdout]   |
[INFO] [stdout] 6 | use std::path::{Path, PathBuf};
[INFO] [stdout]   |                 ^^^^
[INFO] [stdout] 
[INFO] [stdout] 
[INFO] [stdout] warning: unused import: `std::thread::Scope`
[INFO] [stdout]  --> src/main.rs:7:5
[INFO] [stdout]   |
[INFO] [stdout] 7 | use std::thread::Scope;
[INFO] [stdout]   |     ^^^^^^^^^^^^^^^^^^
[INFO] [stdout] 
[INFO] [stdout] 
[INFO] [stdout] warning: unused imports: `env` and `fs`
[INFO] [stdout]  --> src/main.rs:8:11
[INFO] [stdout]   |
[INFO] [stdout] 8 | use std::{env, fs};
[INFO] [stdout]   |           ^^^  ^^
[INFO] [stdout] 
[INFO] [stdout] 
[INFO] [stdout] warning: unused imports: `Parser as ClapParser` and `Subcommand`
[INFO] [stdout]   --> src/main.rs:11:12
[INFO] [stdout]    |
[INFO] [stdout] 11 | use clap::{Parser as ClapParser, Subcommand};
[INFO] [stdout]    |            ^^^^^^^^^^^^^^^^^^^^  ^^^^^^^^^^
[INFO] [stdout] 
[INFO] [stdout] 
[INFO] [stdout] warning: unused import: `dotenv::dotenv`
[INFO] [stdout]   --> src/main.rs:13:5
[INFO] [stdout]    |
[INFO] [stdout] 13 | use dotenv::dotenv;
[INFO] [stdout]    |     ^^^^^^^^^^^^^^
[INFO] [stdout] 
[INFO] [stdout] 
[INFO] [stdout] warning: unused import: `openai::set_key`
[INFO] [stdout]   --> src/main.rs:15:5
[INFO] [stdout]    |
[INFO] [stdout] 15 | use openai::set_key;
[INFO] [stdout]    |     ^^^^^^^^^^^^^^^
[INFO] [stdout] 
[INFO] [stdout] 
[INFO] [stdout] warning: unused import: `schemars::schema_for`
[INFO] [stdout]   --> src/main.rs:16:5
[INFO] [stdout]    |
[INFO] [stdout] 16 | use schemars::schema_for;
[INFO] [stdout]    |     ^^^^^^^^^^^^^^^^^^^^
[INFO] [stdout] 
[INFO] [stdout] 
[INFO] [stdout] warning: unused imports: `Language`, `Node`, `Parser`, `QueryCursor`, and `Query`
[INFO] [stdout]   --> src/main.rs:17:19
[INFO] [stdout]    |
[INFO] [stdout] 17 | use tree_sitter::{Language, Node, Parser, Query, QueryCursor};
[INFO] [stdout]    |                   ^^^^^^^^  ^^^^  ^^^^^^  ^^^^^  ^^^^^^^^^^^
[INFO] [stdout] 
[INFO] [stdout] 
[INFO] [stdout] warning: unused import: `all_instruction_examples`
[INFO] [stdout]   --> src/main.rs:19:27
[INFO] [stdout]    |
[INFO] [stdout] 19 | use crate::instructions::{all_instruction_examples, GoodInstructions, InitialInstruction};
[INFO] [stdout]    |                           ^^^^^^^^^^^^^^^^^^^^^^^^
[INFO] [stdout] 
[INFO] [stdout] 
[INFO] [stdout] warning: unused imports: `ProgItem` and `PythonProgItem`
[INFO] [stdout]   --> src/main.rs:20:19
[INFO] [stdout]    |
[INFO] [stdout] 20 | use crate::lang::{ProgItem, ProgLanguage, PythonProgItem};
[INFO] [stdout]    |                   ^^^^^^^^                ^^^^^^^^^^^^^^
[INFO] [stdout] 
[INFO] [stdout] 
[INFO] [stdout] warning: unused import: `wrap_user_message`
[INFO] [stdout]   --> src/main.rs:23:36
[INFO] [stdout]    |
[INFO] [stdout] 23 |     user_action_to_chatgpt_prompt, wrap_user_message,
[INFO] [stdout]    |                                    ^^^^^^^^^^^^^^^^^
[INFO] [stdout] 
[INFO] [stdout] 
[INFO] [stdout] warning: unused import: `ProgLanguage`
[INFO] [stdout]  --> src/instructions.rs:5:29
[INFO] [stdout]   |
[INFO] [stdout] 5 | use crate::lang::{ProgItem, ProgLanguage, PythonProgItem};
[INFO] [stdout]   |                             ^^^^^^^^^^^^
[INFO] [stdout] 
[INFO] [stdout] 
[INFO] [stdout] warning: unused import: `std::fmt`
[INFO] [stdout]  --> src/lang.rs:1:5
[INFO] [stdout]   |
[INFO] [stdout] 1 | use std::fmt;
[INFO] [stdout]   |     ^^^^^^^^
[INFO] [stdout] 
[INFO] [stdout] 
[INFO] [stdout] warning: unused imports: `Display` and `Formatter`
[INFO] [stdout]  --> src/lang.rs:2:16
[INFO] [stdout]   |
[INFO] [stdout] 2 | use std::fmt::{Display, Formatter};
[INFO] [stdout]   |                ^^^^^^^  ^^^^^^^^^
[INFO] [stdout] 
[INFO] [stdout] 
[INFO] [stdout] warning: unused import: `std::path::PathBuf`
[INFO] [stdout]  --> src/lang.rs:3:5
[INFO] [stdout]   |
[INFO] [stdout] 3 | use std::path::PathBuf;
[INFO] [stdout]   |     ^^^^^^^^^^^^^^^^^^
[INFO] [stdout] 
[INFO] [stdout] 
[INFO] [stdout] warning: unused import: `crate::prompts::quickcheck_prompt`
[INFO] [stdout]  --> src/llm.rs:3:5
[INFO] [stdout]   |
[INFO] [stdout] 3 | use crate::prompts::quickcheck_prompt;
[INFO] [stdout]   |     ^^^^^^^^^^^^^^^^^^^^^^^^^^^^^^^^^
[INFO] [stdout] 
[INFO] [stdout] 
[INFO] [stdout] warning: unused imports: `Deserialize` and `Serialize`
[INFO] [stdout]  --> src/llm.rs:8:13
[INFO] [stdout]   |
[INFO] [stdout] 8 | use serde::{Deserialize, Serialize};
[INFO] [stdout]   |             ^^^^^^^^^^^  ^^^^^^^^^
[INFO] [stdout] 
[INFO] [stdout] 
[INFO] [stdout] warning: unused import: `tokio::runtime::Runtime`
[INFO] [stdout]   --> src/llm.rs:11:5
[INFO] [stdout]    |
[INFO] [stdout] 11 | use tokio::runtime::Runtime;
[INFO] [stdout]    |     ^^^^^^^^^^^^^^^^^^^^^^^
[INFO] [stdout] 
[INFO] [stdout] 
[INFO] [stdout] warning: unused imports: `JsonSchema` and `schema_for`
[INFO] [stdout]  --> src/prompts.rs:2:16
[INFO] [stdout]   |
[INFO] [stdout] 2 | use schemars::{schema_for, JsonSchema};
[INFO] [stdout]   |                ^^^^^^^^^^  ^^^^^^^^^^
[INFO] [stdout] 
[INFO] [stdout] 
[INFO] [stdout] warning: unused imports: `Deserialize` and `Serialize`
[INFO] [stdout]  --> src/prompts.rs:3:13
[INFO] [stdout]   |
[INFO] [stdout] 3 | use serde::{Deserialize, Serialize};
[INFO] [stdout]   |             ^^^^^^^^^^^  ^^^^^^^^^
[INFO] [stdout] 
[INFO] [stdout] 
[INFO] [stdout] warning: unused imports: `EnumString` and `EnumVariantNames`
[INFO] [stdout]  --> src/prompts.rs:4:20
[INFO] [stdout]   |
[INFO] [stdout] 4 | use strum_macros::{EnumString, EnumVariantNames};
[INFO] [stdout]   |                    ^^^^^^^^^^  ^^^^^^^^^^^^^^^^
[INFO] [stdout] 
[INFO] [stdout] 
[INFO] [stdout] warning: unused import: `InitialInstruction`
[INFO] [stdout]  --> src/prompts.rs:6:53
[INFO] [stdout]   |
[INFO] [stdout] 6 | use crate::instructions::{all_instruction_examples, InitialInstruction};
[INFO] [stdout]   |                                                     ^^^^^^^^^^^^^^^^^^
[INFO] [stdout] 
[INFO] [stdout] 
[INFO] [stdout] warning: unused import: `ProgLanguage`
[INFO] [stdout]  --> src/prompts.rs:7:29
[INFO] [stdout]   |
[INFO] [stdout] 7 | use crate::lang::{ProgItem, ProgLanguage};
[INFO] [stdout]   |                             ^^^^^^^^^^^^
[INFO] [stdout] 
[INFO] [stdout] 
[INFO] [stdout] warning: unused import: `Node`
[INFO] [stdout]   --> src/search.rs:10:29
[INFO] [stdout]    |
[INFO] [stdout] 10 | use tree_sitter::{Language, Node, Parser, Query, QueryCursor, Tree};
[INFO] [stdout]    |                             ^^^^
[INFO] [stdout] 
[INFO] [stdout] 
[INFO] [stdout] warning: unused variable: `prog_item`
[INFO] [stdout]    --> src/prompts.rs:108:38
[INFO] [stdout]     |
[INFO] [stdout] 108 | pub fn user_action_to_chatgpt_prompt(prog_item: &ProgItem, user_message: &str) -> String {
[INFO] [stdout]     |                                      ^^^^^^^^^ help: if this is intentional, prefix it with an underscore: `_prog_item`
[INFO] [stdout]     |
[INFO] [stdout]     = note: `#[warn(unused_variables)]` on by default
[INFO] [stdout] 
[INFO] [stdout] 
[INFO] [stdout] warning: unused variable: `value`
[INFO] [stdout]    --> src/search.rs:107:17
[INFO] [stdout]     |
[INFO] [stdout] 107 |             let value = node
[INFO] [stdout]     |                 ^^^^^ help: if this is intentional, prefix it with an underscore: `_value`
[INFO] [stdout] 
[INFO] [stdout] 
[INFO] [stdout] warning: unused variable: `function_call`
[INFO] [stdout]    --> src/main.rs:170:5
[INFO] [stdout]     |
[INFO] [stdout] 170 |     function_call: Option<String>,
[INFO] [stdout]     |     ^^^^^^^^^^^^^ help: if this is intentional, prefix it with an underscore: `_function_call`
[INFO] [stdout] 
[INFO] [stdout] 
[INFO] [stdout] warning: function `extract_python_code` is never used
[INFO] [stdout]   --> src/code_cleaning.rs:46:8
[INFO] [stdout]    |
[INFO] [stdout] 46 | pub fn extract_python_code(input: &str) -> Option<String> {
[INFO] [stdout]    |        ^^^^^^^^^^^^^^^^^^^
[INFO] [stdout]    |
[INFO] [stdout]    = note: `#[warn(dead_code)]` on by default
[INFO] [stdout] 
[INFO] [stdout] 
[INFO] [stdout] warning: function `user_error_instruction_example` is never used
[INFO] [stdout]   --> src/instructions.rs:68:8
[INFO] [stdout]    |
[INFO] [stdout] 68 | pub fn user_error_instruction_example() -> Result<String> {
[INFO] [stdout]    |        ^^^^^^^^^^^^^^^^^^^^^^^^^^^^^^
[INFO] [stdout] 
[INFO] [stdout] 
[INFO] [stdout] warning: function `load_env_variables` is never used
[INFO] [stdout]   --> src/llm.rs:13:8
[INFO] [stdout]    |
[INFO] [stdout] 13 | pub fn load_env_variables() {
[INFO] [stdout]    |        ^^^^^^^^^^^^^^^^^^
[INFO] [stdout] 
[INFO] [stdout] 
[INFO] [stdout] warning: function `process_chat_prompt` is never used
[INFO] [stdout]   --> src/llm.rs:18:10
[INFO] [stdout]    |
[INFO] [stdout] 18 | async fn process_chat_prompt(
[INFO] [stdout]    |          ^^^^^^^^^^^^^^^^^^^
[INFO] [stdout] 
[INFO] [stdout] 
[INFO] [stdout] warning: function `wrap_user_message` is never used
[INFO] [stdout]   --> src/prompts.rs:34:8
[INFO] [stdout]    |
[INFO] [stdout] 34 | pub fn wrap_user_message(user_message: &str) -> Result<String> {
[INFO] [stdout]    |        ^^^^^^^^^^^^^^^^^
[INFO] [stdout] 
[INFO] [stdout] 
[INFO] [stdout] warning: function `quickcheck_prompt` is never used
[INFO] [stdout]    --> src/prompts.rs:152:8
[INFO] [stdout]     |
[INFO] [stdout] 152 | pub fn quickcheck_prompt(task: &str) -> String {
[INFO] [stdout]     |        ^^^^^^^^^^^^^^^^^
[INFO] [stdout] 
[INFO] [stdout] 
[INFO] [stdout] warning: fields `start_byte` and `end_byte` are never read
[INFO] [stdout]   --> src/search.rs:19:9
[INFO] [stdout]    |
[INFO] [stdout] 15 | pub struct ItemDef {
[INFO] [stdout]    |            ------- fields in this struct
[INFO] [stdout] ...
[INFO] [stdout] 19 |     pub start_byte: usize,
[INFO] [stdout]    |         ^^^^^^^^^^
[INFO] [stdout] 20 |     pub end_byte: usize,
[INFO] [stdout]    |         ^^^^^^^^
[INFO] [stdout]    |
[INFO] [stdout]    = note: `ItemDef` has derived impls for the traits `Debug` and `Clone`, but these are intentionally ignored during dead code analysis
[INFO] [stdout] 
[INFO] [stdout] 
[INFO] [stdout] warning: function `extract_all_items_from_directory` is never used
[INFO] [stdout]   --> src/search.rs:66:8
[INFO] [stdout]    |
[INFO] [stdout] 66 | pub fn extract_all_items_from_directory(
[INFO] [stdout]    |        ^^^^^^^^^^^^^^^^^^^^^^^^^^^^^^^^
[INFO] [stdout] 
[INFO] [stdout] 
[INFO] [stderr]     Finished `dev` profile [unoptimized + debuginfo] target(s) in 52.85s
[INFO] running `Command { std: "docker" "inspect" "8d9b883fd53c0b99aea0ee97ed09282f0a8c1ae12499eb9285aab699374b4ca0", kill_on_drop: false }`
[INFO] running `Command { std: "docker" "rm" "-f" "8d9b883fd53c0b99aea0ee97ed09282f0a8c1ae12499eb9285aab699374b4ca0", kill_on_drop: false }`
[INFO] [stdout] 8d9b883fd53c0b99aea0ee97ed09282f0a8c1ae12499eb9285aab699374b4ca0
[INFO] running `Command { std: "docker" "create" "-v" "/var/lib/crater-agent-workspace/builds/worker-3-tc2/target:/opt/rustwide/target:rw,Z" "-v" "/var/lib/crater-agent-workspace/builds/worker-3-tc2/source:/opt/rustwide/workdir:ro,Z" "-v" "/var/lib/crater-agent-workspace/cargo-home:/opt/rustwide/cargo-home:ro,Z" "-v" "/var/lib/crater-agent-workspace/rustup-home:/opt/rustwide/rustup-home:ro,Z" "-e" "SOURCE_DIR=/opt/rustwide/workdir" "-e" "CARGO_TARGET_DIR=/opt/rustwide/target" "-e" "CARGO_INCREMENTAL=0" "-e" "RUST_BACKTRACE=full" "-e" "RUSTFLAGS=--cap-lints=forbid -Zrandomize-layout" "-e" "RUSTDOCFLAGS=--cap-lints=forbid" "-e" "CARGO_HOME=/opt/rustwide/cargo-home" "-e" "RUSTUP_HOME=/opt/rustwide/rustup-home" "-w" "/opt/rustwide/workdir" "-m" "1610612736" "--user" "0:0" "--network" "none" "ghcr.io/rust-lang/crates-build-env/linux@sha256:819108c5571ea2e421544af4d832f968d213c87fbe3707a016657f43d2f853bc" "/opt/rustwide/cargo-home/bin/cargo" "+nightly-2025-01-18" "test" "--frozen" "--no-run" "--message-format=json", kill_on_drop: false }`
[INFO] [stdout] 1942199114e6590ca61ece6bff2876290f489cb7e0cf04cd26774a643c8c5578
[INFO] running `Command { std: "docker" "start" "-a" "1942199114e6590ca61ece6bff2876290f489cb7e0cf04cd26774a643c8c5578", kill_on_drop: false }`
[INFO] [stderr]    Compiling mechatyper v0.1.0 (/opt/rustwide/workdir)
[INFO] [stdout] warning: unused import: `std::collections::HashMap`
[INFO] [stdout]  --> src/main.rs:3:5
[INFO] [stdout]   |
[INFO] [stdout] 3 | use std::collections::HashMap;
[INFO] [stdout]   |     ^^^^^^^^^^^^^^^^^^^^^^^^^
[INFO] [stdout]   |
[INFO] [stdout]   = note: `#[warn(unused_imports)]` on by default
[INFO] [stdout] 
[INFO] [stdout] 
[INFO] [stdout] warning: unused import: `std::fs::File`
[INFO] [stdout]  --> src/main.rs:4:5
[INFO] [stdout]   |
[INFO] [stdout] 4 | use std::fs::File;
[INFO] [stdout]   |     ^^^^^^^^^^^^^
[INFO] [stdout] 
[INFO] [stdout] 
[INFO] [stdout] warning: unused imports: `Read`, `Write`, `stdin`, and `stdout`
[INFO] [stdout]  --> src/main.rs:5:15
[INFO] [stdout]   |
[INFO] [stdout] 5 | use std::io::{stdin, stdout, Read, Write};
[INFO] [stdout]   |               ^^^^^  ^^^^^^  ^^^^  ^^^^^
[INFO] [stdout] 
[INFO] [stdout] 
[INFO] [stdout] warning: unused import: `Path`
[INFO] [stdout]  --> src/main.rs:6:17
[INFO] [stdout]   |
[INFO] [stdout] 6 | use std::path::{Path, PathBuf};
[INFO] [stdout]   |                 ^^^^
[INFO] [stdout] 
[INFO] [stdout] 
[INFO] [stdout] warning: unused import: `std::thread::Scope`
[INFO] [stdout]  --> src/main.rs:7:5
[INFO] [stdout]   |
[INFO] [stdout] 7 | use std::thread::Scope;
[INFO] [stdout]   |     ^^^^^^^^^^^^^^^^^^
[INFO] [stdout] 
[INFO] [stdout] 
[INFO] [stdout] warning: unused imports: `env` and `fs`
[INFO] [stdout]  --> src/main.rs:8:11
[INFO] [stdout]   |
[INFO] [stdout] 8 | use std::{env, fs};
[INFO] [stdout]   |           ^^^  ^^
[INFO] [stdout] 
[INFO] [stdout] 
[INFO] [stdout] warning: unused imports: `Parser as ClapParser` and `Subcommand`
[INFO] [stdout]   --> src/main.rs:11:12
[INFO] [stdout]    |
[INFO] [stdout] 11 | use clap::{Parser as ClapParser, Subcommand};
[INFO] [stdout]    |            ^^^^^^^^^^^^^^^^^^^^  ^^^^^^^^^^
[INFO] [stdout] 
[INFO] [stdout] 
[INFO] [stdout] warning: unused import: `dotenv::dotenv`
[INFO] [stdout]   --> src/main.rs:13:5
[INFO] [stdout]    |
[INFO] [stdout] 13 | use dotenv::dotenv;
[INFO] [stdout]    |     ^^^^^^^^^^^^^^
[INFO] [stdout] 
[INFO] [stdout] 
[INFO] [stdout] warning: unused import: `openai::set_key`
[INFO] [stdout]   --> src/main.rs:15:5
[INFO] [stdout]    |
[INFO] [stdout] 15 | use openai::set_key;
[INFO] [stdout]    |     ^^^^^^^^^^^^^^^
[INFO] [stdout] 
[INFO] [stdout] 
[INFO] [stdout] warning: unused import: `schemars::schema_for`
[INFO] [stdout]   --> src/main.rs:16:5
[INFO] [stdout]    |
[INFO] [stdout] 16 | use schemars::schema_for;
[INFO] [stdout]    |     ^^^^^^^^^^^^^^^^^^^^
[INFO] [stdout] 
[INFO] [stdout] 
[INFO] [stdout] warning: unused imports: `Language`, `Node`, `Parser`, `QueryCursor`, and `Query`
[INFO] [stdout]   --> src/main.rs:17:19
[INFO] [stdout]    |
[INFO] [stdout] 17 | use tree_sitter::{Language, Node, Parser, Query, QueryCursor};
[INFO] [stdout]    |                   ^^^^^^^^  ^^^^  ^^^^^^  ^^^^^  ^^^^^^^^^^^
[INFO] [stdout] 
[INFO] [stdout] 
[INFO] [stdout] warning: unused import: `all_instruction_examples`
[INFO] [stdout]   --> src/main.rs:19:27
[INFO] [stdout]    |
[INFO] [stdout] 19 | use crate::instructions::{all_instruction_examples, GoodInstructions, InitialInstruction};
[INFO] [stdout]    |                           ^^^^^^^^^^^^^^^^^^^^^^^^
[INFO] [stdout] 
[INFO] [stdout] 
[INFO] [stdout] warning: unused imports: `ProgItem` and `PythonProgItem`
[INFO] [stdout]   --> src/main.rs:20:19
[INFO] [stdout]    |
[INFO] [stdout] 20 | use crate::lang::{ProgItem, ProgLanguage, PythonProgItem};
[INFO] [stdout]    |                   ^^^^^^^^                ^^^^^^^^^^^^^^
[INFO] [stdout] 
[INFO] [stdout] 
[INFO] [stdout] warning: unused import: `wrap_user_message`
[INFO] [stdout]   --> src/main.rs:23:36
[INFO] [stdout]    |
[INFO] [stdout] 23 |     user_action_to_chatgpt_prompt, wrap_user_message,
[INFO] [stdout]    |                                    ^^^^^^^^^^^^^^^^^
[INFO] [stdout] 
[INFO] [stdout] 
[INFO] [stdout] warning: unused import: `ProgLanguage`
[INFO] [stdout]  --> src/instructions.rs:5:29
[INFO] [stdout]   |
[INFO] [stdout] 5 | use crate::lang::{ProgItem, ProgLanguage, PythonProgItem};
[INFO] [stdout]   |                             ^^^^^^^^^^^^
[INFO] [stdout] 
[INFO] [stdout] 
[INFO] [stdout] warning: unused import: `std::fmt`
[INFO] [stdout]  --> src/lang.rs:1:5
[INFO] [stdout]   |
[INFO] [stdout] 1 | use std::fmt;
[INFO] [stdout]   |     ^^^^^^^^
[INFO] [stdout] 
[INFO] [stdout] 
[INFO] [stdout] warning: unused imports: `Display` and `Formatter`
[INFO] [stdout]  --> src/lang.rs:2:16
[INFO] [stdout]   |
[INFO] [stdout] 2 | use std::fmt::{Display, Formatter};
[INFO] [stdout]   |                ^^^^^^^  ^^^^^^^^^
[INFO] [stdout] 
[INFO] [stdout] 
[INFO] [stdout] warning: unused import: `std::path::PathBuf`
[INFO] [stdout]  --> src/lang.rs:3:5
[INFO] [stdout]   |
[INFO] [stdout] 3 | use std::path::PathBuf;
[INFO] [stdout]   |     ^^^^^^^^^^^^^^^^^^
[INFO] [stdout] 
[INFO] [stdout] 
[INFO] [stdout] warning: unused imports: `Deserialize` and `Serialize`
[INFO] [stdout]  --> src/llm.rs:8:13
[INFO] [stdout]   |
[INFO] [stdout] 8 | use serde::{Deserialize, Serialize};
[INFO] [stdout]   |             ^^^^^^^^^^^  ^^^^^^^^^
[INFO] [stdout] 
[INFO] [stdout] 
[INFO] [stdout] warning: unused imports: `JsonSchema` and `schema_for`
[INFO] [stdout]  --> src/prompts.rs:2:16
[INFO] [stdout]   |
[INFO] [stdout] 2 | use schemars::{schema_for, JsonSchema};
[INFO] [stdout]   |                ^^^^^^^^^^  ^^^^^^^^^^
[INFO] [stdout] 
[INFO] [stdout] 
[INFO] [stdout] warning: unused imports: `Deserialize` and `Serialize`
[INFO] [stdout]  --> src/prompts.rs:3:13
[INFO] [stdout]   |
[INFO] [stdout] 3 | use serde::{Deserialize, Serialize};
[INFO] [stdout]   |             ^^^^^^^^^^^  ^^^^^^^^^
[INFO] [stdout] 
[INFO] [stdout] 
[INFO] [stdout] warning: unused imports: `EnumString` and `EnumVariantNames`
[INFO] [stdout]  --> src/prompts.rs:4:20
[INFO] [stdout]   |
[INFO] [stdout] 4 | use strum_macros::{EnumString, EnumVariantNames};
[INFO] [stdout]   |                    ^^^^^^^^^^  ^^^^^^^^^^^^^^^^
[INFO] [stdout] 
[INFO] [stdout] 
[INFO] [stdout] warning: unused import: `InitialInstruction`
[INFO] [stdout]  --> src/prompts.rs:6:53
[INFO] [stdout]   |
[INFO] [stdout] 6 | use crate::instructions::{all_instruction_examples, InitialInstruction};
[INFO] [stdout]   |                                                     ^^^^^^^^^^^^^^^^^^
[INFO] [stdout] 
[INFO] [stdout] 
[INFO] [stdout] warning: unused import: `ProgLanguage`
[INFO] [stdout]  --> src/prompts.rs:7:29
[INFO] [stdout]   |
[INFO] [stdout] 7 | use crate::lang::{ProgItem, ProgLanguage};
[INFO] [stdout]   |                             ^^^^^^^^^^^^
[INFO] [stdout] 
[INFO] [stdout] 
[INFO] [stdout] warning: unused import: `Node`
[INFO] [stdout]   --> src/search.rs:10:29
[INFO] [stdout]    |
[INFO] [stdout] 10 | use tree_sitter::{Language, Node, Parser, Query, QueryCursor, Tree};
[INFO] [stdout]    |                             ^^^^
[INFO] [stdout] 
[INFO] [stdout] 
[INFO] [stdout] warning: unused import: `std::path::Path`
[INFO] [stdout]    --> src/search.rs:216:9
[INFO] [stdout]     |
[INFO] [stdout] 216 |     use std::path::Path;
[INFO] [stdout]     |         ^^^^^^^^^^^^^^^
[INFO] [stdout] 
[INFO] [stdout] 
[INFO] [stdout] warning: unused variable: `prog_item`
[INFO] [stdout]    --> src/prompts.rs:108:38
[INFO] [stdout]     |
[INFO] [stdout] 108 | pub fn user_action_to_chatgpt_prompt(prog_item: &ProgItem, user_message: &str) -> String {
[INFO] [stdout]     |                                      ^^^^^^^^^ help: if this is intentional, prefix it with an underscore: `_prog_item`
[INFO] [stdout]     |
[INFO] [stdout]     = note: `#[warn(unused_variables)]` on by default
[INFO] [stdout] 
[INFO] [stdout] 
[INFO] [stdout] warning: unused variable: `value`
[INFO] [stdout]    --> src/search.rs:107:17
[INFO] [stdout]     |
[INFO] [stdout] 107 |             let value = node
[INFO] [stdout]     |                 ^^^^^ help: if this is intentional, prefix it with an underscore: `_value`
[INFO] [stdout] 
[INFO] [stdout] 
[INFO] [stdout] warning: unused variable: `function_call`
[INFO] [stdout]    --> src/main.rs:170:5
[INFO] [stdout]     |
[INFO] [stdout] 170 |     function_call: Option<String>,
[INFO] [stdout]     |     ^^^^^^^^^^^^^ help: if this is intentional, prefix it with an underscore: `_function_call`
[INFO] [stdout] 
[INFO] [stdout] 
[INFO] [stdout] warning: function `user_error_instruction_example` is never used
[INFO] [stdout]   --> src/instructions.rs:68:8
[INFO] [stdout]    |
[INFO] [stdout] 68 | pub fn user_error_instruction_example() -> Result<String> {
[INFO] [stdout]    |        ^^^^^^^^^^^^^^^^^^^^^^^^^^^^^^
[INFO] [stdout]    |
[INFO] [stdout]    = note: `#[warn(dead_code)]` on by default
[INFO] [stdout] 
[INFO] [stdout] 
[INFO] [stdout] warning: function `wrap_user_message` is never used
[INFO] [stdout]   --> src/prompts.rs:34:8
[INFO] [stdout]    |
[INFO] [stdout] 34 | pub fn wrap_user_message(user_message: &str) -> Result<String> {
[INFO] [stdout]    |        ^^^^^^^^^^^^^^^^^
[INFO] [stdout] 
[INFO] [stdout] 
[INFO] [stdout] warning: fields `start_byte` and `end_byte` are never read
[INFO] [stdout]   --> src/search.rs:19:9
[INFO] [stdout]    |
[INFO] [stdout] 15 | pub struct ItemDef {
[INFO] [stdout]    |            ------- fields in this struct
[INFO] [stdout] ...
[INFO] [stdout] 19 |     pub start_byte: usize,
[INFO] [stdout]    |         ^^^^^^^^^^
[INFO] [stdout] 20 |     pub end_byte: usize,
[INFO] [stdout]    |         ^^^^^^^^
[INFO] [stdout]    |
[INFO] [stdout]    = note: `ItemDef` has derived impls for the traits `Debug` and `Clone`, but these are intentionally ignored during dead code analysis
[INFO] [stdout] 
[INFO] [stdout] 
[INFO] [stdout] warning: function `extract_all_items_from_directory` is never used
[INFO] [stdout]   --> src/search.rs:66:8
[INFO] [stdout]    |
[INFO] [stdout] 66 | pub fn extract_all_items_from_directory(
[INFO] [stdout]    |        ^^^^^^^^^^^^^^^^^^^^^^^^^^^^^^^^
[INFO] [stdout] 
[INFO] [stdout] 
[INFO] [stderr]     Finished `test` profile [unoptimized + debuginfo] target(s) in 2.82s
[INFO] running `Command { std: "docker" "inspect" "1942199114e6590ca61ece6bff2876290f489cb7e0cf04cd26774a643c8c5578", kill_on_drop: false }`
[INFO] running `Command { std: "docker" "rm" "-f" "1942199114e6590ca61ece6bff2876290f489cb7e0cf04cd26774a643c8c5578", kill_on_drop: false }`
[INFO] [stdout] 1942199114e6590ca61ece6bff2876290f489cb7e0cf04cd26774a643c8c5578
[INFO] running `Command { std: "docker" "create" "-v" "/var/lib/crater-agent-workspace/builds/worker-3-tc2/target:/opt/rustwide/target:rw,Z" "-v" "/var/lib/crater-agent-workspace/builds/worker-3-tc2/source:/opt/rustwide/workdir:ro,Z" "-v" "/var/lib/crater-agent-workspace/cargo-home:/opt/rustwide/cargo-home:ro,Z" "-v" "/var/lib/crater-agent-workspace/rustup-home:/opt/rustwide/rustup-home:ro,Z" "-e" "SOURCE_DIR=/opt/rustwide/workdir" "-e" "CARGO_TARGET_DIR=/opt/rustwide/target" "-e" "CARGO_INCREMENTAL=0" "-e" "RUST_BACKTRACE=full" "-e" "RUSTFLAGS=--cap-lints=forbid -Zrandomize-layout" "-e" "RUSTDOCFLAGS=--cap-lints=forbid" "-e" "CARGO_HOME=/opt/rustwide/cargo-home" "-e" "RUSTUP_HOME=/opt/rustwide/rustup-home" "-w" "/opt/rustwide/workdir" "-m" "1610612736" "--user" "0:0" "--network" "none" "ghcr.io/rust-lang/crates-build-env/linux@sha256:819108c5571ea2e421544af4d832f968d213c87fbe3707a016657f43d2f853bc" "/opt/rustwide/cargo-home/bin/cargo" "+nightly-2025-01-18" "test" "--frozen", kill_on_drop: false }`
[INFO] [stdout] eeab1d1c8ce72033050cd92ede3cbaea1fdacb694394d414216d9720cf1c5111
[INFO] running `Command { std: "docker" "start" "-a" "eeab1d1c8ce72033050cd92ede3cbaea1fdacb694394d414216d9720cf1c5111", kill_on_drop: false }`
[INFO] [stderr] warning: unused import: `std::collections::HashMap`
[INFO] [stderr]  --> src/main.rs:3:5
[INFO] [stderr]   |
[INFO] [stderr] 3 | use std::collections::HashMap;
[INFO] [stderr]   |     ^^^^^^^^^^^^^^^^^^^^^^^^^
[INFO] [stderr]   |
[INFO] [stderr]   = note: `#[warn(unused_imports)]` on by default
[INFO] [stderr] 
[INFO] [stderr] warning: unused import: `std::fs::File`
[INFO] [stderr]  --> src/main.rs:4:5
[INFO] [stderr]   |
[INFO] [stderr] 4 | use std::fs::File;
[INFO] [stderr]   |     ^^^^^^^^^^^^^
[INFO] [stderr] 
[INFO] [stderr] warning: unused imports: `Read`, `Write`, `stdin`, and `stdout`
[INFO] [stderr]  --> src/main.rs:5:15
[INFO] [stderr]   |
[INFO] [stderr] 5 | use std::io::{stdin, stdout, Read, Write};
[INFO] [stderr]   |               ^^^^^  ^^^^^^  ^^^^  ^^^^^
[INFO] [stderr] 
[INFO] [stderr] warning: unused import: `Path`
[INFO] [stderr]  --> src/main.rs:6:17
[INFO] [stderr]   |
[INFO] [stderr] 6 | use std::path::{Path, PathBuf};
[INFO] [stderr]   |                 ^^^^
[INFO] [stderr] 
[INFO] [stderr] warning: unused import: `std::thread::Scope`
[INFO] [stderr]  --> src/main.rs:7:5
[INFO] [stderr]   |
[INFO] [stderr] 7 | use std::thread::Scope;
[INFO] [stderr]   |     ^^^^^^^^^^^^^^^^^^
[INFO] [stderr] 
[INFO] [stderr] warning: unused imports: `env` and `fs`
[INFO] [stderr]  --> src/main.rs:8:11
[INFO] [stderr]   |
[INFO] [stderr] 8 | use std::{env, fs};
[INFO] [stderr]   |           ^^^  ^^
[INFO] [stderr] 
[INFO] [stderr] warning: unused imports: `Parser as ClapParser` and `Subcommand`
[INFO] [stderr]   --> src/main.rs:11:12
[INFO] [stderr]    |
[INFO] [stderr] 11 | use clap::{Parser as ClapParser, Subcommand};
[INFO] [stderr]    |            ^^^^^^^^^^^^^^^^^^^^  ^^^^^^^^^^
[INFO] [stderr] 
[INFO] [stderr] warning: unused import: `dotenv::dotenv`
[INFO] [stderr]   --> src/main.rs:13:5
[INFO] [stderr]    |
[INFO] [stderr] 13 | use dotenv::dotenv;
[INFO] [stderr]    |     ^^^^^^^^^^^^^^
[INFO] [stderr] 
[INFO] [stderr] warning: unused import: `openai::set_key`
[INFO] [stderr]   --> src/main.rs:15:5
[INFO] [stderr]    |
[INFO] [stderr] 15 | use openai::set_key;
[INFO] [stderr]    |     ^^^^^^^^^^^^^^^
[INFO] [stderr] 
[INFO] [stderr] warning: unused import: `schemars::schema_for`
[INFO] [stderr]   --> src/main.rs:16:5
[INFO] [stderr]    |
[INFO] [stderr] 16 | use schemars::schema_for;
[INFO] [stderr]    |     ^^^^^^^^^^^^^^^^^^^^
[INFO] [stderr] 
[INFO] [stderr] warning: unused imports: `Language`, `Node`, `Parser`, `QueryCursor`, and `Query`
[INFO] [stderr]   --> src/main.rs:17:19
[INFO] [stderr]    |
[INFO] [stderr] 17 | use tree_sitter::{Language, Node, Parser, Query, QueryCursor};
[INFO] [stderr]    |                   ^^^^^^^^  ^^^^  ^^^^^^  ^^^^^  ^^^^^^^^^^^
[INFO] [stderr] 
[INFO] [stderr] warning: unused import: `all_instruction_examples`
[INFO] [stderr]   --> src/main.rs:19:27
[INFO] [stderr]    |
[INFO] [stderr] 19 | use crate::instructions::{all_instruction_examples, GoodInstructions, InitialInstruction};
[INFO] [stderr]    |                           ^^^^^^^^^^^^^^^^^^^^^^^^
[INFO] [stderr] 
[INFO] [stderr] warning: unused imports: `ProgItem` and `PythonProgItem`
[INFO] [stderr]   --> src/main.rs:20:19
[INFO] [stderr]    |
[INFO] [stderr] 20 | use crate::lang::{ProgItem, ProgLanguage, PythonProgItem};
[INFO] [stderr]    |                   ^^^^^^^^                ^^^^^^^^^^^^^^
[INFO] [stderr] 
[INFO] [stderr] warning: unused import: `wrap_user_message`
[INFO] [stderr]   --> src/main.rs:23:36
[INFO] [stderr]    |
[INFO] [stderr] 23 |     user_action_to_chatgpt_prompt, wrap_user_message,
[INFO] [stderr]    |                                    ^^^^^^^^^^^^^^^^^
[INFO] [stderr] 
[INFO] [stderr] warning: unused import: `ProgLanguage`
[INFO] [stderr]  --> src/instructions.rs:5:29
[INFO] [stderr]   |
[INFO] [stderr] 5 | use crate::lang::{ProgItem, ProgLanguage, PythonProgItem};
[INFO] [stderr]   |                             ^^^^^^^^^^^^
[INFO] [stderr] 
[INFO] [stderr] warning: unused import: `std::fmt`
[INFO] [stderr]  --> src/lang.rs:1:5
[INFO] [stderr]   |
[INFO] [stderr] 1 | use std::fmt;
[INFO] [stderr]   |     ^^^^^^^^
[INFO] [stderr] 
[INFO] [stderr] warning: unused imports: `Display` and `Formatter`
[INFO] [stderr]  --> src/lang.rs:2:16
[INFO] [stderr]   |
[INFO] [stderr] 2 | use std::fmt::{Display, Formatter};
[INFO] [stderr]   |                ^^^^^^^  ^^^^^^^^^
[INFO] [stderr] 
[INFO] [stderr] warning: unused import: `std::path::PathBuf`
[INFO] [stderr]  --> src/lang.rs:3:5
[INFO] [stderr]   |
[INFO] [stderr] 3 | use std::path::PathBuf;
[INFO] [stderr]   |     ^^^^^^^^^^^^^^^^^^
[INFO] [stderr] 
[INFO] [stderr] warning: unused imports: `Deserialize` and `Serialize`
[INFO] [stderr]  --> src/llm.rs:8:13
[INFO] [stderr]   |
[INFO] [stderr] 8 | use serde::{Deserialize, Serialize};
[INFO] [stderr]   |             ^^^^^^^^^^^  ^^^^^^^^^
[INFO] [stderr] 
[INFO] [stderr] warning: unused imports: `JsonSchema` and `schema_for`
[INFO] [stderr]  --> src/prompts.rs:2:16
[INFO] [stderr]   |
[INFO] [stderr] 2 | use schemars::{schema_for, JsonSchema};
[INFO] [stderr]   |                ^^^^^^^^^^  ^^^^^^^^^^
[INFO] [stderr] 
[INFO] [stderr] warning: unused imports: `Deserialize` and `Serialize`
[INFO] [stderr]  --> src/prompts.rs:3:13
[INFO] [stderr]   |
[INFO] [stderr] 3 | use serde::{Deserialize, Serialize};
[INFO] [stderr]   |             ^^^^^^^^^^^  ^^^^^^^^^
[INFO] [stderr] 
[INFO] [stderr] warning: unused imports: `EnumString` and `EnumVariantNames`
[INFO] [stderr]  --> src/prompts.rs:4:20
[INFO] [stderr]   |
[INFO] [stderr] 4 | use strum_macros::{EnumString, EnumVariantNames};
[INFO] [stderr]   |                    ^^^^^^^^^^  ^^^^^^^^^^^^^^^^
[INFO] [stderr] 
[INFO] [stderr] warning: unused import: `InitialInstruction`
[INFO] [stderr]  --> src/prompts.rs:6:53
[INFO] [stderr]   |
[INFO] [stderr] 6 | use crate::instructions::{all_instruction_examples, InitialInstruction};
[INFO] [stderr]   |                                                     ^^^^^^^^^^^^^^^^^^
[INFO] [stderr] 
[INFO] [stderr] warning: unused import: `ProgLanguage`
[INFO] [stderr]  --> src/prompts.rs:7:29
[INFO] [stderr]   |
[INFO] [stderr] 7 | use crate::lang::{ProgItem, ProgLanguage};
[INFO] [stderr]   |                             ^^^^^^^^^^^^
[INFO] [stderr] 
[INFO] [stderr] warning: unused import: `Node`
[INFO] [stderr]   --> src/search.rs:10:29
[INFO] [stderr]    |
[INFO] [stderr] 10 | use tree_sitter::{Language, Node, Parser, Query, QueryCursor, Tree};
[INFO] [stderr]    |                             ^^^^
[INFO] [stderr] 
[INFO] [stderr] warning: unused import: `std::path::Path`
[INFO] [stderr]    --> src/search.rs:216:9
[INFO] [stderr]     |
[INFO] [stderr] 216 |     use std::path::Path;
[INFO] [stderr]     |         ^^^^^^^^^^^^^^^
[INFO] [stderr] 
[INFO] [stderr] warning: unused variable: `prog_item`
[INFO] [stderr]    --> src/prompts.rs:108:38
[INFO] [stderr]     |
[INFO] [stderr] 108 | pub fn user_action_to_chatgpt_prompt(prog_item: &ProgItem, user_message: &str) -> String {
[INFO] [stderr]     |                                      ^^^^^^^^^ help: if this is intentional, prefix it with an underscore: `_prog_item`
[INFO] [stderr]     |
[INFO] [stderr]     = note: `#[warn(unused_variables)]` on by default
[INFO] [stderr] 
[INFO] [stderr] warning: unused variable: `value`
[INFO] [stderr]    --> src/search.rs:107:17
[INFO] [stderr]     |
[INFO] [stderr] 107 |             let value = node
[INFO] [stderr]     |                 ^^^^^ help: if this is intentional, prefix it with an underscore: `_value`
[INFO] [stderr] 
[INFO] [stderr] warning: unused variable: `function_call`
[INFO] [stderr]    --> src/main.rs:170:5
[INFO] [stderr]     |
[INFO] [stderr] 170 |     function_call: Option<String>,
[INFO] [stderr]     |     ^^^^^^^^^^^^^ help: if this is intentional, prefix it with an underscore: `_function_call`
[INFO] [stderr] 
[INFO] [stderr] warning: function `user_error_instruction_example` is never used
[INFO] [stderr]   --> src/instructions.rs:68:8
[INFO] [stderr]    |
[INFO] [stderr] 68 | pub fn user_error_instruction_example() -> Result<String> {
[INFO] [stderr]    |        ^^^^^^^^^^^^^^^^^^^^^^^^^^^^^^
[INFO] [stderr]    |
[INFO] [stderr]    = note: `#[warn(dead_code)]` on by default
[INFO] [stderr] 
[INFO] [stderr] warning: function `wrap_user_message` is never used
[INFO] [stderr]   --> src/prompts.rs:34:8
[INFO] [stderr]    |
[INFO] [stderr] 34 | pub fn wrap_user_message(user_message: &str) -> Result<String> {
[INFO] [stderr]    |        ^^^^^^^^^^^^^^^^^
[INFO] [stderr] 
[INFO] [stderr] warning: fields `start_byte` and `end_byte` are never read
[INFO] [stderr]   --> src/search.rs:19:9
[INFO] [stderr]    |
[INFO] [stderr] 15 | pub struct ItemDef {
[INFO] [stderr]    |            ------- fields in this struct
[INFO] [stderr] ...
[INFO] [stderr] 19 |     pub start_byte: usize,
[INFO] [stderr]    |         ^^^^^^^^^^
[INFO] [stderr] 20 |     pub end_byte: usize,
[INFO] [stderr]    |         ^^^^^^^^
[INFO] [stderr]    |
[INFO] [stderr]    = note: `ItemDef` has derived impls for the traits `Debug` and `Clone`, but these are intentionally ignored during dead code analysis
[INFO] [stderr] 
[INFO] [stderr] warning: function `extract_all_items_from_directory` is never used
[INFO] [stderr]   --> src/search.rs:66:8
[INFO] [stderr]    |
[INFO] [stderr] 66 | pub fn extract_all_items_from_directory(
[INFO] [stderr]    |        ^^^^^^^^^^^^^^^^^^^^^^^^^^^^^^^^
[INFO] [stderr] 
[INFO] [stderr] warning: `mechatyper` (bin "mechatyper" test) generated 33 warnings (run `cargo fix --bin "mechatyper" --tests` to apply 26 suggestions)
[INFO] [stderr]     Finished `test` profile [unoptimized + debuginfo] target(s) in 0.19s
[INFO] [stderr]      Running unittests src/main.rs (/opt/rustwide/target/debug/deps/mechatyper-64318b285c074875)
[INFO] [stdout] 
[INFO] [stdout] running 6 tests
[INFO] [stdout] test code_cleaning::tests::test_apply_indentation_with_spaces ... ok
[INFO] [stdout] test code_cleaning::tests::test_apply_indentation_with_tabs ... ok
[INFO] [stdout] test code_cleaning::tests::test_extract_python_code ... ok
[INFO] [stdout] test search::tests::test_apply_changes ... ok
[INFO] [stdout] test search::tests::test_extract_sexpr_from_string ... ok
[INFO] [stdout] test llm::main_test ... FAILED
[INFO] [stdout] 
[INFO] [stdout] failures:
[INFO] [stdout] 
[INFO] [stdout] ---- llm::main_test stdout ----
[INFO] [stdout] 
[INFO] [stdout] thread 'llm::main_test' panicked at src/llm.rs:14:14:
[INFO] [stdout] Failed to read .env file: Io(Custom { kind: NotFound, error: "path not found" })
[INFO] [stdout] stack backtrace:
[INFO] [stdout]    0:     0x63d6270d2c9a - std::backtrace_rs::backtrace::libunwind::trace::hb059275cfc8d6126
[INFO] [stdout]                                at /rustc/6067b36314ab5eb2eb47cecc464545ba58e1ad24/library/std/src/../../backtrace/src/backtrace/libunwind.rs:116:5
[INFO] [stdout]    1:     0x63d6270d2c9a - std::backtrace_rs::backtrace::trace_unsynchronized::h2da071e4327ce3ee
[INFO] [stdout]                                at /rustc/6067b36314ab5eb2eb47cecc464545ba58e1ad24/library/std/src/../../backtrace/src/backtrace/mod.rs:66:5
[INFO] [stdout]    2:     0x63d6270d2c9a - std::sys::backtrace::_print_fmt::h842a1474e6f8d23f
[INFO] [stdout]                                at /rustc/6067b36314ab5eb2eb47cecc464545ba58e1ad24/library/std/src/sys/backtrace.rs:66:9
[INFO] [stdout]    3:     0x63d6270d2c9a - <std::sys::backtrace::BacktraceLock::print::DisplayBacktrace as core::fmt::Display>::fmt::h71a62eb3b9696b12
[INFO] [stdout]                                at /rustc/6067b36314ab5eb2eb47cecc464545ba58e1ad24/library/std/src/sys/backtrace.rs:39:26
[INFO] [stdout]    4:     0x63d6270fe4c3 - core::fmt::rt::Argument::fmt::hdb6b616786b41dc1
[INFO] [stdout]                                at /rustc/6067b36314ab5eb2eb47cecc464545ba58e1ad24/library/core/src/fmt/rt.rs:177:76
[INFO] [stdout]    5:     0x63d6270fe4c3 - core::fmt::write::h2cc1698af7e2d686
[INFO] [stdout]                                at /rustc/6067b36314ab5eb2eb47cecc464545ba58e1ad24/library/core/src/fmt/mod.rs:1440:21
[INFO] [stdout]    6:     0x63d6270cea73 - std::io::Write::write_fmt::hab1b4cd059a79022
[INFO] [stdout]                                at /rustc/6067b36314ab5eb2eb47cecc464545ba58e1ad24/library/std/src/io/mod.rs:1887:15
[INFO] [stdout]    7:     0x63d6270d2ae2 - std::sys::backtrace::BacktraceLock::print::h147fe35b4ea13b08
[INFO] [stdout]                                at /rustc/6067b36314ab5eb2eb47cecc464545ba58e1ad24/library/std/src/sys/backtrace.rs:42:9
[INFO] [stdout]    8:     0x63d6270d40bf - std::panicking::default_hook::{{closure}}::hbd44223dbdc0d208
[INFO] [stdout]                                at /rustc/6067b36314ab5eb2eb47cecc464545ba58e1ad24/library/std/src/panicking.rs:298:22
[INFO] [stdout]    9:     0x63d6270d3ed8 - std::panicking::default_hook::h20f81eb0576efcec
[INFO] [stdout]                                at /rustc/6067b36314ab5eb2eb47cecc464545ba58e1ad24/library/std/src/panicking.rs:322:9
[INFO] [stdout]   10:     0x63d626af69a3 - <alloc::boxed::Box<F,A> as core::ops::function::Fn<Args>>::call::hdb53814c496a4d34
[INFO] [stdout]                                at /rustc/6067b36314ab5eb2eb47cecc464545ba58e1ad24/library/alloc/src/boxed.rs:2027:9
[INFO] [stdout]   11:     0x63d626af69a3 - test::test_main::{{closure}}::hc0a4963c59427c24
[INFO] [stdout]                                at /rustc/6067b36314ab5eb2eb47cecc464545ba58e1ad24/library/test/src/lib.rs:134:21
[INFO] [stdout]   12:     0x63d6270d4bb3 - <alloc::boxed::Box<F,A> as core::ops::function::Fn<Args>>::call::h591b2225413a77e9
[INFO] [stdout]                                at /rustc/6067b36314ab5eb2eb47cecc464545ba58e1ad24/library/alloc/src/boxed.rs:2027:9
[INFO] [stdout]   13:     0x63d6270d4bb3 - std::panicking::rust_panic_with_hook::h625eea43051b2edc
[INFO] [stdout]                                at /rustc/6067b36314ab5eb2eb47cecc464545ba58e1ad24/library/std/src/panicking.rs:839:13
[INFO] [stdout]   14:     0x63d6270d486a - std::panicking::begin_panic_handler::{{closure}}::h4f9159cfbc3f6bd3
[INFO] [stdout]                                at /rustc/6067b36314ab5eb2eb47cecc464545ba58e1ad24/library/std/src/panicking.rs:704:13
[INFO] [stdout]   15:     0x63d6270d3199 - std::sys::backtrace::__rust_end_short_backtrace::h0390abce48353151
[INFO] [stdout]                                at /rustc/6067b36314ab5eb2eb47cecc464545ba58e1ad24/library/std/src/sys/backtrace.rs:168:18
[INFO] [stdout]   16:     0x63d6270d44fd - rust_begin_unwind
[INFO] [stdout]                                at /rustc/6067b36314ab5eb2eb47cecc464545ba58e1ad24/library/std/src/panicking.rs:695:5
[INFO] [stdout]   17:     0x63d6270fca00 - core::panicking::panic_fmt::h9e7c637e9e5f29c9
[INFO] [stdout]                                at /rustc/6067b36314ab5eb2eb47cecc464545ba58e1ad24/library/core/src/panicking.rs:75:14
[INFO] [stdout]   18:     0x63d6270fce76 - core::result::unwrap_failed::h7979f09313fe1849
[INFO] [stdout]                                at /rustc/6067b36314ab5eb2eb47cecc464545ba58e1ad24/library/core/src/result.rs:1704:5
[INFO] [stdout]   19:     0x63d626a766bd - core::result::Result<T,E>::expect::h25b9553c77c3bf76
[INFO] [stdout]                                at /rustc/6067b36314ab5eb2eb47cecc464545ba58e1ad24/library/core/src/result.rs:1061:23
[INFO] [stdout]   20:     0x63d626a542df - mechatyper::llm::load_env_variables::hd8c8b2eab06ea1bc
[INFO] [stdout]                                at /opt/rustwide/workdir/src/llm.rs:14:5
[INFO] [stdout]   21:     0x63d626a54481 - mechatyper::llm::process_chat_prompt::{{closure}}::he130f6bb579c64ca
[INFO] [stdout]                                at /opt/rustwide/workdir/src/llm.rs:22:5
[INFO] [stdout]   22:     0x63d626a55db2 - mechatyper::llm::main_test::{{closure}}::hc2c4c1bb710f38c3
[INFO] [stdout]                                at /opt/rustwide/workdir/src/llm.rs:98:60
[INFO] [stdout]   23:     0x63d626a4b8df - tokio::runtime::park::CachedParkThread::block_on::{{closure}}::h598dc2223e74ebca
[INFO] [stdout]                                at /opt/rustwide/cargo-home/registry/src/index.crates.io-1949cf8c6b5b557f/tokio-1.28.2/src/runtime/park.rs:283:63
[INFO] [stdout]   24:     0x63d626a4b2f6 - tokio::runtime::coop::with_budget::hf802ac26fe95bdd5
[INFO] [stdout]                                at /opt/rustwide/cargo-home/registry/src/index.crates.io-1949cf8c6b5b557f/tokio-1.28.2/src/runtime/coop.rs:107:5
[INFO] [stdout]   25:     0x63d626a4b2f6 - tokio::runtime::coop::budget::h508da19062521fb7
[INFO] [stdout]                                at /opt/rustwide/cargo-home/registry/src/index.crates.io-1949cf8c6b5b557f/tokio-1.28.2/src/runtime/coop.rs:73:5
[INFO] [stdout]   26:     0x63d626a4b2f6 - tokio::runtime::park::CachedParkThread::block_on::h47ce6101f2b99a85
[INFO] [stdout]                                at /opt/rustwide/cargo-home/registry/src/index.crates.io-1949cf8c6b5b557f/tokio-1.28.2/src/runtime/park.rs:283:31
[INFO] [stdout]   27:     0x63d626a4bbf3 - tokio::runtime::context::BlockingRegionGuard::block_on::h30024d9f2e751081
[INFO] [stdout]                                at /opt/rustwide/cargo-home/registry/src/index.crates.io-1949cf8c6b5b557f/tokio-1.28.2/src/runtime/context.rs:315:13
[INFO] [stdout]   28:     0x63d626a6a87d - tokio::runtime::scheduler::multi_thread::MultiThread::block_on::hc3029eb4ded98bde
[INFO] [stdout]                                at /opt/rustwide/cargo-home/registry/src/index.crates.io-1949cf8c6b5b557f/tokio-1.28.2/src/runtime/scheduler/multi_thread/mod.rs:66:9
[INFO] [stdout]   29:     0x63d626a36dbb - tokio::runtime::runtime::Runtime::block_on::h9f3233ed58d189e8
[INFO] [stdout]                                at /opt/rustwide/cargo-home/registry/src/index.crates.io-1949cf8c6b5b557f/tokio-1.28.2/src/runtime/runtime.rs:304:45
[INFO] [stdout]   30:     0x63d626a55ae3 - mechatyper::llm::main_test::h1efcac07232be231
[INFO] [stdout]                                at /opt/rustwide/workdir/src/llm.rs:92:5
[INFO] [stdout]   31:     0x63d626a559c7 - mechatyper::llm::main_test::{{closure}}::h3c5045309427b674
[INFO] [stdout]                                at /opt/rustwide/workdir/src/llm.rs:87:15
[INFO] [stdout]   32:     0x63d626a62cb6 - core::ops::function::FnOnce::call_once::h6eb7a3a2da0978b9
[INFO] [stdout]                                at /rustc/6067b36314ab5eb2eb47cecc464545ba58e1ad24/library/core/src/ops/function.rs:250:5
[INFO] [stdout]   33:     0x63d626afc0fb - core::ops::function::FnOnce::call_once::he27718dfdd183f43
[INFO] [stdout]                                at /rustc/6067b36314ab5eb2eb47cecc464545ba58e1ad24/library/core/src/ops/function.rs:250:5
[INFO] [stdout]   34:     0x63d626afc0fb - test::__rust_begin_short_backtrace::h4e84902998457a5d
[INFO] [stdout]                                at /rustc/6067b36314ab5eb2eb47cecc464545ba58e1ad24/library/test/src/lib.rs:632:18
[INFO] [stdout]   35:     0x63d626afb033 - test::run_test_in_process::{{closure}}::h7176fd18fc1feca0
[INFO] [stdout]                                at /rustc/6067b36314ab5eb2eb47cecc464545ba58e1ad24/library/test/src/lib.rs:655:60
[INFO] [stdout]   36:     0x63d626afb033 - <core::panic::unwind_safe::AssertUnwindSafe<F> as core::ops::function::FnOnce<()>>::call_once::hf79cff2a624d8cf7
[INFO] [stdout]                                at /rustc/6067b36314ab5eb2eb47cecc464545ba58e1ad24/library/core/src/panic/unwind_safe.rs:272:9
[INFO] [stdout]   37:     0x63d626afb033 - std::panicking::try::do_call::h3da0561d9ab99c25
[INFO] [stdout]                                at /rustc/6067b36314ab5eb2eb47cecc464545ba58e1ad24/library/std/src/panicking.rs:587:40
[INFO] [stdout]   38:     0x63d626afb033 - std::panicking::try::h41c9fa508bc61df6
[INFO] [stdout]                                at /rustc/6067b36314ab5eb2eb47cecc464545ba58e1ad24/library/std/src/panicking.rs:550:19
[INFO] [stdout]   39:     0x63d626afb033 - std::panic::catch_unwind::h6b3ff07bb5afad93
[INFO] [stdout]                                at /rustc/6067b36314ab5eb2eb47cecc464545ba58e1ad24/library/std/src/panic.rs:358:14
[INFO] [stdout]   40:     0x63d626afb033 - test::run_test_in_process::hc7253dd11b39b9f4
[INFO] [stdout]                                at /rustc/6067b36314ab5eb2eb47cecc464545ba58e1ad24/library/test/src/lib.rs:655:27
[INFO] [stdout]   41:     0x63d626afb033 - test::run_test::{{closure}}::hfb2007f8649c30bb
[INFO] [stdout]                                at /rustc/6067b36314ab5eb2eb47cecc464545ba58e1ad24/library/test/src/lib.rs:576:43
[INFO] [stdout]   42:     0x63d626abe115 - test::run_test::{{closure}}::h56a17aa7a282a9f4
[INFO] [stdout]                                at /rustc/6067b36314ab5eb2eb47cecc464545ba58e1ad24/library/test/src/lib.rs:606:41
[INFO] [stdout]   43:     0x63d626abe115 - std::sys::backtrace::__rust_begin_short_backtrace::hd2d2d2fb8e8c6aac
[INFO] [stdout]                                at /rustc/6067b36314ab5eb2eb47cecc464545ba58e1ad24/library/std/src/sys/backtrace.rs:152:18
[INFO] [stdout]   44:     0x63d626ac19fa - std::thread::Builder::spawn_unchecked_::{{closure}}::{{closure}}::h4faa3f9db6133423
[INFO] [stdout]                                at /rustc/6067b36314ab5eb2eb47cecc464545ba58e1ad24/library/std/src/thread/mod.rs:559:17
[INFO] [stdout]   45:     0x63d626ac19fa - <core::panic::unwind_safe::AssertUnwindSafe<F> as core::ops::function::FnOnce<()>>::call_once::hf2e855a36a4ea846
[INFO] [stdout]                                at /rustc/6067b36314ab5eb2eb47cecc464545ba58e1ad24/library/core/src/panic/unwind_safe.rs:272:9
[INFO] [stdout]   46:     0x63d626ac19fa - std::panicking::try::do_call::h2f73af3616c35465
[INFO] [stdout]                                at /rustc/6067b36314ab5eb2eb47cecc464545ba58e1ad24/library/std/src/panicking.rs:587:40
[INFO] [stdout]   47:     0x63d626ac19fa - std::panicking::try::hd1660ce9efadef5a
[INFO] [stdout]                                at /rustc/6067b36314ab5eb2eb47cecc464545ba58e1ad24/library/std/src/panicking.rs:550:19
[INFO] [stdout]   48:     0x63d626ac19fa - std::panic::catch_unwind::h5ee8d7823b8ca744
[INFO] [stdout]                                at /rustc/6067b36314ab5eb2eb47cecc464545ba58e1ad24/library/std/src/panic.rs:358:14
[INFO] [stdout]   49:     0x63d626ac19fa - std::thread::Builder::spawn_unchecked_::{{closure}}::h53c3a1894dce8407
[INFO] [stdout]                                at /rustc/6067b36314ab5eb2eb47cecc464545ba58e1ad24/library/std/src/thread/mod.rs:557:30
[INFO] [stdout]   50:     0x63d626ac19fa - core::ops::function::FnOnce::call_once{{vtable.shim}}::h048ce291ad4f62bf
[INFO] [stdout]                                at /rustc/6067b36314ab5eb2eb47cecc464545ba58e1ad24/library/core/src/ops/function.rs:250:5
[INFO] [stdout]   51:     0x63d6270d9a6b - <alloc::boxed::Box<F,A> as core::ops::function::FnOnce<Args>>::call_once::ha52bedf99a3b4981
[INFO] [stdout]                                at /rustc/6067b36314ab5eb2eb47cecc464545ba58e1ad24/library/alloc/src/boxed.rs:2013:9
[INFO] [stdout]   52:     0x63d6270d9a6b - <alloc::boxed::Box<F,A> as core::ops::function::FnOnce<Args>>::call_once::h567748934d80ccf8
[INFO] [stdout]                                at /rustc/6067b36314ab5eb2eb47cecc464545ba58e1ad24/library/alloc/src/boxed.rs:2013:9
[INFO] [stdout]   53:     0x63d6270d9a6b - std::sys::pal::unix::thread::Thread::new::thread_start::h2d970728ae887adc
[INFO] [stdout]                                at /rustc/6067b36314ab5eb2eb47cecc464545ba58e1ad24/library/std/src/sys/pal/unix/thread.rs:106:17
[INFO] [stdout]   54:     0x7957f8dd3ac3 - <unknown>
[INFO] [stdout]   55:     0x7957f8e64a04 - clone
[INFO] [stdout]   56:                0x0 - <unknown>
[INFO] [stdout] 
[INFO] [stdout] 
[INFO] [stdout] failures:
[INFO] [stdout]     llm::main_test
[INFO] [stdout] 
[INFO] [stdout] test result: FAILED. 5 passed; 1 failed; 0 ignored; 0 measured; 0 filtered out; finished in 0.16s
[INFO] [stdout] 
[INFO] [stderr] error: test failed, to rerun pass `--bin mechatyper`
[INFO] running `Command { std: "docker" "inspect" "eeab1d1c8ce72033050cd92ede3cbaea1fdacb694394d414216d9720cf1c5111", kill_on_drop: false }`
[INFO] running `Command { std: "docker" "rm" "-f" "eeab1d1c8ce72033050cd92ede3cbaea1fdacb694394d414216d9720cf1c5111", kill_on_drop: false }`
[INFO] [stdout] eeab1d1c8ce72033050cd92ede3cbaea1fdacb694394d414216d9720cf1c5111
