[INFO] cloning repository https://github.com/pinkforest/funnelweb
[INFO] running `Command { std: "git" "-c" "credential.helper=" "-c" "credential.helper=/workspace/cargo-home/bin/git-credential-null" "clone" "--bare" "https://github.com/pinkforest/funnelweb" "/workspace/cache/git-repos/https%3A%2F%2Fgithub.com%2Fpinkforest%2Ffunnelweb", kill_on_drop: false }`
[INFO] [stderr] Cloning into bare repository '/workspace/cache/git-repos/https%3A%2F%2Fgithub.com%2Fpinkforest%2Ffunnelweb'...
[INFO] running `Command { std: "git" "rev-parse" "HEAD", kill_on_drop: false }`
[INFO] [stdout] d908673bf1a2ec67b692d5b48ebb6c24dae98829
[INFO] testing pinkforest/funnelweb against nightly-2025-01-18 for randomize-layout-2
[INFO] running `Command { std: "git" "clone" "/workspace/cache/git-repos/https%3A%2F%2Fgithub.com%2Fpinkforest%2Ffunnelweb" "/workspace/builds/worker-1-tc1/source", kill_on_drop: false }`
[INFO] [stderr] Cloning into '/workspace/builds/worker-1-tc1/source'...
[INFO] [stderr] done.
[INFO] validating manifest of git repo https://github.com/pinkforest/funnelweb on toolchain nightly-2025-01-18
[INFO] running `Command { std: CARGO_HOME="/workspace/cargo-home" RUSTUP_HOME="/workspace/rustup-home" "/workspace/cargo-home/bin/cargo" "+nightly-2025-01-18" "metadata" "--manifest-path" "Cargo.toml" "--no-deps", kill_on_drop: false }`
[INFO] started tweaking git repo https://github.com/pinkforest/funnelweb
[INFO] finished tweaking git repo https://github.com/pinkforest/funnelweb
[INFO] tweaked toml for git repo https://github.com/pinkforest/funnelweb written to /workspace/builds/worker-1-tc1/source/Cargo.toml
[INFO] crate git repo https://github.com/pinkforest/funnelweb already has a lockfile, it will not be regenerated
[INFO] running `Command { std: CARGO_HOME="/workspace/cargo-home" RUSTUP_HOME="/workspace/rustup-home" "/workspace/cargo-home/bin/cargo" "+nightly-2025-01-18" "fetch" "--manifest-path" "Cargo.toml", kill_on_drop: false }`
[INFO] [stderr]     Updating crates.io index
[INFO] [stderr]  Downloading crates ...
[INFO] [stderr]   Downloaded thingbuf v0.1.6
[INFO] [stderr]   Downloaded async-imap v0.9.7
[INFO] [stderr]   Downloaded imap-proto v0.16.4
[INFO] [stderr]   Downloaded winnow v0.6.7
[INFO] [stderr]   Downloaded ratatui v0.26.2
[INFO] running `Command { std: "docker" "create" "-v" "/var/lib/crater-agent-workspace/builds/worker-1-tc1/target:/opt/rustwide/target:rw,Z" "-v" "/var/lib/crater-agent-workspace/builds/worker-1-tc1/source:/opt/rustwide/workdir:ro,Z" "-v" "/var/lib/crater-agent-workspace/cargo-home:/opt/rustwide/cargo-home:ro,Z" "-v" "/var/lib/crater-agent-workspace/rustup-home:/opt/rustwide/rustup-home:ro,Z" "-e" "SOURCE_DIR=/opt/rustwide/workdir" "-e" "CARGO_TARGET_DIR=/opt/rustwide/target" "-e" "CARGO_HOME=/opt/rustwide/cargo-home" "-e" "RUSTUP_HOME=/opt/rustwide/rustup-home" "-w" "/opt/rustwide/workdir" "-m" "1610612736" "--user" "0:0" "--network" "none" "ghcr.io/rust-lang/crates-build-env/linux@sha256:819108c5571ea2e421544af4d832f968d213c87fbe3707a016657f43d2f853bc" "/opt/rustwide/cargo-home/bin/cargo" "+nightly-2025-01-18" "metadata" "--no-deps" "--format-version=1", kill_on_drop: false }`
[INFO] [stdout] 715cce1465dbb161539b36f4e03db3aa137fb498b2538515e305a9237c4a6327
[INFO] running `Command { std: "docker" "start" "-a" "715cce1465dbb161539b36f4e03db3aa137fb498b2538515e305a9237c4a6327", kill_on_drop: false }`
[INFO] running `Command { std: "docker" "inspect" "715cce1465dbb161539b36f4e03db3aa137fb498b2538515e305a9237c4a6327", kill_on_drop: false }`
[INFO] running `Command { std: "docker" "rm" "-f" "715cce1465dbb161539b36f4e03db3aa137fb498b2538515e305a9237c4a6327", kill_on_drop: false }`
[INFO] [stdout] 715cce1465dbb161539b36f4e03db3aa137fb498b2538515e305a9237c4a6327
[INFO] running `Command { std: "docker" "create" "-v" "/var/lib/crater-agent-workspace/builds/worker-1-tc1/target:/opt/rustwide/target:rw,Z" "-v" "/var/lib/crater-agent-workspace/builds/worker-1-tc1/source:/opt/rustwide/workdir:ro,Z" "-v" "/var/lib/crater-agent-workspace/cargo-home:/opt/rustwide/cargo-home:ro,Z" "-v" "/var/lib/crater-agent-workspace/rustup-home:/opt/rustwide/rustup-home:ro,Z" "-e" "SOURCE_DIR=/opt/rustwide/workdir" "-e" "CARGO_TARGET_DIR=/opt/rustwide/target" "-e" "CARGO_INCREMENTAL=0" "-e" "RUST_BACKTRACE=full" "-e" "RUSTFLAGS=--cap-lints=forbid" "-e" "RUSTDOCFLAGS=--cap-lints=forbid" "-e" "CARGO_HOME=/opt/rustwide/cargo-home" "-e" "RUSTUP_HOME=/opt/rustwide/rustup-home" "-w" "/opt/rustwide/workdir" "-m" "1610612736" "--user" "0:0" "--network" "none" "ghcr.io/rust-lang/crates-build-env/linux@sha256:819108c5571ea2e421544af4d832f968d213c87fbe3707a016657f43d2f853bc" "/opt/rustwide/cargo-home/bin/cargo" "+nightly-2025-01-18" "build" "--frozen" "--message-format=json", kill_on_drop: false }`
[INFO] [stdout] 0a02c20c23e5b815a5a5f70fd959b8388f5022fe9128ef1abc22775aa4786445
[INFO] running `Command { std: "docker" "start" "-a" "0a02c20c23e5b815a5a5f70fd959b8388f5022fe9128ef1abc22775aa4786445", kill_on_drop: false }`
[INFO] [stderr]    Compiling autocfg v1.2.0
[INFO] [stderr]    Compiling proc-macro2 v1.0.81
[INFO] [stderr]    Compiling unicode-ident v1.0.12
[INFO] [stderr]    Compiling libc v0.2.154
[INFO] [stderr]    Compiling pin-project-lite v0.2.14
[INFO] [stderr]    Compiling crossbeam-utils v0.8.19
[INFO] [stderr]    Compiling futures-core v0.3.30
[INFO] [stderr]    Compiling parking v2.2.0
[INFO] [stderr]    Compiling once_cell v1.19.0
[INFO] [stderr]    Compiling bitflags v2.5.0
[INFO] [stderr]    Compiling log v0.4.21
[INFO] [stderr]    Compiling futures-io v0.3.30
[INFO] [stderr]    Compiling memchr v2.7.2
[INFO] [stderr]    Compiling version_check v0.9.4
[INFO] [stderr]    Compiling vcpkg v0.2.15
[INFO] [stderr]    Compiling pkg-config v0.3.30
[INFO] [stderr]    Compiling slab v0.4.9
[INFO] [stderr]    Compiling ahash v0.8.11
[INFO] [stderr]    Compiling rustix v0.38.34
[INFO] [stderr]    Compiling concurrent-queue v2.5.0
[INFO] [stderr]    Compiling quote v1.0.36
[INFO] [stderr]    Compiling zerocopy v0.7.32
[INFO] [stderr]    Compiling cc v1.0.96
[INFO] [stderr]    Compiling event-listener v4.0.3
[INFO] [stderr]    Compiling lock_api v0.4.12
[INFO] [stderr]    Compiling linux-raw-sys v0.4.13
[INFO] [stderr]    Compiling syn v2.0.60
[INFO] [stderr]    Compiling signal-hook-registry v1.4.2
[INFO] [stderr]    Compiling rustversion v1.0.15
[INFO] [stderr]    Compiling parking_lot_core v0.9.10
[INFO] [stderr]    Compiling allocator-api2 v0.2.18
[INFO] [stderr]    Compiling io-lifetimes v1.0.11
[INFO] [stderr]    Compiling event-listener v2.5.3
[INFO] [stderr]    Compiling tracing-core v0.1.32
[INFO] [stderr]    Compiling hashbrown v0.14.5
[INFO] [stderr]    Compiling event-listener-strategy v0.4.0
[INFO] [stderr]    Compiling polling v2.8.0
[INFO] [stderr]    Compiling scopeguard v1.2.0
[INFO] [stderr]    Compiling rustix v0.37.27
[INFO] [stderr]    Compiling smallvec v1.13.2
[INFO] [stderr]    Compiling tracing v0.1.40
[INFO] [stderr]    Compiling futures-sink v0.3.30
[INFO] [stderr]    Compiling serde v1.0.199
[INFO] [stderr]    Compiling pin-utils v0.1.0
[INFO] [stderr]    Compiling futures-channel v0.3.30
[INFO] [stderr]    Compiling async-lock v3.3.0
[INFO] [stderr]    Compiling async-io v1.13.0
[INFO] [stderr]    Compiling futures-lite v2.3.0
[INFO] [stderr]    Compiling linux-raw-sys v0.3.8
[INFO] [stderr]    Compiling tinyvec_macros v0.1.1
[INFO] [stderr]    Compiling waker-fn v1.1.1
[INFO] [stderr]    Compiling futures-task v0.3.30
[INFO] [stderr]    Compiling openssl-sys v0.9.102
[INFO] [stderr]    Compiling bitflags v1.3.2
[INFO] [stderr]    Compiling fastrand v1.9.0
[INFO] [stderr]    Compiling signal-hook v0.3.17
[INFO] [stderr]    Compiling tinyvec v1.6.0
[INFO] [stderr]    Compiling parking_lot v0.12.2
[INFO] [stderr]    Compiling futures-lite v1.13.0
[INFO] [stderr]    Compiling async-lock v2.8.0
[INFO] [stderr]    Compiling socket2 v0.4.10
[INFO] [stderr]    Compiling num-traits v0.2.18
[INFO] [stderr]    Compiling openssl v0.10.64
[INFO] [stderr]    Compiling foreign-types-shared v0.1.1
[INFO] [stderr]    Compiling thiserror v1.0.59
[INFO] [stderr]    Compiling foreign-types v0.3.2
[INFO] [stderr]    Compiling async-channel v1.9.0
[INFO] [stderr]    Compiling mio v0.8.11
[INFO] [stderr]    Compiling unicode-normalization v0.1.23
[INFO] [stderr]    Compiling event-listener v3.1.0
[INFO] [stderr]    Compiling event-listener v5.3.0
[INFO] [stderr]    Compiling equivalent v1.0.1
[INFO] [stderr]    Compiling paste v1.0.14
[INFO] [stderr]    Compiling percent-encoding v2.3.1
[INFO] [stderr]    Compiling minimal-lexical v0.2.1
[INFO] [stderr]    Compiling heck v0.4.1
[INFO] [stderr]    Compiling unicode-bidi v0.3.15
[INFO] [stderr]    Compiling native-tls v0.2.11
[INFO] [stderr]    Compiling form_urlencoded v1.2.1
[INFO] [stderr]    Compiling event-listener-strategy v0.5.2
[INFO] [stderr]    Compiling signal-hook-mio v0.2.3
[INFO] [stderr]    Compiling indexmap v2.2.6
[INFO] [stderr]    Compiling castaway v0.2.2
[INFO] [stderr]    Compiling nom v7.1.3
[INFO] [stderr]    Compiling ryu v1.0.17
[INFO] [stderr]    Compiling idna v0.5.0
[INFO] [stderr]    Compiling winnow v0.6.7
[INFO] [stderr]    Compiling static_assertions v1.1.0
[INFO] [stderr]    Compiling itoa v1.0.11
[INFO] [stderr]    Compiling either v1.11.0
[INFO] [stderr]    Compiling openssl-probe v0.1.5
[INFO] [stderr]    Compiling itertools v0.12.1
[INFO] [stderr]    Compiling compact_str v0.7.1
[INFO] [stderr]    Compiling chrono v0.4.38
[INFO] [stderr]    Compiling url v2.5.0
[INFO] [stderr]    Compiling polling v3.7.0
[INFO] [stderr]    Compiling futures-macro v0.3.30
[INFO] [stderr]    Compiling serde_derive v1.0.199
[INFO] [stderr]    Compiling async-io v2.3.2
[INFO] [stderr]    Compiling thiserror-impl v1.0.59
[INFO] [stderr]    Compiling openssl-macros v0.1.1
[INFO] [stderr]    Compiling strum_macros v0.26.2
[INFO] [stderr]    Compiling pin-project-internal v1.1.5
[INFO] [stderr]    Compiling futures-util v0.3.30
[INFO] [stderr]    Compiling async-signal v0.2.6
[INFO] [stderr]    Compiling async-process v1.8.1
[INFO] [stderr]    Compiling async-std v1.12.0
[INFO] [stderr]    Compiling stability v0.2.0
[INFO] [stderr]    Compiling imap-proto v0.16.4
[INFO] [stderr]    Compiling async-channel v2.2.1
[INFO] [stderr]    Compiling pin-project v1.1.5
[INFO] [stderr]    Compiling crossterm v0.27.0
[INFO] [stderr]    Compiling stop-token v0.7.0
[INFO] [stderr]    Compiling lru v0.12.3
[INFO] [stderr]    Compiling strum v0.26.2
[INFO] [stderr]    Compiling unicode-width v0.1.12
[INFO] [stderr]    Compiling cassowary v0.3.0
[INFO] [stderr]    Compiling self_cell v1.0.3
[INFO] [stderr]    Compiling unicode-segmentation v1.11.0
[INFO] [stderr]    Compiling base64 v0.21.7
[INFO] [stderr]    Compiling futures-executor v0.3.30
[INFO] [stderr]    Compiling indoc v2.0.5
[INFO] [stderr]    Compiling futures v0.3.30
[INFO] [stderr]    Compiling bytes v1.6.0
[INFO] [stderr]    Compiling async-native-tls v0.5.0
[INFO] [stderr]    Compiling ratatui v0.26.2
[INFO] [stderr]    Compiling thingbuf v0.1.6
[INFO] [stderr]    Compiling async-imap v0.9.7
[INFO] [stderr]    Compiling funnelweb-imap v0.1.0 (/opt/rustwide/workdir/funnelweb-imap)
[INFO] [stdout] warning: unused import: `thingbuf::StaticThingBuf`
[INFO] [stdout]   --> funnelweb-imap/src/lib.rs:10:5
[INFO] [stdout]    |
[INFO] [stdout] 10 | use thingbuf::StaticThingBuf;
[INFO] [stdout]    |     ^^^^^^^^^^^^^^^^^^^^^^^^
[INFO] [stdout]    |
[INFO] [stdout]    = note: `#[warn(unused_imports)]` on by default
[INFO] [stdout] 
[INFO] [stdout] 
[INFO] [stderr]    Compiling funnelweb-imap-widget v0.1.0 (/opt/rustwide/workdir/funnelweb-imap-widget)
[INFO] [stdout] warning: unused import: `std::time::SystemTime`
[INFO] [stdout]   --> funnelweb-imap-widget/src/lib.rs:10:5
[INFO] [stdout]    |
[INFO] [stdout] 10 | use std::time::SystemTime;
[INFO] [stdout]    |     ^^^^^^^^^^^^^^^^^^^^^
[INFO] [stdout]    |
[INFO] [stdout]    = note: `#[warn(unused_imports)]` on by default
[INFO] [stdout] 
[INFO] [stdout] 
[INFO] [stdout] warning: unused import: `crate::ImapConnectionState`
[INFO] [stdout]  --> funnelweb-imap-widget/src/connections.rs:2:5
[INFO] [stdout]   |
[INFO] [stdout] 2 | use crate::ImapConnectionState;
[INFO] [stdout]   |     ^^^^^^^^^^^^^^^^^^^^^^^^^^
[INFO] [stdout] 
[INFO] [stdout] 
[INFO] [stdout] warning: unused variable: `area`
[INFO] [stdout]   --> funnelweb-imap-widget/src/connections.rs:61:26
[INFO] [stdout]    |
[INFO] [stdout] 61 |     fn render_ref(&self, area: Rect, buf: &mut Buffer, state: &mut Self::State) {
[INFO] [stdout]    |                          ^^^^ help: if this is intentional, prefix it with an underscore: `_area`
[INFO] [stdout]    |
[INFO] [stdout]    = note: `#[warn(unused_variables)]` on by default
[INFO] [stdout] 
[INFO] [stdout] 
[INFO] [stderr]    Compiling toml_datetime v0.6.5
[INFO] [stderr]    Compiling serde_spanned v0.6.5
[INFO] [stderr]    Compiling toml_edit v0.22.12
[INFO] [stderr]    Compiling toml v0.8.12
[INFO] [stderr]    Compiling funnelweb-config v0.1.0 (/opt/rustwide/workdir/funnelweb-config)
[INFO] [stderr]    Compiling funnelweb v0.1.0 (/opt/rustwide/workdir/funnelweb)
[INFO] [stdout] warning: unused import: `funnelweb_config::ImapConfig`
[INFO] [stdout]  --> funnelweb/src/main.rs:7:5
[INFO] [stdout]   |
[INFO] [stdout] 7 | use funnelweb_config::ImapConfig;
[INFO] [stdout]   |     ^^^^^^^^^^^^^^^^^^^^^^^^^^^^
[INFO] [stdout]   |
[INFO] [stdout]   = note: `#[warn(unused_imports)]` on by default
[INFO] [stdout] 
[INFO] [stdout] 
[INFO] [stdout] warning: unused import: `Paragraph`
[INFO] [stdout]   --> funnelweb/src/main.rs:13:31
[INFO] [stdout]    |
[INFO] [stdout] 13 |     widgets::{Block, Borders, Paragraph, Tabs},
[INFO] [stdout]    |                               ^^^^^^^^^
[INFO] [stdout] 
[INFO] [stdout] 
[INFO] [stdout] warning: unused imports: `ImapConnectionState` and `SelectedImapConnection`
[INFO] [stdout]   --> funnelweb/src/main.rs:22:21
[INFO] [stdout]    |
[INFO] [stdout] 22 |     ImapConnection, ImapConnectionState, ImapConnections, ImapConnectionsWidget,
[INFO] [stdout]    |                     ^^^^^^^^^^^^^^^^^^^
[INFO] [stdout] 23 |     SelectedImapConnection,
[INFO] [stdout]    |     ^^^^^^^^^^^^^^^^^^^^^^
[INFO] [stdout] 
[INFO] [stdout] 
[INFO] [stdout] warning: variable does not need to be mutable
[INFO] [stdout]   --> funnelweb/src/main.rs:52:9
[INFO] [stdout]    |
[INFO] [stdout] 52 |     let mut switch_imap_tab = false;
[INFO] [stdout]    |         ----^^^^^^^^^^^^^^^
[INFO] [stdout]    |         |
[INFO] [stdout]    |         help: remove this `mut`
[INFO] [stdout]    |
[INFO] [stdout]    = note: `#[warn(unused_mut)]` on by default
[INFO] [stdout] 
[INFO] [stdout] 
[INFO] [stdout] warning: enum `IoItem` is never used
[INFO] [stdout]   --> funnelweb/src/main.rs:27:6
[INFO] [stdout]    |
[INFO] [stdout] 27 | enum IoItem {
[INFO] [stdout]    |      ^^^^^^
[INFO] [stdout]    |
[INFO] [stdout]    = note: `#[warn(dead_code)]` on by default
[INFO] [stdout] 
[INFO] [stdout] 
[INFO] [stdout] warning: static `IO_QUEUE_OUT` is never used
[INFO] [stdout]   --> funnelweb/src/main.rs:31:8
[INFO] [stdout]    |
[INFO] [stdout] 31 | static IO_QUEUE_OUT: StaticThingBuf<IoItem, 1048> = StaticThingBuf::new();
[INFO] [stdout]    |        ^^^^^^^^^^^^
[INFO] [stdout] 
[INFO] [stdout] 
[INFO] [stdout] warning: static `IO_QUEUE_IN` is never used
[INFO] [stdout]   --> funnelweb/src/main.rs:32:8
[INFO] [stdout]    |
[INFO] [stdout] 32 | static IO_QUEUE_IN: StaticThingBuf<IoItem, 1048> = StaticThingBuf::new();
[INFO] [stdout]    |        ^^^^^^^^^^^
[INFO] [stdout] 
[INFO] [stdout] 
[INFO] [stdout] warning: function `io_thread` is never used
[INFO] [stdout]   --> funnelweb/src/main.rs:34:4
[INFO] [stdout]    |
[INFO] [stdout] 34 | fn io_thread() {}
[INFO] [stdout]    |    ^^^^^^^^^
[INFO] [stdout] 
[INFO] [stdout] 
[INFO] [stderr]     Finished `dev` profile [unoptimized + debuginfo] target(s) in 1m 25s
[INFO] running `Command { std: "docker" "inspect" "0a02c20c23e5b815a5a5f70fd959b8388f5022fe9128ef1abc22775aa4786445", kill_on_drop: false }`
[INFO] running `Command { std: "docker" "rm" "-f" "0a02c20c23e5b815a5a5f70fd959b8388f5022fe9128ef1abc22775aa4786445", kill_on_drop: false }`
[INFO] [stdout] 0a02c20c23e5b815a5a5f70fd959b8388f5022fe9128ef1abc22775aa4786445
[INFO] running `Command { std: "docker" "create" "-v" "/var/lib/crater-agent-workspace/builds/worker-1-tc1/target:/opt/rustwide/target:rw,Z" "-v" "/var/lib/crater-agent-workspace/builds/worker-1-tc1/source:/opt/rustwide/workdir:ro,Z" "-v" "/var/lib/crater-agent-workspace/cargo-home:/opt/rustwide/cargo-home:ro,Z" "-v" "/var/lib/crater-agent-workspace/rustup-home:/opt/rustwide/rustup-home:ro,Z" "-e" "SOURCE_DIR=/opt/rustwide/workdir" "-e" "CARGO_TARGET_DIR=/opt/rustwide/target" "-e" "CARGO_INCREMENTAL=0" "-e" "RUST_BACKTRACE=full" "-e" "RUSTFLAGS=--cap-lints=forbid" "-e" "RUSTDOCFLAGS=--cap-lints=forbid" "-e" "CARGO_HOME=/opt/rustwide/cargo-home" "-e" "RUSTUP_HOME=/opt/rustwide/rustup-home" "-w" "/opt/rustwide/workdir" "-m" "1610612736" "--user" "0:0" "--network" "none" "ghcr.io/rust-lang/crates-build-env/linux@sha256:819108c5571ea2e421544af4d832f968d213c87fbe3707a016657f43d2f853bc" "/opt/rustwide/cargo-home/bin/cargo" "+nightly-2025-01-18" "test" "--frozen" "--no-run" "--message-format=json", kill_on_drop: false }`
[INFO] [stdout] 50f7b7231033cee385f449ad69c1f17614d020964974c4091da7644f3cd894fd
[INFO] running `Command { std: "docker" "start" "-a" "50f7b7231033cee385f449ad69c1f17614d020964974c4091da7644f3cd894fd", kill_on_drop: false }`
[INFO] [stderr]    Compiling console v0.15.8
[INFO] [stderr]    Compiling similar v2.5.0
[INFO] [stderr]    Compiling linked-hash-map v0.5.6
[INFO] [stdout] warning: unused import: `thingbuf::StaticThingBuf`
[INFO] [stdout]   --> funnelweb-imap/src/lib.rs:10:5
[INFO] [stdout]    |
[INFO] [stdout] 10 | use thingbuf::StaticThingBuf;
[INFO] [stdout]    |     ^^^^^^^^^^^^^^^^^^^^^^^^
[INFO] [stdout]    |
[INFO] [stdout]    = note: `#[warn(unused_imports)]` on by default
[INFO] [stdout] 
[INFO] [stdout] 
[INFO] [stderr]    Compiling funnelweb-imap-widget v0.1.0 (/opt/rustwide/workdir/funnelweb-imap-widget)
[INFO] [stdout] warning: unused import: `std::time::SystemTime`
[INFO] [stdout]   --> funnelweb-imap-widget/src/lib.rs:10:5
[INFO] [stdout]    |
[INFO] [stdout] 10 | use std::time::SystemTime;
[INFO] [stdout]    |     ^^^^^^^^^^^^^^^^^^^^^
[INFO] [stdout]    |
[INFO] [stdout]    = note: `#[warn(unused_imports)]` on by default
[INFO] [stdout] 
[INFO] [stdout] 
[INFO] [stderr]    Compiling funnelweb v0.1.0 (/opt/rustwide/workdir/funnelweb)
[INFO] [stdout] warning: unused import: `crate::ImapConnectionState`
[INFO] [stdout]  --> funnelweb-imap-widget/src/connections.rs:2:5
[INFO] [stdout]   |
[INFO] [stdout] 2 | use crate::ImapConnectionState;
[INFO] [stdout]   |     ^^^^^^^^^^^^^^^^^^^^^^^^^^
[INFO] [stdout] 
[INFO] [stdout] 
[INFO] [stdout] warning: unused variable: `area`
[INFO] [stdout]   --> funnelweb-imap-widget/src/connections.rs:61:26
[INFO] [stdout]    |
[INFO] [stdout] 61 |     fn render_ref(&self, area: Rect, buf: &mut Buffer, state: &mut Self::State) {
[INFO] [stdout]    |                          ^^^^ help: if this is intentional, prefix it with an underscore: `_area`
[INFO] [stdout]    |
[INFO] [stdout]    = note: `#[warn(unused_variables)]` on by default
[INFO] [stdout] 
[INFO] [stdout] 
[INFO] [stdout] warning: unused import: `std::time::SystemTime`
[INFO] [stdout]   --> funnelweb-imap-widget/src/lib.rs:10:5
[INFO] [stdout]    |
[INFO] [stdout] 10 | use std::time::SystemTime;
[INFO] [stdout]    |     ^^^^^^^^^^^^^^^^^^^^^
[INFO] [stdout]    |
[INFO] [stdout]    = note: `#[warn(unused_imports)]` on by default
[INFO] [stdout] 
[INFO] [stdout] 
[INFO] [stdout] warning: unused import: `crate::ImapConnectionState`
[INFO] [stdout]  --> funnelweb-imap-widget/src/connections.rs:2:5
[INFO] [stdout]   |
[INFO] [stdout] 2 | use crate::ImapConnectionState;
[INFO] [stdout]   |     ^^^^^^^^^^^^^^^^^^^^^^^^^^
[INFO] [stdout] 
[INFO] [stdout] 
[INFO] [stdout] warning: unused import: `funnelweb_config::ImapConfig`
[INFO] [stdout]  --> funnelweb/src/main.rs:7:5
[INFO] [stdout]   |
[INFO] [stdout] 7 | use funnelweb_config::ImapConfig;
[INFO] [stdout]   |     ^^^^^^^^^^^^^^^^^^^^^^^^^^^^
[INFO] [stdout]   |
[INFO] [stdout]   = note: `#[warn(unused_imports)]` on by default
[INFO] [stdout] 
[INFO] [stdout] 
[INFO] [stdout] warning: unused import: `Paragraph`
[INFO] [stdout]   --> funnelweb/src/main.rs:13:31
[INFO] [stdout]    |
[INFO] [stdout] 13 |     widgets::{Block, Borders, Paragraph, Tabs},
[INFO] [stdout]    |                               ^^^^^^^^^
[INFO] [stdout] 
[INFO] [stdout] 
[INFO] [stdout] warning: unused imports: `ImapConnectionState` and `SelectedImapConnection`
[INFO] [stdout]   --> funnelweb/src/main.rs:22:21
[INFO] [stdout]    |
[INFO] [stdout] 22 |     ImapConnection, ImapConnectionState, ImapConnections, ImapConnectionsWidget,
[INFO] [stdout]    |                     ^^^^^^^^^^^^^^^^^^^
[INFO] [stdout] 23 |     SelectedImapConnection,
[INFO] [stdout]    |     ^^^^^^^^^^^^^^^^^^^^^^
[INFO] [stdout] 
[INFO] [stdout] 
[INFO] [stdout] warning: unused variable: `area`
[INFO] [stdout]   --> funnelweb-imap-widget/src/connections.rs:61:26
[INFO] [stdout]    |
[INFO] [stdout] 61 |     fn render_ref(&self, area: Rect, buf: &mut Buffer, state: &mut Self::State) {
[INFO] [stdout]    |                          ^^^^ help: if this is intentional, prefix it with an underscore: `_area`
[INFO] [stdout]    |
[INFO] [stdout]    = note: `#[warn(unused_variables)]` on by default
[INFO] [stdout] 
[INFO] [stdout] 
[INFO] [stdout] warning: variable does not need to be mutable
[INFO] [stdout]   --> funnelweb/src/main.rs:52:9
[INFO] [stdout]    |
[INFO] [stdout] 52 |     let mut switch_imap_tab = false;
[INFO] [stdout]    |         ----^^^^^^^^^^^^^^^
[INFO] [stdout]    |         |
[INFO] [stdout]    |         help: remove this `mut`
[INFO] [stdout]    |
[INFO] [stdout]    = note: `#[warn(unused_mut)]` on by default
[INFO] [stdout] 
[INFO] [stdout] 
[INFO] [stdout] warning: enum `IoItem` is never used
[INFO] [stdout]   --> funnelweb/src/main.rs:27:6
[INFO] [stdout]    |
[INFO] [stdout] 27 | enum IoItem {
[INFO] [stdout]    |      ^^^^^^
[INFO] [stdout]    |
[INFO] [stdout]    = note: `#[warn(dead_code)]` on by default
[INFO] [stdout] 
[INFO] [stdout] 
[INFO] [stdout] warning: static `IO_QUEUE_OUT` is never used
[INFO] [stdout]   --> funnelweb/src/main.rs:31:8
[INFO] [stdout]    |
[INFO] [stdout] 31 | static IO_QUEUE_OUT: StaticThingBuf<IoItem, 1048> = StaticThingBuf::new();
[INFO] [stdout]    |        ^^^^^^^^^^^^
[INFO] [stdout] 
[INFO] [stdout] 
[INFO] [stdout] warning: static `IO_QUEUE_IN` is never used
[INFO] [stdout]   --> funnelweb/src/main.rs:32:8
[INFO] [stdout]    |
[INFO] [stdout] 32 | static IO_QUEUE_IN: StaticThingBuf<IoItem, 1048> = StaticThingBuf::new();
[INFO] [stdout]    |        ^^^^^^^^^^^
[INFO] [stdout] 
[INFO] [stdout] 
[INFO] [stdout] warning: function `io_thread` is never used
[INFO] [stdout]   --> funnelweb/src/main.rs:34:4
[INFO] [stdout]    |
[INFO] [stdout] 34 | fn io_thread() {}
[INFO] [stdout]    |    ^^^^^^^^^
[INFO] [stdout] 
[INFO] [stdout] 
[INFO] [stderr]    Compiling insta v1.38.0
[INFO] [stderr]    Compiling funnelweb-imap v0.1.0 (/opt/rustwide/workdir/funnelweb-imap)
[INFO] [stderr]    Compiling funnelweb-config v0.1.0 (/opt/rustwide/workdir/funnelweb-config)
[INFO] [stdout] warning: unused import: `thingbuf::StaticThingBuf`
[INFO] [stdout]   --> funnelweb-imap/src/lib.rs:10:5
[INFO] [stdout]    |
[INFO] [stdout] 10 | use thingbuf::StaticThingBuf;
[INFO] [stdout]    |     ^^^^^^^^^^^^^^^^^^^^^^^^
[INFO] [stdout]    |
[INFO] [stdout]    = note: `#[warn(unused_imports)]` on by default
[INFO] [stdout] 
[INFO] [stdout] 
[INFO] [stdout] warning: unused import: `super::*`
[INFO] [stdout]   --> funnelweb-imap/src/lib.rs:24:9
[INFO] [stdout]    |
[INFO] [stdout] 24 |     use super::*;
[INFO] [stdout]    |         ^^^^^^^^
[INFO] [stdout] 
[INFO] [stdout] 
[INFO] [stdout] warning: unused import: `insta::assert_debug_snapshot`
[INFO] [stdout]   --> funnelweb-imap/src/lib.rs:25:9
[INFO] [stdout]    |
[INFO] [stdout] 25 |     use insta::assert_debug_snapshot;
[INFO] [stdout]    |         ^^^^^^^^^^^^^^^^^^^^^^^^^^^^
[INFO] [stdout] 
[INFO] [stdout] 
[INFO] [stderr]     Finished `test` profile [unoptimized + debuginfo] target(s) in 6.95s
[INFO] running `Command { std: "docker" "inspect" "50f7b7231033cee385f449ad69c1f17614d020964974c4091da7644f3cd894fd", kill_on_drop: false }`
[INFO] running `Command { std: "docker" "rm" "-f" "50f7b7231033cee385f449ad69c1f17614d020964974c4091da7644f3cd894fd", kill_on_drop: false }`
[INFO] [stdout] 50f7b7231033cee385f449ad69c1f17614d020964974c4091da7644f3cd894fd
[INFO] running `Command { std: "docker" "create" "-v" "/var/lib/crater-agent-workspace/builds/worker-1-tc1/target:/opt/rustwide/target:rw,Z" "-v" "/var/lib/crater-agent-workspace/builds/worker-1-tc1/source:/opt/rustwide/workdir:ro,Z" "-v" "/var/lib/crater-agent-workspace/cargo-home:/opt/rustwide/cargo-home:ro,Z" "-v" "/var/lib/crater-agent-workspace/rustup-home:/opt/rustwide/rustup-home:ro,Z" "-e" "SOURCE_DIR=/opt/rustwide/workdir" "-e" "CARGO_TARGET_DIR=/opt/rustwide/target" "-e" "CARGO_INCREMENTAL=0" "-e" "RUST_BACKTRACE=full" "-e" "RUSTFLAGS=--cap-lints=forbid" "-e" "RUSTDOCFLAGS=--cap-lints=forbid" "-e" "CARGO_HOME=/opt/rustwide/cargo-home" "-e" "RUSTUP_HOME=/opt/rustwide/rustup-home" "-w" "/opt/rustwide/workdir" "-m" "1610612736" "--user" "0:0" "--network" "none" "ghcr.io/rust-lang/crates-build-env/linux@sha256:819108c5571ea2e421544af4d832f968d213c87fbe3707a016657f43d2f853bc" "/opt/rustwide/cargo-home/bin/cargo" "+nightly-2025-01-18" "test" "--frozen", kill_on_drop: false }`
[INFO] [stdout] 127f58e5ff55e63ac06a214826a99fb0aee36b7b9160e89978dd0c9dbd4acf1d
[INFO] running `Command { std: "docker" "start" "-a" "127f58e5ff55e63ac06a214826a99fb0aee36b7b9160e89978dd0c9dbd4acf1d", kill_on_drop: false }`
[INFO] [stderr] warning: unused import: `thingbuf::StaticThingBuf`
[INFO] [stderr]   --> funnelweb-imap/src/lib.rs:10:5
[INFO] [stderr]    |
[INFO] [stderr] 10 | use thingbuf::StaticThingBuf;
[INFO] [stderr]    |     ^^^^^^^^^^^^^^^^^^^^^^^^
[INFO] [stderr]    |
[INFO] [stderr]    = note: `#[warn(unused_imports)]` on by default
[INFO] [stderr] 
[INFO] [stderr] warning: unused import: `std::time::SystemTime`
[INFO] [stderr]   --> funnelweb-imap-widget/src/lib.rs:10:5
[INFO] [stderr]    |
[INFO] [stderr] 10 | use std::time::SystemTime;
[INFO] [stderr]    |     ^^^^^^^^^^^^^^^^^^^^^
[INFO] [stderr]    |
[INFO] [stderr]    = note: `#[warn(unused_imports)]` on by default
[INFO] [stderr] 
[INFO] [stderr] warning: unused import: `crate::ImapConnectionState`
[INFO] [stderr]  --> funnelweb-imap-widget/src/connections.rs:2:5
[INFO] [stderr]   |
[INFO] [stderr] 2 | use crate::ImapConnectionState;
[INFO] [stderr]   |     ^^^^^^^^^^^^^^^^^^^^^^^^^^
[INFO] [stderr] 
[INFO] [stderr] warning: unused variable: `area`
[INFO] [stderr]   --> funnelweb-imap-widget/src/connections.rs:61:26
[INFO] [stderr]    |
[INFO] [stderr] 61 |     fn render_ref(&self, area: Rect, buf: &mut Buffer, state: &mut Self::State) {
[INFO] [stderr]    |                          ^^^^ help: if this is intentional, prefix it with an underscore: `_area`
[INFO] [stderr]    |
[INFO] [stderr]    = note: `#[warn(unused_variables)]` on by default
[INFO] [stderr] 
[INFO] [stderr] warning: unused import: `super::*`
[INFO] [stderr]   --> funnelweb-imap/src/lib.rs:24:9
[INFO] [stderr]    |
[INFO] [stderr] 24 |     use super::*;
[INFO] [stderr]    |         ^^^^^^^^
[INFO] [stderr] 
[INFO] [stderr] warning: unused import: `insta::assert_debug_snapshot`
[INFO] [stderr]   --> funnelweb-imap/src/lib.rs:25:9
[INFO] [stderr]    |
[INFO] [stderr] 25 |     use insta::assert_debug_snapshot;
[INFO] [stderr]    |         ^^^^^^^^^^^^^^^^^^^^^^^^^^^^
[INFO] [stderr] 
[INFO] [stderr] warning: `funnelweb-imap` (lib) generated 1 warning (run `cargo fix --lib -p funnelweb-imap` to apply 1 suggestion)
[INFO] [stderr] warning: `funnelweb-imap-widget` (lib) generated 3 warnings (run `cargo fix --lib -p funnelweb-imap-widget` to apply 2 suggestions)
[INFO] [stderr] warning: `funnelweb-imap` (lib test) generated 3 warnings (1 duplicate) (run `cargo fix --lib -p funnelweb-imap --tests` to apply 2 suggestions)
[INFO] [stderr] warning: `funnelweb-imap-widget` (lib test) generated 3 warnings (3 duplicates)
[INFO] [stderr] warning: unused import: `funnelweb_config::ImapConfig`
[INFO] [stderr]  --> funnelweb/src/main.rs:7:5
[INFO] [stderr]   |
[INFO] [stderr] 7 | use funnelweb_config::ImapConfig;
[INFO] [stderr]   |     ^^^^^^^^^^^^^^^^^^^^^^^^^^^^
[INFO] [stderr]   |
[INFO] [stderr]   = note: `#[warn(unused_imports)]` on by default
[INFO] [stderr] 
[INFO] [stderr] warning: unused import: `Paragraph`
[INFO] [stderr]   --> funnelweb/src/main.rs:13:31
[INFO] [stderr]    |
[INFO] [stderr] 13 |     widgets::{Block, Borders, Paragraph, Tabs},
[INFO] [stderr]    |                               ^^^^^^^^^
[INFO] [stderr] 
[INFO] [stderr] warning: unused imports: `ImapConnectionState` and `SelectedImapConnection`
[INFO] [stderr]   --> funnelweb/src/main.rs:22:21
[INFO] [stderr]    |
[INFO] [stderr] 22 |     ImapConnection, ImapConnectionState, ImapConnections, ImapConnectionsWidget,
[INFO] [stderr]    |                     ^^^^^^^^^^^^^^^^^^^
[INFO] [stderr] 23 |     SelectedImapConnection,
[INFO] [stderr]    |     ^^^^^^^^^^^^^^^^^^^^^^
[INFO] [stderr] 
[INFO] [stderr] warning: variable does not need to be mutable
[INFO] [stderr]   --> funnelweb/src/main.rs:52:9
[INFO] [stderr]    |
[INFO] [stderr] 52 |     let mut switch_imap_tab = false;
[INFO] [stderr]    |         ----^^^^^^^^^^^^^^^
[INFO] [stderr]    |         |
[INFO] [stderr]    |         help: remove this `mut`
[INFO] [stderr]    |
[INFO] [stderr]    = note: `#[warn(unused_mut)]` on by default
[INFO] [stderr] 
[INFO] [stderr] warning: enum `IoItem` is never used
[INFO] [stderr]   --> funnelweb/src/main.rs:27:6
[INFO] [stderr]    |
[INFO] [stderr] 27 | enum IoItem {
[INFO] [stderr]    |      ^^^^^^
[INFO] [stderr]    |
[INFO] [stderr]    = note: `#[warn(dead_code)]` on by default
[INFO] [stderr] 
[INFO] [stderr] warning: static `IO_QUEUE_OUT` is never used
[INFO] [stderr]   --> funnelweb/src/main.rs:31:8
[INFO] [stderr]    |
[INFO] [stderr] 31 | static IO_QUEUE_OUT: StaticThingBuf<IoItem, 1048> = StaticThingBuf::new();
[INFO] [stderr]    |        ^^^^^^^^^^^^
[INFO] [stderr] 
[INFO] [stderr] warning: static `IO_QUEUE_IN` is never used
[INFO] [stderr]   --> funnelweb/src/main.rs:32:8
[INFO] [stderr]    |
[INFO] [stderr] 32 | static IO_QUEUE_IN: StaticThingBuf<IoItem, 1048> = StaticThingBuf::new();
[INFO] [stderr]    |        ^^^^^^^^^^^
[INFO] [stderr] 
[INFO] [stderr] warning: function `io_thread` is never used
[INFO] [stderr]   --> funnelweb/src/main.rs:34:4
[INFO] [stderr]    |
[INFO] [stderr] 34 | fn io_thread() {}
[INFO] [stderr]    |    ^^^^^^^^^
[INFO] [stderr] 
[INFO] [stderr] warning: `funnelweb` (bin "funnelweb" test) generated 8 warnings (run `cargo fix --bin "funnelweb" --tests` to apply 4 suggestions)
[INFO] [stderr]     Finished `test` profile [unoptimized + debuginfo] target(s) in 0.23s
[INFO] [stderr]      Running unittests src/main.rs (/opt/rustwide/target/debug/deps/funnelweb-561ff085c0d44703)
[INFO] [stdout] 
[INFO] [stdout] running 0 tests
[INFO] [stdout] 
[INFO] [stdout] test result: ok. 0 passed; 0 failed; 0 ignored; 0 measured; 0 filtered out; finished in 0.00s
[INFO] [stdout] 
[INFO] [stdout] 
[INFO] [stdout] running 1 test
[INFO] [stderr]      Running unittests src/lib.rs (/opt/rustwide/target/debug/deps/funnelweb_config-e7c9a2e10a2c877a)
[INFO] [stdout] test test::basic ... FAILED
[INFO] [stdout] 
[INFO] [stdout] failures:
[INFO] [stdout] 
[INFO] [stdout] ---- test::basic stdout ----
[INFO] [stdout] ━━━━━━━━━━━━━━━━━━━━━━━━━━━━━━━ Snapshot Summary ━━━━━━━━━━━━━━━━━━━━━━━━━━━━━━━
[INFO] [stdout] Snapshot file: funnelweb-config/src/snapshots/funnelweb_config__test__basic.snap
[INFO] [stdout] Snapshot: basic
[INFO] [stdout] Source: funnelweb-config/src/lib.rs:93
[INFO] [stdout] ────────────────────────────────────────────────────────────────────────────────
[INFO] [stdout] Expression: Config::from_file("test_data/basic.toml")
[INFO] [stdout] ────────────────────────────────────────────────────────────────────────────────
[INFO] [stdout] -old snapshot
[INFO] [stdout] +new results
[INFO] [stdout] ────────────┬───────────────────────────────────────────────────────────────────
[INFO] [stdout]     1     1 │     Config {
[INFO] [stdout]     2     2 │         imap: [
[INFO] [stdout]     3     3 │             ImapConfig {
[INFO] [stdout]     4     4 │                 name: "horse",
[INFO] [stdout]           5 │+                username: None,
[INFO] [stdout]           6 │+                password: None,
[INFO] [stdout]     5     7 │                 host: "localhost",
[INFO] [stdout]     6     8 │                 port: Some(
[INFO] [stdout]     7     9 │                     993,
[INFO] [stdout]     8    10 │                 ),
[INFO] [stdout] ────────────┴───────────────────────────────────────────────────────────────────
[INFO] [stdout] 
[INFO] [stdout] thread 'test::basic' panicked at funnelweb-config/src/lib.rs:93:9:
[INFO] [stdout] called `Result::unwrap()` on an `Err` value: Os { code: 30, kind: ReadOnlyFilesystem, message: "Read-only file system" }
[INFO] [stdout] stack backtrace:
[INFO] [stdout]    0:     0x59bb6ab3c15a - std::backtrace_rs::backtrace::libunwind::trace::hb059275cfc8d6126
[INFO] [stdout]                                at /rustc/6067b36314ab5eb2eb47cecc464545ba58e1ad24/library/std/src/../../backtrace/src/backtrace/libunwind.rs:116:5
[INFO] [stdout]    1:     0x59bb6ab3c15a - std::backtrace_rs::backtrace::trace_unsynchronized::h2da071e4327ce3ee
[INFO] [stdout]                                at /rustc/6067b36314ab5eb2eb47cecc464545ba58e1ad24/library/std/src/../../backtrace/src/backtrace/mod.rs:66:5
[INFO] [stdout]    2:     0x59bb6ab3c15a - std::sys::backtrace::_print_fmt::h842a1474e6f8d23f
[INFO] [stdout]                                at /rustc/6067b36314ab5eb2eb47cecc464545ba58e1ad24/library/std/src/sys/backtrace.rs:66:9
[INFO] [stdout]    3:     0x59bb6ab3c15a - <std::sys::backtrace::BacktraceLock::print::DisplayBacktrace as core::fmt::Display>::fmt::h71a62eb3b9696b12
[INFO] [stdout]                                at /rustc/6067b36314ab5eb2eb47cecc464545ba58e1ad24/library/std/src/sys/backtrace.rs:39:26
[INFO] [stdout]    4:     0x59bb6ab66a93 - core::fmt::rt::Argument::fmt::hdb6b616786b41dc1
[INFO] [stdout]                                at /rustc/6067b36314ab5eb2eb47cecc464545ba58e1ad24/library/core/src/fmt/rt.rs:177:76
[INFO] [stdout]    5:     0x59bb6ab66a93 - core::fmt::write::h2cc1698af7e2d686
[INFO] [stdout]                                at /rustc/6067b36314ab5eb2eb47cecc464545ba58e1ad24/library/core/src/fmt/mod.rs:1440:21
[INFO] [stdout]    6:     0x59bb6ab384c3 - std::io::Write::write_fmt::hab1b4cd059a79022
[INFO] [stdout]                                at /rustc/6067b36314ab5eb2eb47cecc464545ba58e1ad24/library/std/src/io/mod.rs:1887:15
[INFO] [stdout]    7:     0x59bb6ab3bfa2 - std::sys::backtrace::BacktraceLock::print::h147fe35b4ea13b08
[INFO] [stdout]                                at /rustc/6067b36314ab5eb2eb47cecc464545ba58e1ad24/library/std/src/sys/backtrace.rs:42:9
[INFO] [stdout]    8:     0x59bb6ab3d57f - std::panicking::default_hook::{{closure}}::hbd44223dbdc0d208
[INFO] [stdout]                                at /rustc/6067b36314ab5eb2eb47cecc464545ba58e1ad24/library/std/src/panicking.rs:298:22
[INFO] [stdout]    9:     0x59bb6ab3d398 - std::panicking::default_hook::h20f81eb0576efcec
[INFO] [stdout]                                at /rustc/6067b36314ab5eb2eb47cecc464545ba58e1ad24/library/std/src/panicking.rs:322:9
[INFO] [stdout]   10:     0x59bb6a9d9a03 - <alloc::boxed::Box<F,A> as core::ops::function::Fn<Args>>::call::hdb53814c496a4d34
[INFO] [stdout]                                at /rustc/6067b36314ab5eb2eb47cecc464545ba58e1ad24/library/alloc/src/boxed.rs:2027:9
[INFO] [stdout]   11:     0x59bb6a9d9a03 - test::test_main::{{closure}}::hc0a4963c59427c24
[INFO] [stdout]                                at /rustc/6067b36314ab5eb2eb47cecc464545ba58e1ad24/library/test/src/lib.rs:134:21
[INFO] [stdout]   12:     0x59bb6ab3e073 - <alloc::boxed::Box<F,A> as core::ops::function::Fn<Args>>::call::h591b2225413a77e9
[INFO] [stdout]                                at /rustc/6067b36314ab5eb2eb47cecc464545ba58e1ad24/library/alloc/src/boxed.rs:2027:9
[INFO] [stdout]   13:     0x59bb6ab3e073 - std::panicking::rust_panic_with_hook::h625eea43051b2edc
[INFO] [stdout]                                at /rustc/6067b36314ab5eb2eb47cecc464545ba58e1ad24/library/std/src/panicking.rs:839:13
[INFO] [stdout]   14:     0x59bb6ab3dd2a - std::panicking::begin_panic_handler::{{closure}}::h4f9159cfbc3f6bd3
[INFO] [stdout]                                at /rustc/6067b36314ab5eb2eb47cecc464545ba58e1ad24/library/std/src/panicking.rs:704:13
[INFO] [stdout]   15:     0x59bb6ab3c659 - std::sys::backtrace::__rust_end_short_backtrace::h0390abce48353151
[INFO] [stdout]                                at /rustc/6067b36314ab5eb2eb47cecc464545ba58e1ad24/library/std/src/sys/backtrace.rs:168:18
[INFO] [stdout]   16:     0x59bb6ab3d9bd - rust_begin_unwind
[INFO] [stdout]                                at /rustc/6067b36314ab5eb2eb47cecc464545ba58e1ad24/library/std/src/panicking.rs:695:5
[INFO] [stdout]   17:     0x59bb6ab64840 - core::panicking::panic_fmt::h9e7c637e9e5f29c9
[INFO] [stdout]                                at /rustc/6067b36314ab5eb2eb47cecc464545ba58e1ad24/library/core/src/panicking.rs:75:14
[INFO] [stdout]   18:     0x59bb6ab64cb6 - core::result::unwrap_failed::h7979f09313fe1849
[INFO] [stdout]                                at /rustc/6067b36314ab5eb2eb47cecc464545ba58e1ad24/library/core/src/result.rs:1704:5
[INFO] [stdout]   19:     0x59bb6a8bcc60 - core::result::Result<T,E>::unwrap::h689a2958c4adc0fe
[INFO] [stdout]                                at /rustc/6067b36314ab5eb2eb47cecc464545ba58e1ad24/library/core/src/result.rs:1109:23
[INFO] [stdout]   20:     0x59bb6a8bcc60 - funnelweb_config::test::basic::h1e7437ac429a167b
[INFO] [stdout]                                at /opt/rustwide/workdir/funnelweb-config/src/lib.rs:93:9
[INFO] [stdout]   21:     0x59bb6a8bc8d7 - funnelweb_config::test::basic::{{closure}}::h1fdef6210ca39610
[INFO] [stdout]                                at /opt/rustwide/workdir/funnelweb-config/src/lib.rs:92:15
[INFO] [stdout]   22:     0x59bb6a8b6a86 - core::ops::function::FnOnce::call_once::h0df9658f03ed94c9
[INFO] [stdout]                                at /rustc/6067b36314ab5eb2eb47cecc464545ba58e1ad24/library/core/src/ops/function.rs:250:5
[INFO] [stdout]   23:     0x59bb6a9df15b - core::ops::function::FnOnce::call_once::he27718dfdd183f43
[INFO] [stdout]                                at /rustc/6067b36314ab5eb2eb47cecc464545ba58e1ad24/library/core/src/ops/function.rs:250:5
[INFO] [stdout]   24:     0x59bb6a9df15b - test::__rust_begin_short_backtrace::h4e84902998457a5d
[INFO] [stdout]                                at /rustc/6067b36314ab5eb2eb47cecc464545ba58e1ad24/library/test/src/lib.rs:632:18
[INFO] [stdout]   25:     0x59bb6a9de093 - test::run_test_in_process::{{closure}}::h7176fd18fc1feca0
[INFO] [stdout]                                at /rustc/6067b36314ab5eb2eb47cecc464545ba58e1ad24/library/test/src/lib.rs:655:60
[INFO] [stdout]   26:     0x59bb6a9de093 - <core::panic::unwind_safe::AssertUnwindSafe<F> as core::ops::function::FnOnce<()>>::call_once::hf79cff2a624d8cf7
[INFO] [stdout]                                at /rustc/6067b36314ab5eb2eb47cecc464545ba58e1ad24/library/core/src/panic/unwind_safe.rs:272:9
[INFO] [stdout]   27:     0x59bb6a9de093 - std::panicking::try::do_call::h3da0561d9ab99c25
[INFO] [stdout]                                at /rustc/6067b36314ab5eb2eb47cecc464545ba58e1ad24/library/std/src/panicking.rs:587:40
[INFO] [stdout]   28:     0x59bb6a9de093 - std::panicking::try::h41c9fa508bc61df6
[INFO] [stdout]                                at /rustc/6067b36314ab5eb2eb47cecc464545ba58e1ad24/library/std/src/panicking.rs:550:19
[INFO] [stdout]   29:     0x59bb6a9de093 - std::panic::catch_unwind::h6b3ff07bb5afad93
[INFO] [stdout]                                at /rustc/6067b36314ab5eb2eb47cecc464545ba58e1ad24/library/std/src/panic.rs:358:14
[INFO] [stdout]   30:     0x59bb6a9de093 - test::run_test_in_process::hc7253dd11b39b9f4
[INFO] [stdout]                                at /rustc/6067b36314ab5eb2eb47cecc464545ba58e1ad24/library/test/src/lib.rs:655:27
[INFO] [stdout]   31:     0x59bb6a9de093 - test::run_test::{{closure}}::hfb2007f8649c30bb
[INFO] [stdout]                                at /rustc/6067b36314ab5eb2eb47cecc464545ba58e1ad24/library/test/src/lib.rs:576:43
[INFO] [stdout]   32:     0x59bb6a9a1175 - test::run_test::{{closure}}::h56a17aa7a282a9f4
[INFO] [stdout]                                at /rustc/6067b36314ab5eb2eb47cecc464545ba58e1ad24/library/test/src/lib.rs:606:41
[INFO] [stdout]   33:     0x59bb6a9a1175 - std::sys::backtrace::__rust_begin_short_backtrace::hd2d2d2fb8e8c6aac
[INFO] [stdout]                                at /rustc/6067b36314ab5eb2eb47cecc464545ba58e1ad24/library/std/src/sys/backtrace.rs:152:18
[INFO] [stdout]   34:     0x59bb6a9a4a5a - std::thread::Builder::spawn_unchecked_::{{closure}}::{{closure}}::h4faa3f9db6133423
[INFO] [stdout]                                at /rustc/6067b36314ab5eb2eb47cecc464545ba58e1ad24/library/std/src/thread/mod.rs:559:17
[INFO] [stdout]   35:     0x59bb6a9a4a5a - <core::panic::unwind_safe::AssertUnwindSafe<F> as core::ops::function::FnOnce<()>>::call_once::hf2e855a36a4ea846
[INFO] [stdout]                                at /rustc/6067b36314ab5eb2eb47cecc464545ba58e1ad24/library/core/src/panic/unwind_safe.rs:272:9
[INFO] [stdout]   36:     0x59bb6a9a4a5a - std::panicking::try::do_call::h2f73af3616c35465
[INFO] [stdout]                                at /rustc/6067b36314ab5eb2eb47cecc464545ba58e1ad24/library/std/src/panicking.rs:587:40
[INFO] [stdout]   37:     0x59bb6a9a4a5a - std::panicking::try::hd1660ce9efadef5a
[INFO] [stdout]                                at /rustc/6067b36314ab5eb2eb47cecc464545ba58e1ad24/library/std/src/panicking.rs:550:19
[INFO] [stdout]   38:     0x59bb6a9a4a5a - std::panic::catch_unwind::h5ee8d7823b8ca744
[INFO] [stdout]                                at /rustc/6067b36314ab5eb2eb47cecc464545ba58e1ad24/library/std/src/panic.rs:358:14
[INFO] [stdout]   39:     0x59bb6a9a4a5a - std::thread::Builder::spawn_unchecked_::{{closure}}::h53c3a1894dce8407
[INFO] [stdout]                                at /rustc/6067b36314ab5eb2eb47cecc464545ba58e1ad24/library/std/src/thread/mod.rs:557:30
[INFO] [stdout]   40:     0x59bb6a9a4a5a - core::ops::function::FnOnce::call_once{{vtable.shim}}::h048ce291ad4f62bf
[INFO] [stdout]                                at /rustc/6067b36314ab5eb2eb47cecc464545ba58e1ad24/library/core/src/ops/function.rs:250:5
[INFO] [stdout]   41:     0x59bb6ab4269b - <alloc::boxed::Box<F,A> as core::ops::function::FnOnce<Args>>::call_once::ha52bedf99a3b4981
[INFO] [stdout]                                at /rustc/6067b36314ab5eb2eb47cecc464545ba58e1ad24/library/alloc/src/boxed.rs:2013:9
[INFO] [stdout]   42:     0x59bb6ab4269b - <alloc::boxed::Box<F,A> as core::ops::function::FnOnce<Args>>::call_once::h567748934d80ccf8
[INFO] [stdout]                                at /rustc/6067b36314ab5eb2eb47cecc464545ba58e1ad24/library/alloc/src/boxed.rs:2013:9
[INFO] [stdout]   43:     0x59bb6ab4269b - std::sys::pal::unix::thread::Thread::new::thread_start::h2d970728ae887adc
[INFO] [stdout]                                at /rustc/6067b36314ab5eb2eb47cecc464545ba58e1ad24/library/std/src/sys/pal/unix/thread.rs:106:17
[INFO] [stdout]   44:     0x761b646e6ac3 - <unknown>
[INFO] [stdout]   45:     0x761b64777a04 - clone
[INFO] [stdout]   46:                0x0 - <unknown>
[INFO] [stdout] 
[INFO] [stdout] 
[INFO] [stdout] failures:
[INFO] [stdout]     test::basic
[INFO] [stdout] 
[INFO] [stdout] test result: FAILED. 0 passed; 1 failed; 0 ignored; 0 measured; 0 filtered out; finished in 1.66s
[INFO] [stdout] 
[INFO] [stderr] error: test failed, to rerun pass `-p funnelweb-config --lib`
[INFO] running `Command { std: "docker" "inspect" "127f58e5ff55e63ac06a214826a99fb0aee36b7b9160e89978dd0c9dbd4acf1d", kill_on_drop: false }`
[INFO] running `Command { std: "docker" "rm" "-f" "127f58e5ff55e63ac06a214826a99fb0aee36b7b9160e89978dd0c9dbd4acf1d", kill_on_drop: false }`
[INFO] [stdout] 127f58e5ff55e63ac06a214826a99fb0aee36b7b9160e89978dd0c9dbd4acf1d
