[INFO] cloning repository https://github.com/philschmid/rust-hf-hub-loader
[INFO] running `Command { std: "git" "-c" "credential.helper=" "-c" "credential.helper=/workspace/cargo-home/bin/git-credential-null" "clone" "--bare" "https://github.com/philschmid/rust-hf-hub-loader" "/workspace/cache/git-repos/https%3A%2F%2Fgithub.com%2Fphilschmid%2Frust-hf-hub-loader", kill_on_drop: false }`
[INFO] [stderr] Cloning into bare repository '/workspace/cache/git-repos/https%3A%2F%2Fgithub.com%2Fphilschmid%2Frust-hf-hub-loader'...
[INFO] running `Command { std: "git" "rev-parse" "HEAD", kill_on_drop: false }`
[INFO] [stdout] bf7b412ce2375e5acad1caef64f5d9865147ac88
[INFO] testing philschmid/rust-hf-hub-loader against nightly-2025-01-18+rustflags=-Zrandomize-layout for randomize-layout-2
[INFO] running `Command { std: "git" "clone" "/workspace/cache/git-repos/https%3A%2F%2Fgithub.com%2Fphilschmid%2Frust-hf-hub-loader" "/workspace/builds/worker-7-tc2/source", kill_on_drop: false }`
[INFO] [stderr] Cloning into '/workspace/builds/worker-7-tc2/source'...
[INFO] [stderr] done.
[INFO] validating manifest of git repo https://github.com/philschmid/rust-hf-hub-loader on toolchain nightly-2025-01-18
[INFO] running `Command { std: CARGO_HOME="/workspace/cargo-home" RUSTUP_HOME="/workspace/rustup-home" "/workspace/cargo-home/bin/cargo" "+nightly-2025-01-18" "metadata" "--manifest-path" "Cargo.toml" "--no-deps", kill_on_drop: false }`
[INFO] started tweaking git repo https://github.com/philschmid/rust-hf-hub-loader
[INFO] finished tweaking git repo https://github.com/philschmid/rust-hf-hub-loader
[INFO] tweaked toml for git repo https://github.com/philschmid/rust-hf-hub-loader written to /workspace/builds/worker-7-tc2/source/Cargo.toml
[INFO] crate git repo https://github.com/philschmid/rust-hf-hub-loader already has a lockfile, it will not be regenerated
[INFO] running `Command { std: CARGO_HOME="/workspace/cargo-home" RUSTUP_HOME="/workspace/rustup-home" "/workspace/cargo-home/bin/cargo" "+nightly-2025-01-18" "fetch" "--manifest-path" "Cargo.toml", kill_on_drop: false }`
[INFO] running `Command { std: "docker" "create" "-v" "/var/lib/crater-agent-workspace/builds/worker-7-tc2/target:/opt/rustwide/target:rw,Z" "-v" "/var/lib/crater-agent-workspace/builds/worker-7-tc2/source:/opt/rustwide/workdir:ro,Z" "-v" "/var/lib/crater-agent-workspace/cargo-home:/opt/rustwide/cargo-home:ro,Z" "-v" "/var/lib/crater-agent-workspace/rustup-home:/opt/rustwide/rustup-home:ro,Z" "-e" "SOURCE_DIR=/opt/rustwide/workdir" "-e" "CARGO_TARGET_DIR=/opt/rustwide/target" "-e" "CARGO_HOME=/opt/rustwide/cargo-home" "-e" "RUSTUP_HOME=/opt/rustwide/rustup-home" "-w" "/opt/rustwide/workdir" "-m" "1610612736" "--user" "0:0" "--network" "none" "ghcr.io/rust-lang/crates-build-env/linux@sha256:819108c5571ea2e421544af4d832f968d213c87fbe3707a016657f43d2f853bc" "/opt/rustwide/cargo-home/bin/cargo" "+nightly-2025-01-18" "metadata" "--no-deps" "--format-version=1", kill_on_drop: false }`
[INFO] [stdout] 57e1dce9ad37f86ecc13664bc3afae3a8b25e7b613c96e3ccc7df4d3f4bf95fe
[INFO] running `Command { std: "docker" "start" "-a" "57e1dce9ad37f86ecc13664bc3afae3a8b25e7b613c96e3ccc7df4d3f4bf95fe", kill_on_drop: false }`
[INFO] running `Command { std: "docker" "inspect" "57e1dce9ad37f86ecc13664bc3afae3a8b25e7b613c96e3ccc7df4d3f4bf95fe", kill_on_drop: false }`
[INFO] running `Command { std: "docker" "rm" "-f" "57e1dce9ad37f86ecc13664bc3afae3a8b25e7b613c96e3ccc7df4d3f4bf95fe", kill_on_drop: false }`
[INFO] [stdout] 57e1dce9ad37f86ecc13664bc3afae3a8b25e7b613c96e3ccc7df4d3f4bf95fe
[INFO] running `Command { std: "docker" "create" "-v" "/var/lib/crater-agent-workspace/builds/worker-7-tc2/target:/opt/rustwide/target:rw,Z" "-v" "/var/lib/crater-agent-workspace/builds/worker-7-tc2/source:/opt/rustwide/workdir:ro,Z" "-v" "/var/lib/crater-agent-workspace/cargo-home:/opt/rustwide/cargo-home:ro,Z" "-v" "/var/lib/crater-agent-workspace/rustup-home:/opt/rustwide/rustup-home:ro,Z" "-e" "SOURCE_DIR=/opt/rustwide/workdir" "-e" "CARGO_TARGET_DIR=/opt/rustwide/target" "-e" "CARGO_INCREMENTAL=0" "-e" "RUST_BACKTRACE=full" "-e" "RUSTFLAGS=--cap-lints=forbid -Zrandomize-layout" "-e" "RUSTDOCFLAGS=--cap-lints=forbid" "-e" "CARGO_HOME=/opt/rustwide/cargo-home" "-e" "RUSTUP_HOME=/opt/rustwide/rustup-home" "-w" "/opt/rustwide/workdir" "-m" "1610612736" "--user" "0:0" "--network" "none" "ghcr.io/rust-lang/crates-build-env/linux@sha256:819108c5571ea2e421544af4d832f968d213c87fbe3707a016657f43d2f853bc" "/opt/rustwide/cargo-home/bin/cargo" "+nightly-2025-01-18" "build" "--frozen" "--message-format=json", kill_on_drop: false }`
[INFO] [stdout] b96fbb813632085d13f16c2317b7ba12cfc99aa4ccfdab7091b2d3ed3b86cc7f
[INFO] running `Command { std: "docker" "start" "-a" "b96fbb813632085d13f16c2317b7ba12cfc99aa4ccfdab7091b2d3ed3b86cc7f", kill_on_drop: false }`
[INFO] [stderr]    Compiling autocfg v1.0.1
[INFO] [stderr]    Compiling libc v0.2.98
[INFO] [stderr]    Compiling cfg-if v1.0.0
[INFO] [stderr]    Compiling cc v1.0.69
[INFO] [stderr]    Compiling memchr v2.4.0
[INFO] [stderr]    Compiling proc-macro2 v1.0.28
[INFO] [stderr]    Compiling unicode-xid v0.2.2
[INFO] [stderr]    Compiling log v0.4.14
[INFO] [stderr]    Compiling version_check v0.9.3
[INFO] [stderr]    Compiling pin-project-lite v0.2.7
[INFO] [stderr]    Compiling syn v1.0.74
[INFO] [stderr]    Compiling pkg-config v0.3.19
[INFO] [stderr]    Compiling bitflags v1.2.1
[INFO] [stderr]    Compiling futures-core v0.3.16
[INFO] [stderr]    Compiling bytes v1.0.1
[INFO] [stderr]    Compiling itoa v0.4.7
[INFO] [stderr]    Compiling futures-task v0.3.16
[INFO] [stderr]    Compiling lazy_static v1.4.0
[INFO] [stderr]    Compiling matches v0.1.8
[INFO] [stderr]    Compiling foreign-types-shared v0.1.1
[INFO] [stderr]    Compiling openssl v0.10.35
[INFO] [stderr]    Compiling fnv v1.0.7
[INFO] [stderr]    Compiling serde_derive v1.0.127
[INFO] [stderr]    Compiling foreign-types v0.3.2
[INFO] [stderr]    Compiling tracing-core v0.1.18
[INFO] [stderr]    Compiling native-tls v0.2.7
[INFO] [stderr]    Compiling futures-io v0.3.16
[INFO] [stderr]    Compiling ryu v1.0.5
[INFO] [stderr]    Compiling hashbrown v0.11.2
[INFO] [stderr]    Compiling slab v0.4.3
[INFO] [stderr]    Compiling http v0.2.4
[INFO] [stderr]    Compiling serde v1.0.127
[INFO] [stderr]    Compiling futures-sink v0.3.16
[INFO] [stderr]    Compiling futures-channel v0.3.16
[INFO] [stderr]    Compiling httparse v1.4.1
[INFO] [stderr]    Compiling tokio v1.9.0
[INFO] [stderr]    Compiling futures-util v0.3.16
[INFO] [stderr]    Compiling indexmap v1.7.0
[INFO] [stderr]    Compiling proc-macro-error-attr v1.0.4
[INFO] [stderr]    Compiling pin-utils v0.1.0
[INFO] [stderr]    Compiling tinyvec_macros v0.1.0
[INFO] [stderr]    Compiling once_cell v1.8.0
[INFO] [stderr]    Compiling tinyvec v1.3.1
[INFO] [stderr]    Compiling proc-macro-error v1.0.4
[INFO] [stderr]    Compiling miniz_oxide v0.4.4
[INFO] [stderr]    Compiling tracing v0.1.26
[INFO] [stderr]    Compiling percent-encoding v2.1.0
[INFO] [stderr]    Compiling openssl-probe v0.1.4
[INFO] [stderr]    Compiling try-lock v0.2.3
[INFO] [stderr]    Compiling want v0.3.0
[INFO] [stderr]    Compiling mio v0.7.13
[INFO] [stderr]    Compiling num_cpus v1.13.0
[INFO] [stderr]    Compiling socket2 v0.4.1
[INFO] [stderr]    Compiling form_urlencoded v1.0.1
[INFO] [stderr]    Compiling unicode-bidi v0.3.5
[INFO] [stderr]    Compiling gimli v0.25.0
[INFO] [stderr]    Compiling unicode-segmentation v1.8.0
[INFO] [stderr]    Compiling adler v1.0.2
[INFO] [stderr]    Compiling tower-service v0.3.1
[INFO] [stderr]    Compiling serde_json v1.0.66
[INFO] [stderr]    Compiling unicode-width v0.1.8
[INFO] [stderr]    Compiling quote v1.0.9
[INFO] [stderr]    Compiling encoding_rs v0.8.28
[INFO] [stderr]    Compiling httpdate v1.0.1
[INFO] [stderr]    Compiling textwrap v0.11.0
[INFO] [stderr]    Compiling openssl-sys v0.9.65
[INFO] [stderr]    Compiling backtrace v0.3.61
[INFO] [stderr]    Compiling atty v0.2.14
[INFO] [stderr]    Compiling object v0.26.0
[INFO] [stderr]    Compiling heck v0.3.3
[INFO] [stderr]    Compiling error-chain v0.12.4
[INFO] [stderr]    Compiling strsim v0.8.0
[INFO] [stderr]    Compiling vec_map v0.8.2
[INFO] [stderr]    Compiling rustc-demangle v0.1.20
[INFO] [stderr]    Compiling ansi_term v0.11.0
[INFO] [stderr]    Compiling clap v2.33.3
[INFO] [stderr]    Compiling mime v0.3.16
[INFO] [stderr]    Compiling ipnet v2.3.1
[INFO] [stderr]    Compiling base64 v0.13.0
[INFO] [stderr]    Compiling unicode-normalization v0.1.19
[INFO] [stderr]    Compiling http-body v0.4.2
[INFO] [stderr]    Compiling idna v0.2.3
[INFO] [stderr]    Compiling addr2line v0.16.0
[INFO] [stderr]    Compiling url v2.2.2
[INFO] [stderr]    Compiling structopt-derive v0.4.15
[INFO] [stderr]    Compiling structopt v0.3.22
[INFO] [stderr]    Compiling tokio-util v0.6.7
[INFO] [stderr]    Compiling h2 v0.3.3
[INFO] [stderr]    Compiling tokio-native-tls v0.3.0
[INFO] [stderr]    Compiling hyper v0.14.11
[INFO] [stderr]    Compiling serde_urlencoded v0.7.0
[INFO] [stderr]    Compiling hyper-tls v0.5.0
[INFO] [stderr]    Compiling reqwest v0.11.4
[INFO] [stderr]    Compiling hf-hub-loader v0.1.0 (/opt/rustwide/workdir)
[INFO] [stdout] warning: unexpected `cfg` condition name: `has_error_description_deprecated`
[INFO] [stdout]   --> src/file_loader.rs:9:1
[INFO] [stdout]    |
[INFO] [stdout] 9  | / error_chain! {
[INFO] [stdout] 10 | |   foreign_links {
[INFO] [stdout] 11 | |       Io(std::io::Error);
[INFO] [stdout] 12 | |       HttpRequest(reqwest::Error);
[INFO] [stdout] 13 | |   }
[INFO] [stdout] 14 | | }
[INFO] [stdout]    | |_^
[INFO] [stdout]    |
[INFO] [stdout]    = help: expected names are: `clippy`, `debug_assertions`, `doc`, `docsrs`, `doctest`, `feature`, `fmt_debug`, `miri`, `overflow_checks`, `panic`, `proc_macro`, `relocation_model`, `rustfmt`, `sanitize`, `sanitizer_cfi_generalize_pointers`, `sanitizer_cfi_normalize_integers`, `target_abi`, `target_arch`, `target_endian`, `target_env`, `target_family`, `target_feature`, `target_has_atomic`, `target_has_atomic_equal_alignment`, `target_has_atomic_load_store`, `target_os`, `target_pointer_width`, `target_thread_local`, `target_vendor`, `test`, `ub_checks`, `unix`, and `windows`
[INFO] [stdout]    = note: using a cfg inside a macro will use the cfgs from the destination crate and not the ones from the defining crate
[INFO] [stdout]    = help: try referring to `impl_error_chain_processed` crate for guidance on how handle this unexpected cfg
[INFO] [stdout]    = help: the macro `impl_error_chain_processed` may come from an old version of the `error_chain` crate, try updating your dependency with `cargo update -p error_chain`
[INFO] [stdout]    = note: see <https://doc.rust-lang.org/nightly/rustc/check-cfg/cargo-specifics.html> for more information about checking conditional configuration
[INFO] [stdout]    = note: `#[warn(unexpected_cfgs)]` on by default
[INFO] [stdout]    = note: this warning originates in the macro `impl_error_chain_processed` which comes from the expansion of the macro `error_chain` (in Nightly builds, run with -Z macro-backtrace for more info)
[INFO] [stdout] 
[INFO] [stdout] 
[INFO] [stdout] warning: unexpected `cfg` condition name: `has_error_description_deprecated`
[INFO] [stdout]   --> src/main.rs:10:1
[INFO] [stdout]    |
[INFO] [stdout] 10 | / error_chain! {
[INFO] [stdout] 11 | |     foreign_links {
[INFO] [stdout] 12 | |         Io(std::io::Error);
[INFO] [stdout] 13 | |         HttpRequest(reqwest::Error);
[INFO] [stdout] 14 | |     }
[INFO] [stdout] 15 | | }
[INFO] [stdout]    | |_^
[INFO] [stdout]    |
[INFO] [stdout]    = note: using a cfg inside a macro will use the cfgs from the destination crate and not the ones from the defining crate
[INFO] [stdout]    = help: try referring to `impl_error_chain_processed` crate for guidance on how handle this unexpected cfg
[INFO] [stdout]    = help: the macro `impl_error_chain_processed` may come from an old version of the `error_chain` crate, try updating your dependency with `cargo update -p error_chain`
[INFO] [stdout]    = note: see <https://doc.rust-lang.org/nightly/rustc/check-cfg/cargo-specifics.html> for more information about checking conditional configuration
[INFO] [stdout]    = note: this warning originates in the macro `impl_error_chain_processed` which comes from the expansion of the macro `error_chain` (in Nightly builds, run with -Z macro-backtrace for more info)
[INFO] [stdout] 
[INFO] [stdout] 
[INFO] [stdout] warning: field `revision` is never read
[INFO] [stdout]   --> src/main.rs:35:5
[INFO] [stdout]    |
[INFO] [stdout] 26 | struct CliArgs {
[INFO] [stdout]    |        ------- field in this struct
[INFO] [stdout] ...
[INFO] [stdout] 35 |     revision: String,
[INFO] [stdout]    |     ^^^^^^^^
[INFO] [stdout]    |
[INFO] [stdout]    = note: `CliArgs` has derived impls for the traits `Debug` and `Clone`, but these are intentionally ignored during dead code analysis
[INFO] [stdout]    = note: `#[warn(dead_code)]` on by default
[INFO] [stdout] 
[INFO] [stdout] 
[INFO] [stderr]     Finished `dev` profile [unoptimized + debuginfo] target(s) in 39.92s
[INFO] running `Command { std: "docker" "inspect" "b96fbb813632085d13f16c2317b7ba12cfc99aa4ccfdab7091b2d3ed3b86cc7f", kill_on_drop: false }`
[INFO] running `Command { std: "docker" "rm" "-f" "b96fbb813632085d13f16c2317b7ba12cfc99aa4ccfdab7091b2d3ed3b86cc7f", kill_on_drop: false }`
[INFO] [stdout] b96fbb813632085d13f16c2317b7ba12cfc99aa4ccfdab7091b2d3ed3b86cc7f
[INFO] running `Command { std: "docker" "create" "-v" "/var/lib/crater-agent-workspace/builds/worker-7-tc2/target:/opt/rustwide/target:rw,Z" "-v" "/var/lib/crater-agent-workspace/builds/worker-7-tc2/source:/opt/rustwide/workdir:ro,Z" "-v" "/var/lib/crater-agent-workspace/cargo-home:/opt/rustwide/cargo-home:ro,Z" "-v" "/var/lib/crater-agent-workspace/rustup-home:/opt/rustwide/rustup-home:ro,Z" "-e" "SOURCE_DIR=/opt/rustwide/workdir" "-e" "CARGO_TARGET_DIR=/opt/rustwide/target" "-e" "CARGO_INCREMENTAL=0" "-e" "RUST_BACKTRACE=full" "-e" "RUSTFLAGS=--cap-lints=forbid -Zrandomize-layout" "-e" "RUSTDOCFLAGS=--cap-lints=forbid" "-e" "CARGO_HOME=/opt/rustwide/cargo-home" "-e" "RUSTUP_HOME=/opt/rustwide/rustup-home" "-w" "/opt/rustwide/workdir" "-m" "1610612736" "--user" "0:0" "--network" "none" "ghcr.io/rust-lang/crates-build-env/linux@sha256:819108c5571ea2e421544af4d832f968d213c87fbe3707a016657f43d2f853bc" "/opt/rustwide/cargo-home/bin/cargo" "+nightly-2025-01-18" "test" "--frozen" "--no-run" "--message-format=json", kill_on_drop: false }`
[INFO] [stdout] 0723f498ee1e0c92a51e15ee07288ae83679c793a21a1b960cdf0e3149ecdd54
[INFO] running `Command { std: "docker" "start" "-a" "0723f498ee1e0c92a51e15ee07288ae83679c793a21a1b960cdf0e3149ecdd54", kill_on_drop: false }`
[INFO] [stderr]    Compiling temp_testdir v0.2.3
[INFO] [stderr]    Compiling hf-hub-loader v0.1.0 (/opt/rustwide/workdir)
[INFO] [stdout] warning: unexpected `cfg` condition name: `has_error_description_deprecated`
[INFO] [stdout]   --> src/file_loader.rs:9:1
[INFO] [stdout]    |
[INFO] [stdout] 9  | / error_chain! {
[INFO] [stdout] 10 | |   foreign_links {
[INFO] [stdout] 11 | |       Io(std::io::Error);
[INFO] [stdout] 12 | |       HttpRequest(reqwest::Error);
[INFO] [stdout] 13 | |   }
[INFO] [stdout] 14 | | }
[INFO] [stdout]    | |_^
[INFO] [stdout]    |
[INFO] [stdout]    = help: expected names are: `clippy`, `debug_assertions`, `doc`, `docsrs`, `doctest`, `feature`, `fmt_debug`, `miri`, `overflow_checks`, `panic`, `proc_macro`, `relocation_model`, `rustfmt`, `sanitize`, `sanitizer_cfi_generalize_pointers`, `sanitizer_cfi_normalize_integers`, `target_abi`, `target_arch`, `target_endian`, `target_env`, `target_family`, `target_feature`, `target_has_atomic`, `target_has_atomic_equal_alignment`, `target_has_atomic_load_store`, `target_os`, `target_pointer_width`, `target_thread_local`, `target_vendor`, `test`, `ub_checks`, `unix`, and `windows`
[INFO] [stdout]    = note: using a cfg inside a macro will use the cfgs from the destination crate and not the ones from the defining crate
[INFO] [stdout]    = help: try referring to `impl_error_chain_processed` crate for guidance on how handle this unexpected cfg
[INFO] [stdout]    = help: the macro `impl_error_chain_processed` may come from an old version of the `error_chain` crate, try updating your dependency with `cargo update -p error_chain`
[INFO] [stdout]    = note: see <https://doc.rust-lang.org/nightly/rustc/check-cfg/cargo-specifics.html> for more information about checking conditional configuration
[INFO] [stdout]    = note: `#[warn(unexpected_cfgs)]` on by default
[INFO] [stdout]    = note: this warning originates in the macro `impl_error_chain_processed` which comes from the expansion of the macro `error_chain` (in Nightly builds, run with -Z macro-backtrace for more info)
[INFO] [stdout] 
[INFO] [stdout] 
[INFO] [stdout] warning: unexpected `cfg` condition name: `has_error_description_deprecated`
[INFO] [stdout]   --> src/main.rs:10:1
[INFO] [stdout]    |
[INFO] [stdout] 10 | / error_chain! {
[INFO] [stdout] 11 | |     foreign_links {
[INFO] [stdout] 12 | |         Io(std::io::Error);
[INFO] [stdout] 13 | |         HttpRequest(reqwest::Error);
[INFO] [stdout] 14 | |     }
[INFO] [stdout] 15 | | }
[INFO] [stdout]    | |_^
[INFO] [stdout]    |
[INFO] [stdout]    = note: using a cfg inside a macro will use the cfgs from the destination crate and not the ones from the defining crate
[INFO] [stdout]    = help: try referring to `impl_error_chain_processed` crate for guidance on how handle this unexpected cfg
[INFO] [stdout]    = help: the macro `impl_error_chain_processed` may come from an old version of the `error_chain` crate, try updating your dependency with `cargo update -p error_chain`
[INFO] [stdout]    = note: see <https://doc.rust-lang.org/nightly/rustc/check-cfg/cargo-specifics.html> for more information about checking conditional configuration
[INFO] [stdout]    = note: this warning originates in the macro `impl_error_chain_processed` which comes from the expansion of the macro `error_chain` (in Nightly builds, run with -Z macro-backtrace for more info)
[INFO] [stdout] 
[INFO] [stdout] 
[INFO] [stdout] warning: field `revision` is never read
[INFO] [stdout]   --> src/main.rs:35:5
[INFO] [stdout]    |
[INFO] [stdout] 26 | struct CliArgs {
[INFO] [stdout]    |        ------- field in this struct
[INFO] [stdout] ...
[INFO] [stdout] 35 |     revision: String,
[INFO] [stdout]    |     ^^^^^^^^
[INFO] [stdout]    |
[INFO] [stdout]    = note: `CliArgs` has derived impls for the traits `Debug` and `Clone`, but these are intentionally ignored during dead code analysis
[INFO] [stdout]    = note: `#[warn(dead_code)]` on by default
[INFO] [stdout] 
[INFO] [stdout] 
[INFO] [stderr]     Finished `test` profile [unoptimized + debuginfo] target(s) in 1.51s
[INFO] running `Command { std: "docker" "inspect" "0723f498ee1e0c92a51e15ee07288ae83679c793a21a1b960cdf0e3149ecdd54", kill_on_drop: false }`
[INFO] running `Command { std: "docker" "rm" "-f" "0723f498ee1e0c92a51e15ee07288ae83679c793a21a1b960cdf0e3149ecdd54", kill_on_drop: false }`
[INFO] [stdout] 0723f498ee1e0c92a51e15ee07288ae83679c793a21a1b960cdf0e3149ecdd54
[INFO] running `Command { std: "docker" "create" "-v" "/var/lib/crater-agent-workspace/builds/worker-7-tc2/target:/opt/rustwide/target:rw,Z" "-v" "/var/lib/crater-agent-workspace/builds/worker-7-tc2/source:/opt/rustwide/workdir:ro,Z" "-v" "/var/lib/crater-agent-workspace/cargo-home:/opt/rustwide/cargo-home:ro,Z" "-v" "/var/lib/crater-agent-workspace/rustup-home:/opt/rustwide/rustup-home:ro,Z" "-e" "SOURCE_DIR=/opt/rustwide/workdir" "-e" "CARGO_TARGET_DIR=/opt/rustwide/target" "-e" "CARGO_INCREMENTAL=0" "-e" "RUST_BACKTRACE=full" "-e" "RUSTFLAGS=--cap-lints=forbid -Zrandomize-layout" "-e" "RUSTDOCFLAGS=--cap-lints=forbid" "-e" "CARGO_HOME=/opt/rustwide/cargo-home" "-e" "RUSTUP_HOME=/opt/rustwide/rustup-home" "-w" "/opt/rustwide/workdir" "-m" "1610612736" "--user" "0:0" "--network" "none" "ghcr.io/rust-lang/crates-build-env/linux@sha256:819108c5571ea2e421544af4d832f968d213c87fbe3707a016657f43d2f853bc" "/opt/rustwide/cargo-home/bin/cargo" "+nightly-2025-01-18" "test" "--frozen", kill_on_drop: false }`
[INFO] [stdout] 5806bce838d56f6b1f633b6f9f34255c000c2e7cb53e03c98152e544a77bab1a
[INFO] running `Command { std: "docker" "start" "-a" "5806bce838d56f6b1f633b6f9f34255c000c2e7cb53e03c98152e544a77bab1a", kill_on_drop: false }`
[INFO] [stderr] warning: unexpected `cfg` condition name: `has_error_description_deprecated`
[INFO] [stderr]   --> src/file_loader.rs:9:1
[INFO] [stderr]    |
[INFO] [stderr] 9  | / error_chain! {
[INFO] [stderr] 10 | |   foreign_links {
[INFO] [stderr] 11 | |       Io(std::io::Error);
[INFO] [stderr] 12 | |       HttpRequest(reqwest::Error);
[INFO] [stderr] 13 | |   }
[INFO] [stderr] 14 | | }
[INFO] [stderr]    | |_^
[INFO] [stderr]    |
[INFO] [stderr]    = help: expected names are: `clippy`, `debug_assertions`, `doc`, `docsrs`, `doctest`, `feature`, `fmt_debug`, `miri`, `overflow_checks`, `panic`, `proc_macro`, `relocation_model`, `rustfmt`, `sanitize`, `sanitizer_cfi_generalize_pointers`, `sanitizer_cfi_normalize_integers`, `target_abi`, `target_arch`, `target_endian`, `target_env`, `target_family`, `target_feature`, `target_has_atomic`, `target_has_atomic_equal_alignment`, `target_has_atomic_load_store`, `target_os`, `target_pointer_width`, `target_thread_local`, `target_vendor`, `test`, `ub_checks`, `unix`, and `windows`
[INFO] [stderr]    = note: using a cfg inside a macro will use the cfgs from the destination crate and not the ones from the defining crate
[INFO] [stderr]    = help: try referring to `impl_error_chain_processed` crate for guidance on how handle this unexpected cfg
[INFO] [stderr]    = help: the macro `impl_error_chain_processed` may come from an old version of the `error_chain` crate, try updating your dependency with `cargo update -p error_chain`
[INFO] [stderr]    = note: see <https://doc.rust-lang.org/nightly/rustc/check-cfg/cargo-specifics.html> for more information about checking conditional configuration
[INFO] [stderr]    = note: `#[warn(unexpected_cfgs)]` on by default
[INFO] [stderr]    = note: this warning originates in the macro `impl_error_chain_processed` which comes from the expansion of the macro `error_chain` (in Nightly builds, run with -Z macro-backtrace for more info)
[INFO] [stderr] 
[INFO] [stderr] warning: unexpected `cfg` condition name: `has_error_description_deprecated`
[INFO] [stderr]   --> src/main.rs:10:1
[INFO] [stderr]    |
[INFO] [stderr] 10 | / error_chain! {
[INFO] [stderr] 11 | |     foreign_links {
[INFO] [stderr] 12 | |         Io(std::io::Error);
[INFO] [stderr] 13 | |         HttpRequest(reqwest::Error);
[INFO] [stderr] 14 | |     }
[INFO] [stderr] 15 | | }
[INFO] [stderr]    | |_^
[INFO] [stderr]    |
[INFO] [stderr]    = note: using a cfg inside a macro will use the cfgs from the destination crate and not the ones from the defining crate
[INFO] [stderr]    = help: try referring to `impl_error_chain_processed` crate for guidance on how handle this unexpected cfg
[INFO] [stderr]    = help: the macro `impl_error_chain_processed` may come from an old version of the `error_chain` crate, try updating your dependency with `cargo update -p error_chain`
[INFO] [stderr]    = note: see <https://doc.rust-lang.org/nightly/rustc/check-cfg/cargo-specifics.html> for more information about checking conditional configuration
[INFO] [stderr]    = note: this warning originates in the macro `impl_error_chain_processed` which comes from the expansion of the macro `error_chain` (in Nightly builds, run with -Z macro-backtrace for more info)
[INFO] [stderr] 
[INFO] [stderr] warning: field `revision` is never read
[INFO] [stderr]   --> src/main.rs:35:5
[INFO] [stderr]    |
[INFO] [stderr] 26 | struct CliArgs {
[INFO] [stderr]    |        ------- field in this struct
[INFO] [stderr] ...
[INFO] [stderr] 35 |     revision: String,
[INFO] [stderr]    |     ^^^^^^^^
[INFO] [stderr]    |
[INFO] [stderr]    = note: `CliArgs` has derived impls for the traits `Debug` and `Clone`, but these are intentionally ignored during dead code analysis
[INFO] [stderr]    = note: `#[warn(dead_code)]` on by default
[INFO] [stderr] 
[INFO] [stderr] warning: `hf-hub-loader` (bin "hf-hub-loader" test) generated 3 warnings
[INFO] [stderr]     Finished `test` profile [unoptimized + debuginfo] target(s) in 0.13s
[INFO] [stderr]      Running unittests src/main.rs (/opt/rustwide/target/debug/deps/hf_hub_loader-6733a9773239425c)
[INFO] [stdout] 
[INFO] [stdout] running 9 tests
[INFO] [stdout] test hf_uri::tests::test_create_remote_repository_url ... ok
[INFO] [stdout] test hf_uri::tests::test_uri_parser_without_filter ... ok
[INFO] [stdout] test hf_uri::tests::test_create_remote_file_url ... ok
[INFO] [stdout] test file_loader::tests::test_filter_siblings ... ok
[INFO] [stdout] test hf_uri::tests::test_uri_parser_with_filter ... ok
[INFO] [stdout] test hf_uri::tests::test_uri_schema - should panic ... ok
[INFO] [stdout] test file_loader::tests::test_download_and_save_file ... FAILED
[INFO] [stdout] test file_loader::tests::test_download_of_file_which_doesnt_exist - should panic ... ok
[INFO] [stdout] test file_loader::tests::test_download_of_private ... FAILED
[INFO] [stdout] 
[INFO] [stdout] failures:
[INFO] [stdout] 
[INFO] [stdout] ---- file_loader::tests::test_download_and_save_file stdout ----
[INFO] [stdout] Loading: https://huggingface.co/philschmid/infinity-sentiment/raw/main/infinity/config.json
[INFO] [stdout] 
[INFO] [stdout] thread 'file_loader::tests::test_download_and_save_file' panicked at src/file_loader.rs:87:19:
[INFO] [stdout] error sending request for url (https://huggingface.co/philschmid/infinity-sentiment/raw/main/infinity/config.json): error trying to connect: dns error: failed to lookup address information: Temporary failure in name resolution
[INFO] [stdout] stack backtrace:
[INFO] [stdout]    0:     0x5d2519b804ca - std::backtrace_rs::backtrace::libunwind::trace::hb059275cfc8d6126
[INFO] [stdout]                                at /rustc/6067b36314ab5eb2eb47cecc464545ba58e1ad24/library/std/src/../../backtrace/src/backtrace/libunwind.rs:116:5
[INFO] [stdout]    1:     0x5d2519b804ca - std::backtrace_rs::backtrace::trace_unsynchronized::h2da071e4327ce3ee
[INFO] [stdout]                                at /rustc/6067b36314ab5eb2eb47cecc464545ba58e1ad24/library/std/src/../../backtrace/src/backtrace/mod.rs:66:5
[INFO] [stdout]    2:     0x5d2519b804ca - std::sys::backtrace::_print_fmt::h842a1474e6f8d23f
[INFO] [stdout]                                at /rustc/6067b36314ab5eb2eb47cecc464545ba58e1ad24/library/std/src/sys/backtrace.rs:66:9
[INFO] [stdout]    3:     0x5d2519b804ca - <std::sys::backtrace::BacktraceLock::print::DisplayBacktrace as core::fmt::Display>::fmt::h71a62eb3b9696b12
[INFO] [stdout]                                at /rustc/6067b36314ab5eb2eb47cecc464545ba58e1ad24/library/std/src/sys/backtrace.rs:39:26
[INFO] [stdout]    4:     0x5d2519babd33 - core::fmt::rt::Argument::fmt::hdb6b616786b41dc1
[INFO] [stdout]                                at /rustc/6067b36314ab5eb2eb47cecc464545ba58e1ad24/library/core/src/fmt/rt.rs:177:76
[INFO] [stdout]    5:     0x5d2519babd33 - core::fmt::write::h2cc1698af7e2d686
[INFO] [stdout]                                at /rustc/6067b36314ab5eb2eb47cecc464545ba58e1ad24/library/core/src/fmt/mod.rs:1440:21
[INFO] [stdout]    6:     0x5d2519b7c2e3 - std::io::Write::write_fmt::hab1b4cd059a79022
[INFO] [stdout]                                at /rustc/6067b36314ab5eb2eb47cecc464545ba58e1ad24/library/std/src/io/mod.rs:1887:15
[INFO] [stdout]    7:     0x5d2519b80312 - std::sys::backtrace::BacktraceLock::print::h147fe35b4ea13b08
[INFO] [stdout]                                at /rustc/6067b36314ab5eb2eb47cecc464545ba58e1ad24/library/std/src/sys/backtrace.rs:42:9
[INFO] [stdout]    8:     0x5d2519b818ef - std::panicking::default_hook::{{closure}}::hbd44223dbdc0d208
[INFO] [stdout]                                at /rustc/6067b36314ab5eb2eb47cecc464545ba58e1ad24/library/std/src/panicking.rs:298:22
[INFO] [stdout]    9:     0x5d2519b81708 - std::panicking::default_hook::h20f81eb0576efcec
[INFO] [stdout]                                at /rustc/6067b36314ab5eb2eb47cecc464545ba58e1ad24/library/std/src/panicking.rs:322:9
[INFO] [stdout]   10:     0x5d2519790723 - <alloc::boxed::Box<F,A> as core::ops::function::Fn<Args>>::call::hdb53814c496a4d34
[INFO] [stdout]                                at /rustc/6067b36314ab5eb2eb47cecc464545ba58e1ad24/library/alloc/src/boxed.rs:2027:9
[INFO] [stdout]   11:     0x5d2519790723 - test::test_main::{{closure}}::hc0a4963c59427c24
[INFO] [stdout]                                at /rustc/6067b36314ab5eb2eb47cecc464545ba58e1ad24/library/test/src/lib.rs:134:21
[INFO] [stdout]   12:     0x5d2519b823e3 - <alloc::boxed::Box<F,A> as core::ops::function::Fn<Args>>::call::h591b2225413a77e9
[INFO] [stdout]                                at /rustc/6067b36314ab5eb2eb47cecc464545ba58e1ad24/library/alloc/src/boxed.rs:2027:9
[INFO] [stdout]   13:     0x5d2519b823e3 - std::panicking::rust_panic_with_hook::h625eea43051b2edc
[INFO] [stdout]                                at /rustc/6067b36314ab5eb2eb47cecc464545ba58e1ad24/library/std/src/panicking.rs:839:13
[INFO] [stdout]   14:     0x5d2519b8209a - std::panicking::begin_panic_handler::{{closure}}::h4f9159cfbc3f6bd3
[INFO] [stdout]                                at /rustc/6067b36314ab5eb2eb47cecc464545ba58e1ad24/library/std/src/panicking.rs:704:13
[INFO] [stdout]   15:     0x5d2519b809c9 - std::sys::backtrace::__rust_end_short_backtrace::h0390abce48353151
[INFO] [stdout]                                at /rustc/6067b36314ab5eb2eb47cecc464545ba58e1ad24/library/std/src/sys/backtrace.rs:168:18
[INFO] [stdout]   16:     0x5d2519b81d2d - rust_begin_unwind
[INFO] [stdout]                                at /rustc/6067b36314ab5eb2eb47cecc464545ba58e1ad24/library/std/src/panicking.rs:695:5
[INFO] [stdout]   17:     0x5d2519ba9fa0 - core::panicking::panic_fmt::h9e7c637e9e5f29c9
[INFO] [stdout]                                at /rustc/6067b36314ab5eb2eb47cecc464545ba58e1ad24/library/core/src/panicking.rs:75:14
[INFO] [stdout]   18:     0x5d25197541a3 - core::panicking::panic_display::h8b5b9db128eab0b9
[INFO] [stdout]                                at /rustc/6067b36314ab5eb2eb47cecc464545ba58e1ad24/library/core/src/panicking.rs:261:5
[INFO] [stdout]   19:     0x5d25197513a3 - hf_hub_loader::file_loader::tests::test_download_and_save_file::h5ec30190f53a64a4
[INFO] [stdout]                                at /opt/rustwide/workdir/src/file_loader.rs:87:19
[INFO] [stdout]   20:     0x5d2519751087 - hf_hub_loader::file_loader::tests::test_download_and_save_file::{{closure}}::h641542252f22475f
[INFO] [stdout]                                at /opt/rustwide/workdir/src/file_loader.rs:79:35
[INFO] [stdout]   21:     0x5d25197530a6 - core::ops::function::FnOnce::call_once::hc34e3154f6cada26
[INFO] [stdout]                                at /rustc/6067b36314ab5eb2eb47cecc464545ba58e1ad24/library/core/src/ops/function.rs:250:5
[INFO] [stdout]   22:     0x5d2519795e7b - core::ops::function::FnOnce::call_once::he27718dfdd183f43
[INFO] [stdout]                                at /rustc/6067b36314ab5eb2eb47cecc464545ba58e1ad24/library/core/src/ops/function.rs:250:5
[INFO] [stdout]   23:     0x5d2519795e7b - test::__rust_begin_short_backtrace::h4e84902998457a5d
[INFO] [stdout]                                at /rustc/6067b36314ab5eb2eb47cecc464545ba58e1ad24/library/test/src/lib.rs:632:18
[INFO] [stdout]   24:     0x5d2519794db3 - test::run_test_in_process::{{closure}}::h7176fd18fc1feca0
[INFO] [stdout]                                at /rustc/6067b36314ab5eb2eb47cecc464545ba58e1ad24/library/test/src/lib.rs:655:60
[INFO] [stdout]   25:     0x5d2519794db3 - <core::panic::unwind_safe::AssertUnwindSafe<F> as core::ops::function::FnOnce<()>>::call_once::hf79cff2a624d8cf7
[INFO] [stdout]                                at /rustc/6067b36314ab5eb2eb47cecc464545ba58e1ad24/library/core/src/panic/unwind_safe.rs:272:9
[INFO] [stdout]   26:     0x5d2519794db3 - std::panicking::try::do_call::h3da0561d9ab99c25
[INFO] [stdout]                                at /rustc/6067b36314ab5eb2eb47cecc464545ba58e1ad24/library/std/src/panicking.rs:587:40
[INFO] [stdout]   27:     0x5d2519794db3 - std::panicking::try::h41c9fa508bc61df6
[INFO] [stdout]                                at /rustc/6067b36314ab5eb2eb47cecc464545ba58e1ad24/library/std/src/panicking.rs:550:19
[INFO] [stdout]   28:     0x5d2519794db3 - std::panic::catch_unwind::h6b3ff07bb5afad93
[INFO] [stdout]                                at /rustc/6067b36314ab5eb2eb47cecc464545ba58e1ad24/library/std/src/panic.rs:358:14
[INFO] [stdout]   29:     0x5d2519794db3 - test::run_test_in_process::hc7253dd11b39b9f4
[INFO] [stdout]                                at /rustc/6067b36314ab5eb2eb47cecc464545ba58e1ad24/library/test/src/lib.rs:655:27
[INFO] [stdout]   30:     0x5d2519794db3 - test::run_test::{{closure}}::hfb2007f8649c30bb
[INFO] [stdout]                                at /rustc/6067b36314ab5eb2eb47cecc464545ba58e1ad24/library/test/src/lib.rs:576:43
[INFO] [stdout]   31:     0x5d2519757e95 - test::run_test::{{closure}}::h56a17aa7a282a9f4
[INFO] [stdout]                                at /rustc/6067b36314ab5eb2eb47cecc464545ba58e1ad24/library/test/src/lib.rs:606:41
[INFO] [stdout]   32:     0x5d2519757e95 - std::sys::backtrace::__rust_begin_short_backtrace::hd2d2d2fb8e8c6aac
[INFO] [stdout]                                at /rustc/6067b36314ab5eb2eb47cecc464545ba58e1ad24/library/std/src/sys/backtrace.rs:152:18
[INFO] [stdout]   33:     0x5d251975b77a - std::thread::Builder::spawn_unchecked_::{{closure}}::{{closure}}::h4faa3f9db6133423
[INFO] [stdout]                                at /rustc/6067b36314ab5eb2eb47cecc464545ba58e1ad24/library/std/src/thread/mod.rs:559:17
[INFO] [stdout]   34:     0x5d251975b77a - <core::panic::unwind_safe::AssertUnwindSafe<F> as core::ops::function::FnOnce<()>>::call_once::hf2e855a36a4ea846
[INFO] [stdout]                                at /rustc/6067b36314ab5eb2eb47cecc464545ba58e1ad24/library/core/src/panic/unwind_safe.rs:272:9
[INFO] [stdout]   35:     0x5d251975b77a - std::panicking::try::do_call::h2f73af3616c35465
[INFO] [stdout]                                at /rustc/6067b36314ab5eb2eb47cecc464545ba58e1ad24/library/std/src/panicking.rs:587:40
[INFO] [stdout]   36:     0x5d251975b77a - std::panicking::try::hd1660ce9efadef5a
[INFO] [stdout]                                at /rustc/6067b36314ab5eb2eb47cecc464545ba58e1ad24/library/std/src/panicking.rs:550:19
[INFO] [stdout]   37:     0x5d251975b77a - std::panic::catch_unwind::h5ee8d7823b8ca744
[INFO] [stdout]                                at /rustc/6067b36314ab5eb2eb47cecc464545ba58e1ad24/library/std/src/panic.rs:358:14
[INFO] [stdout]   38:     0x5d251975b77a - std::thread::Builder::spawn_unchecked_::{{closure}}::h53c3a1894dce8407
[INFO] [stdout]                                at /rustc/6067b36314ab5eb2eb47cecc464545ba58e1ad24/library/std/src/thread/mod.rs:557:30
[INFO] [stdout]   39:     0x5d251975b77a - core::ops::function::FnOnce::call_once{{vtable.shim}}::h048ce291ad4f62bf
[INFO] [stdout]                                at /rustc/6067b36314ab5eb2eb47cecc464545ba58e1ad24/library/core/src/ops/function.rs:250:5
[INFO] [stdout]   40:     0x5d2519b871fb - <alloc::boxed::Box<F,A> as core::ops::function::FnOnce<Args>>::call_once::ha52bedf99a3b4981
[INFO] [stdout]                                at /rustc/6067b36314ab5eb2eb47cecc464545ba58e1ad24/library/alloc/src/boxed.rs:2013:9
[INFO] [stdout]   41:     0x5d2519b871fb - <alloc::boxed::Box<F,A> as core::ops::function::FnOnce<Args>>::call_once::h567748934d80ccf8
[INFO] [stdout]                                at /rustc/6067b36314ab5eb2eb47cecc464545ba58e1ad24/library/alloc/src/boxed.rs:2013:9
[INFO] [stdout]   42:     0x5d2519b871fb - std::sys::pal::unix::thread::Thread::new::thread_start::h2d970728ae887adc
[INFO] [stdout]                                at /rustc/6067b36314ab5eb2eb47cecc464545ba58e1ad24/library/std/src/sys/pal/unix/thread.rs:106:17
[INFO] [stdout]   43:     0x725a93531ac3 - <unknown>
[INFO] [stdout]   44:     0x725a935c2a04 - clone
[INFO] [stdout]   45:                0x0 - <unknown>
[INFO] [stdout] 
[INFO] [stdout] ---- file_loader::tests::test_download_of_private stdout ----
[INFO] [stdout] Loading:   https://huggingface.co/philschmid/private-repo-test/resolve/main/config.json
[INFO] [stdout] 
[INFO] [stdout] thread 'file_loader::tests::test_download_of_private' panicked at src/file_loader.rs:118:19:
[INFO] [stdout] error sending request for url (https://huggingface.co/philschmid/private-repo-test/resolve/main/config.json): error trying to connect: dns error: failed to lookup address information: Temporary failure in name resolution
[INFO] [stdout] stack backtrace:
[INFO] [stdout]    0:     0x5d2519b804ca - std::backtrace_rs::backtrace::libunwind::trace::hb059275cfc8d6126
[INFO] [stdout]                                at /rustc/6067b36314ab5eb2eb47cecc464545ba58e1ad24/library/std/src/../../backtrace/src/backtrace/libunwind.rs:116:5
[INFO] [stdout]    1:     0x5d2519b804ca - std::backtrace_rs::backtrace::trace_unsynchronized::h2da071e4327ce3ee
[INFO] [stdout]                                at /rustc/6067b36314ab5eb2eb47cecc464545ba58e1ad24/library/std/src/../../backtrace/src/backtrace/mod.rs:66:5
[INFO] [stdout]    2:     0x5d2519b804ca - std::sys::backtrace::_print_fmt::h842a1474e6f8d23f
[INFO] [stdout]                                at /rustc/6067b36314ab5eb2eb47cecc464545ba58e1ad24/library/std/src/sys/backtrace.rs:66:9
[INFO] [stdout]    3:     0x5d2519b804ca - <std::sys::backtrace::BacktraceLock::print::DisplayBacktrace as core::fmt::Display>::fmt::h71a62eb3b9696b12
[INFO] [stdout]                                at /rustc/6067b36314ab5eb2eb47cecc464545ba58e1ad24/library/std/src/sys/backtrace.rs:39:26
[INFO] [stdout]    4:     0x5d2519babd33 - core::fmt::rt::Argument::fmt::hdb6b616786b41dc1
[INFO] [stdout]                                at /rustc/6067b36314ab5eb2eb47cecc464545ba58e1ad24/library/core/src/fmt/rt.rs:177:76
[INFO] [stdout]    5:     0x5d2519babd33 - core::fmt::write::h2cc1698af7e2d686
[INFO] [stdout]                                at /rustc/6067b36314ab5eb2eb47cecc464545ba58e1ad24/library/core/src/fmt/mod.rs:1440:21
[INFO] [stdout]    6:     0x5d2519b7c2e3 - std::io::Write::write_fmt::hab1b4cd059a79022
[INFO] [stdout]                                at /rustc/6067b36314ab5eb2eb47cecc464545ba58e1ad24/library/std/src/io/mod.rs:1887:15
[INFO] [stdout]    7:     0x5d2519b80312 - std::sys::backtrace::BacktraceLock::print::h147fe35b4ea13b08
[INFO] [stdout]                                at /rustc/6067b36314ab5eb2eb47cecc464545ba58e1ad24/library/std/src/sys/backtrace.rs:42:9
[INFO] [stdout]    8:     0x5d2519b818ef - std::panicking::default_hook::{{closure}}::hbd44223dbdc0d208
[INFO] [stdout]                                at /rustc/6067b36314ab5eb2eb47cecc464545ba58e1ad24/library/std/src/panicking.rs:298:22
[INFO] [stdout]    9:     0x5d2519b81708 - std::panicking::default_hook::h20f81eb0576efcec
[INFO] [stdout]                                at /rustc/6067b36314ab5eb2eb47cecc464545ba58e1ad24/library/std/src/panicking.rs:322:9
[INFO] [stdout]   10:     0x5d2519790723 - <alloc::boxed::Box<F,A> as core::ops::function::Fn<Args>>::call::hdb53814c496a4d34
[INFO] [stdout]                                at /rustc/6067b36314ab5eb2eb47cecc464545ba58e1ad24/library/alloc/src/boxed.rs:2027:9
[INFO] [stdout]   11:     0x5d2519790723 - test::test_main::{{closure}}::hc0a4963c59427c24
[INFO] [stdout]                                at /rustc/6067b36314ab5eb2eb47cecc464545ba58e1ad24/library/test/src/lib.rs:134:21
[INFO] [stdout]   12:     0x5d2519b823e3 - <alloc::boxed::Box<F,A> as core::ops::function::Fn<Args>>::call::h591b2225413a77e9
[INFO] [stdout]                                at /rustc/6067b36314ab5eb2eb47cecc464545ba58e1ad24/library/alloc/src/boxed.rs:2027:9
[INFO] [stdout]   13:     0x5d2519b823e3 - std::panicking::rust_panic_with_hook::h625eea43051b2edc
[INFO] [stdout]                                at /rustc/6067b36314ab5eb2eb47cecc464545ba58e1ad24/library/std/src/panicking.rs:839:13
[INFO] [stdout]   14:     0x5d2519b8209a - std::panicking::begin_panic_handler::{{closure}}::h4f9159cfbc3f6bd3
[INFO] [stdout]                                at /rustc/6067b36314ab5eb2eb47cecc464545ba58e1ad24/library/std/src/panicking.rs:704:13
[INFO] [stdout]   15:     0x5d2519b809c9 - std::sys::backtrace::__rust_end_short_backtrace::h0390abce48353151
[INFO] [stdout]                                at /rustc/6067b36314ab5eb2eb47cecc464545ba58e1ad24/library/std/src/sys/backtrace.rs:168:18
[INFO] [stdout]   16:     0x5d2519b81d2d - rust_begin_unwind
[INFO] [stdout]                                at /rustc/6067b36314ab5eb2eb47cecc464545ba58e1ad24/library/std/src/panicking.rs:695:5
[INFO] [stdout]   17:     0x5d2519ba9fa0 - core::panicking::panic_fmt::h9e7c637e9e5f29c9
[INFO] [stdout]                                at /rustc/6067b36314ab5eb2eb47cecc464545ba58e1ad24/library/core/src/panicking.rs:75:14
[INFO] [stdout]   18:     0x5d25197541a3 - core::panicking::panic_display::h8b5b9db128eab0b9
[INFO] [stdout]                                at /rustc/6067b36314ab5eb2eb47cecc464545ba58e1ad24/library/core/src/panicking.rs:261:5
[INFO] [stdout]   19:     0x5d2519751e45 - hf_hub_loader::file_loader::tests::test_download_of_private::hd4dc8293f1e53dda
[INFO] [stdout]                                at /opt/rustwide/workdir/src/file_loader.rs:118:19
[INFO] [stdout]   20:     0x5d2519751b77 - hf_hub_loader::file_loader::tests::test_download_of_private::{{closure}}::h1c861893763d7269
[INFO] [stdout]                                at /opt/rustwide/workdir/src/file_loader.rs:110:32
[INFO] [stdout]   21:     0x5d25197530f6 - core::ops::function::FnOnce::call_once::hf4f24c299bcf70ed
[INFO] [stdout]                                at /rustc/6067b36314ab5eb2eb47cecc464545ba58e1ad24/library/core/src/ops/function.rs:250:5
[INFO] [stdout]   22:     0x5d2519795e7b - core::ops::function::FnOnce::call_once::he27718dfdd183f43
[INFO] [stdout]                                at /rustc/6067b36314ab5eb2eb47cecc464545ba58e1ad24/library/core/src/ops/function.rs:250:5
[INFO] [stdout]   23:     0x5d2519795e7b - test::__rust_begin_short_backtrace::h4e84902998457a5d
[INFO] [stdout]                                at /rustc/6067b36314ab5eb2eb47cecc464545ba58e1ad24/library/test/src/lib.rs:632:18
[INFO] [stdout]   24:     0x5d2519794db3 - test::run_test_in_process::{{closure}}::h7176fd18fc1feca0
[INFO] [stdout]                                at /rustc/6067b36314ab5eb2eb47cecc464545ba58e1ad24/library/test/src/lib.rs:655:60
[INFO] [stdout]   25:     0x5d2519794db3 - <core::panic::unwind_safe::AssertUnwindSafe<F> as core::ops::function::FnOnce<()>>::call_once::hf79cff2a624d8cf7
[INFO] [stdout]                                at /rustc/6067b36314ab5eb2eb47cecc464545ba58e1ad24/library/core/src/panic/unwind_safe.rs:272:9
[INFO] [stdout]   26:     0x5d2519794db3 - std::panicking::try::do_call::h3da0561d9ab99c25
[INFO] [stdout]                                at /rustc/6067b36314ab5eb2eb47cecc464545ba58e1ad24/library/std/src/panicking.rs:587:40
[INFO] [stdout]   27:     0x5d2519794db3 - std::panicking::try::h41c9fa508bc61df6
[INFO] [stdout]                                at /rustc/6067b36314ab5eb2eb47cecc464545ba58e1ad24/library/std/src/panicking.rs:550:19
[INFO] [stdout]   28:     0x5d2519794db3 - std::panic::catch_unwind::h6b3ff07bb5afad93
[INFO] [stdout]                                at /rustc/6067b36314ab5eb2eb47cecc464545ba58e1ad24/library/std/src/panic.rs:358:14
[INFO] [stdout]   29:     0x5d2519794db3 - test::run_test_in_process::hc7253dd11b39b9f4
[INFO] [stdout]                                at /rustc/6067b36314ab5eb2eb47cecc464545ba58e1ad24/library/test/src/lib.rs:655:27
[INFO] [stdout]   30:     0x5d2519794db3 - test::run_test::{{closure}}::hfb2007f8649c30bb
[INFO] [stdout]                                at /rustc/6067b36314ab5eb2eb47cecc464545ba58e1ad24/library/test/src/lib.rs:576:43
[INFO] [stdout]   31:     0x5d2519757e95 - test::run_test::{{closure}}::h56a17aa7a282a9f4
[INFO] [stdout]                                at /rustc/6067b36314ab5eb2eb47cecc464545ba58e1ad24/library/test/src/lib.rs:606:41
[INFO] [stdout]   32:     0x5d2519757e95 - std::sys::backtrace::__rust_begin_short_backtrace::hd2d2d2fb8e8c6aac
[INFO] [stdout]                                at /rustc/6067b36314ab5eb2eb47cecc464545ba58e1ad24/library/std/src/sys/backtrace.rs:152:18
[INFO] [stdout]   33:     0x5d251975b77a - std::thread::Builder::spawn_unchecked_::{{closure}}::{{closure}}::h4faa3f9db6133423
[INFO] [stdout]                                at /rustc/6067b36314ab5eb2eb47cecc464545ba58e1ad24/library/std/src/thread/mod.rs:559:17
[INFO] [stdout]   34:     0x5d251975b77a - <core::panic::unwind_safe::AssertUnwindSafe<F> as core::ops::function::FnOnce<()>>::call_once::hf2e855a36a4ea846
[INFO] [stdout]                                at /rustc/6067b36314ab5eb2eb47cecc464545ba58e1ad24/library/core/src/panic/unwind_safe.rs:272:9
[INFO] [stdout]   35:     0x5d251975b77a - std::panicking::try::do_call::h2f73af3616c35465
[INFO] [stdout]                                at /rustc/6067b36314ab5eb2eb47cecc464545ba58e1ad24/library/std/src/panicking.rs:587:40
[INFO] [stdout]   36:     0x5d251975b77a - std::panicking::try::hd1660ce9efadef5a
[INFO] [stdout]                                at /rustc/6067b36314ab5eb2eb47cecc464545ba58e1ad24/library/std/src/panicking.rs:550:19
[INFO] [stdout]   37:     0x5d251975b77a - std::panic::catch_unwind::h5ee8d7823b8ca744
[INFO] [stdout]                                at /rustc/6067b36314ab5eb2eb47cecc464545ba58e1ad24/library/std/src/panic.rs:358:14
[INFO] [stdout]   38:     0x5d251975b77a - std::thread::Builder::spawn_unchecked_::{{closure}}::h53c3a1894dce8407
[INFO] [stdout]                                at /rustc/6067b36314ab5eb2eb47cecc464545ba58e1ad24/library/std/src/thread/mod.rs:557:30
[INFO] [stdout]   39:     0x5d251975b77a - core::ops::function::FnOnce::call_once{{vtable.shim}}::h048ce291ad4f62bf
[INFO] [stdout]                                at /rustc/6067b36314ab5eb2eb47cecc464545ba58e1ad24/library/core/src/ops/function.rs:250:5
[INFO] [stdout]   40:     0x5d2519b871fb - <alloc::boxed::Box<F,A> as core::ops::function::FnOnce<Args>>::call_once::ha52bedf99a3b4981
[INFO] [stdout]                                at /rustc/6067b36314ab5eb2eb47cecc464545ba58e1ad24/library/alloc/src/boxed.rs:2013:9
[INFO] [stdout]   41:     0x5d2519b871fb - <alloc::boxed::Box<F,A> as core::ops::function::FnOnce<Args>>::call_once::h567748934d80ccf8
[INFO] [stdout]                                at /rustc/6067b36314ab5eb2eb47cecc464545ba58e1ad24/library/alloc/src/boxed.rs:2013:9
[INFO] [stdout]   42:     0x5d2519b871fb - std::sys::pal::unix::thread::Thread::new::thread_start::h2d970728ae887adc
[INFO] [stdout]                                at /rustc/6067b36314ab5eb2eb47cecc464545ba58e1ad24/library/std/src/sys/pal/unix/thread.rs:106:17
[INFO] [stdout]   43:     0x725a93531ac3 - <unknown>
[INFO] [stdout]   44:     0x725a935c2a04 - clone
[INFO] [stdout]   45:                0x0 - <unknown>
[INFO] [stdout] 
[INFO] [stdout] 
[INFO] [stdout] failures:
[INFO] [stdout]     file_loader::tests::test_download_and_save_file
[INFO] [stdout]     file_loader::tests::test_download_of_private
[INFO] [stdout] 
[INFO] [stdout] test result: FAILED. 7 passed; 2 failed; 0 ignored; 0 measured; 0 filtered out; finished in 0.19s
[INFO] [stdout] 
[INFO] [stderr] error: test failed, to rerun pass `--bin hf-hub-loader`
[INFO] running `Command { std: "docker" "inspect" "5806bce838d56f6b1f633b6f9f34255c000c2e7cb53e03c98152e544a77bab1a", kill_on_drop: false }`
[INFO] running `Command { std: "docker" "rm" "-f" "5806bce838d56f6b1f633b6f9f34255c000c2e7cb53e03c98152e544a77bab1a", kill_on_drop: false }`
[INFO] [stdout] 5806bce838d56f6b1f633b6f9f34255c000c2e7cb53e03c98152e544a77bab1a
