[INFO] cloning repository https://github.com/phillies/advent2024
[INFO] running `Command { std: "git" "-c" "credential.helper=" "-c" "credential.helper=/workspace/cargo-home/bin/git-credential-null" "clone" "--bare" "https://github.com/phillies/advent2024" "/workspace/cache/git-repos/https%3A%2F%2Fgithub.com%2Fphillies%2Fadvent2024", kill_on_drop: false }`
[INFO] [stderr] Cloning into bare repository '/workspace/cache/git-repos/https%3A%2F%2Fgithub.com%2Fphillies%2Fadvent2024'...
[INFO] running `Command { std: "git" "rev-parse" "HEAD", kill_on_drop: false }`
[INFO] [stdout] 936a7bb1bcde1c81e5ab44a2ffa3e7f09fd31b40
[INFO] testing phillies/advent2024 against nightly-2025-01-18+rustflags=-Zrandomize-layout for randomize-layout-2
[INFO] running `Command { std: "git" "clone" "/workspace/cache/git-repos/https%3A%2F%2Fgithub.com%2Fphillies%2Fadvent2024" "/workspace/builds/worker-1-tc2/source", kill_on_drop: false }`
[INFO] [stderr] Cloning into '/workspace/builds/worker-1-tc2/source'...
[INFO] [stderr] done.
[INFO] validating manifest of git repo https://github.com/phillies/advent2024 on toolchain nightly-2025-01-18
[INFO] running `Command { std: CARGO_HOME="/workspace/cargo-home" RUSTUP_HOME="/workspace/rustup-home" "/workspace/cargo-home/bin/cargo" "+nightly-2025-01-18" "metadata" "--manifest-path" "Cargo.toml" "--no-deps", kill_on_drop: false }`
[INFO] started tweaking git repo https://github.com/phillies/advent2024
[INFO] finished tweaking git repo https://github.com/phillies/advent2024
[INFO] tweaked toml for git repo https://github.com/phillies/advent2024 written to /workspace/builds/worker-1-tc2/source/Cargo.toml
[INFO] crate git repo https://github.com/phillies/advent2024 already has a lockfile, it will not be regenerated
[INFO] running `Command { std: CARGO_HOME="/workspace/cargo-home" RUSTUP_HOME="/workspace/rustup-home" "/workspace/cargo-home/bin/cargo" "+nightly-2025-01-18" "fetch" "--manifest-path" "Cargo.toml", kill_on_drop: false }`
[INFO] running `Command { std: "docker" "create" "-v" "/var/lib/crater-agent-workspace/builds/worker-1-tc2/target:/opt/rustwide/target:rw,Z" "-v" "/var/lib/crater-agent-workspace/builds/worker-1-tc2/source:/opt/rustwide/workdir:ro,Z" "-v" "/var/lib/crater-agent-workspace/cargo-home:/opt/rustwide/cargo-home:ro,Z" "-v" "/var/lib/crater-agent-workspace/rustup-home:/opt/rustwide/rustup-home:ro,Z" "-e" "SOURCE_DIR=/opt/rustwide/workdir" "-e" "CARGO_TARGET_DIR=/opt/rustwide/target" "-e" "CARGO_HOME=/opt/rustwide/cargo-home" "-e" "RUSTUP_HOME=/opt/rustwide/rustup-home" "-w" "/opt/rustwide/workdir" "-m" "1610612736" "--user" "0:0" "--network" "none" "ghcr.io/rust-lang/crates-build-env/linux@sha256:819108c5571ea2e421544af4d832f968d213c87fbe3707a016657f43d2f853bc" "/opt/rustwide/cargo-home/bin/cargo" "+nightly-2025-01-18" "metadata" "--no-deps" "--format-version=1", kill_on_drop: false }`
[INFO] [stdout] 8416ffba43674f45debc7bd9d340a11e4743660148d70d260c6333af52135ce6
[INFO] running `Command { std: "docker" "start" "-a" "8416ffba43674f45debc7bd9d340a11e4743660148d70d260c6333af52135ce6", kill_on_drop: false }`
[INFO] running `Command { std: "docker" "inspect" "8416ffba43674f45debc7bd9d340a11e4743660148d70d260c6333af52135ce6", kill_on_drop: false }`
[INFO] running `Command { std: "docker" "rm" "-f" "8416ffba43674f45debc7bd9d340a11e4743660148d70d260c6333af52135ce6", kill_on_drop: false }`
[INFO] [stdout] 8416ffba43674f45debc7bd9d340a11e4743660148d70d260c6333af52135ce6
[INFO] running `Command { std: "docker" "create" "-v" "/var/lib/crater-agent-workspace/builds/worker-1-tc2/target:/opt/rustwide/target:rw,Z" "-v" "/var/lib/crater-agent-workspace/builds/worker-1-tc2/source:/opt/rustwide/workdir:ro,Z" "-v" "/var/lib/crater-agent-workspace/cargo-home:/opt/rustwide/cargo-home:ro,Z" "-v" "/var/lib/crater-agent-workspace/rustup-home:/opt/rustwide/rustup-home:ro,Z" "-e" "SOURCE_DIR=/opt/rustwide/workdir" "-e" "CARGO_TARGET_DIR=/opt/rustwide/target" "-e" "CARGO_INCREMENTAL=0" "-e" "RUST_BACKTRACE=full" "-e" "RUSTFLAGS=--cap-lints=forbid -Zrandomize-layout" "-e" "RUSTDOCFLAGS=--cap-lints=forbid" "-e" "CARGO_HOME=/opt/rustwide/cargo-home" "-e" "RUSTUP_HOME=/opt/rustwide/rustup-home" "-w" "/opt/rustwide/workdir" "-m" "1610612736" "--user" "0:0" "--network" "none" "ghcr.io/rust-lang/crates-build-env/linux@sha256:819108c5571ea2e421544af4d832f968d213c87fbe3707a016657f43d2f853bc" "/opt/rustwide/cargo-home/bin/cargo" "+nightly-2025-01-18" "build" "--frozen" "--message-format=json", kill_on_drop: false }`
[INFO] [stdout] 7c555f897708fdeb71c6970efdc604302689053078784f7ac731c98f0bad2c8c
[INFO] running `Command { std: "docker" "start" "-a" "7c555f897708fdeb71c6970efdc604302689053078784f7ac731c98f0bad2c8c", kill_on_drop: false }`
[INFO] [stderr]    Compiling autocfg v1.4.0
[INFO] [stderr]    Compiling proc-macro2 v1.0.92
[INFO] [stderr]    Compiling unicode-ident v1.0.14
[INFO] [stderr]    Compiling libc v0.2.168
[INFO] [stderr]    Compiling crossbeam-utils v0.8.20
[INFO] [stderr]    Compiling byteorder v1.5.0
[INFO] [stderr]    Compiling memchr v2.7.4
[INFO] [stderr]    Compiling rayon-core v1.12.1
[INFO] [stderr]    Compiling either v1.13.0
[INFO] [stderr]    Compiling regex-syntax v0.8.5
[INFO] [stderr]    Compiling once_cell v1.20.2
[INFO] [stderr]    Compiling itertools v0.10.5
[INFO] [stderr]    Compiling num-traits v0.2.19
[INFO] [stderr]    Compiling crossbeam-epoch v0.9.18
[INFO] [stderr]    Compiling aho-corasick v1.1.3
[INFO] [stderr]    Compiling quote v1.0.37
[INFO] [stderr]    Compiling crossbeam-deque v0.8.5
[INFO] [stderr]    Compiling getrandom v0.2.15
[INFO] [stderr]    Compiling num-integer v0.1.46
[INFO] [stderr]    Compiling num-complex v0.4.6
[INFO] [stderr]    Compiling rand_core v0.6.4
[INFO] [stderr]    Compiling syn v2.0.90
[INFO] [stderr]    Compiling num-bigint v0.4.6
[INFO] [stderr]    Compiling num-iter v0.1.45
[INFO] [stderr]    Compiling rayon v1.10.0
[INFO] [stderr]    Compiling regex-automata v0.4.9
[INFO] [stderr]    Compiling num-rational v0.4.2
[INFO] [stderr]    Compiling num v0.4.3
[INFO] [stderr]    Compiling zerocopy-derive v0.7.35
[INFO] [stderr]    Compiling zerocopy v0.7.35
[INFO] [stderr]    Compiling ppv-lite86 v0.2.20
[INFO] [stderr]    Compiling rand_chacha v0.3.1
[INFO] [stderr]    Compiling rand v0.8.5
[INFO] [stderr]    Compiling regex v1.11.1
[INFO] [stderr]    Compiling prime_factorization v1.0.5
[INFO] [stderr]    Compiling advent2024 v0.1.0 (/opt/rustwide/workdir)
[INFO] [stdout] warning: unused import: `HashMap`
[INFO] [stdout]  --> src/day09.rs:1:34
[INFO] [stdout]   |
[INFO] [stdout] 1 | use std::collections::{BTreeMap, HashMap};
[INFO] [stdout]   |                                  ^^^^^^^
[INFO] [stdout]   |
[INFO] [stdout]   = note: `#[warn(unused_imports)]` on by default
[INFO] [stdout] 
[INFO] [stdout] 
[INFO] [stdout] warning: unused import: `hash::Hash`
[INFO] [stdout]  --> src/day10.rs:1:33
[INFO] [stdout]   |
[INFO] [stdout] 1 | use std::{collections::HashSet, hash::Hash};
[INFO] [stdout]   |                                 ^^^^^^^^^^
[INFO] [stdout] 
[INFO] [stdout] 
[INFO] [stdout] warning: value assigned to `result_1` is never read
[INFO] [stdout]   --> src/day10.rs:77:13
[INFO] [stdout]    |
[INFO] [stdout] 77 |     let mut result_1 = 0;
[INFO] [stdout]    |             ^^^^^^^^
[INFO] [stdout]    |
[INFO] [stdout]    = help: maybe it is overwritten before being read?
[INFO] [stdout]    = note: `#[warn(unused_assignments)]` on by default
[INFO] [stdout] 
[INFO] [stdout] 
[INFO] [stdout] warning: value assigned to `result_2` is never read
[INFO] [stdout]   --> src/day10.rs:78:13
[INFO] [stdout]    |
[INFO] [stdout] 78 |     let mut result_2 = 0;
[INFO] [stdout]    |             ^^^^^^^^
[INFO] [stdout]    |
[INFO] [stdout]    = help: maybe it is overwritten before being read?
[INFO] [stdout] 
[INFO] [stdout] 
[INFO] [stdout] warning: value assigned to `result_1` is never read
[INFO] [stdout]   --> src/day11.rs:68:13
[INFO] [stdout]    |
[INFO] [stdout] 68 |     let mut result_1 = 0;
[INFO] [stdout]    |             ^^^^^^^^
[INFO] [stdout]    |
[INFO] [stdout]    = help: maybe it is overwritten before being read?
[INFO] [stdout] 
[INFO] [stdout] 
[INFO] [stdout] warning: value assigned to `result_2` is never read
[INFO] [stdout]   --> src/day11.rs:69:13
[INFO] [stdout]    |
[INFO] [stdout] 69 |     let mut result_2 = 0;
[INFO] [stdout]    |             ^^^^^^^^
[INFO] [stdout]    |
[INFO] [stdout]    = help: maybe it is overwritten before being read?
[INFO] [stdout] 
[INFO] [stdout] 
[INFO] [stdout] warning: method `set` is never used
[INFO] [stdout]    --> src/shared_objects.rs:177:12
[INFO] [stdout]     |
[INFO] [stdout] 152 | impl<T: Copy> Grid<T> {
[INFO] [stdout]     | --------------------- method in this implementation
[INFO] [stdout] ...
[INFO] [stdout] 177 |     pub fn set(&mut self, pos: &Position, value: T) {
[INFO] [stdout]     |            ^^^
[INFO] [stdout]     |
[INFO] [stdout]     = note: `#[warn(dead_code)]` on by default
[INFO] [stdout] 
[INFO] [stdout] 
[INFO] [stdout] warning: function `parse_input_vector_increase` is never used
[INFO] [stdout]   --> src/day01.rs:10:8
[INFO] [stdout]    |
[INFO] [stdout] 10 | pub fn parse_input_vector_increase(input_data: &String) -> (Vec<i64>, Vec<i64>, HashMap<i64, i64>) {
[INFO] [stdout]    |        ^^^^^^^^^^^^^^^^^^^^^^^^^^^
[INFO] [stdout] 
[INFO] [stdout] 
[INFO] [stdout] warning: function `day_01_grow` is never used
[INFO] [stdout]   --> src/day01.rs:70:4
[INFO] [stdout]    |
[INFO] [stdout] 70 | fn day_01_grow(input_data: &String) -> (i64, i64) {
[INFO] [stdout]    |    ^^^^^^^^^^^
[INFO] [stdout] 
[INFO] [stdout] 
[INFO] [stdout] warning: function `calculate_conditional_sum_of_mul_manual_multithreading` is never used
[INFO] [stdout]   --> src/day03.rs:74:4
[INFO] [stdout]    |
[INFO] [stdout] 74 | fn calculate_conditional_sum_of_mul_manual_multithreading(input_data: &String) -> i64 {
[INFO] [stdout]    |    ^^^^^^^^^^^^^^^^^^^^^^^^^^^^^^^^^^^^^^^^^^^^^^^^^^^^^^
[INFO] [stdout] 
[INFO] [stdout] 
[INFO] [stdout] warning: function `calculate_conditional_sum_of_mul_sequentially` is never used
[INFO] [stdout]    --> src/day03.rs:110:4
[INFO] [stdout]     |
[INFO] [stdout] 110 | fn calculate_conditional_sum_of_mul_sequentially(input_data: &String) -> i64 {
[INFO] [stdout]     |    ^^^^^^^^^^^^^^^^^^^^^^^^^^^^^^^^^^^^^^^^^^^^^
[INFO] [stdout] 
[INFO] [stdout] 
[INFO] [stdout] warning: function `visualize_sparse_grid` is never used
[INFO] [stdout]    --> src/day06.rs:122:4
[INFO] [stdout]     |
[INFO] [stdout] 122 | fn visualize_sparse_grid(sparse_grid: &SparseGrid) -> String {
[INFO] [stdout]     |    ^^^^^^^^^^^^^^^^^^^^^
[INFO] [stdout] 
[INFO] [stdout] 
[INFO] [stdout] warning: method `print_disk` is never used
[INFO] [stdout]   --> src/day09.rs:66:8
[INFO] [stdout]    |
[INFO] [stdout] 16 | impl Disk {
[INFO] [stdout]    | --------- method in this implementation
[INFO] [stdout] ...
[INFO] [stdout] 66 |     fn print_disk(&self) -> String {
[INFO] [stdout]    |        ^^^^^^^^^^
[INFO] [stdout] 
[INFO] [stdout] 
[INFO] [stderr]     Finished `dev` profile [unoptimized + debuginfo] target(s) in 18.35s
[INFO] running `Command { std: "docker" "inspect" "7c555f897708fdeb71c6970efdc604302689053078784f7ac731c98f0bad2c8c", kill_on_drop: false }`
[INFO] running `Command { std: "docker" "rm" "-f" "7c555f897708fdeb71c6970efdc604302689053078784f7ac731c98f0bad2c8c", kill_on_drop: false }`
[INFO] [stdout] 7c555f897708fdeb71c6970efdc604302689053078784f7ac731c98f0bad2c8c
[INFO] running `Command { std: "docker" "create" "-v" "/var/lib/crater-agent-workspace/builds/worker-1-tc2/target:/opt/rustwide/target:rw,Z" "-v" "/var/lib/crater-agent-workspace/builds/worker-1-tc2/source:/opt/rustwide/workdir:ro,Z" "-v" "/var/lib/crater-agent-workspace/cargo-home:/opt/rustwide/cargo-home:ro,Z" "-v" "/var/lib/crater-agent-workspace/rustup-home:/opt/rustwide/rustup-home:ro,Z" "-e" "SOURCE_DIR=/opt/rustwide/workdir" "-e" "CARGO_TARGET_DIR=/opt/rustwide/target" "-e" "CARGO_INCREMENTAL=0" "-e" "RUST_BACKTRACE=full" "-e" "RUSTFLAGS=--cap-lints=forbid -Zrandomize-layout" "-e" "RUSTDOCFLAGS=--cap-lints=forbid" "-e" "CARGO_HOME=/opt/rustwide/cargo-home" "-e" "RUSTUP_HOME=/opt/rustwide/rustup-home" "-w" "/opt/rustwide/workdir" "-m" "1610612736" "--user" "0:0" "--network" "none" "ghcr.io/rust-lang/crates-build-env/linux@sha256:819108c5571ea2e421544af4d832f968d213c87fbe3707a016657f43d2f853bc" "/opt/rustwide/cargo-home/bin/cargo" "+nightly-2025-01-18" "test" "--frozen" "--no-run" "--message-format=json", kill_on_drop: false }`
[INFO] [stdout] 38bc80991c7ab20bb81bfb753abc9d6d14ebf77f20e665067615269554f955c7
[INFO] running `Command { std: "docker" "start" "-a" "38bc80991c7ab20bb81bfb753abc9d6d14ebf77f20e665067615269554f955c7", kill_on_drop: false }`
[INFO] [stderr]    Compiling advent2024 v0.1.0 (/opt/rustwide/workdir)
[INFO] [stdout] warning: unused import: `HashMap`
[INFO] [stdout]  --> src/day09.rs:1:34
[INFO] [stdout]   |
[INFO] [stdout] 1 | use std::collections::{BTreeMap, HashMap};
[INFO] [stdout]   |                                  ^^^^^^^
[INFO] [stdout]   |
[INFO] [stdout]   = note: `#[warn(unused_imports)]` on by default
[INFO] [stdout] 
[INFO] [stdout] 
[INFO] [stdout] warning: unused import: `hash::Hash`
[INFO] [stdout]  --> src/day10.rs:1:33
[INFO] [stdout]   |
[INFO] [stdout] 1 | use std::{collections::HashSet, hash::Hash};
[INFO] [stdout]   |                                 ^^^^^^^^^^
[INFO] [stdout] 
[INFO] [stdout] 
[INFO] [stdout] warning: value assigned to `result_1` is never read
[INFO] [stdout]   --> src/day10.rs:77:13
[INFO] [stdout]    |
[INFO] [stdout] 77 |     let mut result_1 = 0;
[INFO] [stdout]    |             ^^^^^^^^
[INFO] [stdout]    |
[INFO] [stdout]    = help: maybe it is overwritten before being read?
[INFO] [stdout]    = note: `#[warn(unused_assignments)]` on by default
[INFO] [stdout] 
[INFO] [stdout] 
[INFO] [stdout] warning: value assigned to `result_2` is never read
[INFO] [stdout]   --> src/day10.rs:78:13
[INFO] [stdout]    |
[INFO] [stdout] 78 |     let mut result_2 = 0;
[INFO] [stdout]    |             ^^^^^^^^
[INFO] [stdout]    |
[INFO] [stdout]    = help: maybe it is overwritten before being read?
[INFO] [stdout] 
[INFO] [stdout] 
[INFO] [stdout] warning: value assigned to `result_1` is never read
[INFO] [stdout]   --> src/day11.rs:68:13
[INFO] [stdout]    |
[INFO] [stdout] 68 |     let mut result_1 = 0;
[INFO] [stdout]    |             ^^^^^^^^
[INFO] [stdout]    |
[INFO] [stdout]    = help: maybe it is overwritten before being read?
[INFO] [stdout] 
[INFO] [stdout] 
[INFO] [stdout] warning: value assigned to `result_2` is never read
[INFO] [stdout]   --> src/day11.rs:69:13
[INFO] [stdout]    |
[INFO] [stdout] 69 |     let mut result_2 = 0;
[INFO] [stdout]    |             ^^^^^^^^
[INFO] [stdout]    |
[INFO] [stdout]    = help: maybe it is overwritten before being read?
[INFO] [stdout] 
[INFO] [stdout] 
[INFO] [stdout] warning: method `set` is never used
[INFO] [stdout]    --> src/shared_objects.rs:177:12
[INFO] [stdout]     |
[INFO] [stdout] 152 | impl<T: Copy> Grid<T> {
[INFO] [stdout]     | --------------------- method in this implementation
[INFO] [stdout] ...
[INFO] [stdout] 177 |     pub fn set(&mut self, pos: &Position, value: T) {
[INFO] [stdout]     |            ^^^
[INFO] [stdout]     |
[INFO] [stdout]     = note: `#[warn(dead_code)]` on by default
[INFO] [stdout] 
[INFO] [stdout] 
[INFO] [stdout] warning: function `visualize_sparse_grid` is never used
[INFO] [stdout]    --> src/day06.rs:122:4
[INFO] [stdout]     |
[INFO] [stdout] 122 | fn visualize_sparse_grid(sparse_grid: &SparseGrid) -> String {
[INFO] [stdout]     |    ^^^^^^^^^^^^^^^^^^^^^
[INFO] [stdout] 
[INFO] [stdout] 
[INFO] [stdout] warning: method `print_disk` is never used
[INFO] [stdout]   --> src/day09.rs:66:8
[INFO] [stdout]    |
[INFO] [stdout] 16 | impl Disk {
[INFO] [stdout]    | --------- method in this implementation
[INFO] [stdout] ...
[INFO] [stdout] 66 |     fn print_disk(&self) -> String {
[INFO] [stdout]    |        ^^^^^^^^^^
[INFO] [stdout] 
[INFO] [stdout] 
[INFO] [stderr]     Finished `test` profile [unoptimized + debuginfo] target(s) in 2.62s
[INFO] running `Command { std: "docker" "inspect" "38bc80991c7ab20bb81bfb753abc9d6d14ebf77f20e665067615269554f955c7", kill_on_drop: false }`
[INFO] running `Command { std: "docker" "rm" "-f" "38bc80991c7ab20bb81bfb753abc9d6d14ebf77f20e665067615269554f955c7", kill_on_drop: false }`
[INFO] [stdout] 38bc80991c7ab20bb81bfb753abc9d6d14ebf77f20e665067615269554f955c7
[INFO] running `Command { std: "docker" "create" "-v" "/var/lib/crater-agent-workspace/builds/worker-1-tc2/target:/opt/rustwide/target:rw,Z" "-v" "/var/lib/crater-agent-workspace/builds/worker-1-tc2/source:/opt/rustwide/workdir:ro,Z" "-v" "/var/lib/crater-agent-workspace/cargo-home:/opt/rustwide/cargo-home:ro,Z" "-v" "/var/lib/crater-agent-workspace/rustup-home:/opt/rustwide/rustup-home:ro,Z" "-e" "SOURCE_DIR=/opt/rustwide/workdir" "-e" "CARGO_TARGET_DIR=/opt/rustwide/target" "-e" "CARGO_INCREMENTAL=0" "-e" "RUST_BACKTRACE=full" "-e" "RUSTFLAGS=--cap-lints=forbid -Zrandomize-layout" "-e" "RUSTDOCFLAGS=--cap-lints=forbid" "-e" "CARGO_HOME=/opt/rustwide/cargo-home" "-e" "RUSTUP_HOME=/opt/rustwide/rustup-home" "-w" "/opt/rustwide/workdir" "-m" "1610612736" "--user" "0:0" "--network" "none" "ghcr.io/rust-lang/crates-build-env/linux@sha256:819108c5571ea2e421544af4d832f968d213c87fbe3707a016657f43d2f853bc" "/opt/rustwide/cargo-home/bin/cargo" "+nightly-2025-01-18" "test" "--frozen", kill_on_drop: false }`
[INFO] [stdout] cac6b8ee99aa12bc1e37a16d3b85d588451d13b7092990d0f3c4a63105a838f7
[INFO] running `Command { std: "docker" "start" "-a" "cac6b8ee99aa12bc1e37a16d3b85d588451d13b7092990d0f3c4a63105a838f7", kill_on_drop: false }`
[INFO] [stderr] warning: unused import: `HashMap`
[INFO] [stderr]  --> src/day09.rs:1:34
[INFO] [stderr]   |
[INFO] [stderr] 1 | use std::collections::{BTreeMap, HashMap};
[INFO] [stderr]   |                                  ^^^^^^^
[INFO] [stderr]   |
[INFO] [stderr]   = note: `#[warn(unused_imports)]` on by default
[INFO] [stderr] 
[INFO] [stderr] warning: unused import: `hash::Hash`
[INFO] [stderr]  --> src/day10.rs:1:33
[INFO] [stderr]   |
[INFO] [stderr] 1 | use std::{collections::HashSet, hash::Hash};
[INFO] [stderr]   |                                 ^^^^^^^^^^
[INFO] [stderr] 
[INFO] [stderr] warning: value assigned to `result_1` is never read
[INFO] [stderr]   --> src/day10.rs:77:13
[INFO] [stderr]    |
[INFO] [stderr] 77 |     let mut result_1 = 0;
[INFO] [stderr]    |             ^^^^^^^^
[INFO] [stderr]    |
[INFO] [stderr]    = help: maybe it is overwritten before being read?
[INFO] [stderr]    = note: `#[warn(unused_assignments)]` on by default
[INFO] [stderr] 
[INFO] [stderr] warning: value assigned to `result_2` is never read
[INFO] [stderr]   --> src/day10.rs:78:13
[INFO] [stderr]    |
[INFO] [stderr] 78 |     let mut result_2 = 0;
[INFO] [stderr]    |             ^^^^^^^^
[INFO] [stderr]    |
[INFO] [stderr]    = help: maybe it is overwritten before being read?
[INFO] [stderr] 
[INFO] [stderr] warning: value assigned to `result_1` is never read
[INFO] [stderr]   --> src/day11.rs:68:13
[INFO] [stderr]    |
[INFO] [stderr] 68 |     let mut result_1 = 0;
[INFO] [stderr]    |             ^^^^^^^^
[INFO] [stderr]    |
[INFO] [stderr]    = help: maybe it is overwritten before being read?
[INFO] [stderr] 
[INFO] [stderr] warning: value assigned to `result_2` is never read
[INFO] [stderr]   --> src/day11.rs:69:13
[INFO] [stderr]    |
[INFO] [stderr] 69 |     let mut result_2 = 0;
[INFO] [stderr]    |             ^^^^^^^^
[INFO] [stderr]    |
[INFO] [stderr]    = help: maybe it is overwritten before being read?
[INFO] [stderr] 
[INFO] [stderr] warning: method `set` is never used
[INFO] [stderr]    --> src/shared_objects.rs:177:12
[INFO] [stderr]     |
[INFO] [stderr] 152 | impl<T: Copy> Grid<T> {
[INFO] [stderr]     | --------------------- method in this implementation
[INFO] [stderr] ...
[INFO] [stderr] 177 |     pub fn set(&mut self, pos: &Position, value: T) {
[INFO] [stderr]     |            ^^^
[INFO] [stderr]     |
[INFO] [stderr]     = note: `#[warn(dead_code)]` on by default
[INFO] [stderr] 
[INFO] [stderr] warning: function `visualize_sparse_grid` is never used
[INFO] [stderr]    --> src/day06.rs:122:4
[INFO] [stderr]     |
[INFO] [stderr] 122 | fn visualize_sparse_grid(sparse_grid: &SparseGrid) -> String {
[INFO] [stderr]     |    ^^^^^^^^^^^^^^^^^^^^^
[INFO] [stderr] 
[INFO] [stderr] warning: method `print_disk` is never used
[INFO] [stderr]   --> src/day09.rs:66:8
[INFO] [stderr]    |
[INFO] [stderr] 16 | impl Disk {
[INFO] [stderr]    | --------- method in this implementation
[INFO] [stderr] ...
[INFO] [stderr] 66 |     fn print_disk(&self) -> String {
[INFO] [stderr]    |        ^^^^^^^^^^
[INFO] [stderr] 
[INFO] [stderr] warning: `advent2024` (bin "advent2024" test) generated 9 warnings (run `cargo fix --bin "advent2024" --tests` to apply 2 suggestions)
[INFO] [stderr]     Finished `test` profile [unoptimized + debuginfo] target(s) in 0.16s
[INFO] [stderr]      Running unittests src/main.rs (/opt/rustwide/target/debug/deps/advent2024-6014ef6c084fd956)
[INFO] [stdout] 
[INFO] [stdout] running 26 tests
[INFO] [stdout] test day02::tests::test_day02 ... ok
[INFO] [stdout] test day01::tests::test_day01 ... ok
[INFO] [stdout] test day04::tests::test_day04 ... ok
[INFO] [stdout] test day07::tests::test_day07 ... ok
[INFO] [stdout] test day05::tests::test_day05 ... ok
[INFO] [stdout] test day06::tests::test_day06 ... ok
[INFO] [stdout] test day08::tests::test_day08 ... ok
[INFO] [stdout] test day09::tests::test_day09 ... ok
[INFO] [stdout] test day10::tests::test_day10 ... ok
[INFO] [stdout] test day03::tests::test_day03 ... ok
[INFO] [stdout] test day01::tests::bench_day01_grow ... FAILED
[INFO] [stdout] test day01::tests::bench_day01_preallocate ... FAILED
[INFO] [stdout] test day03::tests::bench_day03_calc_sum_of_mul ... FAILED
[INFO] [stdout] test day03::tests::bench_day03_substrings_test_manual_implementation ... FAILED
[INFO] [stdout] test day03::tests::bench_day03_substrings_parallel ... FAILED
[INFO] [stdout] test day05::tests::bench_day05 ... FAILED
[INFO] [stdout] test day07::tests::bench_day07 ... FAILED
[INFO] [stdout] test day06::tests::bench_day06 ... FAILED
[INFO] [stdout] test day04::tests::bench_day04 ... FAILED
[INFO] [stdout] test day08::tests::bench_day08 ... FAILED
[INFO] [stdout] test day03::tests::bench_day03_substrings_sequentially ... FAILED
[INFO] [stdout] test day02::tests::bench_day02 ... FAILED
[INFO] [stdout] test day09::tests::bench_day09 ... FAILED
[INFO] [stdout] test day10::tests::bench_day10 ... FAILED
[INFO] [stdout] test day11::tests::bench_day11 ... FAILED
[INFO] [stderr] error: test failed, to rerun pass `--bin advent2024`
[INFO] [stderr] 
[INFO] [stderr] Caused by:
[INFO] [stderr]   process didn't exit successfully: `/opt/rustwide/target/debug/deps/advent2024-6014ef6c084fd956` (signal: 9, SIGKILL: kill)
[INFO] running `Command { std: "docker" "inspect" "cac6b8ee99aa12bc1e37a16d3b85d588451d13b7092990d0f3c4a63105a838f7", kill_on_drop: false }`
[INFO] running `Command { std: "docker" "rm" "-f" "cac6b8ee99aa12bc1e37a16d3b85d588451d13b7092990d0f3c4a63105a838f7", kill_on_drop: false }`
[INFO] [stdout] cac6b8ee99aa12bc1e37a16d3b85d588451d13b7092990d0f3c4a63105a838f7
