[INFO] cloning repository https://github.com/phatblat/android_studio_releases
[INFO] running `Command { std: "git" "-c" "credential.helper=" "-c" "credential.helper=/workspace/cargo-home/bin/git-credential-null" "clone" "--bare" "https://github.com/phatblat/android_studio_releases" "/workspace/cache/git-repos/https%3A%2F%2Fgithub.com%2Fphatblat%2Fandroid_studio_releases", kill_on_drop: false }`
[INFO] [stderr] Cloning into bare repository '/workspace/cache/git-repos/https%3A%2F%2Fgithub.com%2Fphatblat%2Fandroid_studio_releases'...
[INFO] running `Command { std: "git" "rev-parse" "HEAD", kill_on_drop: false }`
[INFO] [stdout] 05291fbe3b4c47bb880bc43d4b08f80e489245df
[INFO] testing phatblat/android_studio_releases against nightly-2025-01-18 for randomize-layout-2
[INFO] running `Command { std: "git" "clone" "/workspace/cache/git-repos/https%3A%2F%2Fgithub.com%2Fphatblat%2Fandroid_studio_releases" "/workspace/builds/worker-5-tc1/source", kill_on_drop: false }`
[INFO] [stderr] Cloning into '/workspace/builds/worker-5-tc1/source'...
[INFO] [stderr] done.
[INFO] validating manifest of git repo https://github.com/phatblat/android_studio_releases on toolchain nightly-2025-01-18
[INFO] running `Command { std: CARGO_HOME="/workspace/cargo-home" RUSTUP_HOME="/workspace/rustup-home" "/workspace/cargo-home/bin/cargo" "+nightly-2025-01-18" "metadata" "--manifest-path" "Cargo.toml" "--no-deps", kill_on_drop: false }`
[INFO] started tweaking git repo https://github.com/phatblat/android_studio_releases
[INFO] finished tweaking git repo https://github.com/phatblat/android_studio_releases
[INFO] tweaked toml for git repo https://github.com/phatblat/android_studio_releases written to /workspace/builds/worker-5-tc1/source/Cargo.toml
[INFO] crate git repo https://github.com/phatblat/android_studio_releases already has a lockfile, it will not be regenerated
[INFO] running `Command { std: CARGO_HOME="/workspace/cargo-home" RUSTUP_HOME="/workspace/rustup-home" "/workspace/cargo-home/bin/cargo" "+nightly-2025-01-18" "fetch" "--manifest-path" "Cargo.toml", kill_on_drop: false }`
[INFO] [stderr] warning: the cargo feature `edition2024` has been stabilized in the 1.85 release and is no longer necessary to be listed in the manifest
[INFO] [stderr]   See https://doc.rust-lang.org/nightly/cargo/reference/manifest.html#the-edition-field for more information about using this feature.
[INFO] [stderr]     Updating crates.io index
[INFO] [stderr]  Downloading crates ...
[INFO] [stderr]   Downloaded enum-utils v0.1.2
[INFO] [stderr]   Downloaded scraper v0.20.0
[INFO] [stderr]   Downloaded enum-utils-from-str v0.1.2
[INFO] running `Command { std: "docker" "create" "-v" "/var/lib/crater-agent-workspace/builds/worker-5-tc1/target:/opt/rustwide/target:rw,Z" "-v" "/var/lib/crater-agent-workspace/builds/worker-5-tc1/source:/opt/rustwide/workdir:ro,Z" "-v" "/var/lib/crater-agent-workspace/cargo-home:/opt/rustwide/cargo-home:ro,Z" "-v" "/var/lib/crater-agent-workspace/rustup-home:/opt/rustwide/rustup-home:ro,Z" "-e" "SOURCE_DIR=/opt/rustwide/workdir" "-e" "CARGO_TARGET_DIR=/opt/rustwide/target" "-e" "CARGO_HOME=/opt/rustwide/cargo-home" "-e" "RUSTUP_HOME=/opt/rustwide/rustup-home" "-w" "/opt/rustwide/workdir" "-m" "1610612736" "--user" "0:0" "--network" "none" "ghcr.io/rust-lang/crates-build-env/linux@sha256:819108c5571ea2e421544af4d832f968d213c87fbe3707a016657f43d2f853bc" "/opt/rustwide/cargo-home/bin/cargo" "+nightly-2025-01-18" "metadata" "--no-deps" "--format-version=1", kill_on_drop: false }`
[INFO] [stdout] e7bebb09452855ff2da6edd999e48227f5322865b26b4c77c99ffb0021d65434
[INFO] running `Command { std: "docker" "start" "-a" "e7bebb09452855ff2da6edd999e48227f5322865b26b4c77c99ffb0021d65434", kill_on_drop: false }`
[INFO] running `Command { std: "docker" "inspect" "e7bebb09452855ff2da6edd999e48227f5322865b26b4c77c99ffb0021d65434", kill_on_drop: false }`
[INFO] running `Command { std: "docker" "rm" "-f" "e7bebb09452855ff2da6edd999e48227f5322865b26b4c77c99ffb0021d65434", kill_on_drop: false }`
[INFO] [stdout] e7bebb09452855ff2da6edd999e48227f5322865b26b4c77c99ffb0021d65434
[INFO] running `Command { std: "docker" "create" "-v" "/var/lib/crater-agent-workspace/builds/worker-5-tc1/target:/opt/rustwide/target:rw,Z" "-v" "/var/lib/crater-agent-workspace/builds/worker-5-tc1/source:/opt/rustwide/workdir:ro,Z" "-v" "/var/lib/crater-agent-workspace/cargo-home:/opt/rustwide/cargo-home:ro,Z" "-v" "/var/lib/crater-agent-workspace/rustup-home:/opt/rustwide/rustup-home:ro,Z" "-e" "SOURCE_DIR=/opt/rustwide/workdir" "-e" "CARGO_TARGET_DIR=/opt/rustwide/target" "-e" "CARGO_INCREMENTAL=0" "-e" "RUST_BACKTRACE=full" "-e" "RUSTFLAGS=--cap-lints=forbid" "-e" "RUSTDOCFLAGS=--cap-lints=forbid" "-e" "CARGO_HOME=/opt/rustwide/cargo-home" "-e" "RUSTUP_HOME=/opt/rustwide/rustup-home" "-w" "/opt/rustwide/workdir" "-m" "1610612736" "--user" "0:0" "--network" "none" "ghcr.io/rust-lang/crates-build-env/linux@sha256:819108c5571ea2e421544af4d832f968d213c87fbe3707a016657f43d2f853bc" "/opt/rustwide/cargo-home/bin/cargo" "+nightly-2025-01-18" "build" "--frozen" "--message-format=json", kill_on_drop: false }`
[INFO] [stdout] 7a984388542cb3a5a8bad409ef58d4ee768cf328a8dc7f9649356e8e1acdd297
[INFO] running `Command { std: "docker" "start" "-a" "7a984388542cb3a5a8bad409ef58d4ee768cf328a8dc7f9649356e8e1acdd297", kill_on_drop: false }`
[INFO] [stderr] warning: the cargo feature `edition2024` has been stabilized in the 1.85 release and is no longer necessary to be listed in the manifest
[INFO] [stderr]   See https://doc.rust-lang.org/nightly/cargo/reference/manifest.html#the-edition-field for more information about using this feature.
[INFO] [stderr]    Compiling proc-macro2 v1.0.86
[INFO] [stderr]    Compiling unicode-ident v1.0.12
[INFO] [stderr]    Compiling libc v0.2.157
[INFO] [stderr]    Compiling autocfg v1.3.0
[INFO] [stderr]    Compiling siphasher v0.3.11
[INFO] [stderr]    Compiling byteorder v1.5.0
[INFO] [stderr]    Compiling shlex v1.3.0
[INFO] [stderr]    Compiling once_cell v1.19.0
[INFO] [stderr]    Compiling itoa v1.0.11
[INFO] [stderr]    Compiling bytes v1.7.1
[INFO] [stderr]    Compiling smallvec v1.13.2
[INFO] [stderr]    Compiling pin-project-lite v0.2.14
[INFO] [stderr]    Compiling memchr v2.7.4
[INFO] [stderr]    Compiling pkg-config v0.3.30
[INFO] [stderr]    Compiling futures-sink v0.3.30
[INFO] [stderr]    Compiling vcpkg v0.2.15
[INFO] [stderr]    Compiling futures-core v0.3.30
[INFO] [stderr]    Compiling serde v1.0.208
[INFO] [stderr]    Compiling cc v1.1.13
[INFO] [stderr]    Compiling phf_shared v0.10.0
[INFO] [stderr]    Compiling phf_shared v0.11.2
[INFO] [stderr]    Compiling log v0.4.22
[INFO] [stderr]    Compiling fnv v1.0.7
[INFO] [stderr]    Compiling slab v0.4.9
[INFO] [stderr]    Compiling lock_api v0.4.12
[INFO] [stderr]    Compiling bitflags v2.6.0
[INFO] [stderr]    Compiling pin-utils v0.1.0
[INFO] [stderr]    Compiling futures-task v0.3.30
[INFO] [stderr]    Compiling futures-io v0.3.30
[INFO] [stderr]    Compiling new_debug_unreachable v1.0.6
[INFO] [stderr]    Compiling parking_lot_core v0.9.10
[INFO] [stderr]    Compiling tracing-core v0.1.32
[INFO] [stderr]    Compiling http v1.1.0
[INFO] [stderr]    Compiling hashbrown v0.14.5
[INFO] [stderr]    Compiling foreign-types-shared v0.1.1
[INFO] [stderr]    Compiling equivalent v1.0.1
[INFO] [stderr]    Compiling openssl v0.10.66
[INFO] [stderr]    Compiling httparse v1.9.4
[INFO] [stderr]    Compiling foreign-types v0.3.2
[INFO] [stderr]    Compiling precomputed-hash v0.1.1
[INFO] [stderr]    Compiling tinyvec_macros v0.1.1
[INFO] [stderr]    Compiling mac v0.1.1
[INFO] [stderr]    Compiling futures-util v0.3.30
[INFO] [stderr]    Compiling semver v1.0.23
[INFO] [stderr]    Compiling try-lock v0.2.5
[INFO] [stderr]    Compiling atomic-waker v1.1.2
[INFO] [stderr]    Compiling native-tls v0.2.12
[INFO] [stderr]    Compiling want v0.3.1
[INFO] [stderr]    Compiling futf v0.1.5
[INFO] [stderr]    Compiling tinyvec v1.8.0
[INFO] [stderr]    Compiling quote v1.0.36
[INFO] [stderr]    Compiling futures-channel v0.3.30
[INFO] [stderr]    Compiling utf8parse v0.2.2
[INFO] [stderr]    Compiling adler v1.0.2
[INFO] [stderr]    Compiling tower-layer v0.3.3
[INFO] [stderr]    Compiling gimli v0.29.0
[INFO] [stderr]    Compiling percent-encoding v2.3.1
[INFO] [stderr]    Compiling tracing v0.1.40
[INFO] [stderr]    Compiling socket2 v0.5.7
[INFO] [stderr]    Compiling syn v2.0.75
[INFO] [stderr]    Compiling mio v1.0.2
[INFO] [stderr]    Compiling getrandom v0.2.15
[INFO] [stderr]    Compiling http-body v1.0.1
[INFO] [stderr]    Compiling parking_lot v0.12.3
[INFO] [stderr]    Compiling utf-8 v0.7.6
[INFO] [stderr]    Compiling rand_core v0.6.4
[INFO] [stderr]    Compiling indexmap v2.4.0
[INFO] [stderr]    Compiling dtoa v1.0.9
[INFO] [stderr]    Compiling tower-service v0.3.3
[INFO] [stderr]    Compiling tokio v1.39.3
[INFO] [stderr]    Compiling version_check v0.9.5
[INFO] [stderr]    Compiling syn v1.0.109
[INFO] [stderr]    Compiling openssl-probe v0.1.5
[INFO] [stderr]    Compiling openssl-sys v0.9.103
[INFO] [stderr]    Compiling backtrace v0.3.73
[INFO] [stderr]    Compiling object v0.36.3
[INFO] [stderr]    Compiling dtoa-short v0.3.5
[INFO] [stderr]    Compiling tendril v0.4.3
[INFO] [stderr]    Compiling form_urlencoded v1.2.1
[INFO] [stderr]    Compiling miniz_oxide v0.7.4
[INFO] [stderr]    Compiling anstyle-parse v0.2.5
[INFO] [stderr]    Compiling num-traits v0.2.19
[INFO] [stderr]    Compiling ahash v0.8.11
[INFO] [stderr]    Compiling ryu v1.0.18
[INFO] [stderr]    Compiling is_terminal_polyfill v1.70.1
[INFO] [stderr]    Compiling anstyle v1.0.8
[INFO] [stderr]    Compiling anstyle-query v1.1.1
[INFO] [stderr]    Compiling unicode-normalization v0.1.23
[INFO] [stderr]    Compiling rustc-demangle v0.1.24
[INFO] [stderr]    Compiling stable_deref_trait v1.2.0
[INFO] [stderr]    Compiling unicode-bidi v0.3.15
[INFO] [stderr]    Compiling colorchoice v1.0.2
[INFO] [stderr]    Compiling serde_json v1.0.125
[INFO] [stderr]    Compiling anstream v0.6.15
[INFO] [stderr]    Compiling servo_arc v0.3.0
[INFO] [stderr]    Compiling lenient_semver_version_builder v0.4.2
[INFO] [stderr]    Compiling aho-corasick v1.1.3
[INFO] [stderr]    Compiling fxhash v0.2.1
[INFO] [stderr]    Compiling phf v0.10.1
[INFO] [stderr]    Compiling rustls-pki-types v1.8.0
[INFO] [stderr]    Compiling unicode-width v0.1.13
[INFO] [stderr]    Compiling clap_lex v0.7.2
[INFO] [stderr]    Compiling zerocopy v0.7.35
[INFO] [stderr]    Compiling strsim v0.11.1
[INFO] [stderr]    Compiling regex-syntax v0.8.4
[INFO] [stderr]    Compiling idna v0.5.0
[INFO] [stderr]    Compiling base64 v0.22.1
[INFO] [stderr]    Compiling clap_builder v4.5.15
[INFO] [stderr]    Compiling getopts v0.2.21
[INFO] [stderr]    Compiling lenient_semver_parser v0.4.2
[INFO] [stderr]    Compiling url v2.5.2
[INFO] [stderr]    Compiling rustls-pemfile v2.1.3
[INFO] [stderr]    Compiling addr2line v0.22.0
[INFO] [stderr]    Compiling string_cache v0.8.7
[INFO] [stderr]    Compiling http-body-util v0.1.2
[INFO] [stderr]    Compiling serde_urlencoded v0.7.1
[INFO] [stderr]    Compiling enum-utils-from-str v0.1.2
[INFO] [stderr]    Compiling encoding_rs v0.8.34
[INFO] [stderr]    Compiling iana-time-zone v0.1.60
[INFO] [stderr]    Compiling mime v0.3.17
[INFO] [stderr]    Compiling ipnet v2.9.0
[INFO] [stderr]    Compiling ego-tree v0.6.2
[INFO] [stderr]    Compiling sync_wrapper v1.0.1
[INFO] [stderr]    Compiling lenient_semver v0.4.2
[INFO] [stderr]    Compiling lazy_static v1.5.0
[INFO] [stderr]    Compiling chrono v0.4.38
[INFO] [stderr]    Compiling clap v4.5.16
[INFO] [stderr]    Compiling serde_derive_internals v0.25.0
[INFO] [stderr]    Compiling regex-automata v0.4.7
[INFO] [stderr]    Compiling zerocopy-derive v0.7.35
[INFO] [stderr]    Compiling pin-project-internal v1.1.5
[INFO] [stderr]    Compiling openssl-macros v0.1.1
[INFO] [stderr]    Compiling html5ever v0.27.0
[INFO] [stderr]    Compiling cssparser-macros v0.6.1
[INFO] [stderr]    Compiling derive_more v0.99.18
[INFO] [stderr]    Compiling tokio-util v0.7.11
[INFO] [stderr]    Compiling pin-project v1.1.5
[INFO] [stderr]    Compiling tower v0.4.13
[INFO] [stderr]    Compiling h2 v0.4.5
[INFO] [stderr]    Compiling failure v0.1.8
[INFO] [stderr]    Compiling ppv-lite86 v0.2.20
[INFO] [stderr]    Compiling enum-utils v0.1.2
[INFO] [stderr]    Compiling rand_chacha v0.3.1
[INFO] [stderr]    Compiling regex v1.10.6
[INFO] [stderr]    Compiling rand v0.8.5
[INFO] [stderr]    Compiling phf_generator v0.10.0
[INFO] [stderr]    Compiling phf_generator v0.11.2
[INFO] [stderr]    Compiling phf_codegen v0.11.2
[INFO] [stderr]    Compiling string_cache_codegen v0.5.2
[INFO] [stderr]    Compiling phf_codegen v0.10.0
[INFO] [stderr]    Compiling phf_macros v0.11.2
[INFO] [stderr]    Compiling selectors v0.25.0
[INFO] [stderr]    Compiling markup5ever v0.12.1
[INFO] [stderr]    Compiling phf v0.11.2
[INFO] [stderr]    Compiling cssparser v0.31.2
[INFO] [stderr]    Compiling hyper v1.4.1
[INFO] [stderr]    Compiling tokio-native-tls v0.3.1
[INFO] [stderr]    Compiling hyper-util v0.1.7
[INFO] [stderr]    Compiling scraper v0.20.0
[INFO] [stderr]    Compiling hyper-tls v0.6.0
[INFO] [stderr]    Compiling reqwest v0.12.5
[INFO] [stderr]    Compiling android_studio_releases v0.1.0 (/opt/rustwide/workdir)
[INFO] [stdout] warning: unused variable: `args`
[INFO] [stdout]   --> src/main.rs:30:9
[INFO] [stdout]    |
[INFO] [stdout] 30 |     let args = cli().get_matches();
[INFO] [stdout]    |         ^^^^ help: if this is intentional, prefix it with an underscore: `_args`
[INFO] [stdout]    |
[INFO] [stdout]    = note: `#[warn(unused_variables)]` on by default
[INFO] [stdout] 
[INFO] [stdout] 
[INFO] [stdout] warning: unused variable: `body`
[INFO] [stdout]   --> src/main.rs:31:9
[INFO] [stdout]    |
[INFO] [stdout] 31 |     let body = url::get(ANDROID_STUDIO_RELEASES_LIST.to_string()).unwrap();
[INFO] [stdout]    |         ^^^^ help: if this is intentional, prefix it with an underscore: `_body`
[INFO] [stdout] 
[INFO] [stdout] 
[INFO] [stdout] warning: struct `Release` is never constructed
[INFO] [stdout]  --> src/release.rs:4:12
[INFO] [stdout]   |
[INFO] [stdout] 4 | pub struct Release {
[INFO] [stdout]   |            ^^^^^^^
[INFO] [stdout]   |
[INFO] [stdout]   = note: `#[warn(dead_code)]` on by default
[INFO] [stdout] 
[INFO] [stdout] 
[INFO] [stdout] warning: fields `releases_2024`, `release_name`, `date`, `semver`, and `build_version` are never read
[INFO] [stdout]   --> src/selectors.rs:10:16
[INFO] [stdout]    |
[INFO] [stdout] 8  | pub(crate) struct Selectors {
[INFO] [stdout]    |                   --------- fields in this struct
[INFO] [stdout] 9  |     /// Parses the 2024 release table, the first top-level containing values of interest.
[INFO] [stdout] 10 |     pub(crate) releases_2024: Selector,
[INFO] [stdout]    |                ^^^^^^^^^^^^^
[INFO] [stdout] ...
[INFO] [stdout] 13 |     pub(crate) release_name: Selector,
[INFO] [stdout]    |                ^^^^^^^^^^^^
[INFO] [stdout] ...
[INFO] [stdout] 16 |     pub(crate) date: Selector,
[INFO] [stdout]    |                ^^^^
[INFO] [stdout] ...
[INFO] [stdout] 19 |     pub(crate) semver: Selector,
[INFO] [stdout]    |                ^^^^^^
[INFO] [stdout] ...
[INFO] [stdout] 22 |     pub(crate) build_version: Selector,
[INFO] [stdout]    |                ^^^^^^^^^^^^^
[INFO] [stdout] 
[INFO] [stdout] 
[INFO] [stdout] warning: function `build_releases_url` is never used
[INFO] [stdout]   --> src/url.rs:24:15
[INFO] [stdout]    |
[INFO] [stdout] 24 | pub(crate) fn build_releases_url() -> Url {
[INFO] [stdout]    |               ^^^^^^^^^^^^^^^^^^
[INFO] [stdout] 
[INFO] [stdout] 
[INFO] [stdout] warning: function `parse_releases` is never used
[INFO] [stdout]   --> src/parse.rs:23:8
[INFO] [stdout]    |
[INFO] [stdout] 23 | pub fn parse_releases(content: String) -> GenericResult<Vec<Release>> {
[INFO] [stdout]    |        ^^^^^^^^^^^^^^
[INFO] [stdout] 
[INFO] [stdout] 
[INFO] [stdout] warning: function `parse_release_name` is never used
[INFO] [stdout]   --> src/parse.rs:64:8
[INFO] [stdout]    |
[INFO] [stdout] 64 | pub fn parse_release_name(element: &ElementRef, selector: &Selector) -> GenericResult<String> {
[INFO] [stdout]    |        ^^^^^^^^^^^^^^^^^^
[INFO] [stdout] 
[INFO] [stdout] 
[INFO] [stdout] warning: function `parse_codename` is never used
[INFO] [stdout]   --> src/parse.rs:73:8
[INFO] [stdout]    |
[INFO] [stdout] 73 | pub fn parse_codename(release_name: &String) -> GenericResult<String> {
[INFO] [stdout]    |        ^^^^^^^^^^^^^^
[INFO] [stdout] 
[INFO] [stdout] 
[INFO] [stdout] warning: function `parse_version_title` is never used
[INFO] [stdout]   --> src/parse.rs:90:8
[INFO] [stdout]    |
[INFO] [stdout] 90 | pub fn parse_version_title(release_name: &String) -> GenericResult<String> {
[INFO] [stdout]    |        ^^^^^^^^^^^^^^^^^^^
[INFO] [stdout] 
[INFO] [stdout] 
[INFO] [stdout] warning: function `parse_channel` is never used
[INFO] [stdout]    --> src/parse.rs:107:8
[INFO] [stdout]     |
[INFO] [stdout] 107 | pub fn parse_channel(version_title: &String) -> Result<Channel, String> {
[INFO] [stdout]     |        ^^^^^^^^^^^^^
[INFO] [stdout] 
[INFO] [stdout] 
[INFO] [stdout] warning: function `parse_channel_version` is never used
[INFO] [stdout]    --> src/parse.rs:126:8
[INFO] [stdout]     |
[INFO] [stdout] 126 | pub fn parse_channel_version(version_title: &String) -> Result<u8, ParseIntError> {
[INFO] [stdout]     |        ^^^^^^^^^^^^^^^^^^^^^
[INFO] [stdout] 
[INFO] [stdout] 
[INFO] [stdout] warning: function `parse_date` is never used
[INFO] [stdout]    --> src/parse.rs:146:8
[INFO] [stdout]     |
[INFO] [stdout] 146 | pub fn parse_date(element: &ElementRef, selector: &Selector) -> GenericResult<NaiveDate> {
[INFO] [stdout]     |        ^^^^^^^^^^
[INFO] [stdout] 
[INFO] [stdout] 
[INFO] [stdout] warning: function `parse_semver` is never used
[INFO] [stdout]    --> src/parse.rs:165:8
[INFO] [stdout]     |
[INFO] [stdout] 165 | pub fn parse_semver(element: &ElementRef, selector: &Selector) -> GenericResult<String> {
[INFO] [stdout]     |        ^^^^^^^^^^^^
[INFO] [stdout] 
[INFO] [stdout] 
[INFO] [stdout] warning: function `parse_build_version` is never used
[INFO] [stdout]    --> src/parse.rs:178:8
[INFO] [stdout]     |
[INFO] [stdout] 178 | pub fn parse_build_version(element: &ElementRef, selector: &Selector) -> GenericResult<String> {
[INFO] [stdout]     |        ^^^^^^^^^^^^^^^^^^^
[INFO] [stdout] 
[INFO] [stdout] 
[INFO] [stderr]     Finished `dev` profile [unoptimized + debuginfo] target(s) in 1m 10s
[INFO] running `Command { std: "docker" "inspect" "7a984388542cb3a5a8bad409ef58d4ee768cf328a8dc7f9649356e8e1acdd297", kill_on_drop: false }`
[INFO] running `Command { std: "docker" "rm" "-f" "7a984388542cb3a5a8bad409ef58d4ee768cf328a8dc7f9649356e8e1acdd297", kill_on_drop: false }`
[INFO] [stdout] 7a984388542cb3a5a8bad409ef58d4ee768cf328a8dc7f9649356e8e1acdd297
[INFO] running `Command { std: "docker" "create" "-v" "/var/lib/crater-agent-workspace/builds/worker-5-tc1/target:/opt/rustwide/target:rw,Z" "-v" "/var/lib/crater-agent-workspace/builds/worker-5-tc1/source:/opt/rustwide/workdir:ro,Z" "-v" "/var/lib/crater-agent-workspace/cargo-home:/opt/rustwide/cargo-home:ro,Z" "-v" "/var/lib/crater-agent-workspace/rustup-home:/opt/rustwide/rustup-home:ro,Z" "-e" "SOURCE_DIR=/opt/rustwide/workdir" "-e" "CARGO_TARGET_DIR=/opt/rustwide/target" "-e" "CARGO_INCREMENTAL=0" "-e" "RUST_BACKTRACE=full" "-e" "RUSTFLAGS=--cap-lints=forbid" "-e" "RUSTDOCFLAGS=--cap-lints=forbid" "-e" "CARGO_HOME=/opt/rustwide/cargo-home" "-e" "RUSTUP_HOME=/opt/rustwide/rustup-home" "-w" "/opt/rustwide/workdir" "-m" "1610612736" "--user" "0:0" "--network" "none" "ghcr.io/rust-lang/crates-build-env/linux@sha256:819108c5571ea2e421544af4d832f968d213c87fbe3707a016657f43d2f853bc" "/opt/rustwide/cargo-home/bin/cargo" "+nightly-2025-01-18" "test" "--frozen" "--no-run" "--message-format=json", kill_on_drop: false }`
[INFO] [stdout] 65309f259229fe05d779d067646f6a6a933ee0877a6bfb3c841d17fe113916ee
[INFO] running `Command { std: "docker" "start" "-a" "65309f259229fe05d779d067646f6a6a933ee0877a6bfb3c841d17fe113916ee", kill_on_drop: false }`
[INFO] [stderr] warning: the cargo feature `edition2024` has been stabilized in the 1.85 release and is no longer necessary to be listed in the manifest
[INFO] [stderr]   See https://doc.rust-lang.org/nightly/cargo/reference/manifest.html#the-edition-field for more information about using this feature.
[INFO] [stderr]    Compiling android_studio_releases v0.1.0 (/opt/rustwide/workdir)
[INFO] [stdout] warning: unused variable: `args`
[INFO] [stdout]   --> src/main.rs:30:9
[INFO] [stdout]    |
[INFO] [stdout] 30 |     let args = cli().get_matches();
[INFO] [stdout]    |         ^^^^ help: if this is intentional, prefix it with an underscore: `_args`
[INFO] [stdout]    |
[INFO] [stdout]    = note: `#[warn(unused_variables)]` on by default
[INFO] [stdout] 
[INFO] [stdout] 
[INFO] [stdout] warning: unused variable: `body`
[INFO] [stdout]   --> src/main.rs:31:9
[INFO] [stdout]    |
[INFO] [stdout] 31 |     let body = url::get(ANDROID_STUDIO_RELEASES_LIST.to_string()).unwrap();
[INFO] [stdout]    |         ^^^^ help: if this is intentional, prefix it with an underscore: `_body`
[INFO] [stdout] 
[INFO] [stdout] 
[INFO] [stdout] warning: multiple fields are never read
[INFO] [stdout]   --> src/release.rs:6:9
[INFO] [stdout]    |
[INFO] [stdout] 4  | pub struct Release {
[INFO] [stdout]    |            ------- fields in this struct
[INFO] [stdout] 5  |     /// The release date. (e.g. November 15, 2022)
[INFO] [stdout] 6  |     pub date: NaiveDate,
[INFO] [stdout]    |         ^^^^
[INFO] [stdout] ...
[INFO] [stdout] 9  |     pub codename: String,
[INFO] [stdout]    |         ^^^^^^^^
[INFO] [stdout] ...
[INFO] [stdout] 12 |     pub version_title: String,
[INFO] [stdout]    |         ^^^^^^^^^^^^^
[INFO] [stdout] ...
[INFO] [stdout] 15 |     pub channel: Channel,
[INFO] [stdout]    |         ^^^^^^^
[INFO] [stdout] ...
[INFO] [stdout] 18 |     pub channel_version: u8,
[INFO] [stdout]    |         ^^^^^^^^^^^^^^^
[INFO] [stdout] ...
[INFO] [stdout] 21 |     pub version_number: String,
[INFO] [stdout]    |         ^^^^^^^^^^^^^^
[INFO] [stdout] ...
[INFO] [stdout] 24 |     pub build_version: String,
[INFO] [stdout]    |         ^^^^^^^^^^^^^
[INFO] [stdout]    |
[INFO] [stdout]    = note: `#[warn(dead_code)]` on by default
[INFO] [stdout] 
[INFO] [stdout] 
[INFO] [stderr]     Finished `test` profile [unoptimized + debuginfo] target(s) in 1.71s
[INFO] running `Command { std: "docker" "inspect" "65309f259229fe05d779d067646f6a6a933ee0877a6bfb3c841d17fe113916ee", kill_on_drop: false }`
[INFO] running `Command { std: "docker" "rm" "-f" "65309f259229fe05d779d067646f6a6a933ee0877a6bfb3c841d17fe113916ee", kill_on_drop: false }`
[INFO] [stdout] 65309f259229fe05d779d067646f6a6a933ee0877a6bfb3c841d17fe113916ee
[INFO] running `Command { std: "docker" "create" "-v" "/var/lib/crater-agent-workspace/builds/worker-5-tc1/target:/opt/rustwide/target:rw,Z" "-v" "/var/lib/crater-agent-workspace/builds/worker-5-tc1/source:/opt/rustwide/workdir:ro,Z" "-v" "/var/lib/crater-agent-workspace/cargo-home:/opt/rustwide/cargo-home:ro,Z" "-v" "/var/lib/crater-agent-workspace/rustup-home:/opt/rustwide/rustup-home:ro,Z" "-e" "SOURCE_DIR=/opt/rustwide/workdir" "-e" "CARGO_TARGET_DIR=/opt/rustwide/target" "-e" "CARGO_INCREMENTAL=0" "-e" "RUST_BACKTRACE=full" "-e" "RUSTFLAGS=--cap-lints=forbid" "-e" "RUSTDOCFLAGS=--cap-lints=forbid" "-e" "CARGO_HOME=/opt/rustwide/cargo-home" "-e" "RUSTUP_HOME=/opt/rustwide/rustup-home" "-w" "/opt/rustwide/workdir" "-m" "1610612736" "--user" "0:0" "--network" "none" "ghcr.io/rust-lang/crates-build-env/linux@sha256:819108c5571ea2e421544af4d832f968d213c87fbe3707a016657f43d2f853bc" "/opt/rustwide/cargo-home/bin/cargo" "+nightly-2025-01-18" "test" "--frozen", kill_on_drop: false }`
[INFO] [stdout] baade7b6fb2a8fa69dd9c43d6e4f69d588e9d6860d5dbecb7da59e364f027238
[INFO] running `Command { std: "docker" "start" "-a" "baade7b6fb2a8fa69dd9c43d6e4f69d588e9d6860d5dbecb7da59e364f027238", kill_on_drop: false }`
[INFO] [stderr] warning: the cargo feature `edition2024` has been stabilized in the 1.85 release and is no longer necessary to be listed in the manifest
[INFO] [stderr]   See https://doc.rust-lang.org/nightly/cargo/reference/manifest.html#the-edition-field for more information about using this feature.
[INFO] [stderr] warning: unused variable: `args`
[INFO] [stderr]   --> src/main.rs:30:9
[INFO] [stderr]    |
[INFO] [stderr] 30 |     let args = cli().get_matches();
[INFO] [stderr]    |         ^^^^ help: if this is intentional, prefix it with an underscore: `_args`
[INFO] [stderr]    |
[INFO] [stderr]    = note: `#[warn(unused_variables)]` on by default
[INFO] [stderr] 
[INFO] [stderr] warning: unused variable: `body`
[INFO] [stderr]   --> src/main.rs:31:9
[INFO] [stderr]    |
[INFO] [stderr] 31 |     let body = url::get(ANDROID_STUDIO_RELEASES_LIST.to_string()).unwrap();
[INFO] [stderr]    |         ^^^^ help: if this is intentional, prefix it with an underscore: `_body`
[INFO] [stderr] 
[INFO] [stderr] warning: multiple fields are never read
[INFO] [stderr]   --> src/release.rs:6:9
[INFO] [stderr]    |
[INFO] [stderr] 4  | pub struct Release {
[INFO] [stderr]    |            ------- fields in this struct
[INFO] [stderr] 5  |     /// The release date. (e.g. November 15, 2022)
[INFO] [stderr] 6  |     pub date: NaiveDate,
[INFO] [stderr]    |         ^^^^
[INFO] [stderr] ...
[INFO] [stderr] 9  |     pub codename: String,
[INFO] [stderr]    |         ^^^^^^^^
[INFO] [stderr] ...
[INFO] [stderr] 12 |     pub version_title: String,
[INFO] [stderr]    |         ^^^^^^^^^^^^^
[INFO] [stderr] ...
[INFO] [stderr] 15 |     pub channel: Channel,
[INFO] [stderr]    |         ^^^^^^^
[INFO] [stderr] ...
[INFO] [stderr] 18 |     pub channel_version: u8,
[INFO] [stderr]    |         ^^^^^^^^^^^^^^^
[INFO] [stderr] ...
[INFO] [stderr] 21 |     pub version_number: String,
[INFO] [stderr]    |         ^^^^^^^^^^^^^^
[INFO] [stderr] ...
[INFO] [stderr] 24 |     pub build_version: String,
[INFO] [stderr]    |         ^^^^^^^^^^^^^
[INFO] [stderr]    |
[INFO] [stderr]    = note: `#[warn(dead_code)]` on by default
[INFO] [stderr] 
[INFO] [stderr] warning: `android_studio_releases` (bin "android_studio_releases" test) generated 3 warnings
[INFO] [stderr]     Finished `test` profile [unoptimized + debuginfo] target(s) in 0.24s
[INFO] [stderr]      Running unittests src/main.rs (/opt/rustwide/target/debug/deps/android_studio_releases-4f66cfed947506ab)
[INFO] [stdout] 
[INFO] [stdout] running 11 tests
[INFO] [stdout] test url::test_build_notes_url ... ok
[INFO] [stdout] test cli::verify_cli ... ok
[INFO] [stdout] test parse::test_parse_date ... ok
[INFO] [stdout] test parse::test_parse_version_title ... ok
[INFO] [stdout] test parse::test_parse_codename_with_space ... ok
[INFO] [stdout] test parse::test_parse_release_name ... ok
[INFO] [stdout] test parse::test_parse_codename ... ok
[INFO] [stdout] test parse::test_parse_channel ... ok
[INFO] [stdout] test parse::test_parse_channel_version ... ok
[INFO] [stdout] test parse::test_parse_releases ... ok
[INFO] [stdout] test url::test_get ... FAILED
[INFO] [stdout] 
[INFO] [stdout] failures:
[INFO] [stdout] 
[INFO] [stdout] ---- url::test_get stdout ----
[INFO] [stdout] 
[INFO] [stdout] thread 'url::test_get' panicked at src/url.rs:32:62:
[INFO] [stdout] called `Result::unwrap()` on an `Err` value: reqwest::Error { kind: Request, url: Url { scheme: "https", cannot_be_a_base: false, username: "", password: None, host: Some(Domain("plugins.jetbrains.com")), port: None, path: "/docs/intellij/android-studio-releases-list.html", query: None, fragment: None }, source: hyper_util::client::legacy::Error(Connect, ConnectError("dns error", Custom { kind: Uncategorized, error: "failed to lookup address information: Temporary failure in name resolution" })) }
[INFO] [stdout] stack backtrace:
[INFO] [stdout]    0:     0x59b292c346aa - std::backtrace_rs::backtrace::libunwind::trace::hb059275cfc8d6126
[INFO] [stdout]                                at /rustc/6067b36314ab5eb2eb47cecc464545ba58e1ad24/library/std/src/../../backtrace/src/backtrace/libunwind.rs:116:5
[INFO] [stdout]    1:     0x59b292c346aa - std::backtrace_rs::backtrace::trace_unsynchronized::h2da071e4327ce3ee
[INFO] [stdout]                                at /rustc/6067b36314ab5eb2eb47cecc464545ba58e1ad24/library/std/src/../../backtrace/src/backtrace/mod.rs:66:5
[INFO] [stdout]    2:     0x59b292c346aa - std::sys::backtrace::_print_fmt::h842a1474e6f8d23f
[INFO] [stdout]                                at /rustc/6067b36314ab5eb2eb47cecc464545ba58e1ad24/library/std/src/sys/backtrace.rs:66:9
[INFO] [stdout]    3:     0x59b292c346aa - <std::sys::backtrace::BacktraceLock::print::DisplayBacktrace as core::fmt::Display>::fmt::h71a62eb3b9696b12
[INFO] [stdout]                                at /rustc/6067b36314ab5eb2eb47cecc464545ba58e1ad24/library/std/src/sys/backtrace.rs:39:26
[INFO] [stdout]    4:     0x59b292c603e3 - core::fmt::rt::Argument::fmt::hdb6b616786b41dc1
[INFO] [stdout]                                at /rustc/6067b36314ab5eb2eb47cecc464545ba58e1ad24/library/core/src/fmt/rt.rs:177:76
[INFO] [stdout]    5:     0x59b292c603e3 - core::fmt::write::h2cc1698af7e2d686
[INFO] [stdout]                                at /rustc/6067b36314ab5eb2eb47cecc464545ba58e1ad24/library/core/src/fmt/mod.rs:1440:21
[INFO] [stdout]    6:     0x59b292c30573 - std::io::Write::write_fmt::hab1b4cd059a79022
[INFO] [stdout]                                at /rustc/6067b36314ab5eb2eb47cecc464545ba58e1ad24/library/std/src/io/mod.rs:1887:15
[INFO] [stdout]    7:     0x59b292c344f2 - std::sys::backtrace::BacktraceLock::print::h147fe35b4ea13b08
[INFO] [stdout]                                at /rustc/6067b36314ab5eb2eb47cecc464545ba58e1ad24/library/std/src/sys/backtrace.rs:42:9
[INFO] [stdout]    8:     0x59b292c35acf - std::panicking::default_hook::{{closure}}::hbd44223dbdc0d208
[INFO] [stdout]                                at /rustc/6067b36314ab5eb2eb47cecc464545ba58e1ad24/library/std/src/panicking.rs:298:22
[INFO] [stdout]    9:     0x59b292c358e8 - std::panicking::default_hook::h20f81eb0576efcec
[INFO] [stdout]                                at /rustc/6067b36314ab5eb2eb47cecc464545ba58e1ad24/library/std/src/panicking.rs:322:9
[INFO] [stdout]   10:     0x59b2927cdd53 - <alloc::boxed::Box<F,A> as core::ops::function::Fn<Args>>::call::hdb53814c496a4d34
[INFO] [stdout]                                at /rustc/6067b36314ab5eb2eb47cecc464545ba58e1ad24/library/alloc/src/boxed.rs:2027:9
[INFO] [stdout]   11:     0x59b2927cdd53 - test::test_main::{{closure}}::hc0a4963c59427c24
[INFO] [stdout]                                at /rustc/6067b36314ab5eb2eb47cecc464545ba58e1ad24/library/test/src/lib.rs:134:21
[INFO] [stdout]   12:     0x59b292c365c3 - <alloc::boxed::Box<F,A> as core::ops::function::Fn<Args>>::call::h591b2225413a77e9
[INFO] [stdout]                                at /rustc/6067b36314ab5eb2eb47cecc464545ba58e1ad24/library/alloc/src/boxed.rs:2027:9
[INFO] [stdout]   13:     0x59b292c365c3 - std::panicking::rust_panic_with_hook::h625eea43051b2edc
[INFO] [stdout]                                at /rustc/6067b36314ab5eb2eb47cecc464545ba58e1ad24/library/std/src/panicking.rs:839:13
[INFO] [stdout]   14:     0x59b292c3627a - std::panicking::begin_panic_handler::{{closure}}::h4f9159cfbc3f6bd3
[INFO] [stdout]                                at /rustc/6067b36314ab5eb2eb47cecc464545ba58e1ad24/library/std/src/panicking.rs:704:13
[INFO] [stdout]   15:     0x59b292c34ba9 - std::sys::backtrace::__rust_end_short_backtrace::h0390abce48353151
[INFO] [stdout]                                at /rustc/6067b36314ab5eb2eb47cecc464545ba58e1ad24/library/std/src/sys/backtrace.rs:168:18
[INFO] [stdout]   16:     0x59b292c35f0d - rust_begin_unwind
[INFO] [stdout]                                at /rustc/6067b36314ab5eb2eb47cecc464545ba58e1ad24/library/std/src/panicking.rs:695:5
[INFO] [stdout]   17:     0x59b292c5dbb0 - core::panicking::panic_fmt::h9e7c637e9e5f29c9
[INFO] [stdout]                                at /rustc/6067b36314ab5eb2eb47cecc464545ba58e1ad24/library/core/src/panicking.rs:75:14
[INFO] [stdout]   18:     0x59b292c5e026 - core::result::unwrap_failed::h7979f09313fe1849
[INFO] [stdout]                                at /rustc/6067b36314ab5eb2eb47cecc464545ba58e1ad24/library/core/src/result.rs:1704:5
[INFO] [stdout]   19:     0x59b29246efc9 - core::result::Result<T,E>::unwrap::hb6d2499ceba4ac02
[INFO] [stdout]                                at /rustc/6067b36314ab5eb2eb47cecc464545ba58e1ad24/library/core/src/result.rs:1109:23
[INFO] [stdout]   20:     0x59b29246efc9 - android_studio_releases::url::test_get::hefab3fc0723dcd2b
[INFO] [stdout]                                at /opt/rustwide/workdir/src/url.rs:32:16
[INFO] [stdout]   21:     0x59b29246ef27 - android_studio_releases::url::test_get::{{closure}}::h9f90ffa01b354d1b
[INFO] [stdout]                                at /opt/rustwide/workdir/src/url.rs:31:14
[INFO] [stdout]   22:     0x59b29246ac36 - core::ops::function::FnOnce::call_once::h55e6d7ec16df4806
[INFO] [stdout]                                at /rustc/6067b36314ab5eb2eb47cecc464545ba58e1ad24/library/core/src/ops/function.rs:250:5
[INFO] [stdout]   23:     0x59b2927d34ab - core::ops::function::FnOnce::call_once::he27718dfdd183f43
[INFO] [stdout]                                at /rustc/6067b36314ab5eb2eb47cecc464545ba58e1ad24/library/core/src/ops/function.rs:250:5
[INFO] [stdout]   24:     0x59b2927d34ab - test::__rust_begin_short_backtrace::h4e84902998457a5d
[INFO] [stdout]                                at /rustc/6067b36314ab5eb2eb47cecc464545ba58e1ad24/library/test/src/lib.rs:632:18
[INFO] [stdout]   25:     0x59b2927d23e3 - test::run_test_in_process::{{closure}}::h7176fd18fc1feca0
[INFO] [stdout]                                at /rustc/6067b36314ab5eb2eb47cecc464545ba58e1ad24/library/test/src/lib.rs:655:60
[INFO] [stdout]   26:     0x59b2927d23e3 - <core::panic::unwind_safe::AssertUnwindSafe<F> as core::ops::function::FnOnce<()>>::call_once::hf79cff2a624d8cf7
[INFO] [stdout]                                at /rustc/6067b36314ab5eb2eb47cecc464545ba58e1ad24/library/core/src/panic/unwind_safe.rs:272:9
[INFO] [stdout]   27:     0x59b2927d23e3 - std::panicking::try::do_call::h3da0561d9ab99c25
[INFO] [stdout]                                at /rustc/6067b36314ab5eb2eb47cecc464545ba58e1ad24/library/std/src/panicking.rs:587:40
[INFO] [stdout]   28:     0x59b2927d23e3 - std::panicking::try::h41c9fa508bc61df6
[INFO] [stdout]                                at /rustc/6067b36314ab5eb2eb47cecc464545ba58e1ad24/library/std/src/panicking.rs:550:19
[INFO] [stdout]   29:     0x59b2927d23e3 - std::panic::catch_unwind::h6b3ff07bb5afad93
[INFO] [stdout]                                at /rustc/6067b36314ab5eb2eb47cecc464545ba58e1ad24/library/std/src/panic.rs:358:14
[INFO] [stdout]   30:     0x59b2927d23e3 - test::run_test_in_process::hc7253dd11b39b9f4
[INFO] [stdout]                                at /rustc/6067b36314ab5eb2eb47cecc464545ba58e1ad24/library/test/src/lib.rs:655:27
[INFO] [stdout]   31:     0x59b2927d23e3 - test::run_test::{{closure}}::hfb2007f8649c30bb
[INFO] [stdout]                                at /rustc/6067b36314ab5eb2eb47cecc464545ba58e1ad24/library/test/src/lib.rs:576:43
[INFO] [stdout]   32:     0x59b2927954c5 - test::run_test::{{closure}}::h56a17aa7a282a9f4
[INFO] [stdout]                                at /rustc/6067b36314ab5eb2eb47cecc464545ba58e1ad24/library/test/src/lib.rs:606:41
[INFO] [stdout]   33:     0x59b2927954c5 - std::sys::backtrace::__rust_begin_short_backtrace::hd2d2d2fb8e8c6aac
[INFO] [stdout]                                at /rustc/6067b36314ab5eb2eb47cecc464545ba58e1ad24/library/std/src/sys/backtrace.rs:152:18
[INFO] [stdout]   34:     0x59b292798daa - std::thread::Builder::spawn_unchecked_::{{closure}}::{{closure}}::h4faa3f9db6133423
[INFO] [stdout]                                at /rustc/6067b36314ab5eb2eb47cecc464545ba58e1ad24/library/std/src/thread/mod.rs:559:17
[INFO] [stdout]   35:     0x59b292798daa - <core::panic::unwind_safe::AssertUnwindSafe<F> as core::ops::function::FnOnce<()>>::call_once::hf2e855a36a4ea846
[INFO] [stdout]                                at /rustc/6067b36314ab5eb2eb47cecc464545ba58e1ad24/library/core/src/panic/unwind_safe.rs:272:9
[INFO] [stdout]   36:     0x59b292798daa - std::panicking::try::do_call::h2f73af3616c35465
[INFO] [stdout]                                at /rustc/6067b36314ab5eb2eb47cecc464545ba58e1ad24/library/std/src/panicking.rs:587:40
[INFO] [stdout]   37:     0x59b292798daa - std::panicking::try::hd1660ce9efadef5a
[INFO] [stdout]                                at /rustc/6067b36314ab5eb2eb47cecc464545ba58e1ad24/library/std/src/panicking.rs:550:19
[INFO] [stdout]   38:     0x59b292798daa - std::panic::catch_unwind::h5ee8d7823b8ca744
[INFO] [stdout]                                at /rustc/6067b36314ab5eb2eb47cecc464545ba58e1ad24/library/std/src/panic.rs:358:14
[INFO] [stdout]   39:     0x59b292798daa - std::thread::Builder::spawn_unchecked_::{{closure}}::h53c3a1894dce8407
[INFO] [stdout]                                at /rustc/6067b36314ab5eb2eb47cecc464545ba58e1ad24/library/std/src/thread/mod.rs:557:30
[INFO] [stdout]   40:     0x59b292798daa - core::ops::function::FnOnce::call_once{{vtable.shim}}::h048ce291ad4f62bf
[INFO] [stdout]                                at /rustc/6067b36314ab5eb2eb47cecc464545ba58e1ad24/library/core/src/ops/function.rs:250:5
[INFO] [stdout]   41:     0x59b292c3a93b - <alloc::boxed::Box<F,A> as core::ops::function::FnOnce<Args>>::call_once::ha52bedf99a3b4981
[INFO] [stdout]                                at /rustc/6067b36314ab5eb2eb47cecc464545ba58e1ad24/library/alloc/src/boxed.rs:2013:9
[INFO] [stdout]   42:     0x59b292c3a93b - <alloc::boxed::Box<F,A> as core::ops::function::FnOnce<Args>>::call_once::h567748934d80ccf8
[INFO] [stdout]                                at /rustc/6067b36314ab5eb2eb47cecc464545ba58e1ad24/library/alloc/src/boxed.rs:2013:9
[INFO] [stdout]   43:     0x59b292c3a93b - std::sys::pal::unix::thread::Thread::new::thread_start::h2d970728ae887adc
[INFO] [stdout]                                at /rustc/6067b36314ab5eb2eb47cecc464545ba58e1ad24/library/std/src/sys/pal/unix/thread.rs:106:17
[INFO] [stdout]   44:     0x78eb97d9eac3 - <unknown>
[INFO] [stdout]   45:     0x78eb97e2fa04 - clone
[INFO] [stdout]   46:                0x0 - <unknown>
[INFO] [stdout] 
[INFO] [stdout] 
[INFO] [stdout] failures:
[INFO] [stdout]     url::test_get
[INFO] [stdout] 
[INFO] [stdout] test result: FAILED. 10 passed; 1 failed; 0 ignored; 0 measured; 0 filtered out; finished in 0.17s
[INFO] [stdout] 
[INFO] [stderr] error: test failed, to rerun pass `--bin android_studio_releases`
[INFO] running `Command { std: "docker" "inspect" "baade7b6fb2a8fa69dd9c43d6e4f69d588e9d6860d5dbecb7da59e364f027238", kill_on_drop: false }`
[INFO] running `Command { std: "docker" "rm" "-f" "baade7b6fb2a8fa69dd9c43d6e4f69d588e9d6860d5dbecb7da59e364f027238", kill_on_drop: false }`
[INFO] [stdout] baade7b6fb2a8fa69dd9c43d6e4f69d588e9d6860d5dbecb7da59e364f027238
