[INFO] cloning repository https://github.com/pgtuk/codecrafters-redis-rust
[INFO] running `Command { std: "git" "-c" "credential.helper=" "-c" "credential.helper=/workspace/cargo-home/bin/git-credential-null" "clone" "--bare" "https://github.com/pgtuk/codecrafters-redis-rust" "/workspace/cache/git-repos/https%3A%2F%2Fgithub.com%2Fpgtuk%2Fcodecrafters-redis-rust", kill_on_drop: false }`
[INFO] [stderr] Cloning into bare repository '/workspace/cache/git-repos/https%3A%2F%2Fgithub.com%2Fpgtuk%2Fcodecrafters-redis-rust'...
[INFO] running `Command { std: "git" "rev-parse" "HEAD", kill_on_drop: false }`
[INFO] [stdout] 199064379d69ffd3612f254e0aeb5cc5e6651c9d
[INFO] testing pgtuk/codecrafters-redis-rust against nightly-2025-01-18+rustflags=-Zrandomize-layout for randomize-layout-2
[INFO] running `Command { std: "git" "clone" "/workspace/cache/git-repos/https%3A%2F%2Fgithub.com%2Fpgtuk%2Fcodecrafters-redis-rust" "/workspace/builds/worker-5-tc2/source", kill_on_drop: false }`
[INFO] [stderr] Cloning into '/workspace/builds/worker-5-tc2/source'...
[INFO] [stderr] done.
[INFO] validating manifest of git repo https://github.com/pgtuk/codecrafters-redis-rust on toolchain nightly-2025-01-18
[INFO] running `Command { std: CARGO_HOME="/workspace/cargo-home" RUSTUP_HOME="/workspace/rustup-home" "/workspace/cargo-home/bin/cargo" "+nightly-2025-01-18" "metadata" "--manifest-path" "Cargo.toml" "--no-deps", kill_on_drop: false }`
[INFO] started tweaking git repo https://github.com/pgtuk/codecrafters-redis-rust
[INFO] finished tweaking git repo https://github.com/pgtuk/codecrafters-redis-rust
[INFO] tweaked toml for git repo https://github.com/pgtuk/codecrafters-redis-rust written to /workspace/builds/worker-5-tc2/source/Cargo.toml
[INFO] crate git repo https://github.com/pgtuk/codecrafters-redis-rust already has a lockfile, it will not be regenerated
[INFO] running `Command { std: CARGO_HOME="/workspace/cargo-home" RUSTUP_HOME="/workspace/rustup-home" "/workspace/cargo-home/bin/cargo" "+nightly-2025-01-18" "fetch" "--manifest-path" "Cargo.toml", kill_on_drop: false }`
[INFO] [stderr]     Blocking waiting for file lock on package cache
[INFO] [stderr]     Blocking waiting for file lock on package cache
[INFO] running `Command { std: "docker" "create" "-v" "/var/lib/crater-agent-workspace/builds/worker-5-tc2/target:/opt/rustwide/target:rw,Z" "-v" "/var/lib/crater-agent-workspace/builds/worker-5-tc2/source:/opt/rustwide/workdir:ro,Z" "-v" "/var/lib/crater-agent-workspace/cargo-home:/opt/rustwide/cargo-home:ro,Z" "-v" "/var/lib/crater-agent-workspace/rustup-home:/opt/rustwide/rustup-home:ro,Z" "-e" "SOURCE_DIR=/opt/rustwide/workdir" "-e" "CARGO_TARGET_DIR=/opt/rustwide/target" "-e" "CARGO_HOME=/opt/rustwide/cargo-home" "-e" "RUSTUP_HOME=/opt/rustwide/rustup-home" "-w" "/opt/rustwide/workdir" "-m" "1610612736" "--user" "0:0" "--network" "none" "ghcr.io/rust-lang/crates-build-env/linux@sha256:819108c5571ea2e421544af4d832f968d213c87fbe3707a016657f43d2f853bc" "/opt/rustwide/cargo-home/bin/cargo" "+nightly-2025-01-18" "metadata" "--no-deps" "--format-version=1", kill_on_drop: false }`
[INFO] [stdout] 9dcc1c67e74bc4546dbf66d14cae72d2559afbf148ed62c132abc711567b9103
[INFO] running `Command { std: "docker" "start" "-a" "9dcc1c67e74bc4546dbf66d14cae72d2559afbf148ed62c132abc711567b9103", kill_on_drop: false }`
[INFO] running `Command { std: "docker" "inspect" "9dcc1c67e74bc4546dbf66d14cae72d2559afbf148ed62c132abc711567b9103", kill_on_drop: false }`
[INFO] running `Command { std: "docker" "rm" "-f" "9dcc1c67e74bc4546dbf66d14cae72d2559afbf148ed62c132abc711567b9103", kill_on_drop: false }`
[INFO] [stdout] 9dcc1c67e74bc4546dbf66d14cae72d2559afbf148ed62c132abc711567b9103
[INFO] running `Command { std: "docker" "create" "-v" "/var/lib/crater-agent-workspace/builds/worker-5-tc2/target:/opt/rustwide/target:rw,Z" "-v" "/var/lib/crater-agent-workspace/builds/worker-5-tc2/source:/opt/rustwide/workdir:ro,Z" "-v" "/var/lib/crater-agent-workspace/cargo-home:/opt/rustwide/cargo-home:ro,Z" "-v" "/var/lib/crater-agent-workspace/rustup-home:/opt/rustwide/rustup-home:ro,Z" "-e" "SOURCE_DIR=/opt/rustwide/workdir" "-e" "CARGO_TARGET_DIR=/opt/rustwide/target" "-e" "CARGO_INCREMENTAL=0" "-e" "RUST_BACKTRACE=full" "-e" "RUSTFLAGS=--cap-lints=forbid -Zrandomize-layout" "-e" "RUSTDOCFLAGS=--cap-lints=forbid" "-e" "CARGO_HOME=/opt/rustwide/cargo-home" "-e" "RUSTUP_HOME=/opt/rustwide/rustup-home" "-w" "/opt/rustwide/workdir" "-m" "1610612736" "--user" "0:0" "--network" "none" "ghcr.io/rust-lang/crates-build-env/linux@sha256:819108c5571ea2e421544af4d832f968d213c87fbe3707a016657f43d2f853bc" "/opt/rustwide/cargo-home/bin/cargo" "+nightly-2025-01-18" "build" "--frozen" "--message-format=json", kill_on_drop: false }`
[INFO] [stdout] 69421a917b2125ab2378a7168e6ff6ffac25e850e0095233cd0455f7ec9fe090
[INFO] running `Command { std: "docker" "start" "-a" "69421a917b2125ab2378a7168e6ff6ffac25e850e0095233cd0455f7ec9fe090", kill_on_drop: false }`
[INFO] [stderr]    Compiling libc v0.2.138
[INFO] [stderr]    Compiling proc-macro2 v1.0.24
[INFO] [stderr]    Compiling autocfg v1.1.0
[INFO] [stderr]    Compiling unicode-xid v0.2.1
[INFO] [stderr]    Compiling syn v1.0.67
[INFO] [stderr]    Compiling parking_lot_core v0.9.5
[INFO] [stderr]    Compiling log v0.4.11
[INFO] [stderr]    Compiling cfg-if v0.1.10
[INFO] [stderr]    Compiling memchr v2.3.4
[INFO] [stderr]    Compiling cfg-if v1.0.0
[INFO] [stderr]    Compiling smallvec v1.10.0
[INFO] [stderr]    Compiling scopeguard v1.1.0
[INFO] [stderr]    Compiling crossbeam-utils v0.8.20
[INFO] [stderr]    Compiling anyhow v1.0.59
[INFO] [stderr]    Compiling bytes v1.3.0
[INFO] [stderr]    Compiling pin-project-lite v0.2.9
[INFO] [stderr]    Compiling base64 v0.22.1
[INFO] [stderr]    Compiling lock_api v0.4.9
[INFO] [stderr]    Compiling tokio v1.23.0
[INFO] [stderr]    Compiling quote v1.0.7
[INFO] [stderr]    Compiling crossbeam-channel v0.5.13
[INFO] [stderr]    Compiling signal-hook-registry v1.2.2
[INFO] [stderr]    Compiling socket2 v0.4.7
[INFO] [stderr]    Compiling num_cpus v1.13.0
[INFO] [stderr]    Compiling mio v0.8.5
[INFO] [stderr]    Compiling parking_lot v0.12.1
[INFO] [stderr]    Compiling thiserror-impl v1.0.32
[INFO] [stderr]    Compiling tokio-macros v1.8.2
[INFO] [stderr]    Compiling thiserror v1.0.32
[INFO] [stderr]    Compiling redis-starter-rust v0.1.0 (/opt/rustwide/workdir)
[INFO] [stdout] warning: unused variable: `db`
[INFO] [stdout]   --> src/redis/db/rdb.rs:22:21
[INFO] [stdout]    |
[INFO] [stdout] 22 |     fn write(&self, db: &Db) -> anyhow::Result<()> {
[INFO] [stdout]    |                     ^^ help: if this is intentional, prefix it with an underscore: `_db`
[INFO] [stdout]    |
[INFO] [stdout]    = note: `#[warn(unused_variables)]` on by default
[INFO] [stdout] 
[INFO] [stdout] 
[INFO] [stdout] warning: struct `RDB` is never constructed
[INFO] [stdout]  --> src/redis/db/rdb.rs:5:19
[INFO] [stdout]   |
[INFO] [stdout] 5 | pub(crate) struct RDB {
[INFO] [stdout]   |                   ^^^
[INFO] [stdout]   |
[INFO] [stdout]   = note: `#[warn(dead_code)]` on by default
[INFO] [stdout] 
[INFO] [stdout] 
[INFO] [stdout] warning: associated items `new`, `read`, and `write` are never used
[INFO] [stdout]   --> src/redis/db/rdb.rs:14:8
[INFO] [stdout]    |
[INFO] [stdout] 9  | impl RDB {
[INFO] [stdout]    | -------- associated items in this implementation
[INFO] [stdout] ...
[INFO] [stdout] 14 |     fn new (path: String) -> RDB {
[INFO] [stdout]    |        ^^^
[INFO] [stdout] ...
[INFO] [stdout] 18 |     fn read(&self) -> Db {
[INFO] [stdout]    |        ^^^^
[INFO] [stdout] ...
[INFO] [stdout] 22 |     fn write(&self, db: &Db) -> anyhow::Result<()> {
[INFO] [stdout]    |        ^^^^^
[INFO] [stdout] 
[INFO] [stdout] 
[INFO] [stderr]     Finished `dev` profile [unoptimized + debuginfo] target(s) in 15.82s
[INFO] running `Command { std: "docker" "inspect" "69421a917b2125ab2378a7168e6ff6ffac25e850e0095233cd0455f7ec9fe090", kill_on_drop: false }`
[INFO] running `Command { std: "docker" "rm" "-f" "69421a917b2125ab2378a7168e6ff6ffac25e850e0095233cd0455f7ec9fe090", kill_on_drop: false }`
[INFO] [stdout] 69421a917b2125ab2378a7168e6ff6ffac25e850e0095233cd0455f7ec9fe090
[INFO] running `Command { std: "docker" "create" "-v" "/var/lib/crater-agent-workspace/builds/worker-5-tc2/target:/opt/rustwide/target:rw,Z" "-v" "/var/lib/crater-agent-workspace/builds/worker-5-tc2/source:/opt/rustwide/workdir:ro,Z" "-v" "/var/lib/crater-agent-workspace/cargo-home:/opt/rustwide/cargo-home:ro,Z" "-v" "/var/lib/crater-agent-workspace/rustup-home:/opt/rustwide/rustup-home:ro,Z" "-e" "SOURCE_DIR=/opt/rustwide/workdir" "-e" "CARGO_TARGET_DIR=/opt/rustwide/target" "-e" "CARGO_INCREMENTAL=0" "-e" "RUST_BACKTRACE=full" "-e" "RUSTFLAGS=--cap-lints=forbid -Zrandomize-layout" "-e" "RUSTDOCFLAGS=--cap-lints=forbid" "-e" "CARGO_HOME=/opt/rustwide/cargo-home" "-e" "RUSTUP_HOME=/opt/rustwide/rustup-home" "-w" "/opt/rustwide/workdir" "-m" "1610612736" "--user" "0:0" "--network" "none" "ghcr.io/rust-lang/crates-build-env/linux@sha256:819108c5571ea2e421544af4d832f968d213c87fbe3707a016657f43d2f853bc" "/opt/rustwide/cargo-home/bin/cargo" "+nightly-2025-01-18" "test" "--frozen" "--no-run" "--message-format=json", kill_on_drop: false }`
[INFO] [stdout] 0c1ae7a2d7e8ae14a5e066009e944ce69656d981035aab09d56e31ae7fc3f5f3
[INFO] running `Command { std: "docker" "start" "-a" "0c1ae7a2d7e8ae14a5e066009e944ce69656d981035aab09d56e31ae7fc3f5f3", kill_on_drop: false }`
[INFO] [stderr]    Compiling redis-starter-rust v0.1.0 (/opt/rustwide/workdir)
[INFO] [stdout] warning: unused variable: `db`
[INFO] [stdout]   --> src/redis/db/rdb.rs:22:21
[INFO] [stdout]    |
[INFO] [stdout] 22 |     fn write(&self, db: &Db) -> anyhow::Result<()> {
[INFO] [stdout]    |                     ^^ help: if this is intentional, prefix it with an underscore: `_db`
[INFO] [stdout]    |
[INFO] [stdout]    = note: `#[warn(unused_variables)]` on by default
[INFO] [stdout] 
[INFO] [stdout] 
[INFO] [stdout] warning: struct `RDB` is never constructed
[INFO] [stdout]  --> src/redis/db/rdb.rs:5:19
[INFO] [stdout]   |
[INFO] [stdout] 5 | pub(crate) struct RDB {
[INFO] [stdout]   |                   ^^^
[INFO] [stdout]   |
[INFO] [stdout]   = note: `#[warn(dead_code)]` on by default
[INFO] [stdout] 
[INFO] [stdout] 
[INFO] [stdout] warning: associated items `new`, `read`, and `write` are never used
[INFO] [stdout]   --> src/redis/db/rdb.rs:14:8
[INFO] [stdout]    |
[INFO] [stdout] 9  | impl RDB {
[INFO] [stdout]    | -------- associated items in this implementation
[INFO] [stdout] ...
[INFO] [stdout] 14 |     fn new (path: String) -> RDB {
[INFO] [stdout]    |        ^^^
[INFO] [stdout] ...
[INFO] [stdout] 18 |     fn read(&self) -> Db {
[INFO] [stdout]    |        ^^^^
[INFO] [stdout] ...
[INFO] [stdout] 22 |     fn write(&self, db: &Db) -> anyhow::Result<()> {
[INFO] [stdout]    |        ^^^^^
[INFO] [stdout] 
[INFO] [stdout] 
[INFO] [stderr]     Finished `test` profile [unoptimized + debuginfo] target(s) in 2.91s
[INFO] running `Command { std: "docker" "inspect" "0c1ae7a2d7e8ae14a5e066009e944ce69656d981035aab09d56e31ae7fc3f5f3", kill_on_drop: false }`
[INFO] running `Command { std: "docker" "rm" "-f" "0c1ae7a2d7e8ae14a5e066009e944ce69656d981035aab09d56e31ae7fc3f5f3", kill_on_drop: false }`
[INFO] [stdout] 0c1ae7a2d7e8ae14a5e066009e944ce69656d981035aab09d56e31ae7fc3f5f3
[INFO] running `Command { std: "docker" "create" "-v" "/var/lib/crater-agent-workspace/builds/worker-5-tc2/target:/opt/rustwide/target:rw,Z" "-v" "/var/lib/crater-agent-workspace/builds/worker-5-tc2/source:/opt/rustwide/workdir:ro,Z" "-v" "/var/lib/crater-agent-workspace/cargo-home:/opt/rustwide/cargo-home:ro,Z" "-v" "/var/lib/crater-agent-workspace/rustup-home:/opt/rustwide/rustup-home:ro,Z" "-e" "SOURCE_DIR=/opt/rustwide/workdir" "-e" "CARGO_TARGET_DIR=/opt/rustwide/target" "-e" "CARGO_INCREMENTAL=0" "-e" "RUST_BACKTRACE=full" "-e" "RUSTFLAGS=--cap-lints=forbid -Zrandomize-layout" "-e" "RUSTDOCFLAGS=--cap-lints=forbid" "-e" "CARGO_HOME=/opt/rustwide/cargo-home" "-e" "RUSTUP_HOME=/opt/rustwide/rustup-home" "-w" "/opt/rustwide/workdir" "-m" "1610612736" "--user" "0:0" "--network" "none" "ghcr.io/rust-lang/crates-build-env/linux@sha256:819108c5571ea2e421544af4d832f968d213c87fbe3707a016657f43d2f853bc" "/opt/rustwide/cargo-home/bin/cargo" "+nightly-2025-01-18" "test" "--frozen", kill_on_drop: false }`
[INFO] [stdout] 22cacb4d15560e5f99a81d3e582c1698dd8ef1a2ffe883f1ef32a6ab18d41f50
[INFO] running `Command { std: "docker" "start" "-a" "22cacb4d15560e5f99a81d3e582c1698dd8ef1a2ffe883f1ef32a6ab18d41f50", kill_on_drop: false }`
[INFO] [stderr] warning: unused variable: `db`
[INFO] [stderr]   --> src/redis/db/rdb.rs:22:21
[INFO] [stderr]    |
[INFO] [stderr] 22 |     fn write(&self, db: &Db) -> anyhow::Result<()> {
[INFO] [stderr]    |                     ^^ help: if this is intentional, prefix it with an underscore: `_db`
[INFO] [stderr]    |
[INFO] [stderr]    = note: `#[warn(unused_variables)]` on by default
[INFO] [stderr] 
[INFO] [stderr] warning: struct `RDB` is never constructed
[INFO] [stderr]  --> src/redis/db/rdb.rs:5:19
[INFO] [stderr]   |
[INFO] [stderr] 5 | pub(crate) struct RDB {
[INFO] [stderr]   |                   ^^^
[INFO] [stderr]   |
[INFO] [stderr]   = note: `#[warn(dead_code)]` on by default
[INFO] [stderr] 
[INFO] [stderr] warning: associated items `new`, `read`, and `write` are never used
[INFO] [stderr]   --> src/redis/db/rdb.rs:14:8
[INFO] [stderr]    |
[INFO] [stderr] 9  | impl RDB {
[INFO] [stderr]    | -------- associated items in this implementation
[INFO] [stderr] ...
[INFO] [stderr] 14 |     fn new (path: String) -> RDB {
[INFO] [stderr]    |        ^^^
[INFO] [stderr] ...
[INFO] [stderr] 18 |     fn read(&self) -> Db {
[INFO] [stderr]    |        ^^^^
[INFO] [stderr] ...
[INFO] [stderr] 22 |     fn write(&self, db: &Db) -> anyhow::Result<()> {
[INFO] [stderr]    |        ^^^^^
[INFO] [stderr] 
[INFO] [stderr] warning: `redis-starter-rust` (bin "redis-starter-rust" test) generated 3 warnings
[INFO] [stderr]     Finished `test` profile [unoptimized + debuginfo] target(s) in 0.25s
[INFO] [stderr]      Running unittests src/main.rs (/opt/rustwide/target/debug/deps/redis_starter_rust-f9b061523a210a41)
[INFO] [stdout] 
[INFO] [stdout] running 32 tests
[INFO] [stdout] test redis::cmd::ping::tests::test_cmd_from_frame_ping_with_msg ... ok
[INFO] [stdout] test redis::cmd::ping::tests::test_cmd_ping_with_msg_to_response ... ok
[INFO] [stdout] test redis::cmd::ping::tests::test_cmd_from_frame_ping_no_msg ... ok
[INFO] [stdout] test redis::cmd::tests::test_cmd_from_frame_get ... ok
[INFO] [stdout] test redis::cmd::tests::test_cmd_echo_to_response ... ok
[INFO] [stdout] test redis::cmd::config::tests::test_cmd_config_get_from_frame ... ok
[INFO] [stdout] test redis::cmd::ping::tests::test_cmd_ping_no_msg ... ok
[INFO] [stdout] test redis::cmd::tests::test_cmd_from_frame_echo ... ok
[INFO] [stdout] test redis::cmd::tests::test_cmd_from_frame_set ... ok
[INFO] [stdout] test redis::cmd::tests::test_cmd_info ... ok
[INFO] [stdout] test redis::frame::tests::test_parse_array ... ok
[INFO] [stdout] test redis::frame::tests::test_byte_len ... ok
[INFO] [stdout] test redis::cmd::tests::test_cmd_set_get ... ok
[INFO] [stdout] test redis::db::tests::test_db_set_get ... ok
[INFO] [stdout] test redis::frame::tests::test_parse_null_bulk ... ok
[INFO] [stdout] test redis::frame::tests::test_parse_simple ... ok
[INFO] [stdout] test redis::frame::tests::test_to_response_bulk ... ok
[INFO] [stdout] test redis::frame::tests::test_to_response_integer ... ok
[INFO] [stdout] test redis::frame::tests::test_to_response_null ... ok
[INFO] [stdout] test redis::frame::tests::test_to_response_simple ... ok
[INFO] [stdout] test redis::frame::tests::test_parse_bulk ... ok
[INFO] [stdout] test redis::parser::tests::test_create_parser ... ok
[INFO] [stdout] test redis::frame::tests::test_parse_empty_bulk ... ok
[INFO] [stdout] test redis::parser::tests::test_parser_next_string_bulk ... ok
[INFO] [stdout] test redis::parser::tests::test_parser_next_string_simple ... ok
[INFO] [stdout] test redis::utils::tests::test_count_digits ... ok
[INFO] [stdout] test redis::parser::tests::test_create_parser_err ... ok
[INFO] [stdout] test redis::frame::tests::test_parse_integer ... ok
[INFO] [stdout] test redis::tests::test_replication ... FAILED
[INFO] [stdout] test redis::cmd::tests::test_cmd_set_with_ttl ... ok
[INFO] [stdout] test redis::tests::test_wait_no_commands ... ok
[INFO] [stdout] test redis::db::tests::test_set_with_ttl ... ok
[INFO] [stdout] 
[INFO] [stdout] failures:
[INFO] [stdout] 
[INFO] [stdout] ---- redis::tests::test_replication stdout ----
[INFO] [stdout] 
[INFO] [stdout] thread 'redis::tests::test_replication' panicked at src/redis/tests.rs:74:34:
[INFO] [stdout] called `Result::unwrap()` on an `Err` value: Address already in use (os error 98)
[INFO] [stdout] stack backtrace:
[INFO] [stdout]    0:     0x614b0f5b9d7a - std::backtrace_rs::backtrace::libunwind::trace::hb059275cfc8d6126
[INFO] [stdout]                                at /rustc/6067b36314ab5eb2eb47cecc464545ba58e1ad24/library/std/src/../../backtrace/src/backtrace/libunwind.rs:116:5
[INFO] [stdout]    1:     0x614b0f5b9d7a - std::backtrace_rs::backtrace::trace_unsynchronized::h2da071e4327ce3ee
[INFO] [stdout]                                at /rustc/6067b36314ab5eb2eb47cecc464545ba58e1ad24/library/std/src/../../backtrace/src/backtrace/mod.rs:66:5
[INFO] [stdout]    2:     0x614b0f5b9d7a - std::sys::backtrace::_print_fmt::h842a1474e6f8d23f
[INFO] [stdout]                                at /rustc/6067b36314ab5eb2eb47cecc464545ba58e1ad24/library/std/src/sys/backtrace.rs:66:9
[INFO] [stdout]    3:     0x614b0f5b9d7a - <std::sys::backtrace::BacktraceLock::print::DisplayBacktrace as core::fmt::Display>::fmt::h71a62eb3b9696b12
[INFO] [stdout]                                at /rustc/6067b36314ab5eb2eb47cecc464545ba58e1ad24/library/std/src/sys/backtrace.rs:39:26
[INFO] [stdout]    4:     0x614b0f5e4123 - core::fmt::rt::Argument::fmt::hdb6b616786b41dc1
[INFO] [stdout]                                at /rustc/6067b36314ab5eb2eb47cecc464545ba58e1ad24/library/core/src/fmt/rt.rs:177:76
[INFO] [stdout]    5:     0x614b0f5e4123 - core::fmt::write::h2cc1698af7e2d686
[INFO] [stdout]                                at /rustc/6067b36314ab5eb2eb47cecc464545ba58e1ad24/library/core/src/fmt/mod.rs:1440:21
[INFO] [stdout]    6:     0x614b0f5b5f93 - std::io::Write::write_fmt::hab1b4cd059a79022
[INFO] [stdout]                                at /rustc/6067b36314ab5eb2eb47cecc464545ba58e1ad24/library/std/src/io/mod.rs:1887:15
[INFO] [stdout]    7:     0x614b0f5b9bc2 - std::sys::backtrace::BacktraceLock::print::h147fe35b4ea13b08
[INFO] [stdout]                                at /rustc/6067b36314ab5eb2eb47cecc464545ba58e1ad24/library/std/src/sys/backtrace.rs:42:9
[INFO] [stdout]    8:     0x614b0f5bb19f - std::panicking::default_hook::{{closure}}::hbd44223dbdc0d208
[INFO] [stdout]                                at /rustc/6067b36314ab5eb2eb47cecc464545ba58e1ad24/library/std/src/panicking.rs:298:22
[INFO] [stdout]    9:     0x614b0f5bafb8 - std::panicking::default_hook::h20f81eb0576efcec
[INFO] [stdout]                                at /rustc/6067b36314ab5eb2eb47cecc464545ba58e1ad24/library/std/src/panicking.rs:322:9
[INFO] [stdout]   10:     0x614b0f4b6d73 - <alloc::boxed::Box<F,A> as core::ops::function::Fn<Args>>::call::hdb53814c496a4d34
[INFO] [stdout]                                at /rustc/6067b36314ab5eb2eb47cecc464545ba58e1ad24/library/alloc/src/boxed.rs:2027:9
[INFO] [stdout]   11:     0x614b0f4b6d73 - test::test_main::{{closure}}::hc0a4963c59427c24
[INFO] [stdout]                                at /rustc/6067b36314ab5eb2eb47cecc464545ba58e1ad24/library/test/src/lib.rs:134:21
[INFO] [stdout]   12:     0x614b0f5bbc93 - <alloc::boxed::Box<F,A> as core::ops::function::Fn<Args>>::call::h591b2225413a77e9
[INFO] [stdout]                                at /rustc/6067b36314ab5eb2eb47cecc464545ba58e1ad24/library/alloc/src/boxed.rs:2027:9
[INFO] [stdout]   13:     0x614b0f5bbc93 - std::panicking::rust_panic_with_hook::h625eea43051b2edc
[INFO] [stdout]                                at /rustc/6067b36314ab5eb2eb47cecc464545ba58e1ad24/library/std/src/panicking.rs:839:13
[INFO] [stdout]   14:     0x614b0f5bb94a - std::panicking::begin_panic_handler::{{closure}}::h4f9159cfbc3f6bd3
[INFO] [stdout]                                at /rustc/6067b36314ab5eb2eb47cecc464545ba58e1ad24/library/std/src/panicking.rs:704:13
[INFO] [stdout]   15:     0x614b0f5ba279 - std::sys::backtrace::__rust_end_short_backtrace::h0390abce48353151
[INFO] [stdout]                                at /rustc/6067b36314ab5eb2eb47cecc464545ba58e1ad24/library/std/src/sys/backtrace.rs:168:18
[INFO] [stdout]   16:     0x614b0f5bb5dd - rust_begin_unwind
[INFO] [stdout]                                at /rustc/6067b36314ab5eb2eb47cecc464545ba58e1ad24/library/std/src/panicking.rs:695:5
[INFO] [stdout]   17:     0x614b0f5e2b00 - core::panicking::panic_fmt::h9e7c637e9e5f29c9
[INFO] [stdout]                                at /rustc/6067b36314ab5eb2eb47cecc464545ba58e1ad24/library/core/src/panicking.rs:75:14
[INFO] [stdout]   18:     0x614b0f5e2f76 - core::result::unwrap_failed::h7979f09313fe1849
[INFO] [stdout]                                at /rustc/6067b36314ab5eb2eb47cecc464545ba58e1ad24/library/core/src/result.rs:1704:5
[INFO] [stdout]   19:     0x614b0f477982 - core::result::Result<T,E>::unwrap::h90ce514670fa97bd
[INFO] [stdout]                                at /rustc/6067b36314ab5eb2eb47cecc464545ba58e1ad24/library/core/src/result.rs:1109:23
[INFO] [stdout]   20:     0x614b0f477982 - redis_starter_rust::redis::tests::TestSetup::setup_server::{{closure}}::hd5c3449fc6847615
[INFO] [stdout]                                at /opt/rustwide/workdir/src/redis/tests.rs:74:9
[INFO] [stdout]   21:     0x614b0f476384 - redis_starter_rust::redis::tests::TestSetup::setup::{{closure}}::h7fb6d4ea513c48eb
[INFO] [stdout]                                at /opt/rustwide/workdir/src/redis/tests.rs:40:70
[INFO] [stdout]   22:     0x614b0f47842a - redis_starter_rust::redis::tests::test_replication::{{closure}}::hb39499c6d5a594a6
[INFO] [stdout]                                at /opt/rustwide/workdir/src/redis/tests.rs:81:36
[INFO] [stdout]   23:     0x614b0f41f472 - <core::pin::Pin<P> as core::future::future::Future>::poll::h335d44d4259753ac
[INFO] [stdout]                                at /rustc/6067b36314ab5eb2eb47cecc464545ba58e1ad24/library/core/src/future/future.rs:124:9
[INFO] [stdout]   24:     0x614b0f41f56d - <core::pin::Pin<P> as core::future::future::Future>::poll::hb3b5fa6f3584bf7e
[INFO] [stdout]                                at /rustc/6067b36314ab5eb2eb47cecc464545ba58e1ad24/library/core/src/future/future.rs:124:9
[INFO] [stdout]   25:     0x614b0f458e5f - tokio::runtime::scheduler::current_thread::CoreGuard::block_on::{{closure}}::{{closure}}::{{closure}}::h738a8a6f9b086afb
[INFO] [stdout]                                at /opt/rustwide/cargo-home/registry/src/index.crates.io-1949cf8c6b5b557f/tokio-1.23.0/src/runtime/scheduler/current_thread.rs:541:57
[INFO] [stdout]   26:     0x614b0f458d85 - tokio::runtime::coop::with_budget::h29f0ef1a781d9d4a
[INFO] [stdout]                                at /opt/rustwide/cargo-home/registry/src/index.crates.io-1949cf8c6b5b557f/tokio-1.23.0/src/runtime/coop.rs:102:5
[INFO] [stdout]   27:     0x614b0f458d85 - tokio::runtime::coop::budget::ha087f7356c3a6184
[INFO] [stdout]                                at /opt/rustwide/cargo-home/registry/src/index.crates.io-1949cf8c6b5b557f/tokio-1.23.0/src/runtime/coop.rs:68:5
[INFO] [stdout]   28:     0x614b0f458d85 - tokio::runtime::scheduler::current_thread::CoreGuard::block_on::{{closure}}::{{closure}}::hdc5bf968857247e9
[INFO] [stdout]                                at /opt/rustwide/cargo-home/registry/src/index.crates.io-1949cf8c6b5b557f/tokio-1.23.0/src/runtime/scheduler/current_thread.rs:541:25
[INFO] [stdout]   29:     0x614b0f4576fc - tokio::runtime::scheduler::current_thread::Context::enter::h1e28832b82b9eba0
[INFO] [stdout]                                at /opt/rustwide/cargo-home/registry/src/index.crates.io-1949cf8c6b5b557f/tokio-1.23.0/src/runtime/scheduler/current_thread.rs:350:19
[INFO] [stdout]   30:     0x614b0f45841a - tokio::runtime::scheduler::current_thread::CoreGuard::block_on::{{closure}}::hd622e31f6a51e87a
[INFO] [stdout]                                at /opt/rustwide/cargo-home/registry/src/index.crates.io-1949cf8c6b5b557f/tokio-1.23.0/src/runtime/scheduler/current_thread.rs:540:36
[INFO] [stdout]   31:     0x614b0f458198 - tokio::runtime::scheduler::current_thread::CoreGuard::enter::{{closure}}::h1f90bd882170bf63
[INFO] [stdout]                                at /opt/rustwide/cargo-home/registry/src/index.crates.io-1949cf8c6b5b557f/tokio-1.23.0/src/runtime/scheduler/current_thread.rs:615:57
[INFO] [stdout]   32:     0x614b0f4541f3 - tokio::macros::scoped_tls::ScopedKey<T>::set::hdc5d1b6676746a7c
[INFO] [stdout]                                at /opt/rustwide/cargo-home/registry/src/index.crates.io-1949cf8c6b5b557f/tokio-1.23.0/src/macros/scoped_tls.rs:61:9
[INFO] [stdout]   33:     0x614b0f457f46 - tokio::runtime::scheduler::current_thread::CoreGuard::enter::he3a79899d2bb131d
[INFO] [stdout]                                at /opt/rustwide/cargo-home/registry/src/index.crates.io-1949cf8c6b5b557f/tokio-1.23.0/src/runtime/scheduler/current_thread.rs:615:27
[INFO] [stdout]   34:     0x614b0f4581b2 - tokio::runtime::scheduler::current_thread::CoreGuard::block_on::h9e97785e54316ce1
[INFO] [stdout]                                at /opt/rustwide/cargo-home/registry/src/index.crates.io-1949cf8c6b5b557f/tokio-1.23.0/src/runtime/scheduler/current_thread.rs:530:19
[INFO] [stdout]   35:     0x614b0f455351 - tokio::runtime::scheduler::current_thread::CurrentThread::block_on::hb69a4726acc42a17
[INFO] [stdout]                                at /opt/rustwide/cargo-home/registry/src/index.crates.io-1949cf8c6b5b557f/tokio-1.23.0/src/runtime/scheduler/current_thread.rs:154:24
[INFO] [stdout]   36:     0x614b0f44fede - tokio::runtime::runtime::Runtime::block_on::h7e95d0ebcccdbec1
[INFO] [stdout]                                at /opt/rustwide/cargo-home/registry/src/index.crates.io-1949cf8c6b5b557f/tokio-1.23.0/src/runtime/runtime.rs:282:47
[INFO] [stdout]   37:     0x614b0f47801d - redis_starter_rust::redis::tests::test_replication::hacb052781610221e
[INFO] [stdout]                                at /opt/rustwide/workdir/src/redis/tests.rs:163:5
[INFO] [stdout]   38:     0x614b0f477ea7 - redis_starter_rust::redis::tests::test_replication::{{closure}}::h30451ead53f6a547
[INFO] [stdout]                                at /opt/rustwide/workdir/src/redis/tests.rs:80:28
[INFO] [stdout]   39:     0x614b0f3e9d76 - core::ops::function::FnOnce::call_once::hb6b6ba96f60e6ef7
[INFO] [stdout]                                at /rustc/6067b36314ab5eb2eb47cecc464545ba58e1ad24/library/core/src/ops/function.rs:250:5
[INFO] [stdout]   40:     0x614b0f4bc4cb - core::ops::function::FnOnce::call_once::he27718dfdd183f43
[INFO] [stdout]                                at /rustc/6067b36314ab5eb2eb47cecc464545ba58e1ad24/library/core/src/ops/function.rs:250:5
[INFO] [stdout]   41:     0x614b0f4bc4cb - test::__rust_begin_short_backtrace::h4e84902998457a5d
[INFO] [stdout]                                at /rustc/6067b36314ab5eb2eb47cecc464545ba58e1ad24/library/test/src/lib.rs:632:18
[INFO] [stdout]   42:     0x614b0f4bb403 - test::run_test_in_process::{{closure}}::h7176fd18fc1feca0
[INFO] [stdout]                                at /rustc/6067b36314ab5eb2eb47cecc464545ba58e1ad24/library/test/src/lib.rs:655:60
[INFO] [stdout]   43:     0x614b0f4bb403 - <core::panic::unwind_safe::AssertUnwindSafe<F> as core::ops::function::FnOnce<()>>::call_once::hf79cff2a624d8cf7
[INFO] [stdout]                                at /rustc/6067b36314ab5eb2eb47cecc464545ba58e1ad24/library/core/src/panic/unwind_safe.rs:272:9
[INFO] [stdout]   44:     0x614b0f4bb403 - std::panicking::try::do_call::h3da0561d9ab99c25
[INFO] [stdout]                                at /rustc/6067b36314ab5eb2eb47cecc464545ba58e1ad24/library/std/src/panicking.rs:587:40
[INFO] [stdout]   45:     0x614b0f4bb403 - std::panicking::try::h41c9fa508bc61df6
[INFO] [stdout]                                at /rustc/6067b36314ab5eb2eb47cecc464545ba58e1ad24/library/std/src/panicking.rs:550:19
[INFO] [stdout]   46:     0x614b0f4bb403 - std::panic::catch_unwind::h6b3ff07bb5afad93
[INFO] [stdout]                                at /rustc/6067b36314ab5eb2eb47cecc464545ba58e1ad24/library/std/src/panic.rs:358:14
[INFO] [stdout]   47:     0x614b0f4bb403 - test::run_test_in_process::hc7253dd11b39b9f4
[INFO] [stdout]                                at /rustc/6067b36314ab5eb2eb47cecc464545ba58e1ad24/library/test/src/lib.rs:655:27
[INFO] [stdout]   48:     0x614b0f4bb403 - test::run_test::{{closure}}::hfb2007f8649c30bb
[INFO] [stdout]                                at /rustc/6067b36314ab5eb2eb47cecc464545ba58e1ad24/library/test/src/lib.rs:576:43
[INFO] [stdout]   49:     0x614b0f47e4e5 - test::run_test::{{closure}}::h56a17aa7a282a9f4
[INFO] [stdout]                                at /rustc/6067b36314ab5eb2eb47cecc464545ba58e1ad24/library/test/src/lib.rs:606:41
[INFO] [stdout]   50:     0x614b0f47e4e5 - std::sys::backtrace::__rust_begin_short_backtrace::hd2d2d2fb8e8c6aac
[INFO] [stdout]                                at /rustc/6067b36314ab5eb2eb47cecc464545ba58e1ad24/library/std/src/sys/backtrace.rs:152:18
[INFO] [stdout]   51:     0x614b0f481dca - std::thread::Builder::spawn_unchecked_::{{closure}}::{{closure}}::h4faa3f9db6133423
[INFO] [stdout]                                at /rustc/6067b36314ab5eb2eb47cecc464545ba58e1ad24/library/std/src/thread/mod.rs:559:17
[INFO] [stdout]   52:     0x614b0f481dca - <core::panic::unwind_safe::AssertUnwindSafe<F> as core::ops::function::FnOnce<()>>::call_once::hf2e855a36a4ea846
[INFO] [stdout]                                at /rustc/6067b36314ab5eb2eb47cecc464545ba58e1ad24/library/core/src/panic/unwind_safe.rs:272:9
[INFO] [stdout]   53:     0x614b0f481dca - std::panicking::try::do_call::h2f73af3616c35465
[INFO] [stdout]                                at /rustc/6067b36314ab5eb2eb47cecc464545ba58e1ad24/library/std/src/panicking.rs:587:40
[INFO] [stdout]   54:     0x614b0f481dca - std::panicking::try::hd1660ce9efadef5a
[INFO] [stdout]                                at /rustc/6067b36314ab5eb2eb47cecc464545ba58e1ad24/library/std/src/panicking.rs:550:19
[INFO] [stdout]   55:     0x614b0f481dca - std::panic::catch_unwind::h5ee8d7823b8ca744
[INFO] [stdout]                                at /rustc/6067b36314ab5eb2eb47cecc464545ba58e1ad24/library/std/src/panic.rs:358:14
[INFO] [stdout]   56:     0x614b0f481dca - std::thread::Builder::spawn_unchecked_::{{closure}}::h53c3a1894dce8407
[INFO] [stdout]                                at /rustc/6067b36314ab5eb2eb47cecc464545ba58e1ad24/library/std/src/thread/mod.rs:557:30
[INFO] [stdout]   57:     0x614b0f481dca - core::ops::function::FnOnce::call_once{{vtable.shim}}::h048ce291ad4f62bf
[INFO] [stdout]                                at /rustc/6067b36314ab5eb2eb47cecc464545ba58e1ad24/library/core/src/ops/function.rs:250:5
[INFO] [stdout]   58:     0x614b0f5bfe5b - <alloc::boxed::Box<F,A> as core::ops::function::FnOnce<Args>>::call_once::ha52bedf99a3b4981
[INFO] [stdout]                                at /rustc/6067b36314ab5eb2eb47cecc464545ba58e1ad24/library/alloc/src/boxed.rs:2013:9
[INFO] [stdout]   59:     0x614b0f5bfe5b - <alloc::boxed::Box<F,A> as core::ops::function::FnOnce<Args>>::call_once::h567748934d80ccf8
[INFO] [stdout]                                at /rustc/6067b36314ab5eb2eb47cecc464545ba58e1ad24/library/alloc/src/boxed.rs:2013:9
[INFO] [stdout]   60:     0x614b0f5bfe5b - std::sys::pal::unix::thread::Thread::new::thread_start::h2d970728ae887adc
[INFO] [stdout]                                at /rustc/6067b36314ab5eb2eb47cecc464545ba58e1ad24/library/std/src/sys/pal/unix/thread.rs:106:17
[INFO] [stdout]   61:     0x76bc36f69ac3 - <unknown>
[INFO] [stdout]   62:     0x76bc36ffaa04 - clone
[INFO] [stdout]   63:                0x0 - <unknown>
[INFO] [stdout] 
[INFO] [stdout] 
[INFO] [stdout] failures:
[INFO] [stdout]     redis::tests::test_replication
[INFO] [stdout] 
[INFO] [stdout] test result: FAILED. 31 passed; 1 failed; 0 ignored; 0 measured; 0 filtered out; finished in 0.24s
[INFO] [stdout] 
[INFO] [stderr] error: test failed, to rerun pass `--bin redis-starter-rust`
[INFO] running `Command { std: "docker" "inspect" "22cacb4d15560e5f99a81d3e582c1698dd8ef1a2ffe883f1ef32a6ab18d41f50", kill_on_drop: false }`
[INFO] running `Command { std: "docker" "rm" "-f" "22cacb4d15560e5f99a81d3e582c1698dd8ef1a2ffe883f1ef32a6ab18d41f50", kill_on_drop: false }`
[INFO] [stdout] 22cacb4d15560e5f99a81d3e582c1698dd8ef1a2ffe883f1ef32a6ab18d41f50
