[INFO] cloning repository https://github.com/pflanze/firewall
[INFO] running `Command { std: "git" "-c" "credential.helper=" "-c" "credential.helper=/workspace/cargo-home/bin/git-credential-null" "clone" "--bare" "https://github.com/pflanze/firewall" "/workspace/cache/git-repos/https%3A%2F%2Fgithub.com%2Fpflanze%2Ffirewall", kill_on_drop: false }`
[INFO] [stderr] Cloning into bare repository '/workspace/cache/git-repos/https%3A%2F%2Fgithub.com%2Fpflanze%2Ffirewall'...
[INFO] running `Command { std: "git" "rev-parse" "HEAD", kill_on_drop: false }`
[INFO] [stdout] a067387883239343edf17cfb55763272c7466dd3
[INFO] testing pflanze/firewall against nightly-2025-01-18+rustflags=-Zrandomize-layout for randomize-layout-2
[INFO] running `Command { std: "git" "clone" "/workspace/cache/git-repos/https%3A%2F%2Fgithub.com%2Fpflanze%2Ffirewall" "/workspace/builds/worker-4-tc2/source", kill_on_drop: false }`
[INFO] [stderr] Cloning into '/workspace/builds/worker-4-tc2/source'...
[INFO] [stderr] done.
[INFO] validating manifest of git repo https://github.com/pflanze/firewall on toolchain nightly-2025-01-18
[INFO] running `Command { std: CARGO_HOME="/workspace/cargo-home" RUSTUP_HOME="/workspace/rustup-home" "/workspace/cargo-home/bin/cargo" "+nightly-2025-01-18" "metadata" "--manifest-path" "Cargo.toml" "--no-deps", kill_on_drop: false }`
[INFO] started tweaking git repo https://github.com/pflanze/firewall
[INFO] finished tweaking git repo https://github.com/pflanze/firewall
[INFO] tweaked toml for git repo https://github.com/pflanze/firewall written to /workspace/builds/worker-4-tc2/source/Cargo.toml
[INFO] crate git repo https://github.com/pflanze/firewall already has a lockfile, it will not be regenerated
[INFO] running `Command { std: CARGO_HOME="/workspace/cargo-home" RUSTUP_HOME="/workspace/rustup-home" "/workspace/cargo-home/bin/cargo" "+nightly-2025-01-18" "fetch" "--manifest-path" "Cargo.toml", kill_on_drop: false }`
[INFO] running `Command { std: "docker" "create" "-v" "/var/lib/crater-agent-workspace/builds/worker-4-tc2/target:/opt/rustwide/target:rw,Z" "-v" "/var/lib/crater-agent-workspace/builds/worker-4-tc2/source:/opt/rustwide/workdir:ro,Z" "-v" "/var/lib/crater-agent-workspace/cargo-home:/opt/rustwide/cargo-home:ro,Z" "-v" "/var/lib/crater-agent-workspace/rustup-home:/opt/rustwide/rustup-home:ro,Z" "-e" "SOURCE_DIR=/opt/rustwide/workdir" "-e" "CARGO_TARGET_DIR=/opt/rustwide/target" "-e" "CARGO_HOME=/opt/rustwide/cargo-home" "-e" "RUSTUP_HOME=/opt/rustwide/rustup-home" "-w" "/opt/rustwide/workdir" "-m" "1610612736" "--user" "0:0" "--network" "none" "ghcr.io/rust-lang/crates-build-env/linux@sha256:819108c5571ea2e421544af4d832f968d213c87fbe3707a016657f43d2f853bc" "/opt/rustwide/cargo-home/bin/cargo" "+nightly-2025-01-18" "metadata" "--no-deps" "--format-version=1", kill_on_drop: false }`
[INFO] [stdout] dd2ddb4e394f3ffd0fa961152f62bab395c9dded3e9e9f9ee6a0e5f42b308517
[INFO] running `Command { std: "docker" "start" "-a" "dd2ddb4e394f3ffd0fa961152f62bab395c9dded3e9e9f9ee6a0e5f42b308517", kill_on_drop: false }`
[INFO] running `Command { std: "docker" "inspect" "dd2ddb4e394f3ffd0fa961152f62bab395c9dded3e9e9f9ee6a0e5f42b308517", kill_on_drop: false }`
[INFO] running `Command { std: "docker" "rm" "-f" "dd2ddb4e394f3ffd0fa961152f62bab395c9dded3e9e9f9ee6a0e5f42b308517", kill_on_drop: false }`
[INFO] [stdout] dd2ddb4e394f3ffd0fa961152f62bab395c9dded3e9e9f9ee6a0e5f42b308517
[INFO] running `Command { std: "docker" "create" "-v" "/var/lib/crater-agent-workspace/builds/worker-4-tc2/target:/opt/rustwide/target:rw,Z" "-v" "/var/lib/crater-agent-workspace/builds/worker-4-tc2/source:/opt/rustwide/workdir:ro,Z" "-v" "/var/lib/crater-agent-workspace/cargo-home:/opt/rustwide/cargo-home:ro,Z" "-v" "/var/lib/crater-agent-workspace/rustup-home:/opt/rustwide/rustup-home:ro,Z" "-e" "SOURCE_DIR=/opt/rustwide/workdir" "-e" "CARGO_TARGET_DIR=/opt/rustwide/target" "-e" "CARGO_INCREMENTAL=0" "-e" "RUST_BACKTRACE=full" "-e" "RUSTFLAGS=--cap-lints=forbid -Zrandomize-layout" "-e" "RUSTDOCFLAGS=--cap-lints=forbid" "-e" "CARGO_HOME=/opt/rustwide/cargo-home" "-e" "RUSTUP_HOME=/opt/rustwide/rustup-home" "-w" "/opt/rustwide/workdir" "-m" "1610612736" "--user" "0:0" "--network" "none" "ghcr.io/rust-lang/crates-build-env/linux@sha256:819108c5571ea2e421544af4d832f968d213c87fbe3707a016657f43d2f853bc" "/opt/rustwide/cargo-home/bin/cargo" "+nightly-2025-01-18" "build" "--frozen" "--message-format=json", kill_on_drop: false }`
[INFO] [stdout] 879c681250139400ba5f8f20ac6fb991333ad4c16f34e90d751d4c6142b4f09b
[INFO] running `Command { std: "docker" "start" "-a" "879c681250139400ba5f8f20ac6fb991333ad4c16f34e90d751d4c6142b4f09b", kill_on_drop: false }`
[INFO] [stderr]    Compiling proc-macro2 v1.0.60
[INFO] [stderr]    Compiling quote v1.0.28
[INFO] [stderr]    Compiling unicode-ident v1.0.4
[INFO] [stderr]    Compiling autocfg v1.1.0
[INFO] [stderr]    Compiling libc v0.2.153
[INFO] [stderr]    Compiling futures-core v0.3.28
[INFO] [stderr]    Compiling paste v1.0.12
[INFO] [stderr]    Compiling anyhow v1.0.65
[INFO] [stderr]    Compiling thiserror v1.0.40
[INFO] [stderr]    Compiling futures-task v0.3.28
[INFO] [stderr]    Compiling futures-channel v0.3.28
[INFO] [stderr]    Compiling memchr v2.5.0
[INFO] [stderr]    Compiling byteorder v1.4.3
[INFO] [stderr]    Compiling log v0.4.17
[INFO] [stderr]    Compiling cfg-if v1.0.0
[INFO] [stderr]    Compiling futures-sink v0.3.30
[INFO] [stderr]    Compiling pin-project-lite v0.2.9
[INFO] [stderr]    Compiling futures-util v0.3.28
[INFO] [stderr]    Compiling futures-io v0.3.30
[INFO] [stderr]    Compiling pin-utils v0.1.0
[INFO] [stderr]    Compiling syn v1.0.109
[INFO] [stderr]    Compiling bytes v1.4.0
[INFO] [stderr]    Compiling version_check v0.9.4
[INFO] [stderr]    Compiling serde_derive v1.0.154
[INFO] [stderr]    Compiling bitflags v1.3.2
[INFO] [stderr]    Compiling serde v1.0.154
[INFO] [stderr]    Compiling unicode-segmentation v1.10.0
[INFO] [stderr]    Compiling serde_json v1.0.96
[INFO] [stderr]    Compiling itoa v1.0.6
[INFO] [stderr]    Compiling ryu v1.0.13
[INFO] [stderr]    Compiling os_str_bytes v6.4.1
[INFO] [stderr]    Compiling heck v0.4.1
[INFO] [stderr]    Compiling hashbrown v0.12.3
[INFO] [stderr]    Compiling strsim v0.10.0
[INFO] [stderr]    Compiling heck v0.3.3
[INFO] [stderr]    Compiling clap_lex v0.2.4
[INFO] [stderr]    Compiling textwrap v0.16.0
[INFO] [stderr]    Compiling termcolor v1.1.3
[INFO] [stderr]    Compiling once_cell v1.17.1
[INFO] [stderr]    Compiling ipnet v2.9.0
[INFO] [stderr]    Compiling indoc v1.0.9
[INFO] [stderr]    Compiling string_enum v0.1.0 (/opt/rustwide/workdir/string_enum)
[INFO] [stderr]    Compiling proc-macro-error-attr v1.0.4
[INFO] [stderr]    Compiling proc-macro-error v1.0.4
[INFO] [stderr]    Compiling slab v0.4.9
[INFO] [stderr]    Compiling tokio v1.28.2
[INFO] [stderr]    Compiling indexmap v1.9.2
[INFO] [stderr]    Compiling syn v2.0.18
[INFO] [stderr]    Compiling mio v0.8.4
[INFO] [stderr]    Compiling socket2 v0.4.9
[INFO] [stderr]    Compiling nix v0.24.3
[INFO] [stderr]    Compiling atty v0.2.14
[INFO] [stderr]    Compiling thiserror-impl v1.0.40
[INFO] [stderr]    Compiling futures-macro v0.3.28
[INFO] [stderr]    Compiling tokio-macros v2.1.0
[INFO] [stderr]    Compiling string_enum_macro v0.1.0 (/opt/rustwide/workdir/string_enum/string_enum_macro)
[INFO] [stderr]    Compiling enumn v0.1.9
[INFO] [stderr]    Compiling netlink-packet-utils v0.5.2
[INFO] [stderr]    Compiling strum_macros v0.20.1
[INFO] [stderr]    Compiling clap_derive v3.2.18
[INFO] [stderr]    Compiling netlink-packet-core v0.7.0
[INFO] [stderr]    Compiling netlink-packet-core v0.4.2
[INFO] [stderr]    Compiling netlink-packet-route v0.13.0
[INFO] [stderr]    Compiling netlink-packet-generic v0.3.3
[INFO] [stderr]    Compiling strum v0.20.0
[INFO] [stderr]    Compiling futures-executor v0.3.22
[INFO] [stderr]    Compiling futures v0.3.22
[INFO] [stderr]    Compiling clap v3.2.23
[INFO] [stderr]    Compiling netlink-sys v0.8.6
[INFO] [stderr]    Compiling netlink-proto v0.11.3
[INFO] [stderr]    Compiling netlink-proto v0.10.0
[INFO] [stderr]    Compiling genetlink v0.2.5
[INFO] [stderr]    Compiling rtnetlink v0.11.0
[INFO] [stderr]    Compiling ethtool v0.2.5
[INFO] [stderr]    Compiling mptcp-pm v0.1.3
[INFO] [stderr]    Compiling nispor v1.2.8
[INFO] [stderr]    Compiling firewall v0.1.0 (/opt/rustwide/workdir)
[INFO] [stdout] warning: struct `MockExecutor` is never constructed
[INFO] [stdout]    --> src/bin/main.rs:115:8
[INFO] [stdout]     |
[INFO] [stdout] 115 | struct MockExecutor(Vec<(&'static str, ExecutorStatus, String)>);
[INFO] [stdout]     |        ^^^^^^^^^^^^
[INFO] [stdout]     |
[INFO] [stdout]     = note: `#[warn(dead_code)]` on by default
[INFO] [stdout] 
[INFO] [stdout] 
[INFO] [stderr]     Finished `dev` profile [unoptimized + debuginfo] target(s) in 1m 54s
[INFO] running `Command { std: "docker" "inspect" "879c681250139400ba5f8f20ac6fb991333ad4c16f34e90d751d4c6142b4f09b", kill_on_drop: false }`
[INFO] running `Command { std: "docker" "rm" "-f" "879c681250139400ba5f8f20ac6fb991333ad4c16f34e90d751d4c6142b4f09b", kill_on_drop: false }`
[INFO] [stdout] 879c681250139400ba5f8f20ac6fb991333ad4c16f34e90d751d4c6142b4f09b
[INFO] running `Command { std: "docker" "create" "-v" "/var/lib/crater-agent-workspace/builds/worker-4-tc2/target:/opt/rustwide/target:rw,Z" "-v" "/var/lib/crater-agent-workspace/builds/worker-4-tc2/source:/opt/rustwide/workdir:ro,Z" "-v" "/var/lib/crater-agent-workspace/cargo-home:/opt/rustwide/cargo-home:ro,Z" "-v" "/var/lib/crater-agent-workspace/rustup-home:/opt/rustwide/rustup-home:ro,Z" "-e" "SOURCE_DIR=/opt/rustwide/workdir" "-e" "CARGO_TARGET_DIR=/opt/rustwide/target" "-e" "CARGO_INCREMENTAL=0" "-e" "RUST_BACKTRACE=full" "-e" "RUSTFLAGS=--cap-lints=forbid -Zrandomize-layout" "-e" "RUSTDOCFLAGS=--cap-lints=forbid" "-e" "CARGO_HOME=/opt/rustwide/cargo-home" "-e" "RUSTUP_HOME=/opt/rustwide/rustup-home" "-w" "/opt/rustwide/workdir" "-m" "1610612736" "--user" "0:0" "--network" "none" "ghcr.io/rust-lang/crates-build-env/linux@sha256:819108c5571ea2e421544af4d832f968d213c87fbe3707a016657f43d2f853bc" "/opt/rustwide/cargo-home/bin/cargo" "+nightly-2025-01-18" "test" "--frozen" "--no-run" "--message-format=json", kill_on_drop: false }`
[INFO] [stdout] f7536c04bc7e9664937271fbc4120c3a67c09156bc89c77aa63de266fdd1f2a5
[INFO] running `Command { std: "docker" "start" "-a" "f7536c04bc7e9664937271fbc4120c3a67c09156bc89c77aa63de266fdd1f2a5", kill_on_drop: false }`
[INFO] [stderr]    Compiling byteorder v1.4.3
[INFO] [stderr]    Compiling libc v0.2.153
[INFO] [stderr]    Compiling futures-core v0.3.28
[INFO] [stderr]    Compiling anyhow v1.0.65
[INFO] [stderr]    Compiling cfg-if v1.0.0
[INFO] [stderr]    Compiling futures-sink v0.3.30
[INFO] [stderr]    Compiling pin-project-lite v0.2.9
[INFO] [stderr]    Compiling futures-task v0.3.28
[INFO] [stderr]    Compiling memchr v2.5.0
[INFO] [stderr]    Compiling pin-utils v0.1.0
[INFO] [stderr]    Compiling slab v0.4.9
[INFO] [stderr]    Compiling futures-io v0.3.30
[INFO] [stderr]    Compiling thiserror v1.0.40
[INFO] [stderr]    Compiling bytes v1.4.0
[INFO] [stderr]    Compiling bitflags v1.3.2
[INFO] [stderr]    Compiling serde v1.0.154
[INFO] [stderr]    Compiling log v0.4.17
[INFO] [stderr]    Compiling itoa v1.0.6
[INFO] [stderr]    Compiling hashbrown v0.12.3
[INFO] [stderr]    Compiling ryu v1.0.13
[INFO] [stderr]    Compiling os_str_bytes v6.4.1
[INFO] [stderr]    Compiling strsim v0.10.0
[INFO] [stderr]    Compiling futures-channel v0.3.28
[INFO] [stderr]    Compiling textwrap v0.16.0
[INFO] [stderr]    Compiling termcolor v1.1.3
[INFO] [stderr]    Compiling once_cell v1.17.1
[INFO] [stderr]    Compiling strum v0.20.0
[INFO] [stderr]    Compiling string_enum v0.1.0 (/opt/rustwide/workdir/string_enum)
[INFO] [stderr]    Compiling ipnet v2.9.0
[INFO] [stdout] warning: struct `MockExecutor` is never constructed
[INFO] [stdout]    --> src/bin/main.rs:115:8
[INFO] [stdout]     |
[INFO] [stdout] 115 | struct MockExecutor(Vec<(&'static str, ExecutorStatus, String)>);
[INFO] [stdout]     |        ^^^^^^^^^^^^
[INFO] [stdout]     |
[INFO] [stdout]     = note: `#[warn(dead_code)]` on by default
[INFO] [stdout] 
[INFO] [stdout] 
[INFO] [stderr]    Compiling clap_lex v0.2.4
[INFO] [stderr]    Compiling netlink-packet-utils v0.5.2
[INFO] [stderr]    Compiling netlink-packet-core v0.7.0
[INFO] [stderr]    Compiling futures-util v0.3.28
[INFO] [stderr]    Compiling netlink-packet-generic v0.3.3
[INFO] [stderr]    Compiling indexmap v1.9.2
[INFO] [stderr]    Compiling socket2 v0.4.9
[INFO] [stderr]    Compiling mio v0.8.4
[INFO] [stderr]    Compiling netlink-packet-core v0.4.2
[INFO] [stderr]    Compiling nix v0.24.3
[INFO] [stderr]    Compiling atty v0.2.14
[INFO] [stderr]    Compiling clap v3.2.23
[INFO] [stderr]    Compiling netlink-packet-route v0.13.0
[INFO] [stderr]    Compiling tokio v1.28.2
[INFO] [stderr]    Compiling serde_json v1.0.96
[INFO] [stderr]    Compiling futures-executor v0.3.22
[INFO] [stderr]    Compiling futures v0.3.22
[INFO] [stderr]    Compiling netlink-sys v0.8.6
[INFO] [stderr]    Compiling netlink-proto v0.11.3
[INFO] [stderr]    Compiling netlink-proto v0.10.0
[INFO] [stderr]    Compiling rtnetlink v0.11.0
[INFO] [stderr]    Compiling genetlink v0.2.5
[INFO] [stderr]    Compiling mptcp-pm v0.1.3
[INFO] [stderr]    Compiling ethtool v0.2.5
[INFO] [stderr]    Compiling nispor v1.2.8
[INFO] [stderr]    Compiling firewall v0.1.0 (/opt/rustwide/workdir)
[INFO] [stderr]     Finished `test` profile [unoptimized + debuginfo] target(s) in 53.44s
[INFO] running `Command { std: "docker" "inspect" "f7536c04bc7e9664937271fbc4120c3a67c09156bc89c77aa63de266fdd1f2a5", kill_on_drop: false }`
[INFO] running `Command { std: "docker" "rm" "-f" "f7536c04bc7e9664937271fbc4120c3a67c09156bc89c77aa63de266fdd1f2a5", kill_on_drop: false }`
[INFO] [stdout] f7536c04bc7e9664937271fbc4120c3a67c09156bc89c77aa63de266fdd1f2a5
[INFO] running `Command { std: "docker" "create" "-v" "/var/lib/crater-agent-workspace/builds/worker-4-tc2/target:/opt/rustwide/target:rw,Z" "-v" "/var/lib/crater-agent-workspace/builds/worker-4-tc2/source:/opt/rustwide/workdir:ro,Z" "-v" "/var/lib/crater-agent-workspace/cargo-home:/opt/rustwide/cargo-home:ro,Z" "-v" "/var/lib/crater-agent-workspace/rustup-home:/opt/rustwide/rustup-home:ro,Z" "-e" "SOURCE_DIR=/opt/rustwide/workdir" "-e" "CARGO_TARGET_DIR=/opt/rustwide/target" "-e" "CARGO_INCREMENTAL=0" "-e" "RUST_BACKTRACE=full" "-e" "RUSTFLAGS=--cap-lints=forbid -Zrandomize-layout" "-e" "RUSTDOCFLAGS=--cap-lints=forbid" "-e" "CARGO_HOME=/opt/rustwide/cargo-home" "-e" "RUSTUP_HOME=/opt/rustwide/rustup-home" "-w" "/opt/rustwide/workdir" "-m" "1610612736" "--user" "0:0" "--network" "none" "ghcr.io/rust-lang/crates-build-env/linux@sha256:819108c5571ea2e421544af4d832f968d213c87fbe3707a016657f43d2f853bc" "/opt/rustwide/cargo-home/bin/cargo" "+nightly-2025-01-18" "test" "--frozen", kill_on_drop: false }`
[INFO] [stdout] 0c92c09076ccd396fab401de772f60df0e8b81dab6ba34881b6b1b0d82837ee3
[INFO] running `Command { std: "docker" "start" "-a" "0c92c09076ccd396fab401de772f60df0e8b81dab6ba34881b6b1b0d82837ee3", kill_on_drop: false }`
[INFO] [stderr] warning: struct `MockExecutor` is never constructed
[INFO] [stderr]    --> src/bin/main.rs:115:8
[INFO] [stderr]     |
[INFO] [stderr] 115 | struct MockExecutor(Vec<(&'static str, ExecutorStatus, String)>);
[INFO] [stderr]     |        ^^^^^^^^^^^^
[INFO] [stderr]     |
[INFO] [stderr]     = note: `#[warn(dead_code)]` on by default
[INFO] [stderr] 
[INFO] [stderr] warning: `firewall` (bin "main") generated 1 warning
[INFO] [stderr]     Finished `test` profile [unoptimized + debuginfo] target(s) in 0.13s
[INFO] [stderr]      Running unittests src/lib.rs (/opt/rustwide/target/debug/deps/firewall-8d21da77d3e11edd)
[INFO] [stdout] 
[INFO] [stdout] running 2 tests
[INFO] [stdout] test shell_quote::tests::t_shell_quote ... ok
[INFO] [stderr]      Running unittests src/bin/main.rs (/opt/rustwide/target/debug/deps/main-70944b3687199519)
[INFO] [stdout] test shell_quote::tests::t_shell_quote_many ... ok
[INFO] [stdout] 
[INFO] [stdout] test result: ok. 2 passed; 0 failed; 0 ignored; 0 measured; 0 filtered out; finished in 0.00s
[INFO] [stdout] 
[INFO] [stdout] 
[INFO] [stdout] running 4 tests
[INFO] [stdout] test verify_error_mode ... ok
[INFO] [stdout] test test_restriction_custom ... ok
[INFO] [stdout] test verify_try_creation_mode_with_rules ... ok
[INFO] [stdout] test verify_try_creation_mode_with_chains ... ok
[INFO] [stdout] 
[INFO] [stdout] test result: ok. 4 passed; 0 failed; 0 ignored; 0 measured; 0 filtered out; finished in 0.01s
[INFO] [stdout] 
[INFO] [stderr]      Running tests/all.rs (/opt/rustwide/target/debug/deps/all-64901147f639f6c4)
[INFO] [stdout] 
[INFO] [stdout] running 1 test
[INFO] [stdout] test verify_verbose_output ... FAILED
[INFO] [stdout] 
[INFO] [stdout] failures:
[INFO] [stdout] 
[INFO] [stdout] ---- verify_verbose_output stdout ----
[INFO] [stdout] 
[INFO] [stdout] thread 'verify_verbose_output' panicked at tests/all.rs:45:5:
[INFO] [stdout] assertion `left == right` failed
[INFO] [stdout]   left: "warning: struct `MockExecutor` is never constructed\n   --> src/bin/main.rs:115:8\n    |\n115 | struct MockExecutor(Vec<(&'static str, ExecutorStatus, String)>);\n    |        ^^^^^^^^^^^^\n    |\n    = note: `#[warn(dead_code)]` on by default\n\n+ ip6tables -t filter -D FORWARD -j our-chain\n+ ip6tables -t filter -D INPUT -j our-chain\n+ ip6tables -t filter -F our-chain\n+ ip6tables -t filter -X our-chain\n+ ip6tables -t filter -N our-chain\n+ ip6tables -t filter -I INPUT 1 -j our-chain\n+ ip6tables -t filter -I FORWARD 1 -j our-chain\n"
[INFO] [stdout]  right: "+ ip6tables -t filter -D our-chain -i eth0 -j REJECT\n+ ip6tables -t filter -D our-chain -i eth0 -p tcp --dport 9080 -j RETURN\n+ ip6tables -t filter -D our-chain -i eth0 -p tcp --dport 80 -j RETURN\n+ ip6tables -t filter -D our-chain -i eth0 -p tcp --dport 22 -j RETURN\n+ ip6tables -t filter -D FORWARD -j our-chain\n+ ip6tables -t filter -D INPUT -j our-chain\n+ ip6tables -t filter -F our-chain\n+ ip6tables -t filter -X our-chain\n+ ip6tables -t filter -N our-chain\n+ ip6tables -t filter -I INPUT 1 -j our-chain\n+ ip6tables -t filter -I FORWARD 1 -j our-chain\n+ ip6tables -t filter -A our-chain -i eth0 -p tcp --dport 22 -j RETURN\n+ ip6tables -t filter -A our-chain -i eth0 -p tcp --dport 80 -j RETURN\n+ ip6tables -t filter -A our-chain -i eth0 -p tcp --dport 9080 -j RETURN\n+ ip6tables -t filter -A our-chain -i eth0 -j REJECT\n"
[INFO] [stdout] stack backtrace:
[INFO] [stdout]    0:     0x61c27cb2d2ba - std::backtrace_rs::backtrace::libunwind::trace::hb059275cfc8d6126
[INFO] [stdout]                                at /rustc/6067b36314ab5eb2eb47cecc464545ba58e1ad24/library/std/src/../../backtrace/src/backtrace/libunwind.rs:116:5
[INFO] [stdout]    1:     0x61c27cb2d2ba - std::backtrace_rs::backtrace::trace_unsynchronized::h2da071e4327ce3ee
[INFO] [stdout]                                at /rustc/6067b36314ab5eb2eb47cecc464545ba58e1ad24/library/std/src/../../backtrace/src/backtrace/mod.rs:66:5
[INFO] [stdout]    2:     0x61c27cb2d2ba - std::sys::backtrace::_print_fmt::h842a1474e6f8d23f
[INFO] [stdout]                                at /rustc/6067b36314ab5eb2eb47cecc464545ba58e1ad24/library/std/src/sys/backtrace.rs:66:9
[INFO] [stdout]    3:     0x61c27cb2d2ba - <std::sys::backtrace::BacktraceLock::print::DisplayBacktrace as core::fmt::Display>::fmt::h71a62eb3b9696b12
[INFO] [stdout]                                at /rustc/6067b36314ab5eb2eb47cecc464545ba58e1ad24/library/std/src/sys/backtrace.rs:39:26
[INFO] [stdout]    4:     0x61c27cb54a13 - core::fmt::rt::Argument::fmt::hdb6b616786b41dc1
[INFO] [stdout]                                at /rustc/6067b36314ab5eb2eb47cecc464545ba58e1ad24/library/core/src/fmt/rt.rs:177:76
[INFO] [stdout]    5:     0x61c27cb54a13 - core::fmt::write::h2cc1698af7e2d686
[INFO] [stdout]                                at /rustc/6067b36314ab5eb2eb47cecc464545ba58e1ad24/library/core/src/fmt/mod.rs:1440:21
[INFO] [stdout]    6:     0x61c27cb29e13 - std::io::Write::write_fmt::hab1b4cd059a79022
[INFO] [stdout]                                at /rustc/6067b36314ab5eb2eb47cecc464545ba58e1ad24/library/std/src/io/mod.rs:1887:15
[INFO] [stdout]    7:     0x61c27cb2d102 - std::sys::backtrace::BacktraceLock::print::h147fe35b4ea13b08
[INFO] [stdout]                                at /rustc/6067b36314ab5eb2eb47cecc464545ba58e1ad24/library/std/src/sys/backtrace.rs:42:9
[INFO] [stdout]    8:     0x61c27cb2e6df - std::panicking::default_hook::{{closure}}::hbd44223dbdc0d208
[INFO] [stdout]                                at /rustc/6067b36314ab5eb2eb47cecc464545ba58e1ad24/library/std/src/panicking.rs:298:22
[INFO] [stdout]    9:     0x61c27cb2e4f8 - std::panicking::default_hook::h20f81eb0576efcec
[INFO] [stdout]                                at /rustc/6067b36314ab5eb2eb47cecc464545ba58e1ad24/library/std/src/panicking.rs:322:9
[INFO] [stdout]   10:     0x61c27caf6643 - <alloc::boxed::Box<F,A> as core::ops::function::Fn<Args>>::call::hdb53814c496a4d34
[INFO] [stdout]                                at /rustc/6067b36314ab5eb2eb47cecc464545ba58e1ad24/library/alloc/src/boxed.rs:2027:9
[INFO] [stdout]   11:     0x61c27caf6643 - test::test_main::{{closure}}::hc0a4963c59427c24
[INFO] [stdout]                                at /rustc/6067b36314ab5eb2eb47cecc464545ba58e1ad24/library/test/src/lib.rs:134:21
[INFO] [stdout]   12:     0x61c27cb2f1d3 - <alloc::boxed::Box<F,A> as core::ops::function::Fn<Args>>::call::h591b2225413a77e9
[INFO] [stdout]                                at /rustc/6067b36314ab5eb2eb47cecc464545ba58e1ad24/library/alloc/src/boxed.rs:2027:9
[INFO] [stdout]   13:     0x61c27cb2f1d3 - std::panicking::rust_panic_with_hook::h625eea43051b2edc
[INFO] [stdout]                                at /rustc/6067b36314ab5eb2eb47cecc464545ba58e1ad24/library/std/src/panicking.rs:839:13
[INFO] [stdout]   14:     0x61c27cb2ee8a - std::panicking::begin_panic_handler::{{closure}}::h4f9159cfbc3f6bd3
[INFO] [stdout]                                at /rustc/6067b36314ab5eb2eb47cecc464545ba58e1ad24/library/std/src/panicking.rs:704:13
[INFO] [stdout]   15:     0x61c27cb2d7b9 - std::sys::backtrace::__rust_end_short_backtrace::h0390abce48353151
[INFO] [stdout]                                at /rustc/6067b36314ab5eb2eb47cecc464545ba58e1ad24/library/std/src/sys/backtrace.rs:168:18
[INFO] [stdout]   16:     0x61c27cb2eb1d - rust_begin_unwind
[INFO] [stdout]                                at /rustc/6067b36314ab5eb2eb47cecc464545ba58e1ad24/library/std/src/panicking.rs:695:5
[INFO] [stdout]   17:     0x61c27cb53420 - core::panicking::panic_fmt::h9e7c637e9e5f29c9
[INFO] [stdout]                                at /rustc/6067b36314ab5eb2eb47cecc464545ba58e1ad24/library/core/src/panicking.rs:75:14
[INFO] [stdout]   18:     0x61c27cb537e2 - core::panicking::assert_failed_inner::h538bec7c1374cd9c
[INFO] [stdout]   19:     0x61c27cab9aa8 - core::panicking::assert_failed::h29b93ac2e1f04503
[INFO] [stdout]                                at /rustc/6067b36314ab5eb2eb47cecc464545ba58e1ad24/library/core/src/panicking.rs:364:5
[INFO] [stdout]   20:     0x61c27cabc46f - all::verify_verbose_output::hb87172d22ed46289
[INFO] [stdout]                                at /opt/rustwide/workdir/tests/all.rs:45:5
[INFO] [stdout]   21:     0x61c27cabc077 - all::verify_verbose_output::{{closure}}::h154a5dc1fb0bdd4e
[INFO] [stdout]                                at /opt/rustwide/workdir/tests/all.rs:7:31
[INFO] [stdout]   22:     0x61c27cab5306 - core::ops::function::FnOnce::call_once::h8275a5fabbb043e6
[INFO] [stdout]                                at /rustc/6067b36314ab5eb2eb47cecc464545ba58e1ad24/library/core/src/ops/function.rs:250:5
[INFO] [stdout]   23:     0x61c27cafbd9b - core::ops::function::FnOnce::call_once::he27718dfdd183f43
[INFO] [stdout]                                at /rustc/6067b36314ab5eb2eb47cecc464545ba58e1ad24/library/core/src/ops/function.rs:250:5
[INFO] [stdout]   24:     0x61c27cafbd9b - test::__rust_begin_short_backtrace::h4e84902998457a5d
[INFO] [stdout]                                at /rustc/6067b36314ab5eb2eb47cecc464545ba58e1ad24/library/test/src/lib.rs:632:18
[INFO] [stdout]   25:     0x61c27cafacd3 - test::run_test_in_process::{{closure}}::h7176fd18fc1feca0
[INFO] [stdout]                                at /rustc/6067b36314ab5eb2eb47cecc464545ba58e1ad24/library/test/src/lib.rs:655:60
[INFO] [stdout]   26:     0x61c27cafacd3 - <core::panic::unwind_safe::AssertUnwindSafe<F> as core::ops::function::FnOnce<()>>::call_once::hf79cff2a624d8cf7
[INFO] [stdout]                                at /rustc/6067b36314ab5eb2eb47cecc464545ba58e1ad24/library/core/src/panic/unwind_safe.rs:272:9
[INFO] [stdout]   27:     0x61c27cafacd3 - std::panicking::try::do_call::h3da0561d9ab99c25
[INFO] [stdout]                                at /rustc/6067b36314ab5eb2eb47cecc464545ba58e1ad24/library/std/src/panicking.rs:587:40
[INFO] [stdout]   28:     0x61c27cafacd3 - std::panicking::try::h41c9fa508bc61df6
[INFO] [stdout]                                at /rustc/6067b36314ab5eb2eb47cecc464545ba58e1ad24/library/std/src/panicking.rs:550:19
[INFO] [stdout]   29:     0x61c27cafacd3 - std::panic::catch_unwind::h6b3ff07bb5afad93
[INFO] [stdout]                                at /rustc/6067b36314ab5eb2eb47cecc464545ba58e1ad24/library/std/src/panic.rs:358:14
[INFO] [stdout]   30:     0x61c27cafacd3 - test::run_test_in_process::hc7253dd11b39b9f4
[INFO] [stdout]                                at /rustc/6067b36314ab5eb2eb47cecc464545ba58e1ad24/library/test/src/lib.rs:655:27
[INFO] [stdout]   31:     0x61c27cafacd3 - test::run_test::{{closure}}::hfb2007f8649c30bb
[INFO] [stdout]                                at /rustc/6067b36314ab5eb2eb47cecc464545ba58e1ad24/library/test/src/lib.rs:576:43
[INFO] [stdout]   32:     0x61c27cabddb5 - test::run_test::{{closure}}::h56a17aa7a282a9f4
[INFO] [stdout]                                at /rustc/6067b36314ab5eb2eb47cecc464545ba58e1ad24/library/test/src/lib.rs:606:41
[INFO] [stdout]   33:     0x61c27cabddb5 - std::sys::backtrace::__rust_begin_short_backtrace::hd2d2d2fb8e8c6aac
[INFO] [stdout]                                at /rustc/6067b36314ab5eb2eb47cecc464545ba58e1ad24/library/std/src/sys/backtrace.rs:152:18
[INFO] [stdout]   34:     0x61c27cac169a - std::thread::Builder::spawn_unchecked_::{{closure}}::{{closure}}::h4faa3f9db6133423
[INFO] [stdout]                                at /rustc/6067b36314ab5eb2eb47cecc464545ba58e1ad24/library/std/src/thread/mod.rs:559:17
[INFO] [stdout]   35:     0x61c27cac169a - <core::panic::unwind_safe::AssertUnwindSafe<F> as core::ops::function::FnOnce<()>>::call_once::hf2e855a36a4ea846
[INFO] [stdout]                                at /rustc/6067b36314ab5eb2eb47cecc464545ba58e1ad24/library/core/src/panic/unwind_safe.rs:272:9
[INFO] [stdout]   36:     0x61c27cac169a - std::panicking::try::do_call::h2f73af3616c35465
[INFO] [stdout]                                at /rustc/6067b36314ab5eb2eb47cecc464545ba58e1ad24/library/std/src/panicking.rs:587:40
[INFO] [stdout]   37:     0x61c27cac169a - std::panicking::try::hd1660ce9efadef5a
[INFO] [stdout]                                at /rustc/6067b36314ab5eb2eb47cecc464545ba58e1ad24/library/std/src/panicking.rs:550:19
[INFO] [stdout]   38:     0x61c27cac169a - std::panic::catch_unwind::h5ee8d7823b8ca744
[INFO] [stdout]                                at /rustc/6067b36314ab5eb2eb47cecc464545ba58e1ad24/library/std/src/panic.rs:358:14
[INFO] [stdout]   39:     0x61c27cac169a - std::thread::Builder::spawn_unchecked_::{{closure}}::h53c3a1894dce8407
[INFO] [stdout]                                at /rustc/6067b36314ab5eb2eb47cecc464545ba58e1ad24/library/std/src/thread/mod.rs:557:30
[INFO] [stdout]   40:     0x61c27cac169a - core::ops::function::FnOnce::call_once{{vtable.shim}}::h048ce291ad4f62bf
[INFO] [stdout]                                at /rustc/6067b36314ab5eb2eb47cecc464545ba58e1ad24/library/core/src/ops/function.rs:250:5
[INFO] [stdout]   41:     0x61c27cb3325b - <alloc::boxed::Box<F,A> as core::ops::function::FnOnce<Args>>::call_once::ha52bedf99a3b4981
[INFO] [stdout]                                at /rustc/6067b36314ab5eb2eb47cecc464545ba58e1ad24/library/alloc/src/boxed.rs:2013:9
[INFO] [stdout]   42:     0x61c27cb3325b - <alloc::boxed::Box<F,A> as core::ops::function::FnOnce<Args>>::call_once::h567748934d80ccf8
[INFO] [stdout]                                at /rustc/6067b36314ab5eb2eb47cecc464545ba58e1ad24/library/alloc/src/boxed.rs:2013:9
[INFO] [stdout]   43:     0x61c27cb3325b - std::sys::pal::unix::thread::Thread::new::thread_start::h2d970728ae887adc
[INFO] [stdout]                                at /rustc/6067b36314ab5eb2eb47cecc464545ba58e1ad24/library/std/src/sys/pal/unix/thread.rs:106:17
[INFO] [stdout]   44:     0x742ad5a36ac3 - <unknown>
[INFO] [stdout]   45:     0x742ad5ac7a04 - clone
[INFO] [stdout]   46:                0x0 - <unknown>
[INFO] [stdout] 
[INFO] [stdout] 
[INFO] [stdout] failures:
[INFO] [stdout]     verify_verbose_output
[INFO] [stdout] 
[INFO] [stdout] test result: FAILED. 0 passed; 1 failed; 0 ignored; 0 measured; 0 filtered out; finished in 0.28s
[INFO] [stdout] 
[INFO] [stderr] error: test failed, to rerun pass `--test all`
[INFO] running `Command { std: "docker" "inspect" "0c92c09076ccd396fab401de772f60df0e8b81dab6ba34881b6b1b0d82837ee3", kill_on_drop: false }`
[INFO] running `Command { std: "docker" "rm" "-f" "0c92c09076ccd396fab401de772f60df0e8b81dab6ba34881b6b1b0d82837ee3", kill_on_drop: false }`
[INFO] [stdout] 0c92c09076ccd396fab401de772f60df0e8b81dab6ba34881b6b1b0d82837ee3
