[INFO] cloning repository https://github.com/pfernandom/java-ast-builder
[INFO] running `Command { std: "git" "-c" "credential.helper=" "-c" "credential.helper=/workspace/cargo-home/bin/git-credential-null" "clone" "--bare" "https://github.com/pfernandom/java-ast-builder" "/workspace/cache/git-repos/https%3A%2F%2Fgithub.com%2Fpfernandom%2Fjava-ast-builder", kill_on_drop: false }`
[INFO] [stderr] Cloning into bare repository '/workspace/cache/git-repos/https%3A%2F%2Fgithub.com%2Fpfernandom%2Fjava-ast-builder'...
[INFO] running `Command { std: "git" "rev-parse" "HEAD", kill_on_drop: false }`
[INFO] [stdout] f12aeae53c67b9dd0b93d468cf2587567b82bf03
[INFO] testing pfernandom/java-ast-builder against nightly-2025-01-18 for randomize-layout-2
[INFO] running `Command { std: "git" "clone" "/workspace/cache/git-repos/https%3A%2F%2Fgithub.com%2Fpfernandom%2Fjava-ast-builder" "/workspace/builds/worker-3-tc1/source", kill_on_drop: false }`
[INFO] [stderr] Cloning into '/workspace/builds/worker-3-tc1/source'...
[INFO] [stderr] done.
[INFO] validating manifest of git repo https://github.com/pfernandom/java-ast-builder on toolchain nightly-2025-01-18
[INFO] running `Command { std: CARGO_HOME="/workspace/cargo-home" RUSTUP_HOME="/workspace/rustup-home" "/workspace/cargo-home/bin/cargo" "+nightly-2025-01-18" "metadata" "--manifest-path" "Cargo.toml" "--no-deps", kill_on_drop: false }`
[INFO] started tweaking git repo https://github.com/pfernandom/java-ast-builder
[INFO] finished tweaking git repo https://github.com/pfernandom/java-ast-builder
[INFO] tweaked toml for git repo https://github.com/pfernandom/java-ast-builder written to /workspace/builds/worker-3-tc1/source/Cargo.toml
[INFO] crate git repo https://github.com/pfernandom/java-ast-builder already has a lockfile, it will not be regenerated
[INFO] running `Command { std: CARGO_HOME="/workspace/cargo-home" RUSTUP_HOME="/workspace/rustup-home" "/workspace/cargo-home/bin/cargo" "+nightly-2025-01-18" "fetch" "--manifest-path" "Cargo.toml", kill_on_drop: false }`
[INFO] running `Command { std: "docker" "create" "-v" "/var/lib/crater-agent-workspace/builds/worker-3-tc1/target:/opt/rustwide/target:rw,Z" "-v" "/var/lib/crater-agent-workspace/builds/worker-3-tc1/source:/opt/rustwide/workdir:ro,Z" "-v" "/var/lib/crater-agent-workspace/cargo-home:/opt/rustwide/cargo-home:ro,Z" "-v" "/var/lib/crater-agent-workspace/rustup-home:/opt/rustwide/rustup-home:ro,Z" "-e" "SOURCE_DIR=/opt/rustwide/workdir" "-e" "CARGO_TARGET_DIR=/opt/rustwide/target" "-e" "CARGO_HOME=/opt/rustwide/cargo-home" "-e" "RUSTUP_HOME=/opt/rustwide/rustup-home" "-w" "/opt/rustwide/workdir" "-m" "1610612736" "--user" "0:0" "--network" "none" "ghcr.io/rust-lang/crates-build-env/linux@sha256:819108c5571ea2e421544af4d832f968d213c87fbe3707a016657f43d2f853bc" "/opt/rustwide/cargo-home/bin/cargo" "+nightly-2025-01-18" "metadata" "--no-deps" "--format-version=1", kill_on_drop: false }`
[INFO] [stdout] 0daade31a702d3cd674e3d81469ab6ef284b3fa131ea93e1eb6776c39555b5a2
[INFO] running `Command { std: "docker" "start" "-a" "0daade31a702d3cd674e3d81469ab6ef284b3fa131ea93e1eb6776c39555b5a2", kill_on_drop: false }`
[INFO] running `Command { std: "docker" "inspect" "0daade31a702d3cd674e3d81469ab6ef284b3fa131ea93e1eb6776c39555b5a2", kill_on_drop: false }`
[INFO] running `Command { std: "docker" "rm" "-f" "0daade31a702d3cd674e3d81469ab6ef284b3fa131ea93e1eb6776c39555b5a2", kill_on_drop: false }`
[INFO] [stdout] 0daade31a702d3cd674e3d81469ab6ef284b3fa131ea93e1eb6776c39555b5a2
[INFO] running `Command { std: "docker" "create" "-v" "/var/lib/crater-agent-workspace/builds/worker-3-tc1/target:/opt/rustwide/target:rw,Z" "-v" "/var/lib/crater-agent-workspace/builds/worker-3-tc1/source:/opt/rustwide/workdir:ro,Z" "-v" "/var/lib/crater-agent-workspace/cargo-home:/opt/rustwide/cargo-home:ro,Z" "-v" "/var/lib/crater-agent-workspace/rustup-home:/opt/rustwide/rustup-home:ro,Z" "-e" "SOURCE_DIR=/opt/rustwide/workdir" "-e" "CARGO_TARGET_DIR=/opt/rustwide/target" "-e" "CARGO_INCREMENTAL=0" "-e" "RUST_BACKTRACE=full" "-e" "RUSTFLAGS=--cap-lints=forbid" "-e" "RUSTDOCFLAGS=--cap-lints=forbid" "-e" "CARGO_HOME=/opt/rustwide/cargo-home" "-e" "RUSTUP_HOME=/opt/rustwide/rustup-home" "-w" "/opt/rustwide/workdir" "-m" "1610612736" "--user" "0:0" "--network" "none" "ghcr.io/rust-lang/crates-build-env/linux@sha256:819108c5571ea2e421544af4d832f968d213c87fbe3707a016657f43d2f853bc" "/opt/rustwide/cargo-home/bin/cargo" "+nightly-2025-01-18" "build" "--frozen" "--message-format=json", kill_on_drop: false }`
[INFO] [stdout] 3b105201fba1d44a2d0f1c95cf985ba11122e9fb96907812cde9abbc8a0dbbc5
[INFO] running `Command { std: "docker" "start" "-a" "3b105201fba1d44a2d0f1c95cf985ba11122e9fb96907812cde9abbc8a0dbbc5", kill_on_drop: false }`
[INFO] [stderr]    Compiling proc-macro2 v1.0.70
[INFO] [stderr]    Compiling unicode-ident v1.0.12
[INFO] [stderr]    Compiling thiserror v1.0.51
[INFO] [stderr]    Compiling memchr v2.6.4
[INFO] [stderr]    Compiling ucd-trie v0.1.6
[INFO] [stderr]    Compiling once_cell v1.19.0
[INFO] [stderr]    Compiling glob v0.3.1
[INFO] [stderr]    Compiling quote v1.0.33
[INFO] [stderr]    Compiling syn v2.0.41
[INFO] [stderr]    Compiling thiserror-impl v1.0.51
[INFO] [stderr]    Compiling pest v2.7.5
[INFO] [stderr]    Compiling pest_meta v2.7.5
[INFO] [stderr]    Compiling pest_generator v2.7.5
[INFO] [stderr]    Compiling pest_derive v2.7.5
[INFO] [stderr]    Compiling pest-example v0.1.0 (/opt/rustwide/workdir)
[INFO] [stdout] warning: unused import: `crate::import::Import`
[INFO] [stdout]  --> src/main.rs:3:5
[INFO] [stdout]   |
[INFO] [stdout] 3 | use crate::import::Import;
[INFO] [stdout]   |     ^^^^^^^^^^^^^^^^^^^^^
[INFO] [stdout]   |
[INFO] [stdout]   = note: `#[warn(unused_imports)]` on by default
[INFO] [stdout] 
[INFO] [stdout] 
[INFO] [stdout] warning: unused import: `class::ClassDef`
[INFO] [stdout]  --> src/main.rs:4:5
[INFO] [stdout]   |
[INFO] [stdout] 4 | use class::ClassDef;
[INFO] [stdout]   |     ^^^^^^^^^^^^^^^
[INFO] [stdout] 
[INFO] [stdout] 
[INFO] [stdout] warning: field `array` is never read
[INFO] [stdout]   --> src/type_def.rs:11:5
[INFO] [stdout]    |
[INFO] [stdout] 8  | pub struct TypeDef {
[INFO] [stdout]    |            ------- field in this struct
[INFO] [stdout] ...
[INFO] [stdout] 11 |     array: bool,
[INFO] [stdout]    |     ^^^^^
[INFO] [stdout]    |
[INFO] [stdout]    = note: `TypeDef` has a derived impl for the trait `Clone`, but this is intentionally ignored during dead code analysis
[INFO] [stdout]    = note: `#[warn(dead_code)]` on by default
[INFO] [stdout] 
[INFO] [stdout] 
[INFO] [stderr]     Finished `dev` profile [unoptimized + debuginfo] target(s) in 9.57s
[INFO] running `Command { std: "docker" "inspect" "3b105201fba1d44a2d0f1c95cf985ba11122e9fb96907812cde9abbc8a0dbbc5", kill_on_drop: false }`
[INFO] running `Command { std: "docker" "rm" "-f" "3b105201fba1d44a2d0f1c95cf985ba11122e9fb96907812cde9abbc8a0dbbc5", kill_on_drop: false }`
[INFO] [stdout] 3b105201fba1d44a2d0f1c95cf985ba11122e9fb96907812cde9abbc8a0dbbc5
[INFO] running `Command { std: "docker" "create" "-v" "/var/lib/crater-agent-workspace/builds/worker-3-tc1/target:/opt/rustwide/target:rw,Z" "-v" "/var/lib/crater-agent-workspace/builds/worker-3-tc1/source:/opt/rustwide/workdir:ro,Z" "-v" "/var/lib/crater-agent-workspace/cargo-home:/opt/rustwide/cargo-home:ro,Z" "-v" "/var/lib/crater-agent-workspace/rustup-home:/opt/rustwide/rustup-home:ro,Z" "-e" "SOURCE_DIR=/opt/rustwide/workdir" "-e" "CARGO_TARGET_DIR=/opt/rustwide/target" "-e" "CARGO_INCREMENTAL=0" "-e" "RUST_BACKTRACE=full" "-e" "RUSTFLAGS=--cap-lints=forbid" "-e" "RUSTDOCFLAGS=--cap-lints=forbid" "-e" "CARGO_HOME=/opt/rustwide/cargo-home" "-e" "RUSTUP_HOME=/opt/rustwide/rustup-home" "-w" "/opt/rustwide/workdir" "-m" "1610612736" "--user" "0:0" "--network" "none" "ghcr.io/rust-lang/crates-build-env/linux@sha256:819108c5571ea2e421544af4d832f968d213c87fbe3707a016657f43d2f853bc" "/opt/rustwide/cargo-home/bin/cargo" "+nightly-2025-01-18" "test" "--frozen" "--no-run" "--message-format=json", kill_on_drop: false }`
[INFO] [stdout] a7dda1e5e46f8a6e2e0aa10ca2d0c76e243f43ec0f8ac69f29cbb5001fb5fe0f
[INFO] running `Command { std: "docker" "start" "-a" "a7dda1e5e46f8a6e2e0aa10ca2d0c76e243f43ec0f8ac69f29cbb5001fb5fe0f", kill_on_drop: false }`
[INFO] [stderr]    Compiling pest-example v0.1.0 (/opt/rustwide/workdir)
[INFO] [stdout] warning: unused import: `crate::import::Import`
[INFO] [stdout]  --> src/main.rs:3:5
[INFO] [stdout]   |
[INFO] [stdout] 3 | use crate::import::Import;
[INFO] [stdout]   |     ^^^^^^^^^^^^^^^^^^^^^
[INFO] [stdout]   |
[INFO] [stdout]   = note: `#[warn(unused_imports)]` on by default
[INFO] [stdout] 
[INFO] [stdout] 
[INFO] [stdout] warning: unused import: `class::ClassDef`
[INFO] [stdout]  --> src/main.rs:4:5
[INFO] [stdout]   |
[INFO] [stdout] 4 | use class::ClassDef;
[INFO] [stdout]   |     ^^^^^^^^^^^^^^^
[INFO] [stdout] 
[INFO] [stdout] 
[INFO] [stdout] warning: field `array` is never read
[INFO] [stdout]   --> src/type_def.rs:11:5
[INFO] [stdout]    |
[INFO] [stdout] 8  | pub struct TypeDef {
[INFO] [stdout]    |            ------- field in this struct
[INFO] [stdout] ...
[INFO] [stdout] 11 |     array: bool,
[INFO] [stdout]    |     ^^^^^
[INFO] [stdout]    |
[INFO] [stdout]    = note: `TypeDef` has a derived impl for the trait `Clone`, but this is intentionally ignored during dead code analysis
[INFO] [stdout]    = note: `#[warn(dead_code)]` on by default
[INFO] [stdout] 
[INFO] [stdout] 
[INFO] [stderr]     Finished `test` profile [unoptimized + debuginfo] target(s) in 2.41s
[INFO] running `Command { std: "docker" "inspect" "a7dda1e5e46f8a6e2e0aa10ca2d0c76e243f43ec0f8ac69f29cbb5001fb5fe0f", kill_on_drop: false }`
[INFO] running `Command { std: "docker" "rm" "-f" "a7dda1e5e46f8a6e2e0aa10ca2d0c76e243f43ec0f8ac69f29cbb5001fb5fe0f", kill_on_drop: false }`
[INFO] [stdout] a7dda1e5e46f8a6e2e0aa10ca2d0c76e243f43ec0f8ac69f29cbb5001fb5fe0f
[INFO] running `Command { std: "docker" "create" "-v" "/var/lib/crater-agent-workspace/builds/worker-3-tc1/target:/opt/rustwide/target:rw,Z" "-v" "/var/lib/crater-agent-workspace/builds/worker-3-tc1/source:/opt/rustwide/workdir:ro,Z" "-v" "/var/lib/crater-agent-workspace/cargo-home:/opt/rustwide/cargo-home:ro,Z" "-v" "/var/lib/crater-agent-workspace/rustup-home:/opt/rustwide/rustup-home:ro,Z" "-e" "SOURCE_DIR=/opt/rustwide/workdir" "-e" "CARGO_TARGET_DIR=/opt/rustwide/target" "-e" "CARGO_INCREMENTAL=0" "-e" "RUST_BACKTRACE=full" "-e" "RUSTFLAGS=--cap-lints=forbid" "-e" "RUSTDOCFLAGS=--cap-lints=forbid" "-e" "CARGO_HOME=/opt/rustwide/cargo-home" "-e" "RUSTUP_HOME=/opt/rustwide/rustup-home" "-w" "/opt/rustwide/workdir" "-m" "1610612736" "--user" "0:0" "--network" "none" "ghcr.io/rust-lang/crates-build-env/linux@sha256:819108c5571ea2e421544af4d832f968d213c87fbe3707a016657f43d2f853bc" "/opt/rustwide/cargo-home/bin/cargo" "+nightly-2025-01-18" "test" "--frozen", kill_on_drop: false }`
[INFO] [stdout] 957636f18147c5a798d37b8631d943e1c4fd8d15801e60518731893aa56d471d
[INFO] running `Command { std: "docker" "start" "-a" "957636f18147c5a798d37b8631d943e1c4fd8d15801e60518731893aa56d471d", kill_on_drop: false }`
[INFO] [stderr] warning: unused import: `crate::import::Import`
[INFO] [stderr]  --> src/main.rs:3:5
[INFO] [stderr]   |
[INFO] [stderr] 3 | use crate::import::Import;
[INFO] [stderr]   |     ^^^^^^^^^^^^^^^^^^^^^
[INFO] [stderr]   |
[INFO] [stderr]   = note: `#[warn(unused_imports)]` on by default
[INFO] [stderr] 
[INFO] [stderr] warning: unused import: `class::ClassDef`
[INFO] [stderr]  --> src/main.rs:4:5
[INFO] [stderr]   |
[INFO] [stderr] 4 | use class::ClassDef;
[INFO] [stderr]   |     ^^^^^^^^^^^^^^^
[INFO] [stderr] 
[INFO] [stderr] warning: field `array` is never read
[INFO] [stderr]   --> src/type_def.rs:11:5
[INFO] [stderr]    |
[INFO] [stderr] 8  | pub struct TypeDef {
[INFO] [stderr]    |            ------- field in this struct
[INFO] [stderr] ...
[INFO] [stderr] 11 |     array: bool,
[INFO] [stderr]    |     ^^^^^
[INFO] [stderr]    |
[INFO] [stderr]    = note: `TypeDef` has a derived impl for the trait `Clone`, but this is intentionally ignored during dead code analysis
[INFO] [stderr]    = note: `#[warn(dead_code)]` on by default
[INFO] [stderr] 
[INFO] [stderr] warning: `pest-example` (bin "pest-example" test) generated 3 warnings (run `cargo fix --bin "pest-example" --tests` to apply 2 suggestions)
[INFO] [stderr]     Finished `test` profile [unoptimized + debuginfo] target(s) in 0.08s
[INFO] [stderr]      Running unittests src/main.rs (/opt/rustwide/target/debug/deps/pest_example-0bd5e9a2feded322)
[INFO] [stdout] 
[INFO] [stdout] running 16 tests
[INFO] [stdout] test attribute::test::test_grammer ... ok
[INFO] [stdout] test attribute::test::test_grammer2 ... ok
[INFO] [stdout] test import::test::test_grammer ... ok
[INFO] [stdout] test class::test::test_grammer ... ok
[INFO] [stdout] test file::test::test_grammer ... ok
[INFO] [stdout] test ident::test::test_grammer ... ok
[INFO] [stdout] test method::test::test_grammer2 ... ok
[INFO] [stdout] test type_def::test::test_generic ... ok
[INFO] [stdout] test type_def::test::test_generic_2 ... ok
[INFO] [stdout] test method::test::test_grammer ... ok
[INFO] [stdout] test tests::test::method_grammar ... ok
[INFO] [stdout] test type_def::test::test_grammer ... ok
[INFO] [stdout] test type_def::test::test_generic_nested ... ok
[INFO] [stdout] test package::test::test_grammer ... ok
[INFO] [stdout] test statement::test::test_grammer ... ok
[INFO] [stderr] error: test failed, to rerun pass `--bin pest-example`
[INFO] [stdout] test tests::test::class_grammar ... FAILED
[INFO] [stdout] 
[INFO] [stdout] failures:
[INFO] [stdout] 
[INFO] [stdout] ---- tests::test::class_grammar stdout ----
[INFO] [stdout] 
[INFO] [stdout] thread 'tests::test::class_grammar' panicked at src/tests.rs:46:45:
[INFO] [stdout] called `Option::unwrap()` on a `None` value
[INFO] [stdout] stack backtrace:
[INFO] [stdout]    0:     0x570e56eab40a - std::backtrace_rs::backtrace::libunwind::trace::hb059275cfc8d6126
[INFO] [stdout]                                at /rustc/6067b36314ab5eb2eb47cecc464545ba58e1ad24/library/std/src/../../backtrace/src/backtrace/libunwind.rs:116:5
[INFO] [stdout]    1:     0x570e56eab40a - std::backtrace_rs::backtrace::trace_unsynchronized::h2da071e4327ce3ee
[INFO] [stdout]                                at /rustc/6067b36314ab5eb2eb47cecc464545ba58e1ad24/library/std/src/../../backtrace/src/backtrace/mod.rs:66:5
[INFO] [stdout]    2:     0x570e56eab40a - std::sys::backtrace::_print_fmt::h842a1474e6f8d23f
[INFO] [stdout]                                at /rustc/6067b36314ab5eb2eb47cecc464545ba58e1ad24/library/std/src/sys/backtrace.rs:66:9
[INFO] [stdout]    3:     0x570e56eab40a - <std::sys::backtrace::BacktraceLock::print::DisplayBacktrace as core::fmt::Display>::fmt::h71a62eb3b9696b12
[INFO] [stdout]                                at /rustc/6067b36314ab5eb2eb47cecc464545ba58e1ad24/library/std/src/sys/backtrace.rs:39:26
[INFO] [stdout]    4:     0x570e56ed2b63 - core::fmt::rt::Argument::fmt::hdb6b616786b41dc1
[INFO] [stdout]                                at /rustc/6067b36314ab5eb2eb47cecc464545ba58e1ad24/library/core/src/fmt/rt.rs:177:76
[INFO] [stdout]    5:     0x570e56ed2b63 - core::fmt::write::h2cc1698af7e2d686
[INFO] [stdout]                                at /rustc/6067b36314ab5eb2eb47cecc464545ba58e1ad24/library/core/src/fmt/mod.rs:1440:21
[INFO] [stdout]    6:     0x570e56ea7f63 - std::io::Write::write_fmt::hab1b4cd059a79022
[INFO] [stdout]                                at /rustc/6067b36314ab5eb2eb47cecc464545ba58e1ad24/library/std/src/io/mod.rs:1887:15
[INFO] [stdout]    7:     0x570e56eab252 - std::sys::backtrace::BacktraceLock::print::h147fe35b4ea13b08
[INFO] [stdout]                                at /rustc/6067b36314ab5eb2eb47cecc464545ba58e1ad24/library/std/src/sys/backtrace.rs:42:9
[INFO] [stdout]    8:     0x570e56eac82f - std::panicking::default_hook::{{closure}}::hbd44223dbdc0d208
[INFO] [stdout]                                at /rustc/6067b36314ab5eb2eb47cecc464545ba58e1ad24/library/std/src/panicking.rs:298:22
[INFO] [stdout]    9:     0x570e56eac648 - std::panicking::default_hook::h20f81eb0576efcec
[INFO] [stdout]                                at /rustc/6067b36314ab5eb2eb47cecc464545ba58e1ad24/library/std/src/panicking.rs:322:9
[INFO] [stdout]   10:     0x570e56e6c9e3 - <alloc::boxed::Box<F,A> as core::ops::function::Fn<Args>>::call::hdb53814c496a4d34
[INFO] [stdout]                                at /rustc/6067b36314ab5eb2eb47cecc464545ba58e1ad24/library/alloc/src/boxed.rs:2027:9
[INFO] [stdout]   11:     0x570e56e6c9e3 - test::test_main::{{closure}}::hc0a4963c59427c24
[INFO] [stdout]                                at /rustc/6067b36314ab5eb2eb47cecc464545ba58e1ad24/library/test/src/lib.rs:134:21
[INFO] [stdout]   12:     0x570e56ead323 - <alloc::boxed::Box<F,A> as core::ops::function::Fn<Args>>::call::h591b2225413a77e9
[INFO] [stdout]                                at /rustc/6067b36314ab5eb2eb47cecc464545ba58e1ad24/library/alloc/src/boxed.rs:2027:9
[INFO] [stdout]   13:     0x570e56ead323 - std::panicking::rust_panic_with_hook::h625eea43051b2edc
[INFO] [stdout]                                at /rustc/6067b36314ab5eb2eb47cecc464545ba58e1ad24/library/std/src/panicking.rs:839:13
[INFO] [stdout]   14:     0x570e56eacfa6 - std::panicking::begin_panic_handler::{{closure}}::h4f9159cfbc3f6bd3
[INFO] [stdout]                                at /rustc/6067b36314ab5eb2eb47cecc464545ba58e1ad24/library/std/src/panicking.rs:697:13
[INFO] [stdout]   15:     0x570e56eab909 - std::sys::backtrace::__rust_end_short_backtrace::h0390abce48353151
[INFO] [stdout]                                at /rustc/6067b36314ab5eb2eb47cecc464545ba58e1ad24/library/std/src/sys/backtrace.rs:168:18
[INFO] [stdout]   16:     0x570e56eacc6d - rust_begin_unwind
[INFO] [stdout]                                at /rustc/6067b36314ab5eb2eb47cecc464545ba58e1ad24/library/std/src/panicking.rs:695:5
[INFO] [stdout]   17:     0x570e56ed1540 - core::panicking::panic_fmt::h9e7c637e9e5f29c9
[INFO] [stdout]                                at /rustc/6067b36314ab5eb2eb47cecc464545ba58e1ad24/library/core/src/panicking.rs:75:14
[INFO] [stdout]   18:     0x570e56ed15cc - core::panicking::panic::haa3255ea20181a33
[INFO] [stdout]                                at /rustc/6067b36314ab5eb2eb47cecc464545ba58e1ad24/library/core/src/panicking.rs:145:5
[INFO] [stdout]   19:     0x570e56ed14b9 - core::option::unwrap_failed::h5e50c20db1c9e8f1
[INFO] [stdout]                                at /rustc/6067b36314ab5eb2eb47cecc464545ba58e1ad24/library/core/src/option.rs:2015:5
[INFO] [stdout]   20:     0x570e56e2e8f1 - core::option::Option<T>::unwrap::h42e4e2dd213755a1
[INFO] [stdout]                                at /rustc/6067b36314ab5eb2eb47cecc464545ba58e1ad24/library/core/src/option.rs:978:21
[INFO] [stdout]   21:     0x570e56e2e8f1 - pest_example::tests::test::class_grammar::h81c78b0a666d4d87
[INFO] [stdout]                                at /opt/rustwide/workdir/src/tests.rs:46:25
[INFO] [stdout]   22:     0x570e56e2e747 - pest_example::tests::test::class_grammar::{{closure}}::hde71b1865ed9a7e8
[INFO] [stdout]                                at /opt/rustwide/workdir/src/tests.rs:37:23
[INFO] [stdout]   23:     0x570e56e282c6 - core::ops::function::FnOnce::call_once::hddc8915e26d7bc4b
[INFO] [stdout]                                at /rustc/6067b36314ab5eb2eb47cecc464545ba58e1ad24/library/core/src/ops/function.rs:250:5
[INFO] [stdout]   24:     0x570e56e7213b - core::ops::function::FnOnce::call_once::he27718dfdd183f43
[INFO] [stdout]                                at /rustc/6067b36314ab5eb2eb47cecc464545ba58e1ad24/library/core/src/ops/function.rs:250:5
[INFO] [stdout]   25:     0x570e56e7213b - test::__rust_begin_short_backtrace::h4e84902998457a5d
[INFO] [stdout]                                at /rustc/6067b36314ab5eb2eb47cecc464545ba58e1ad24/library/test/src/lib.rs:632:18
[INFO] [stdout]   26:     0x570e56e71073 - test::run_test_in_process::{{closure}}::h7176fd18fc1feca0
[INFO] [stdout]                                at /rustc/6067b36314ab5eb2eb47cecc464545ba58e1ad24/library/test/src/lib.rs:655:60
[INFO] [stdout]   27:     0x570e56e71073 - <core::panic::unwind_safe::AssertUnwindSafe<F> as core::ops::function::FnOnce<()>>::call_once::hf79cff2a624d8cf7
[INFO] [stdout]                                at /rustc/6067b36314ab5eb2eb47cecc464545ba58e1ad24/library/core/src/panic/unwind_safe.rs:272:9
[INFO] [stdout]   28:     0x570e56e71073 - std::panicking::try::do_call::h3da0561d9ab99c25
[INFO] [stdout]                                at /rustc/6067b36314ab5eb2eb47cecc464545ba58e1ad24/library/std/src/panicking.rs:587:40
[INFO] [stdout]   29:     0x570e56e71073 - std::panicking::try::h41c9fa508bc61df6
[INFO] [stdout]                                at /rustc/6067b36314ab5eb2eb47cecc464545ba58e1ad24/library/std/src/panicking.rs:550:19
[INFO] [stdout]   30:     0x570e56e71073 - std::panic::catch_unwind::h6b3ff07bb5afad93
[INFO] [stdout]                                at /rustc/6067b36314ab5eb2eb47cecc464545ba58e1ad24/library/std/src/panic.rs:358:14
[INFO] [stdout]   31:     0x570e56e71073 - test::run_test_in_process::hc7253dd11b39b9f4
[INFO] [stdout]                                at /rustc/6067b36314ab5eb2eb47cecc464545ba58e1ad24/library/test/src/lib.rs:655:27
[INFO] [stdout]   32:     0x570e56e71073 - test::run_test::{{closure}}::hfb2007f8649c30bb
[INFO] [stdout]                                at /rustc/6067b36314ab5eb2eb47cecc464545ba58e1ad24/library/test/src/lib.rs:576:43
[INFO] [stdout]   33:     0x570e56e34155 - test::run_test::{{closure}}::h56a17aa7a282a9f4
[INFO] [stdout]                                at /rustc/6067b36314ab5eb2eb47cecc464545ba58e1ad24/library/test/src/lib.rs:606:41
[INFO] [stdout]   34:     0x570e56e34155 - std::sys::backtrace::__rust_begin_short_backtrace::hd2d2d2fb8e8c6aac
[INFO] [stdout]                                at /rustc/6067b36314ab5eb2eb47cecc464545ba58e1ad24/library/std/src/sys/backtrace.rs:152:18
[INFO] [stdout]   35:     0x570e56e37a3a - std::thread::Builder::spawn_unchecked_::{{closure}}::{{closure}}::h4faa3f9db6133423
[INFO] [stdout]                                at /rustc/6067b36314ab5eb2eb47cecc464545ba58e1ad24/library/std/src/thread/mod.rs:559:17
[INFO] [stdout]   36:     0x570e56e37a3a - <core::panic::unwind_safe::AssertUnwindSafe<F> as core::ops::function::FnOnce<()>>::call_once::hf2e855a36a4ea846
[INFO] [stdout]                                at /rustc/6067b36314ab5eb2eb47cecc464545ba58e1ad24/library/core/src/panic/unwind_safe.rs:272:9
[INFO] [stdout]   37:     0x570e56e37a3a - std::panicking::try::do_call::h2f73af3616c35465
[INFO] [stdout]                                at /rustc/6067b36314ab5eb2eb47cecc464545ba58e1ad24/library/std/src/panicking.rs:587:40
[INFO] [stdout]   38:     0x570e56e37a3a - std::panicking::try::hd1660ce9efadef5a
[INFO] [stdout]                                at /rustc/6067b36314ab5eb2eb47cecc464545ba58e1ad24/library/std/src/panicking.rs:550:19
[INFO] [stdout]   39:     0x570e56e37a3a - std::panic::catch_unwind::h5ee8d7823b8ca744
[INFO] [stdout]                                at /rustc/6067b36314ab5eb2eb47cecc464545ba58e1ad24/library/std/src/panic.rs:358:14
[INFO] [stdout]   40:     0x570e56e37a3a - std::thread::Builder::spawn_unchecked_::{{closure}}::h53c3a1894dce8407
[INFO] [stdout]                                at /rustc/6067b36314ab5eb2eb47cecc464545ba58e1ad24/library/std/src/thread/mod.rs:557:30
[INFO] [stdout]   41:     0x570e56e37a3a - core::ops::function::FnOnce::call_once{{vtable.shim}}::h048ce291ad4f62bf
[INFO] [stdout]                                at /rustc/6067b36314ab5eb2eb47cecc464545ba58e1ad24/library/core/src/ops/function.rs:250:5
[INFO] [stdout]   42:     0x570e56eb125b - <alloc::boxed::Box<F,A> as core::ops::function::FnOnce<Args>>::call_once::ha52bedf99a3b4981
[INFO] [stdout]                                at /rustc/6067b36314ab5eb2eb47cecc464545ba58e1ad24/library/alloc/src/boxed.rs:2013:9
[INFO] [stdout]   43:     0x570e56eb125b - <alloc::boxed::Box<F,A> as core::ops::function::FnOnce<Args>>::call_once::h567748934d80ccf8
[INFO] [stdout]                                at /rustc/6067b36314ab5eb2eb47cecc464545ba58e1ad24/library/alloc/src/boxed.rs:2013:9
[INFO] [stdout]   44:     0x570e56eb125b - std::sys::pal::unix::thread::Thread::new::thread_start::h2d970728ae887adc
[INFO] [stdout]                                at /rustc/6067b36314ab5eb2eb47cecc464545ba58e1ad24/library/std/src/sys/pal/unix/thread.rs:106:17
[INFO] [stdout]   45:     0x77528c04eac3 - <unknown>
[INFO] [stdout]   46:     0x77528c0dfa04 - clone
[INFO] [stdout]   47:                0x0 - <unknown>
[INFO] [stdout] 
[INFO] [stdout] 
[INFO] [stdout] failures:
[INFO] [stdout]     tests::test::class_grammar
[INFO] [stdout] 
[INFO] [stdout] test result: FAILED. 15 passed; 1 failed; 0 ignored; 0 measured; 0 filtered out; finished in 0.06s
[INFO] [stdout] 
[INFO] running `Command { std: "docker" "inspect" "957636f18147c5a798d37b8631d943e1c4fd8d15801e60518731893aa56d471d", kill_on_drop: false }`
[INFO] running `Command { std: "docker" "rm" "-f" "957636f18147c5a798d37b8631d943e1c4fd8d15801e60518731893aa56d471d", kill_on_drop: false }`
[INFO] [stdout] 957636f18147c5a798d37b8631d943e1c4fd8d15801e60518731893aa56d471d
