[INFO] cloning repository https://github.com/perryqh/codecrafters-redis-rust
[INFO] running `Command { std: "git" "-c" "credential.helper=" "-c" "credential.helper=/workspace/cargo-home/bin/git-credential-null" "clone" "--bare" "https://github.com/perryqh/codecrafters-redis-rust" "/workspace/cache/git-repos/https%3A%2F%2Fgithub.com%2Fperryqh%2Fcodecrafters-redis-rust", kill_on_drop: false }`
[INFO] [stderr] Cloning into bare repository '/workspace/cache/git-repos/https%3A%2F%2Fgithub.com%2Fperryqh%2Fcodecrafters-redis-rust'...
[INFO] running `Command { std: "git" "rev-parse" "HEAD", kill_on_drop: false }`
[INFO] [stdout] 8b02e2e25a951ef7d2eb1719fbd139b9bdafdbca
[INFO] testing perryqh/codecrafters-redis-rust against nightly-2025-01-18+rustflags=-Zrandomize-layout for randomize-layout-2
[INFO] running `Command { std: "git" "clone" "/workspace/cache/git-repos/https%3A%2F%2Fgithub.com%2Fperryqh%2Fcodecrafters-redis-rust" "/workspace/builds/worker-1-tc2/source", kill_on_drop: false }`
[INFO] [stderr] Cloning into '/workspace/builds/worker-1-tc2/source'...
[INFO] [stderr] done.
[INFO] validating manifest of git repo https://github.com/perryqh/codecrafters-redis-rust on toolchain nightly-2025-01-18
[INFO] running `Command { std: CARGO_HOME="/workspace/cargo-home" RUSTUP_HOME="/workspace/rustup-home" "/workspace/cargo-home/bin/cargo" "+nightly-2025-01-18" "metadata" "--manifest-path" "Cargo.toml" "--no-deps", kill_on_drop: false }`
[INFO] started tweaking git repo https://github.com/perryqh/codecrafters-redis-rust
[INFO] finished tweaking git repo https://github.com/perryqh/codecrafters-redis-rust
[INFO] tweaked toml for git repo https://github.com/perryqh/codecrafters-redis-rust written to /workspace/builds/worker-1-tc2/source/Cargo.toml
[INFO] crate git repo https://github.com/perryqh/codecrafters-redis-rust already has a lockfile, it will not be regenerated
[INFO] running `Command { std: CARGO_HOME="/workspace/cargo-home" RUSTUP_HOME="/workspace/rustup-home" "/workspace/cargo-home/bin/cargo" "+nightly-2025-01-18" "fetch" "--manifest-path" "Cargo.toml", kill_on_drop: false }`
[INFO] running `Command { std: "docker" "create" "-v" "/var/lib/crater-agent-workspace/builds/worker-1-tc2/target:/opt/rustwide/target:rw,Z" "-v" "/var/lib/crater-agent-workspace/builds/worker-1-tc2/source:/opt/rustwide/workdir:ro,Z" "-v" "/var/lib/crater-agent-workspace/cargo-home:/opt/rustwide/cargo-home:ro,Z" "-v" "/var/lib/crater-agent-workspace/rustup-home:/opt/rustwide/rustup-home:ro,Z" "-e" "SOURCE_DIR=/opt/rustwide/workdir" "-e" "CARGO_TARGET_DIR=/opt/rustwide/target" "-e" "CARGO_HOME=/opt/rustwide/cargo-home" "-e" "RUSTUP_HOME=/opt/rustwide/rustup-home" "-w" "/opt/rustwide/workdir" "-m" "1610612736" "--user" "0:0" "--network" "none" "ghcr.io/rust-lang/crates-build-env/linux@sha256:819108c5571ea2e421544af4d832f968d213c87fbe3707a016657f43d2f853bc" "/opt/rustwide/cargo-home/bin/cargo" "+nightly-2025-01-18" "metadata" "--no-deps" "--format-version=1", kill_on_drop: false }`
[INFO] [stdout] effc233b8bdc378762d840ac004024ef20230877263bc7a3cb3af65433716504
[INFO] running `Command { std: "docker" "start" "-a" "effc233b8bdc378762d840ac004024ef20230877263bc7a3cb3af65433716504", kill_on_drop: false }`
[INFO] running `Command { std: "docker" "inspect" "effc233b8bdc378762d840ac004024ef20230877263bc7a3cb3af65433716504", kill_on_drop: false }`
[INFO] running `Command { std: "docker" "rm" "-f" "effc233b8bdc378762d840ac004024ef20230877263bc7a3cb3af65433716504", kill_on_drop: false }`
[INFO] [stdout] effc233b8bdc378762d840ac004024ef20230877263bc7a3cb3af65433716504
[INFO] running `Command { std: "docker" "create" "-v" "/var/lib/crater-agent-workspace/builds/worker-1-tc2/target:/opt/rustwide/target:rw,Z" "-v" "/var/lib/crater-agent-workspace/builds/worker-1-tc2/source:/opt/rustwide/workdir:ro,Z" "-v" "/var/lib/crater-agent-workspace/cargo-home:/opt/rustwide/cargo-home:ro,Z" "-v" "/var/lib/crater-agent-workspace/rustup-home:/opt/rustwide/rustup-home:ro,Z" "-e" "SOURCE_DIR=/opt/rustwide/workdir" "-e" "CARGO_TARGET_DIR=/opt/rustwide/target" "-e" "CARGO_INCREMENTAL=0" "-e" "RUST_BACKTRACE=full" "-e" "RUSTFLAGS=--cap-lints=forbid -Zrandomize-layout" "-e" "RUSTDOCFLAGS=--cap-lints=forbid" "-e" "CARGO_HOME=/opt/rustwide/cargo-home" "-e" "RUSTUP_HOME=/opt/rustwide/rustup-home" "-w" "/opt/rustwide/workdir" "-m" "1610612736" "--user" "0:0" "--network" "none" "ghcr.io/rust-lang/crates-build-env/linux@sha256:819108c5571ea2e421544af4d832f968d213c87fbe3707a016657f43d2f853bc" "/opt/rustwide/cargo-home/bin/cargo" "+nightly-2025-01-18" "build" "--frozen" "--message-format=json", kill_on_drop: false }`
[INFO] [stdout] 9fdb37a3045283c44c8ca16e9f0be92651c6ec102e885ef9d0ccb373abc31d1a
[INFO] running `Command { std: "docker" "start" "-a" "9fdb37a3045283c44c8ca16e9f0be92651c6ec102e885ef9d0ccb373abc31d1a", kill_on_drop: false }`
[INFO] [stderr]    Compiling proc-macro2 v1.0.80
[INFO] [stderr]    Compiling libc v0.2.153
[INFO] [stderr]    Compiling autocfg v1.2.0
[INFO] [stderr]    Compiling scopeguard v1.2.0
[INFO] [stderr]    Compiling syn v1.0.109
[INFO] [stderr]    Compiling smallvec v1.13.2
[INFO] [stderr]    Compiling pin-project-lite v0.2.14
[INFO] [stderr]    Compiling bytes v1.6.0
[INFO] [stderr]    Compiling futures-core v0.3.30
[INFO] [stderr]    Compiling anyhow v1.0.82
[INFO] [stderr]    Compiling os_str_bytes v6.6.1
[INFO] [stderr]    Compiling heck v0.4.1
[INFO] [stderr]    Compiling once_cell v1.19.0
[INFO] [stderr]    Compiling termcolor v1.4.1
[INFO] [stderr]    Compiling base64 v0.22.0
[INFO] [stderr]    Compiling clap_lex v0.3.3
[INFO] [stderr]    Compiling lock_api v0.4.11
[INFO] [stderr]    Compiling num-traits v0.2.18
[INFO] [stderr]    Compiling quote v1.0.36
[INFO] [stderr]    Compiling syn v2.0.59
[INFO] [stderr]    Compiling proc-macro-error-attr v1.0.4
[INFO] [stderr]    Compiling parking_lot_core v0.9.9
[INFO] [stderr]    Compiling mio v0.8.11
[INFO] [stderr]    Compiling num_cpus v1.16.0
[INFO] [stderr]    Compiling socket2 v0.5.6
[INFO] [stderr]    Compiling signal-hook-registry v1.4.1
[INFO] [stderr]    Compiling is-terminal v0.4.12
[INFO] [stderr]    Compiling atoi v2.0.0
[INFO] [stderr]    Compiling parking_lot v0.12.1
[INFO] [stderr]    Compiling proc-macro-error v1.0.4
[INFO] [stderr]    Compiling clap_derive v4.0.21
[INFO] [stderr]    Compiling tokio-macros v2.2.0
[INFO] [stderr]    Compiling async-stream-impl v0.3.5
[INFO] [stderr]    Compiling async-trait v0.1.80
[INFO] [stderr]    Compiling async-stream v0.3.5
[INFO] [stderr]    Compiling tokio v1.37.0
[INFO] [stderr]    Compiling clap v4.0.32
[INFO] [stderr]    Compiling tokio-stream v0.1.15
[INFO] [stderr]    Compiling tokio-test v0.4.4
[INFO] [stderr]    Compiling redis-starter-rust v0.1.0 (/opt/rustwide/workdir)
[INFO] [stdout] warning: unused import: `array_of_bulks`
[INFO] [stdout]  --> src/command/repl_conf.rs:3:13
[INFO] [stdout]   |
[INFO] [stdout] 3 | use crate::{array_of_bulks, comms::Comms, frame::Frame, parse::Parse, store::Store};
[INFO] [stdout]   |             ^^^^^^^^^^^^^^
[INFO] [stdout]   |
[INFO] [stdout]   = note: `#[warn(unused_imports)]` on by default
[INFO] [stdout] 
[INFO] [stdout] 
[INFO] [stdout] warning: use of deprecated function `base64::decode`: Use Engine::decode
[INFO] [stdout]   --> src/store.rs:56:28
[INFO] [stdout]    |
[INFO] [stdout] 56 |         let data = base64::decode(EMPTY_RDB).unwrap();
[INFO] [stdout]    |                            ^^^^^^
[INFO] [stdout]    |
[INFO] [stdout]    = note: `#[warn(deprecated)]` on by default
[INFO] [stdout] 
[INFO] [stdout] 
[INFO] [stdout] warning: unused variable: `response`
[INFO] [stdout]   --> src/replicator.rs:40:32
[INFO] [stdout]    |
[INFO] [stdout] 40 |             Some(Frame::Simple(response)) => {
[INFO] [stdout]    |                                ^^^^^^^^ help: if this is intentional, prefix it with an underscore: `_response`
[INFO] [stdout]    |
[INFO] [stdout]    = note: `#[warn(unused_variables)]` on by default
[INFO] [stdout] 
[INFO] [stdout] 
[INFO] [stdout] warning: method `get_name` is never used
[INFO] [stdout]   --> src/command/unknown.rs:18:19
[INFO] [stdout]    |
[INFO] [stdout] 8  | impl Unknown {
[INFO] [stdout]    | ------------ method in this implementation
[INFO] [stdout] ...
[INFO] [stdout] 18 |     pub(crate) fn get_name(&self) -> &str {
[INFO] [stdout]    |                   ^^^^^^^^
[INFO] [stdout]    |
[INFO] [stdout]    = note: `#[warn(dead_code)]` on by default
[INFO] [stdout] 
[INFO] [stdout] 
[INFO] [stdout] warning: field `kind` is never read
[INFO] [stdout]  --> src/command/info.rs:8:5
[INFO] [stdout]   |
[INFO] [stdout] 7 | pub struct Info {
[INFO] [stdout]   |            ---- field in this struct
[INFO] [stdout] 8 |     kind: Bytes,
[INFO] [stdout]   |     ^^^^
[INFO] [stdout]   |
[INFO] [stdout]   = note: `Info` has a derived impl for the trait `Debug`, but this is intentionally ignored during dead code analysis
[INFO] [stdout] 
[INFO] [stdout] 
[INFO] [stdout] warning: fields `listening_port` and `capabilities` are never read
[INFO] [stdout]  --> src/command/repl_conf.rs:8:5
[INFO] [stdout]   |
[INFO] [stdout] 6 | pub struct ReplConf {
[INFO] [stdout]   |            -------- fields in this struct
[INFO] [stdout] 7 |     /// The replication server listening port
[INFO] [stdout] 8 |     listening_port: Option<u16>,
[INFO] [stdout]   |     ^^^^^^^^^^^^^^
[INFO] [stdout] 9 |     capabilities: Vec<String>,
[INFO] [stdout]   |     ^^^^^^^^^^^^
[INFO] [stdout]   |
[INFO] [stdout]   = note: `ReplConf` has a derived impl for the trait `Debug`, but this is intentionally ignored during dead code analysis
[INFO] [stdout] 
[INFO] [stdout] 
[INFO] [stdout] warning: fields `master_replid` and `master_repl_offset` are never read
[INFO] [stdout]  --> src/command/psync.rs:6:5
[INFO] [stdout]   |
[INFO] [stdout] 4 | pub struct Psync {
[INFO] [stdout]   |            ----- fields in this struct
[INFO] [stdout] 5 |     /// Comes from the follower. It must be sending the master_replid so we can confirm it's us
[INFO] [stdout] 6 |     master_replid: String,
[INFO] [stdout]   |     ^^^^^^^^^^^^^
[INFO] [stdout] 7 |     master_repl_offset: Option<i64>,
[INFO] [stdout]   |     ^^^^^^^^^^^^^^^^^^
[INFO] [stdout]   |
[INFO] [stdout]   = note: `Psync` has a derived impl for the trait `Debug`, but this is intentionally ignored during dead code analysis
[INFO] [stdout] 
[INFO] [stdout] 
[INFO] [stdout] warning: method `push_int` is never used
[INFO] [stdout]   --> src/frame.rs:46:19
[INFO] [stdout]    |
[INFO] [stdout] 30 | impl Frame {
[INFO] [stdout]    | ---------- method in this implementation
[INFO] [stdout] ...
[INFO] [stdout] 46 |     pub(crate) fn push_int(&mut self, value: u64) -> anyhow::Result<()> {
[INFO] [stdout]    |                   ^^^^^^^^
[INFO] [stdout] 
[INFO] [stdout] 
[INFO] [stderr]     Finished `dev` profile [unoptimized + debuginfo] target(s) in 31.63s
[INFO] running `Command { std: "docker" "inspect" "9fdb37a3045283c44c8ca16e9f0be92651c6ec102e885ef9d0ccb373abc31d1a", kill_on_drop: false }`
[INFO] running `Command { std: "docker" "rm" "-f" "9fdb37a3045283c44c8ca16e9f0be92651c6ec102e885ef9d0ccb373abc31d1a", kill_on_drop: false }`
[INFO] [stdout] 9fdb37a3045283c44c8ca16e9f0be92651c6ec102e885ef9d0ccb373abc31d1a
[INFO] running `Command { std: "docker" "create" "-v" "/var/lib/crater-agent-workspace/builds/worker-1-tc2/target:/opt/rustwide/target:rw,Z" "-v" "/var/lib/crater-agent-workspace/builds/worker-1-tc2/source:/opt/rustwide/workdir:ro,Z" "-v" "/var/lib/crater-agent-workspace/cargo-home:/opt/rustwide/cargo-home:ro,Z" "-v" "/var/lib/crater-agent-workspace/rustup-home:/opt/rustwide/rustup-home:ro,Z" "-e" "SOURCE_DIR=/opt/rustwide/workdir" "-e" "CARGO_TARGET_DIR=/opt/rustwide/target" "-e" "CARGO_INCREMENTAL=0" "-e" "RUST_BACKTRACE=full" "-e" "RUSTFLAGS=--cap-lints=forbid -Zrandomize-layout" "-e" "RUSTDOCFLAGS=--cap-lints=forbid" "-e" "CARGO_HOME=/opt/rustwide/cargo-home" "-e" "RUSTUP_HOME=/opt/rustwide/rustup-home" "-w" "/opt/rustwide/workdir" "-m" "1610612736" "--user" "0:0" "--network" "none" "ghcr.io/rust-lang/crates-build-env/linux@sha256:819108c5571ea2e421544af4d832f968d213c87fbe3707a016657f43d2f853bc" "/opt/rustwide/cargo-home/bin/cargo" "+nightly-2025-01-18" "test" "--frozen" "--no-run" "--message-format=json", kill_on_drop: false }`
[INFO] [stdout] 964048e11c368b2fd9f2b1be90157cf5c7642a6f0ffd4211f5b25bfe52c3aebd
[INFO] running `Command { std: "docker" "start" "-a" "964048e11c368b2fd9f2b1be90157cf5c7642a6f0ffd4211f5b25bfe52c3aebd", kill_on_drop: false }`
[INFO] [stderr]    Compiling redis-starter-rust v0.1.0 (/opt/rustwide/workdir)
[INFO] [stdout] warning: unused import: `array_of_bulks`
[INFO] [stdout]  --> src/command/repl_conf.rs:3:13
[INFO] [stdout]   |
[INFO] [stdout] 3 | use crate::{array_of_bulks, comms::Comms, frame::Frame, parse::Parse, store::Store};
[INFO] [stdout]   |             ^^^^^^^^^^^^^^
[INFO] [stdout]   |
[INFO] [stdout]   = note: `#[warn(unused_imports)]` on by default
[INFO] [stdout] 
[INFO] [stdout] 
[INFO] [stdout] warning: use of deprecated function `base64::decode`: Use Engine::decode
[INFO] [stdout]   --> src/store.rs:56:28
[INFO] [stdout]    |
[INFO] [stdout] 56 |         let data = base64::decode(EMPTY_RDB).unwrap();
[INFO] [stdout]    |                            ^^^^^^
[INFO] [stdout]    |
[INFO] [stdout]    = note: `#[warn(deprecated)]` on by default
[INFO] [stdout] 
[INFO] [stdout] 
[INFO] [stdout] warning: unused variable: `response`
[INFO] [stdout]   --> src/replicator.rs:40:32
[INFO] [stdout]    |
[INFO] [stdout] 40 |             Some(Frame::Simple(response)) => {
[INFO] [stdout]    |                                ^^^^^^^^ help: if this is intentional, prefix it with an underscore: `_response`
[INFO] [stdout]    |
[INFO] [stdout]    = note: `#[warn(unused_variables)]` on by default
[INFO] [stdout] 
[INFO] [stdout] 
[INFO] [stdout] warning: method `get_name` is never used
[INFO] [stdout]   --> src/command/unknown.rs:18:19
[INFO] [stdout]    |
[INFO] [stdout] 8  | impl Unknown {
[INFO] [stdout]    | ------------ method in this implementation
[INFO] [stdout] ...
[INFO] [stdout] 18 |     pub(crate) fn get_name(&self) -> &str {
[INFO] [stdout]    |                   ^^^^^^^^
[INFO] [stdout]    |
[INFO] [stdout]    = note: `#[warn(dead_code)]` on by default
[INFO] [stdout] 
[INFO] [stdout] 
[INFO] [stdout] warning: field `kind` is never read
[INFO] [stdout]  --> src/command/info.rs:8:5
[INFO] [stdout]   |
[INFO] [stdout] 7 | pub struct Info {
[INFO] [stdout]   |            ---- field in this struct
[INFO] [stdout] 8 |     kind: Bytes,
[INFO] [stdout]   |     ^^^^
[INFO] [stdout]   |
[INFO] [stdout]   = note: `Info` has a derived impl for the trait `Debug`, but this is intentionally ignored during dead code analysis
[INFO] [stdout] 
[INFO] [stdout] 
[INFO] [stdout] warning: fields `listening_port` and `capabilities` are never read
[INFO] [stdout]  --> src/command/repl_conf.rs:8:5
[INFO] [stdout]   |
[INFO] [stdout] 6 | pub struct ReplConf {
[INFO] [stdout]   |            -------- fields in this struct
[INFO] [stdout] 7 |     /// The replication server listening port
[INFO] [stdout] 8 |     listening_port: Option<u16>,
[INFO] [stdout]   |     ^^^^^^^^^^^^^^
[INFO] [stdout] 9 |     capabilities: Vec<String>,
[INFO] [stdout]   |     ^^^^^^^^^^^^
[INFO] [stdout]   |
[INFO] [stdout]   = note: `ReplConf` has a derived impl for the trait `Debug`, but this is intentionally ignored during dead code analysis
[INFO] [stdout] 
[INFO] [stdout] 
[INFO] [stdout] warning: fields `master_replid` and `master_repl_offset` are never read
[INFO] [stdout]  --> src/command/psync.rs:6:5
[INFO] [stdout]   |
[INFO] [stdout] 4 | pub struct Psync {
[INFO] [stdout]   |            ----- fields in this struct
[INFO] [stdout] 5 |     /// Comes from the follower. It must be sending the master_replid so we can confirm it's us
[INFO] [stdout] 6 |     master_replid: String,
[INFO] [stdout]   |     ^^^^^^^^^^^^^
[INFO] [stdout] 7 |     master_repl_offset: Option<i64>,
[INFO] [stdout]   |     ^^^^^^^^^^^^^^^^^^
[INFO] [stdout]   |
[INFO] [stdout]   = note: `Psync` has a derived impl for the trait `Debug`, but this is intentionally ignored during dead code analysis
[INFO] [stdout] 
[INFO] [stdout] 
[INFO] [stdout] warning: method `push_int` is never used
[INFO] [stdout]   --> src/frame.rs:46:19
[INFO] [stdout]    |
[INFO] [stdout] 30 | impl Frame {
[INFO] [stdout]    | ---------- method in this implementation
[INFO] [stdout] ...
[INFO] [stdout] 46 |     pub(crate) fn push_int(&mut self, value: u64) -> anyhow::Result<()> {
[INFO] [stdout]    |                   ^^^^^^^^
[INFO] [stdout] 
[INFO] [stdout] 
[INFO] [stdout] warning: unused import: `array_of_bulks`
[INFO] [stdout]  --> src/command/repl_conf.rs:3:13
[INFO] [stdout]   |
[INFO] [stdout] 3 | use crate::{array_of_bulks, comms::Comms, frame::Frame, parse::Parse, store::Store};
[INFO] [stdout]   |             ^^^^^^^^^^^^^^
[INFO] [stdout]   |
[INFO] [stdout]   = note: `#[warn(unused_imports)]` on by default
[INFO] [stdout] 
[INFO] [stdout] 
[INFO] [stdout] warning: use of deprecated function `base64::decode`: Use Engine::decode
[INFO] [stdout]   --> src/store.rs:56:28
[INFO] [stdout]    |
[INFO] [stdout] 56 |         let data = base64::decode(EMPTY_RDB).unwrap();
[INFO] [stdout]    |                            ^^^^^^
[INFO] [stdout]    |
[INFO] [stdout]    = note: `#[warn(deprecated)]` on by default
[INFO] [stdout] 
[INFO] [stdout] 
[INFO] [stdout] warning: unused variable: `store`
[INFO] [stdout]    --> tests/server.rs:193:16
[INFO] [stdout]     |
[INFO] [stdout] 193 |     let (addr, store) = start_server().await;
[INFO] [stdout]     |                ^^^^^ help: if this is intentional, prefix it with an underscore: `_store`
[INFO] [stdout]     |
[INFO] [stdout]     = note: `#[warn(unused_variables)]` on by default
[INFO] [stdout] 
[INFO] [stdout] 
[INFO] [stdout] warning: unused variable: `response`
[INFO] [stdout]   --> src/replicator.rs:40:32
[INFO] [stdout]    |
[INFO] [stdout] 40 |             Some(Frame::Simple(response)) => {
[INFO] [stdout]    |                                ^^^^^^^^ help: if this is intentional, prefix it with an underscore: `_response`
[INFO] [stdout]    |
[INFO] [stdout]    = note: `#[warn(unused_variables)]` on by default
[INFO] [stdout] 
[INFO] [stdout] 
[INFO] [stdout] warning: method `get_name` is never used
[INFO] [stdout]   --> src/command/unknown.rs:18:19
[INFO] [stdout]    |
[INFO] [stdout] 8  | impl Unknown {
[INFO] [stdout]    | ------------ method in this implementation
[INFO] [stdout] ...
[INFO] [stdout] 18 |     pub(crate) fn get_name(&self) -> &str {
[INFO] [stdout]    |                   ^^^^^^^^
[INFO] [stdout]    |
[INFO] [stdout]    = note: `#[warn(dead_code)]` on by default
[INFO] [stdout] 
[INFO] [stdout] 
[INFO] [stdout] warning: field `kind` is never read
[INFO] [stdout]  --> src/command/info.rs:8:5
[INFO] [stdout]   |
[INFO] [stdout] 7 | pub struct Info {
[INFO] [stdout]   |            ---- field in this struct
[INFO] [stdout] 8 |     kind: Bytes,
[INFO] [stdout]   |     ^^^^
[INFO] [stdout]   |
[INFO] [stdout]   = note: `Info` has a derived impl for the trait `Debug`, but this is intentionally ignored during dead code analysis
[INFO] [stdout] 
[INFO] [stdout] 
[INFO] [stdout] warning: fields `listening_port` and `capabilities` are never read
[INFO] [stdout]  --> src/command/repl_conf.rs:8:5
[INFO] [stdout]   |
[INFO] [stdout] 6 | pub struct ReplConf {
[INFO] [stdout]   |            -------- fields in this struct
[INFO] [stdout] 7 |     /// The replication server listening port
[INFO] [stdout] 8 |     listening_port: Option<u16>,
[INFO] [stdout]   |     ^^^^^^^^^^^^^^
[INFO] [stdout] 9 |     capabilities: Vec<String>,
[INFO] [stdout]   |     ^^^^^^^^^^^^
[INFO] [stdout]   |
[INFO] [stdout]   = note: `ReplConf` has a derived impl for the trait `Debug`, but this is intentionally ignored during dead code analysis
[INFO] [stdout] 
[INFO] [stdout] 
[INFO] [stdout] warning: fields `master_replid` and `master_repl_offset` are never read
[INFO] [stdout]  --> src/command/psync.rs:6:5
[INFO] [stdout]   |
[INFO] [stdout] 4 | pub struct Psync {
[INFO] [stdout]   |            ----- fields in this struct
[INFO] [stdout] 5 |     /// Comes from the follower. It must be sending the master_replid so we can confirm it's us
[INFO] [stdout] 6 |     master_replid: String,
[INFO] [stdout]   |     ^^^^^^^^^^^^^
[INFO] [stdout] 7 |     master_repl_offset: Option<i64>,
[INFO] [stdout]   |     ^^^^^^^^^^^^^^^^^^
[INFO] [stdout]   |
[INFO] [stdout]   = note: `Psync` has a derived impl for the trait `Debug`, but this is intentionally ignored during dead code analysis
[INFO] [stdout] 
[INFO] [stdout] 
[INFO] [stdout] warning: function `test_run_replication` is never used
[INFO] [stdout]    --> src/replicator.rs:126:14
[INFO] [stdout]     |
[INFO] [stdout] 126 |     async fn test_run_replication() -> anyhow::Result<()> {
[INFO] [stdout]     |              ^^^^^^^^^^^^^^^^^^^^
[INFO] [stdout] 
[INFO] [stdout] 
[INFO] [stderr]     Finished `test` profile [unoptimized + debuginfo] target(s) in 3.59s
[INFO] running `Command { std: "docker" "inspect" "964048e11c368b2fd9f2b1be90157cf5c7642a6f0ffd4211f5b25bfe52c3aebd", kill_on_drop: false }`
[INFO] running `Command { std: "docker" "rm" "-f" "964048e11c368b2fd9f2b1be90157cf5c7642a6f0ffd4211f5b25bfe52c3aebd", kill_on_drop: false }`
[INFO] [stdout] 964048e11c368b2fd9f2b1be90157cf5c7642a6f0ffd4211f5b25bfe52c3aebd
[INFO] running `Command { std: "docker" "create" "-v" "/var/lib/crater-agent-workspace/builds/worker-1-tc2/target:/opt/rustwide/target:rw,Z" "-v" "/var/lib/crater-agent-workspace/builds/worker-1-tc2/source:/opt/rustwide/workdir:ro,Z" "-v" "/var/lib/crater-agent-workspace/cargo-home:/opt/rustwide/cargo-home:ro,Z" "-v" "/var/lib/crater-agent-workspace/rustup-home:/opt/rustwide/rustup-home:ro,Z" "-e" "SOURCE_DIR=/opt/rustwide/workdir" "-e" "CARGO_TARGET_DIR=/opt/rustwide/target" "-e" "CARGO_INCREMENTAL=0" "-e" "RUST_BACKTRACE=full" "-e" "RUSTFLAGS=--cap-lints=forbid -Zrandomize-layout" "-e" "RUSTDOCFLAGS=--cap-lints=forbid" "-e" "CARGO_HOME=/opt/rustwide/cargo-home" "-e" "RUSTUP_HOME=/opt/rustwide/rustup-home" "-w" "/opt/rustwide/workdir" "-m" "1610612736" "--user" "0:0" "--network" "none" "ghcr.io/rust-lang/crates-build-env/linux@sha256:819108c5571ea2e421544af4d832f968d213c87fbe3707a016657f43d2f853bc" "/opt/rustwide/cargo-home/bin/cargo" "+nightly-2025-01-18" "test" "--frozen", kill_on_drop: false }`
[INFO] [stdout] 63793c8014a622e5870a46ebf868050d4b2251f1d4c2e696752231d57c59a888
[INFO] running `Command { std: "docker" "start" "-a" "63793c8014a622e5870a46ebf868050d4b2251f1d4c2e696752231d57c59a888", kill_on_drop: false }`
[INFO] [stderr] warning: unused import: `array_of_bulks`
[INFO] [stderr]  --> src/command/repl_conf.rs:3:13
[INFO] [stderr]   |
[INFO] [stderr] 3 | use crate::{array_of_bulks, comms::Comms, frame::Frame, parse::Parse, store::Store};
[INFO] [stderr]   |             ^^^^^^^^^^^^^^
[INFO] [stderr]   |
[INFO] [stderr]   = note: `#[warn(unused_imports)]` on by default
[INFO] [stderr] 
[INFO] [stderr] warning: use of deprecated function `base64::decode`: Use Engine::decode
[INFO] [stderr]   --> src/store.rs:56:28
[INFO] [stderr]    |
[INFO] [stderr] 56 |         let data = base64::decode(EMPTY_RDB).unwrap();
[INFO] [stderr]    |                            ^^^^^^
[INFO] [stderr]    |
[INFO] [stderr]    = note: `#[warn(deprecated)]` on by default
[INFO] [stderr] 
[INFO] [stderr] warning: unused variable: `response`
[INFO] [stderr]   --> src/replicator.rs:40:32
[INFO] [stderr]    |
[INFO] [stderr] 40 |             Some(Frame::Simple(response)) => {
[INFO] [stderr]    |                                ^^^^^^^^ help: if this is intentional, prefix it with an underscore: `_response`
[INFO] [stderr]    |
[INFO] [stderr]    = note: `#[warn(unused_variables)]` on by default
[INFO] [stderr] 
[INFO] [stderr] warning: method `get_name` is never used
[INFO] [stderr]   --> src/command/unknown.rs:18:19
[INFO] [stderr]    |
[INFO] [stderr] 8  | impl Unknown {
[INFO] [stderr]    | ------------ method in this implementation
[INFO] [stderr] ...
[INFO] [stderr] 18 |     pub(crate) fn get_name(&self) -> &str {
[INFO] [stderr]    |                   ^^^^^^^^
[INFO] [stderr]    |
[INFO] [stderr]    = note: `#[warn(dead_code)]` on by default
[INFO] [stderr] 
[INFO] [stderr] warning: field `kind` is never read
[INFO] [stderr]  --> src/command/info.rs:8:5
[INFO] [stderr]   |
[INFO] [stderr] 7 | pub struct Info {
[INFO] [stderr]   |            ---- field in this struct
[INFO] [stderr] 8 |     kind: Bytes,
[INFO] [stderr]   |     ^^^^
[INFO] [stderr]   |
[INFO] [stderr]   = note: `Info` has a derived impl for the trait `Debug`, but this is intentionally ignored during dead code analysis
[INFO] [stderr] 
[INFO] [stderr] warning: fields `listening_port` and `capabilities` are never read
[INFO] [stderr]  --> src/command/repl_conf.rs:8:5
[INFO] [stderr]   |
[INFO] [stderr] 6 | pub struct ReplConf {
[INFO] [stderr]   |            -------- fields in this struct
[INFO] [stderr] 7 |     /// The replication server listening port
[INFO] [stderr] 8 |     listening_port: Option<u16>,
[INFO] [stderr]   |     ^^^^^^^^^^^^^^
[INFO] [stderr] 9 |     capabilities: Vec<String>,
[INFO] [stderr]   |     ^^^^^^^^^^^^
[INFO] [stderr]   |
[INFO] [stderr]   = note: `ReplConf` has a derived impl for the trait `Debug`, but this is intentionally ignored during dead code analysis
[INFO] [stderr] 
[INFO] [stderr] warning: fields `master_replid` and `master_repl_offset` are never read
[INFO] [stderr]  --> src/command/psync.rs:6:5
[INFO] [stderr]   |
[INFO] [stderr] 4 | pub struct Psync {
[INFO] [stderr]   |            ----- fields in this struct
[INFO] [stderr] 5 |     /// Comes from the follower. It must be sending the master_replid so we can confirm it's us
[INFO] [stderr] 6 |     master_replid: String,
[INFO] [stderr]   |     ^^^^^^^^^^^^^
[INFO] [stderr] 7 |     master_repl_offset: Option<i64>,
[INFO] [stderr]   |     ^^^^^^^^^^^^^^^^^^
[INFO] [stderr]   |
[INFO] [stderr]   = note: `Psync` has a derived impl for the trait `Debug`, but this is intentionally ignored during dead code analysis
[INFO] [stderr] 
[INFO] [stderr] warning: method `push_int` is never used
[INFO] [stderr]   --> src/frame.rs:46:19
[INFO] [stderr]    |
[INFO] [stderr] 30 | impl Frame {
[INFO] [stderr]    | ---------- method in this implementation
[INFO] [stderr] ...
[INFO] [stderr] 46 |     pub(crate) fn push_int(&mut self, value: u64) -> anyhow::Result<()> {
[INFO] [stderr]    |                   ^^^^^^^^
[INFO] [stderr] 
[INFO] [stderr] warning: function `test_run_replication` is never used
[INFO] [stderr]    --> src/replicator.rs:126:14
[INFO] [stderr]     |
[INFO] [stderr] 126 |     async fn test_run_replication() -> anyhow::Result<()> {
[INFO] [stderr]     |              ^^^^^^^^^^^^^^^^^^^^
[INFO] [stderr] 
[INFO] [stderr] warning: `redis-starter-rust` (lib) generated 8 warnings (run `cargo fix --lib -p redis-starter-rust` to apply 1 suggestion)
[INFO] [stderr] warning: `redis-starter-rust` (lib test) generated 8 warnings (7 duplicates)
[INFO] [stderr] warning: unused variable: `store`
[INFO] [stderr]    --> tests/server.rs:193:16
[INFO] [stderr]     |
[INFO] [stderr] 193 |     let (addr, store) = start_server().await;
[INFO] [stderr]     |                ^^^^^ help: if this is intentional, prefix it with an underscore: `_store`
[INFO] [stderr]     |
[INFO] [stderr]     = note: `#[warn(unused_variables)]` on by default
[INFO] [stderr] 
[INFO] [stderr] warning: `redis-starter-rust` (test "server") generated 1 warning
[INFO] [stderr]     Finished `test` profile [unoptimized + debuginfo] target(s) in 0.08s
[INFO] [stderr]      Running unittests src/lib.rs (/opt/rustwide/target/debug/deps/redis_starter_rust-747a31698f88ff8c)
[INFO] [stdout] 
[INFO] [stdout] running 28 tests
[INFO] [stdout] test command::tests::test_array_of_bulks ... ok
[INFO] [stdout] test command::tests::test_simple_string ... ok
[INFO] [stdout] test cli::tests::test_with_invalid_port ... ok
[INFO] [stdout] test cli::tests::test_custom_port ... ok
[INFO] [stdout] test cli::tests::test_default_port ... ok
[INFO] [stdout] test frame::tests::array ... ok
[INFO] [stdout] test cli::tests::test_replica_of ... ok
[INFO] [stdout] test frame::tests::check_array ... ok
[INFO] [stdout] test frame::tests::check_error ... ok
[INFO] [stdout] test cli::tests::test_to_info ... ok
[INFO] [stdout] test frame::tests::check_integer ... ok
[INFO] [stdout] test frame::tests::check_bulk ... ok
[INFO] [stdout] test frame::tests::check_simple ... ok
[INFO] [stdout] test frame::tests::parse_array ... ok
[INFO] [stdout] test frame::tests::parse_integer ... ok
[INFO] [stdout] test frame::tests::parse_bulk ... ok
[INFO] [stdout] test frame::tests::parse_simple ... ok
[INFO] [stdout] test frame::tests::push_bulk_when_array ... ok
[INFO] [stdout] test info::tests::test_info_default ... ok
[INFO] [stdout] test frame::tests::push_int_when_not_array ... ok
[INFO] [stdout] test info::tests::test_info_new ... ok
[INFO] [stdout] test replicator::tests::test_listening_port_frame ... ok
[INFO] [stdout] test info::tests::test_info_write ... ok
[INFO] [stdout] test replicator::tests::test_capability_bytes ... ok
[INFO] [stdout] test frame::tests::push_bulk_when_not_array ... ok
[INFO] [stdout] test replicator::tests::test_psync_bytes ... ok
[INFO] [stdout] test replicator::tests::test_ping_fame ... ok
[INFO] [stdout] test frame::tests::push_int_when_array ... ok
[INFO] [stdout] 
[INFO] [stdout] test result: ok. 28 passed; 0 failed; 0 ignored; 0 measured; 0 filtered out; finished in 0.03s
[INFO] [stdout] 
[INFO] [stdout] 
[INFO] [stderr]      Running unittests src/main.rs (/opt/rustwide/target/debug/deps/redis_starter_rust-69c893331277df77)
[INFO] [stdout] running 0 tests
[INFO] [stdout] 
[INFO] [stdout] test result: ok. 0 passed; 0 failed; 0 ignored; 0 measured; 0 filtered out; finished in 0.00s
[INFO] [stdout] 
[INFO] [stderr]      Running tests/common.rs (/opt/rustwide/target/debug/deps/common-0370771e878de834)
[INFO] [stdout] 
[INFO] [stdout] running 0 tests
[INFO] [stdout] 
[INFO] [stdout] test result: ok. 0 passed; 0 failed; 0 ignored; 0 measured; 0 filtered out; finished in 0.00s
[INFO] [stdout] 
[INFO] [stderr]      Running tests/replicator.rs (/opt/rustwide/target/debug/deps/replicator-41c5dfbfb053e4e3)
[INFO] [stdout] 
[INFO] [stdout] running 0 tests
[INFO] [stdout] 
[INFO] [stdout] test result: ok. 0 passed; 0 failed; 0 ignored; 0 measured; 0 filtered out; finished in 0.00s
[INFO] [stdout] 
[INFO] [stderr]      Running tests/server.rs (/opt/rustwide/target/debug/deps/server-9277f020f64ed489)
[INFO] [stdout] 
[INFO] [stdout] running 12 tests
[INFO] [stdout] test echo ... ok
[INFO] [stdout] test repl_conf_capabilities ... ok
[INFO] [stdout] test info ... ok
[INFO] [stdout] test repl_conf_listening_port ... ok
[INFO] [stdout] test get_not_found ... ok
[INFO] [stdout] test repl_get_ack ... ok
[INFO] [stdout] test send_error_unknown_command ... ok
[INFO] [stdout] test send_two_ping_commands ... ok
[INFO] [stdout] test send_ping_command ... ok
[INFO] [stdout] test set_get ... ok
[INFO] [stdout] test test_psync ... ok
[INFO] [stdout] test set_expired ... FAILED
[INFO] [stdout] 
[INFO] [stdout] failures:
[INFO] [stdout] 
[INFO] [stdout] ---- set_expired stdout ----
[INFO] [stdout] connection error: A Tokio 1.x context was found, but it is being shutdown.
[INFO] [stdout] 
[INFO] [stdout] Stack backtrace:
[INFO] [stdout]    0: anyhow::error::<impl core::convert::From<E> for anyhow::Error>::from
[INFO] [stdout]              at /opt/rustwide/cargo-home/registry/src/index.crates.io-1949cf8c6b5b557f/anyhow-1.0.82/src/backtrace.rs:27:14
[INFO] [stdout]    1: <core::result::Result<T,F> as core::ops::try_trait::FromResidual<core::result::Result<core::convert::Infallible,E>>>::from_residual
[INFO] [stdout]              at /rustc/6067b36314ab5eb2eb47cecc464545ba58e1ad24/library/core/src/result.rs:2014:27
[INFO] [stdout]    2: redis_starter_rust::publisher::publish_frame::{{closure}}
[INFO] [stdout]              at ./src/publisher.rs:39:9
[INFO] [stdout]    3: redis_starter_rust::publisher::publish::{{closure}}
[INFO] [stdout]              at ./src/publisher.rs:30:34
[INFO] [stdout]    4: redis_starter_rust::command::set::Set::apply::{{closure}}
[INFO] [stdout]              at ./src/command/set.rs:51:25
[INFO] [stdout]    5: redis_starter_rust::command::Command::apply::{{closure}}
[INFO] [stdout]              at ./src/command/mod.rs:58:58
[INFO] [stdout]    6: redis_starter_rust::server::Handler::run::{{closure}}
[INFO] [stdout]              at ./src/server.rs:54:47
[INFO] [stdout]    7: redis_starter_rust::server::run::{{closure}}::{{closure}}
[INFO] [stdout]              at ./src/server.rs:20:18
[INFO] [stdout]    8: tokio::runtime::task::core::Core<T,S>::poll::{{closure}}
[INFO] [stdout]              at /opt/rustwide/cargo-home/registry/src/index.crates.io-1949cf8c6b5b557f/tokio-1.37.0/src/runtime/task/core.rs:328:17
[INFO] [stdout]    9: tokio::loom::std::unsafe_cell::UnsafeCell<T>::with_mut
[INFO] [stdout]              at /opt/rustwide/cargo-home/registry/src/index.crates.io-1949cf8c6b5b557f/tokio-1.37.0/src/loom/std/unsafe_cell.rs:16:9
[INFO] [stdout]   10: tokio::runtime::task::core::Core<T,S>::poll
[INFO] [stdout]              at /opt/rustwide/cargo-home/registry/src/index.crates.io-1949cf8c6b5b557f/tokio-1.37.0/src/runtime/task/core.rs:317:13
[INFO] [stdout]   11: tokio::runtime::task::harness::poll_future::{{closure}}
[INFO] [stdout]              at /opt/rustwide/cargo-home/registry/src/index.crates.io-1949cf8c6b5b557f/tokio-1.37.0/src/runtime/task/harness.rs:485:19
[INFO] [stdout]   12: <core::panic::unwind_safe::AssertUnwindSafe<F> as core::ops::function::FnOnce<()>>::call_once
[INFO] [stdout]              at /rustc/6067b36314ab5eb2eb47cecc464545ba58e1ad24/library/core/src/panic/unwind_safe.rs:272:9
[INFO] [stdout]   13: std::panicking::try::do_call
[INFO] [stdout]              at /rustc/6067b36314ab5eb2eb47cecc464545ba58e1ad24/library/std/src/panicking.rs:587:40
[INFO] [stdout]   14: __rust_try
[INFO] [stdout]   15: std::panicking::try
[INFO] [stdout]              at /rustc/6067b36314ab5eb2eb47cecc464545ba58e1ad24/library/std/src/panicking.rs:550:19
[INFO] [stdout]   16: std::panic::catch_unwind
[INFO] [stdout]              at /rustc/6067b36314ab5eb2eb47cecc464545ba58e1ad24/library/std/src/panic.rs:358:14
[INFO] [stdout]   17: tokio::runtime::task::harness::poll_future
[INFO] [stdout]              at /opt/rustwide/cargo-home/registry/src/index.crates.io-1949cf8c6b5b557f/tokio-1.37.0/src/runtime/task/harness.rs:473:18
[INFO] [stdout]   18: tokio::runtime::task::harness::Harness<T,S>::poll_inner
[INFO] [stdout]              at /opt/rustwide/cargo-home/registry/src/index.crates.io-1949cf8c6b5b557f/tokio-1.37.0/src/runtime/task/harness.rs:208:27
[INFO] [stdout]   19: tokio::runtime::task::harness::Harness<T,S>::poll
[INFO] [stdout]              at /opt/rustwide/cargo-home/registry/src/index.crates.io-1949cf8c6b5b557f/tokio-1.37.0/src/runtime/task/harness.rs:153:15
[INFO] [stdout]   20: tokio::runtime::task::raw::poll
[INFO] [stdout]              at /opt/rustwide/cargo-home/registry/src/index.crates.io-1949cf8c6b5b557f/tokio-1.37.0/src/runtime/task/raw.rs:271:5
[INFO] [stdout]   21: tokio::runtime::task::raw::RawTask::poll
[INFO] [stdout]              at /opt/rustwide/cargo-home/registry/src/index.crates.io-1949cf8c6b5b557f/tokio-1.37.0/src/runtime/task/raw.rs:201:18
[INFO] [stdout]   22: tokio::runtime::task::LocalNotified<S>::run
[INFO] [stdout]              at /opt/rustwide/cargo-home/registry/src/index.crates.io-1949cf8c6b5b557f/tokio-1.37.0/src/runtime/task/mod.rs:427:9
[INFO] [stdout]   23: tokio::runtime::scheduler::current_thread::CoreGuard::block_on::{{closure}}::{{closure}}
[INFO] [stdout]              at /opt/rustwide/cargo-home/registry/src/index.crates.io-1949cf8c6b5b557f/tokio-1.37.0/src/runtime/scheduler/current_thread/mod.rs:700:25
[INFO] [stdout]   24: tokio::runtime::coop::with_budget
[INFO] [stdout]              at /opt/rustwide/cargo-home/registry/src/index.crates.io-1949cf8c6b5b557f/tokio-1.37.0/src/runtime/coop.rs:107:5
[INFO] [stdout]   25: tokio::runtime::coop::budget
[INFO] [stdout]              at /opt/rustwide/cargo-home/registry/src/index.crates.io-1949cf8c6b5b557f/tokio-1.37.0/src/runtime/coop.rs:73:5
[INFO] [stdout]   26: tokio::runtime::scheduler::current_thread::Context::run_task::{{closure}}
[INFO] [stdout]              at /opt/rustwide/cargo-home/registry/src/index.crates.io-1949cf8c6b5b557f/tokio-1.37.0/src/runtime/scheduler/current_thread/mod.rs:343:43
[INFO] [stdout]   27: tokio::runtime::scheduler::current_thread::Context::enter
[INFO] [stdout]              at /opt/rustwide/cargo-home/registry/src/index.crates.io-1949cf8c6b5b557f/tokio-1.37.0/src/runtime/scheduler/current_thread/mod.rs:404:19
[INFO] [stdout]   28: tokio::runtime::scheduler::current_thread::Context::run_task
[INFO] [stdout]              at /opt/rustwide/cargo-home/registry/src/index.crates.io-1949cf8c6b5b557f/tokio-1.37.0/src/runtime/scheduler/current_thread/mod.rs:343:23
[INFO] [stdout]   29: tokio::runtime::scheduler::current_thread::CoreGuard::block_on::{{closure}}
[INFO] [stdout]              at /opt/rustwide/cargo-home/registry/src/index.crates.io-1949cf8c6b5b557f/tokio-1.37.0/src/runtime/scheduler/current_thread/mod.rs:699:35
[INFO] [stdout]   30: tokio::runtime::scheduler::current_thread::CoreGuard::enter::{{closure}}
[INFO] [stdout]              at /opt/rustwide/cargo-home/registry/src/index.crates.io-1949cf8c6b5b557f/tokio-1.37.0/src/runtime/scheduler/current_thread/mod.rs:737:68
[INFO] [stdout]   31: tokio::runtime::context::scoped::Scoped<T>::set
[INFO] [stdout]              at /opt/rustwide/cargo-home/registry/src/index.crates.io-1949cf8c6b5b557f/tokio-1.37.0/src/runtime/context/scoped.rs:40:9
[INFO] [stdout]   32: tokio::runtime::context::set_scheduler::{{closure}}
[INFO] [stdout]              at /opt/rustwide/cargo-home/registry/src/index.crates.io-1949cf8c6b5b557f/tokio-1.37.0/src/runtime/context.rs:176:26
[INFO] [stdout]   33: std::thread::local::LocalKey<T>::try_with
[INFO] [stdout]              at /rustc/6067b36314ab5eb2eb47cecc464545ba58e1ad24/library/std/src/thread/local.rs:308:12
[INFO] [stdout]   34: std::thread::local::LocalKey<T>::with
[INFO] [stdout]              at /rustc/6067b36314ab5eb2eb47cecc464545ba58e1ad24/library/std/src/thread/local.rs:272:9
[INFO] [stdout]   35: tokio::runtime::context::set_scheduler
[INFO] [stdout]              at /opt/rustwide/cargo-home/registry/src/index.crates.io-1949cf8c6b5b557f/tokio-1.37.0/src/runtime/context.rs:176:9
[INFO] [stdout]   36: tokio::runtime::scheduler::current_thread::CoreGuard::enter
[INFO] [stdout]              at /opt/rustwide/cargo-home/registry/src/index.crates.io-1949cf8c6b5b557f/tokio-1.37.0/src/runtime/scheduler/current_thread/mod.rs:737:27
[INFO] [stdout]   37: tokio::runtime::scheduler::current_thread::CoreGuard::block_on
[INFO] [stdout]              at /opt/rustwide/cargo-home/registry/src/index.crates.io-1949cf8c6b5b557f/tokio-1.37.0/src/runtime/scheduler/current_thread/mod.rs:646:19
[INFO] [stdout]   38: tokio::runtime::scheduler::current_thread::CurrentThread::block_on::{{closure}}
[INFO] [stdout]              at /opt/rustwide/cargo-home/registry/src/index.crates.io-1949cf8c6b5b557f/tokio-1.37.0/src/runtime/scheduler/current_thread/mod.rs:175:28
[INFO] [stdout]   39: tokio::runtime::context::runtime::enter_runtime
[INFO] [stdout]              at /opt/rustwide/cargo-home/registry/src/index.crates.io-1949cf8c6b5b557f/tokio-1.37.0/src/runtime/context/runtime.rs:65:16
[INFO] [stdout]   40: tokio::runtime::scheduler::current_thread::CurrentThread::block_on
[INFO] [stdout]              at /opt/rustwide/cargo-home/registry/src/index.crates.io-1949cf8c6b5b557f/tokio-1.37.0/src/runtime/scheduler/current_thread/mod.rs:167:9
[INFO] [stdout]   41: tokio::runtime::runtime::Runtime::block_on
[INFO] [stdout]              at /opt/rustwide/cargo-home/registry/src/index.crates.io-1949cf8c6b5b557f/tokio-1.37.0/src/runtime/runtime.rs:349:47
[INFO] [stdout]   42: server::set_expired
[INFO] [stdout]              at ./tests/server.rs:164:5
[INFO] [stdout]   43: server::set_expired::{{closure}}
[INFO] [stdout]              at ./tests/server.rs:136:27
[INFO] [stdout]   44: core::ops::function::FnOnce::call_once
[INFO] [stdout]              at /rustc/6067b36314ab5eb2eb47cecc464545ba58e1ad24/library/core/src/ops/function.rs:250:5
[INFO] [stdout]   45: core::ops::function::FnOnce::call_once
[INFO] [stdout]              at /rustc/6067b36314ab5eb2eb47cecc464545ba58e1ad24/library/core/src/ops/function.rs:250:5
[INFO] [stdout]   46: test::__rust_begin_short_backtrace
[INFO] [stdout]              at /rustc/6067b36314ab5eb2eb47cecc464545ba58e1ad24/library/test/src/lib.rs:632:18
[INFO] [stdout]   47: test::run_test_in_process::{{closure}}
[INFO] [stdout]              at /rustc/6067b36314ab5eb2eb47cecc464545ba58e1ad24/library/test/src/lib.rs:655:60
[INFO] [stdout]   48: <core::panic::unwind_safe::AssertUnwindSafe<F> as core::ops::function::FnOnce<()>>::call_once
[INFO] [stdout]              at /rustc/6067b36314ab5eb2eb47cecc464545ba58e1ad24/library/core/src/panic/unwind_safe.rs:272:9
[INFO] [stdout]   49: std::panicking::try::do_call
[INFO] [stdout]              at /rustc/6067b36314ab5eb2eb47cecc464545ba58e1ad24/library/std/src/panicking.rs:587:40
[INFO] [stdout]   50: std::panicking::try
[INFO] [stdout]              at /rustc/6067b36314ab5eb2eb47cecc464545ba58e1ad24/library/std/src/panicking.rs:550:19
[INFO] [stdout]   51: std::panic::catch_unwind
[INFO] [stdout]              at /rustc/6067b36314ab5eb2eb47cecc464545ba58e1ad24/library/std/src/panic.rs:358:14
[INFO] [stdout]   52: test::run_test_in_process
[INFO] [stdout]              at /rustc/6067b36314ab5eb2eb47cecc464545ba58e1ad24/library/test/src/lib.rs:655:27
[INFO] [stdout]   53: test::run_test::{{closure}}
[INFO] [stdout]              at /rustc/6067b36314ab5eb2eb47cecc464545ba58e1ad24/library/test/src/lib.rs:576:43
[INFO] [stdout]   54: test::run_test::{{closure}}
[INFO] [stdout]              at /rustc/6067b36314ab5eb2eb47cecc464545ba58e1ad24/library/test/src/lib.rs:606:41
[INFO] [stdout]   55: std::sys::backtrace::__rust_begin_short_backtrace
[INFO] [stdout]              at /rustc/6067b36314ab5eb2eb47cecc464545ba58e1ad24/library/std/src/sys/backtrace.rs:152:18
[INFO] [stdout]   56: std::thread::Builder::spawn_unchecked_::{{closure}}::{{closure}}
[INFO] [stdout]              at /rustc/6067b36314ab5eb2eb47cecc464545ba58e1ad24/library/std/src/thread/mod.rs:559:17
[INFO] [stdout]   57: <core::panic::unwind_safe::AssertUnwindSafe<F> as core::ops::function::FnOnce<()>>::call_once
[INFO] [stdout]              at /rustc/6067b36314ab5eb2eb47cecc464545ba58e1ad24/library/core/src/panic/unwind_safe.rs:272:9
[INFO] [stdout]   58: std::panicking::try::do_call
[INFO] [stdout]              at /rustc/6067b36314ab5eb2eb47cecc464545ba58e1ad24/library/std/src/panicking.rs:587:40
[INFO] [stdout]   59: std::panicking::try
[INFO] [stdout]              at /rustc/6067b36314ab5eb2eb47cecc464545ba58e1ad24/library/std/src/panicking.rs:550:19
[INFO] [stdout]   60: std::panic::catch_unwind
[INFO] [stdout]              at /rustc/6067b36314ab5eb2eb47cecc464545ba58e1ad24/library/std/src/panic.rs:358:14
[INFO] [stdout]   61: std::thread::Builder::spawn_unchecked_::{{closure}}
[INFO] [stdout]              at /rustc/6067b36314ab5eb2eb47cecc464545ba58e1ad24/library/std/src/thread/mod.rs:557:30
[INFO] [stdout]   62: core::ops::function::FnOnce::call_once{{vtable.shim}}
[INFO] [stdout]              at /rustc/6067b36314ab5eb2eb47cecc464545ba58e1ad24/library/core/src/ops/function.rs:250:5
[INFO] [stdout]   63: <alloc::boxed::Box<F,A> as core::ops::function::FnOnce<Args>>::call_once
[INFO] [stdout]              at /rustc/6067b36314ab5eb2eb47cecc464545ba58e1ad24/library/alloc/src/boxed.rs:2013:9
[INFO] [stdout]   64: <alloc::boxed::Box<F,A> as core::ops::function::FnOnce<Args>>::call_once
[INFO] [stdout]              at /rustc/6067b36314ab5eb2eb47cecc464545ba58e1ad24/library/alloc/src/boxed.rs:2013:9
[INFO] [stdout]   65: std::sys::pal::unix::thread::Thread::new::thread_start
[INFO] [stdout]              at /rustc/6067b36314ab5eb2eb47cecc464545ba58e1ad24/library/std/src/sys/pal/unix/thread.rs:106:17
[INFO] [stdout]   66: <unknown>
[INFO] [stdout]   67: clone
[INFO] [stdout] 
[INFO] [stdout] thread 'set_expired' panicked at tests/server.rs:148:44:
[INFO] [stdout] called `Result::unwrap()` on an `Err` value: Custom { kind: UnexpectedEof, error: "early eof" }
[INFO] [stdout] stack backtrace:
[INFO] [stdout]    0:     0x64a7e2f4776a - std::backtrace_rs::backtrace::libunwind::trace::hb059275cfc8d6126
[INFO] [stdout]                                at /rustc/6067b36314ab5eb2eb47cecc464545ba58e1ad24/library/std/src/../../backtrace/src/backtrace/libunwind.rs:116:5
[INFO] [stdout]    1:     0x64a7e2f4776a - std::backtrace_rs::backtrace::trace_unsynchronized::h2da071e4327ce3ee
[INFO] [stdout]                                at /rustc/6067b36314ab5eb2eb47cecc464545ba58e1ad24/library/std/src/../../backtrace/src/backtrace/mod.rs:66:5
[INFO] [stdout]    2:     0x64a7e2f4776a - std::sys::backtrace::_print_fmt::h842a1474e6f8d23f
[INFO] [stdout]                                at /rustc/6067b36314ab5eb2eb47cecc464545ba58e1ad24/library/std/src/sys/backtrace.rs:66:9
[INFO] [stdout]    3:     0x64a7e2f4776a - <std::sys::backtrace::BacktraceLock::print::DisplayBacktrace as core::fmt::Display>::fmt::h71a62eb3b9696b12
[INFO] [stdout]                                at /rustc/6067b36314ab5eb2eb47cecc464545ba58e1ad24/library/std/src/sys/backtrace.rs:39:26
[INFO] [stdout]    4:     0x64a7e2f71ba3 - core::fmt::rt::Argument::fmt::hdb6b616786b41dc1
[INFO] [stdout]                                at /rustc/6067b36314ab5eb2eb47cecc464545ba58e1ad24/library/core/src/fmt/rt.rs:177:76
[INFO] [stdout]    5:     0x64a7e2f71ba3 - core::fmt::write::h2cc1698af7e2d686
[INFO] [stdout]                                at /rustc/6067b36314ab5eb2eb47cecc464545ba58e1ad24/library/core/src/fmt/mod.rs:1440:21
[INFO] [stdout]    6:     0x64a7e2f43713 - std::io::Write::write_fmt::hab1b4cd059a79022
[INFO] [stdout]                                at /rustc/6067b36314ab5eb2eb47cecc464545ba58e1ad24/library/std/src/io/mod.rs:1887:15
[INFO] [stdout]    7:     0x64a7e2f475b2 - std::sys::backtrace::BacktraceLock::print::h147fe35b4ea13b08
[INFO] [stdout]                                at /rustc/6067b36314ab5eb2eb47cecc464545ba58e1ad24/library/std/src/sys/backtrace.rs:42:9
[INFO] [stdout]    8:     0x64a7e2f48b8f - std::panicking::default_hook::{{closure}}::hbd44223dbdc0d208
[INFO] [stdout]                                at /rustc/6067b36314ab5eb2eb47cecc464545ba58e1ad24/library/std/src/panicking.rs:298:22
[INFO] [stdout]    9:     0x64a7e2f489a8 - std::panicking::default_hook::h20f81eb0576efcec
[INFO] [stdout]                                at /rustc/6067b36314ab5eb2eb47cecc464545ba58e1ad24/library/std/src/panicking.rs:322:9
[INFO] [stdout]   10:     0x64a7e2e17013 - <alloc::boxed::Box<F,A> as core::ops::function::Fn<Args>>::call::hdb53814c496a4d34
[INFO] [stdout]                                at /rustc/6067b36314ab5eb2eb47cecc464545ba58e1ad24/library/alloc/src/boxed.rs:2027:9
[INFO] [stdout]   11:     0x64a7e2e17013 - test::test_main::{{closure}}::hc0a4963c59427c24
[INFO] [stdout]                                at /rustc/6067b36314ab5eb2eb47cecc464545ba58e1ad24/library/test/src/lib.rs:134:21
[INFO] [stdout]   12:     0x64a7e2f49683 - <alloc::boxed::Box<F,A> as core::ops::function::Fn<Args>>::call::h591b2225413a77e9
[INFO] [stdout]                                at /rustc/6067b36314ab5eb2eb47cecc464545ba58e1ad24/library/alloc/src/boxed.rs:2027:9
[INFO] [stdout]   13:     0x64a7e2f49683 - std::panicking::rust_panic_with_hook::h625eea43051b2edc
[INFO] [stdout]                                at /rustc/6067b36314ab5eb2eb47cecc464545ba58e1ad24/library/std/src/panicking.rs:839:13
[INFO] [stdout]   14:     0x64a7e2f4933a - std::panicking::begin_panic_handler::{{closure}}::h4f9159cfbc3f6bd3
[INFO] [stdout]                                at /rustc/6067b36314ab5eb2eb47cecc464545ba58e1ad24/library/std/src/panicking.rs:704:13
[INFO] [stdout]   15:     0x64a7e2f47c69 - std::sys::backtrace::__rust_end_short_backtrace::h0390abce48353151
[INFO] [stdout]                                at /rustc/6067b36314ab5eb2eb47cecc464545ba58e1ad24/library/std/src/sys/backtrace.rs:168:18
[INFO] [stdout]   16:     0x64a7e2f48fcd - rust_begin_unwind
[INFO] [stdout]                                at /rustc/6067b36314ab5eb2eb47cecc464545ba58e1ad24/library/std/src/panicking.rs:695:5
[INFO] [stdout]   17:     0x64a7e2f70520 - core::panicking::panic_fmt::h9e7c637e9e5f29c9
[INFO] [stdout]                                at /rustc/6067b36314ab5eb2eb47cecc464545ba58e1ad24/library/core/src/panicking.rs:75:14
[INFO] [stdout]   18:     0x64a7e2f709f6 - core::result::unwrap_failed::h7979f09313fe1849
[INFO] [stdout]                                at /rustc/6067b36314ab5eb2eb47cecc464545ba58e1ad24/library/core/src/result.rs:1704:5
[INFO] [stdout]   19:     0x64a7e2d967d8 - core::result::Result<T,E>::unwrap::h16eccdc59b1299f4
[INFO] [stdout]                                at /rustc/6067b36314ab5eb2eb47cecc464545ba58e1ad24/library/core/src/result.rs:1109:23
[INFO] [stdout]   20:     0x64a7e2d967d8 - server::set_expired::{{closure}}::h7dc9a9fa9773a9e9
[INFO] [stdout]                                at /opt/rustwide/workdir/tests/server.rs:148:5
[INFO] [stdout]   21:     0x64a7e2dc0585 - <core::pin::Pin<P> as core::future::future::Future>::poll::hcb003682f0428ca4
[INFO] [stdout]                                at /rustc/6067b36314ab5eb2eb47cecc464545ba58e1ad24/library/core/src/future/future.rs:124:9
[INFO] [stdout]   22:     0x64a7e2dc069d - <core::pin::Pin<P> as core::future::future::Future>::poll::hf3c1346cd9b3d8d5
[INFO] [stdout]                                at /rustc/6067b36314ab5eb2eb47cecc464545ba58e1ad24/library/core/src/future/future.rs:124:9
[INFO] [stdout]   23:     0x64a7e2dc63ff - tokio::runtime::scheduler::current_thread::CoreGuard::block_on::{{closure}}::{{closure}}::{{closure}}::h8ffecb08c11b5b2e
[INFO] [stdout]                                at /opt/rustwide/cargo-home/registry/src/index.crates.io-1949cf8c6b5b557f/tokio-1.37.0/src/runtime/scheduler/current_thread/mod.rs:659:57
[INFO] [stdout]   24:     0x64a7e2dc6196 - tokio::runtime::coop::with_budget::h8a2d73f0501c2355
[INFO] [stdout]                                at /opt/rustwide/cargo-home/registry/src/index.crates.io-1949cf8c6b5b557f/tokio-1.37.0/src/runtime/coop.rs:107:5
[INFO] [stdout]   25:     0x64a7e2dc6196 - tokio::runtime::coop::budget::he7818a2ffeefbbd9
[INFO] [stdout]                                at /opt/rustwide/cargo-home/registry/src/index.crates.io-1949cf8c6b5b557f/tokio-1.37.0/src/runtime/coop.rs:73:5
[INFO] [stdout]   26:     0x64a7e2dc6196 - tokio::runtime::scheduler::current_thread::CoreGuard::block_on::{{closure}}::{{closure}}::h7401af7d95880da6
[INFO] [stdout]                                at /opt/rustwide/cargo-home/registry/src/index.crates.io-1949cf8c6b5b557f/tokio-1.37.0/src/runtime/scheduler/current_thread/mod.rs:659:25
[INFO] [stdout]   27:     0x64a7e2dc3e76 - tokio::runtime::scheduler::current_thread::Context::enter::h7bb14d515c91bf7b
[INFO] [stdout]                                at /opt/rustwide/cargo-home/registry/src/index.crates.io-1949cf8c6b5b557f/tokio-1.37.0/src/runtime/scheduler/current_thread/mod.rs:404:19
[INFO] [stdout]   28:     0x64a7e2dc50cb - tokio::runtime::scheduler::current_thread::CoreGuard::block_on::{{closure}}::h1b362ada0eecca10
[INFO] [stdout]                                at /opt/rustwide/cargo-home/registry/src/index.crates.io-1949cf8c6b5b557f/tokio-1.37.0/src/runtime/scheduler/current_thread/mod.rs:658:36
[INFO] [stdout]   29:     0x64a7e2dc4dab - tokio::runtime::scheduler::current_thread::CoreGuard::enter::{{closure}}::h9820419edd214a88
[INFO] [stdout]                                at /opt/rustwide/cargo-home/registry/src/index.crates.io-1949cf8c6b5b557f/tokio-1.37.0/src/runtime/scheduler/current_thread/mod.rs:737:68
[INFO] [stdout]   30:     0x64a7e2dd673a - tokio::runtime::context::scoped::Scoped<T>::set::h7e6a24054e63cd95
[INFO] [stdout]                                at /opt/rustwide/cargo-home/registry/src/index.crates.io-1949cf8c6b5b557f/tokio-1.37.0/src/runtime/context/scoped.rs:40:9
[INFO] [stdout]   31:     0x64a7e2dd12ea - tokio::runtime::context::set_scheduler::{{closure}}::h2f027e912c4c6b13
[INFO] [stdout]                                at /opt/rustwide/cargo-home/registry/src/index.crates.io-1949cf8c6b5b557f/tokio-1.37.0/src/runtime/context.rs:176:26
[INFO] [stdout]   32:     0x64a7e2dae2a6 - std::thread::local::LocalKey<T>::try_with::hd4ec24a04632e89e
[INFO] [stdout]                                at /rustc/6067b36314ab5eb2eb47cecc464545ba58e1ad24/library/std/src/thread/local.rs:308:12
[INFO] [stdout]   33:     0x64a7e2dacdbd - std::thread::local::LocalKey<T>::with::hbe2b089a575ae013
[INFO] [stdout]                                at /rustc/6067b36314ab5eb2eb47cecc464545ba58e1ad24/library/std/src/thread/local.rs:272:9
[INFO] [stdout]   34:     0x64a7e2dd1251 - tokio::runtime::context::set_scheduler::hbb62cc05a0620b44
[INFO] [stdout]                                at /opt/rustwide/cargo-home/registry/src/index.crates.io-1949cf8c6b5b557f/tokio-1.37.0/src/runtime/context.rs:176:9
[INFO] [stdout]   35:     0x64a7e2dc4afd - tokio::runtime::scheduler::current_thread::CoreGuard::enter::h85bd78903b3f04e6
[INFO] [stdout]                                at /opt/rustwide/cargo-home/registry/src/index.crates.io-1949cf8c6b5b557f/tokio-1.37.0/src/runtime/scheduler/current_thread/mod.rs:737:27
[INFO] [stdout]   36:     0x64a7e2dc4e33 - tokio::runtime::scheduler::current_thread::CoreGuard::block_on::hb23478190ceaabf2
[INFO] [stdout]                                at /opt/rustwide/cargo-home/registry/src/index.crates.io-1949cf8c6b5b557f/tokio-1.37.0/src/runtime/scheduler/current_thread/mod.rs:646:19
[INFO] [stdout]   37:     0x64a7e2dc1fe3 - tokio::runtime::scheduler::current_thread::CurrentThread::block_on::{{closure}}::ha9b1054f36f44703
[INFO] [stdout]                                at /opt/rustwide/cargo-home/registry/src/index.crates.io-1949cf8c6b5b557f/tokio-1.37.0/src/runtime/scheduler/current_thread/mod.rs:175:28
[INFO] [stdout]   38:     0x64a7e2dbafd6 - tokio::runtime::context::runtime::enter_runtime::hf77f8c8d06c354b3
[INFO] [stdout]                                at /opt/rustwide/cargo-home/registry/src/index.crates.io-1949cf8c6b5b557f/tokio-1.37.0/src/runtime/context/runtime.rs:65:16
[INFO] [stdout]   39:     0x64a7e2dc1b01 - tokio::runtime::scheduler::current_thread::CurrentThread::block_on::h4dcbb51158c716ea
[INFO] [stdout]                                at /opt/rustwide/cargo-home/registry/src/index.crates.io-1949cf8c6b5b557f/tokio-1.37.0/src/runtime/scheduler/current_thread/mod.rs:167:9
[INFO] [stdout]   40:     0x64a7e2dcc6d9 - tokio::runtime::runtime::Runtime::block_on::h7ff16d1509b28357
[INFO] [stdout]                                at /opt/rustwide/cargo-home/registry/src/index.crates.io-1949cf8c6b5b557f/tokio-1.37.0/src/runtime/runtime.rs:349:47
[INFO] [stdout]   41:     0x64a7e2d956c0 - server::set_expired::h833b48d869f91af3
[INFO] [stdout]                                at /opt/rustwide/workdir/tests/server.rs:164:5
[INFO] [stdout]   42:     0x64a7e2d95567 - server::set_expired::{{closure}}::h008effc132f84d1a
[INFO] [stdout]                                at /opt/rustwide/workdir/tests/server.rs:136:27
[INFO] [stdout]   43:     0x64a7e2d7f9f6 - core::ops::function::FnOnce::call_once::h59f57b48a285b642
[INFO] [stdout]                                at /rustc/6067b36314ab5eb2eb47cecc464545ba58e1ad24/library/core/src/ops/function.rs:250:5
[INFO] [stdout]   44:     0x64a7e2e1c76b - core::ops::function::FnOnce::call_once::he27718dfdd183f43
[INFO] [stdout]                                at /rustc/6067b36314ab5eb2eb47cecc464545ba58e1ad24/library/core/src/ops/function.rs:250:5
[INFO] [stdout]   45:     0x64a7e2e1c76b - test::__rust_begin_short_backtrace::h4e84902998457a5d
[INFO] [stdout]                                at /rustc/6067b36314ab5eb2eb47cecc464545ba58e1ad24/library/test/src/lib.rs:632:18
[INFO] [stdout]   46:     0x64a7e2e1b6a3 - test::run_test_in_process::{{closure}}::h7176fd18fc1feca0
[INFO] [stdout]                                at /rustc/6067b36314ab5eb2eb47cecc464545ba58e1ad24/library/test/src/lib.rs:655:60
[INFO] [stdout]   47:     0x64a7e2e1b6a3 - <core::panic::unwind_safe::AssertUnwindSafe<F> as core::ops::function::FnOnce<()>>::call_once::hf79cff2a624d8cf7
[INFO] [stdout]                                at /rustc/6067b36314ab5eb2eb47cecc464545ba58e1ad24/library/core/src/panic/unwind_safe.rs:272:9
[INFO] [stdout]   48:     0x64a7e2e1b6a3 - std::panicking::try::do_call::h3da0561d9ab99c25
[INFO] [stdout]                                at /rustc/6067b36314ab5eb2eb47cecc464545ba58e1ad24/library/std/src/panicking.rs:587:40
[INFO] [stdout]   49:     0x64a7e2e1b6a3 - std::panicking::try::h41c9fa508bc61df6
[INFO] [stdout]                                at /rustc/6067b36314ab5eb2eb47cecc464545ba58e1ad24/library/std/src/panicking.rs:550:19
[INFO] [stdout]   50:     0x64a7e2e1b6a3 - std::panic::catch_unwind::h6b3ff07bb5afad93
[INFO] [stdout]                                at /rustc/6067b36314ab5eb2eb47cecc464545ba58e1ad24/library/std/src/panic.rs:358:14
[INFO] [stdout]   51:     0x64a7e2e1b6a3 - test::run_test_in_process::hc7253dd11b39b9f4
[INFO] [stdout]                                at /rustc/6067b36314ab5eb2eb47cecc464545ba58e1ad24/library/test/src/lib.rs:655:27
[INFO] [stdout]   52:     0x64a7e2e1b6a3 - test::run_test::{{closure}}::hfb2007f8649c30bb
[INFO] [stdout]                                at /rustc/6067b36314ab5eb2eb47cecc464545ba58e1ad24/library/test/src/lib.rs:576:43
[INFO] [stdout]   53:     0x64a7e2dde785 - test::run_test::{{closure}}::h56a17aa7a282a9f4
[INFO] [stdout]                                at /rustc/6067b36314ab5eb2eb47cecc464545ba58e1ad24/library/test/src/lib.rs:606:41
[INFO] [stdout]   54:     0x64a7e2dde785 - std::sys::backtrace::__rust_begin_short_backtrace::hd2d2d2fb8e8c6aac
[INFO] [stdout]                                at /rustc/6067b36314ab5eb2eb47cecc464545ba58e1ad24/library/std/src/sys/backtrace.rs:152:18
[INFO] [stdout]   55:     0x64a7e2de206a - std::thread::Builder::spawn_unchecked_::{{closure}}::{{closure}}::h4faa3f9db6133423
[INFO] [stdout]                                at /rustc/6067b36314ab5eb2eb47cecc464545ba58e1ad24/library/std/src/thread/mod.rs:559:17
[INFO] [stdout]   56:     0x64a7e2de206a - <core::panic::unwind_safe::AssertUnwindSafe<F> as core::ops::function::FnOnce<()>>::call_once::hf2e855a36a4ea846
[INFO] [stdout]                                at /rustc/6067b36314ab5eb2eb47cecc464545ba58e1ad24/library/core/src/panic/unwind_safe.rs:272:9
[INFO] [stdout]   57:     0x64a7e2de206a - std::panicking::try::do_call::h2f73af3616c35465
[INFO] [stdout]                                at /rustc/6067b36314ab5eb2eb47cecc464545ba58e1ad24/library/std/src/panicking.rs:587:40
[INFO] [stdout]   58:     0x64a7e2de206a - std::panicking::try::hd1660ce9efadef5a
[INFO] [stdout]                                at /rustc/6067b36314ab5eb2eb47cecc464545ba58e1ad24/library/std/src/panicking.rs:550:19
[INFO] [stdout]   59:     0x64a7e2de206a - std::panic::catch_unwind::h5ee8d7823b8ca744
[INFO] [stdout]                                at /rustc/6067b36314ab5eb2eb47cecc464545ba58e1ad24/library/std/src/panic.rs:358:14
[INFO] [stdout]   60:     0x64a7e2de206a - std::thread::Builder::spawn_unchecked_::{{closure}}::h53c3a1894dce8407
[INFO] [stdout]                                at /rustc/6067b36314ab5eb2eb47cecc464545ba58e1ad24/library/std/src/thread/mod.rs:557:30
[INFO] [stdout]   61:     0x64a7e2de206a - core::ops::function::FnOnce::call_once{{vtable.shim}}::h048ce291ad4f62bf
[INFO] [stdout]                                at /rustc/6067b36314ab5eb2eb47cecc464545ba58e1ad24/library/core/src/ops/function.rs:250:5
[INFO] [stdout]   62:     0x64a7e2f4d84b - <alloc::boxed::Box<F,A> as core::ops::function::FnOnce<Args>>::call_once::ha52bedf99a3b4981
[INFO] [stdout]                                at /rustc/6067b36314ab5eb2eb47cecc464545ba58e1ad24/library/alloc/src/boxed.rs:2013:9
[INFO] [stdout]   63:     0x64a7e2f4d84b - <alloc::boxed::Box<F,A> as core::ops::function::FnOnce<Args>>::call_once::h567748934d80ccf8
[INFO] [stdout]                                at /rustc/6067b36314ab5eb2eb47cecc464545ba58e1ad24/library/alloc/src/boxed.rs:2013:9
[INFO] [stdout]   64:     0x64a7e2f4d84b - std::sys::pal::unix::thread::Thread::new::thread_start::h2d970728ae887adc
[INFO] [stdout]                                at /rustc/6067b36314ab5eb2eb47cecc464545ba58e1ad24/library/std/src/sys/pal/unix/thread.rs:106:17
[INFO] [stdout]   65:     0x75c1a61a7ac3 - <unknown>
[INFO] [stdout]   66:     0x75c1a6238a04 - clone
[INFO] [stdout]   67:                0x0 - <unknown>
[INFO] [stdout] 
[INFO] [stdout] 
[INFO] [stdout] failures:
[INFO] [stdout]     set_expired
[INFO] [stdout] 
[INFO] [stdout] test result: FAILED. 11 passed; 1 failed; 0 ignored; 0 measured; 0 filtered out; finished in 0.10s
[INFO] [stdout] 
[INFO] [stderr] error: test failed, to rerun pass `--test server`
[INFO] running `Command { std: "docker" "inspect" "63793c8014a622e5870a46ebf868050d4b2251f1d4c2e696752231d57c59a888", kill_on_drop: false }`
[INFO] running `Command { std: "docker" "rm" "-f" "63793c8014a622e5870a46ebf868050d4b2251f1d4c2e696752231d57c59a888", kill_on_drop: false }`
[INFO] [stdout] 63793c8014a622e5870a46ebf868050d4b2251f1d4c2e696752231d57c59a888
