[INFO] cloning repository https://github.com/pedrohba1/aoc-2023-rust
[INFO] running `Command { std: "git" "-c" "credential.helper=" "-c" "credential.helper=/workspace/cargo-home/bin/git-credential-null" "clone" "--bare" "https://github.com/pedrohba1/aoc-2023-rust" "/workspace/cache/git-repos/https%3A%2F%2Fgithub.com%2Fpedrohba1%2Faoc-2023-rust", kill_on_drop: false }`
[INFO] [stderr] Cloning into bare repository '/workspace/cache/git-repos/https%3A%2F%2Fgithub.com%2Fpedrohba1%2Faoc-2023-rust'...
[INFO] running `Command { std: "git" "rev-parse" "HEAD", kill_on_drop: false }`
[INFO] [stdout] e4224adb9c1fb9031fae0a7c551fc891f9761f3e
[INFO] testing pedrohba1/aoc-2023-rust against nightly-2025-01-18 for randomize-layout-2
[INFO] running `Command { std: "git" "clone" "/workspace/cache/git-repos/https%3A%2F%2Fgithub.com%2Fpedrohba1%2Faoc-2023-rust" "/workspace/builds/worker-1-tc1/source", kill_on_drop: false }`
[INFO] [stderr] Cloning into '/workspace/builds/worker-1-tc1/source'...
[INFO] [stderr] done.
[INFO] validating manifest of git repo https://github.com/pedrohba1/aoc-2023-rust on toolchain nightly-2025-01-18
[INFO] running `Command { std: CARGO_HOME="/workspace/cargo-home" RUSTUP_HOME="/workspace/rustup-home" "/workspace/cargo-home/bin/cargo" "+nightly-2025-01-18" "metadata" "--manifest-path" "Cargo.toml" "--no-deps", kill_on_drop: false }`
[INFO] removed /workspace/builds/worker-1-tc1/source/.cargo/config.toml
[INFO] started tweaking git repo https://github.com/pedrohba1/aoc-2023-rust
[INFO] finished tweaking git repo https://github.com/pedrohba1/aoc-2023-rust
[INFO] tweaked toml for git repo https://github.com/pedrohba1/aoc-2023-rust written to /workspace/builds/worker-1-tc1/source/Cargo.toml
[INFO] crate git repo https://github.com/pedrohba1/aoc-2023-rust already has a lockfile, it will not be regenerated
[INFO] running `Command { std: CARGO_HOME="/workspace/cargo-home" RUSTUP_HOME="/workspace/rustup-home" "/workspace/cargo-home/bin/cargo" "+nightly-2025-01-18" "fetch" "--manifest-path" "Cargo.toml", kill_on_drop: false }`
[INFO] [stderr]     Updating crates.io index
[INFO] [stderr]  Downloading crates ...
[INFO] [stderr]   Downloaded sorted-list v0.2.0
[INFO] [stderr]   Downloaded sort v0.8.5
[INFO] running `Command { std: "docker" "create" "-v" "/var/lib/crater-agent-workspace/builds/worker-1-tc1/target:/opt/rustwide/target:rw,Z" "-v" "/var/lib/crater-agent-workspace/builds/worker-1-tc1/source:/opt/rustwide/workdir:ro,Z" "-v" "/var/lib/crater-agent-workspace/cargo-home:/opt/rustwide/cargo-home:ro,Z" "-v" "/var/lib/crater-agent-workspace/rustup-home:/opt/rustwide/rustup-home:ro,Z" "-e" "SOURCE_DIR=/opt/rustwide/workdir" "-e" "CARGO_TARGET_DIR=/opt/rustwide/target" "-e" "CARGO_HOME=/opt/rustwide/cargo-home" "-e" "RUSTUP_HOME=/opt/rustwide/rustup-home" "-w" "/opt/rustwide/workdir" "-m" "1610612736" "--user" "0:0" "--network" "none" "ghcr.io/rust-lang/crates-build-env/linux@sha256:819108c5571ea2e421544af4d832f968d213c87fbe3707a016657f43d2f853bc" "/opt/rustwide/cargo-home/bin/cargo" "+nightly-2025-01-18" "metadata" "--no-deps" "--format-version=1", kill_on_drop: false }`
[INFO] [stdout] b7a420888a3087706e49d4e267bd8774656acf78fee2a1e2d0ad241c2d7be7db
[INFO] running `Command { std: "docker" "start" "-a" "b7a420888a3087706e49d4e267bd8774656acf78fee2a1e2d0ad241c2d7be7db", kill_on_drop: false }`
[INFO] running `Command { std: "docker" "inspect" "b7a420888a3087706e49d4e267bd8774656acf78fee2a1e2d0ad241c2d7be7db", kill_on_drop: false }`
[INFO] running `Command { std: "docker" "rm" "-f" "b7a420888a3087706e49d4e267bd8774656acf78fee2a1e2d0ad241c2d7be7db", kill_on_drop: false }`
[INFO] [stdout] b7a420888a3087706e49d4e267bd8774656acf78fee2a1e2d0ad241c2d7be7db
[INFO] running `Command { std: "docker" "create" "-v" "/var/lib/crater-agent-workspace/builds/worker-1-tc1/target:/opt/rustwide/target:rw,Z" "-v" "/var/lib/crater-agent-workspace/builds/worker-1-tc1/source:/opt/rustwide/workdir:ro,Z" "-v" "/var/lib/crater-agent-workspace/cargo-home:/opt/rustwide/cargo-home:ro,Z" "-v" "/var/lib/crater-agent-workspace/rustup-home:/opt/rustwide/rustup-home:ro,Z" "-e" "SOURCE_DIR=/opt/rustwide/workdir" "-e" "CARGO_TARGET_DIR=/opt/rustwide/target" "-e" "CARGO_INCREMENTAL=0" "-e" "RUST_BACKTRACE=full" "-e" "RUSTFLAGS=--cap-lints=forbid" "-e" "RUSTDOCFLAGS=--cap-lints=forbid" "-e" "CARGO_HOME=/opt/rustwide/cargo-home" "-e" "RUSTUP_HOME=/opt/rustwide/rustup-home" "-w" "/opt/rustwide/workdir" "-m" "1610612736" "--user" "0:0" "--network" "none" "ghcr.io/rust-lang/crates-build-env/linux@sha256:819108c5571ea2e421544af4d832f968d213c87fbe3707a016657f43d2f853bc" "/opt/rustwide/cargo-home/bin/cargo" "+nightly-2025-01-18" "build" "--frozen" "--message-format=json", kill_on_drop: false }`
[INFO] [stdout] e4bba55d39c41e126589693f5bf50aba59b1965bfd75e687718d3076cc6bffcc
[INFO] running `Command { std: "docker" "start" "-a" "e4bba55d39c41e126589693f5bf50aba59b1965bfd75e687718d3076cc6bffcc", kill_on_drop: false }`
[INFO] [stderr]    Compiling autocfg v1.1.0
[INFO] [stderr]    Compiling memchr v2.6.4
[INFO] [stderr]    Compiling regex-syntax v0.8.2
[INFO] [stderr]    Compiling sort v0.8.5
[INFO] [stderr]    Compiling sorted-list v0.2.0
[INFO] [stderr]    Compiling pico-args v0.5.0
[INFO] [stderr]    Compiling num-traits v0.2.17
[INFO] [stderr]    Compiling num-integer v0.1.45
[INFO] [stderr]    Compiling num-bigint v0.4.4
[INFO] [stderr]    Compiling num-rational v0.4.1
[INFO] [stderr]    Compiling num-iter v0.1.43
[INFO] [stderr]    Compiling aho-corasick v1.1.2
[INFO] [stderr]    Compiling num-complex v0.4.4
[INFO] [stderr]    Compiling regex-automata v0.4.3
[INFO] [stderr]    Compiling num v0.4.1
[INFO] [stderr]    Compiling regex v1.10.2
[INFO] [stderr]    Compiling advent_of_code v0.9.4 (/opt/rustwide/workdir)
[INFO] [stdout] warning: unnecessary parentheses around type
[INFO] [stdout]    --> src/bin/11.rs:167:26
[INFO] [stdout]     |
[INFO] [stdout] 167 | fn parse(input: &str) -> (Map) {
[INFO] [stdout]     |                          ^   ^
[INFO] [stdout]     |
[INFO] [stdout]     = note: `#[warn(unused_parens)]` on by default
[INFO] [stdout] help: remove these parentheses
[INFO] [stdout]     |
[INFO] [stdout] 167 - fn parse(input: &str) -> (Map) {
[INFO] [stdout] 167 + fn parse(input: &str) -> Map {
[INFO] [stdout]     |
[INFO] [stdout] 
[INFO] [stdout] 
[INFO] [stdout] warning: unused variable: `input`
[INFO] [stdout]    --> src/bin/10.rs:134:17
[INFO] [stdout]     |
[INFO] [stdout] 134 | pub fn part_two(input: &str) -> Option<u32> {
[INFO] [stdout]     |                 ^^^^^ help: if this is intentional, prefix it with an underscore: `_input`
[INFO] [stdout]     |
[INFO] [stdout]     = note: `#[warn(unused_variables)]` on by default
[INFO] [stdout] 
[INFO] [stdout] 
[INFO] [stdout] warning: method `set_dist` is never used
[INFO] [stdout]   --> src/bin/10.rs:12:12
[INFO] [stdout]    |
[INFO] [stdout] 11 | impl Point {
[INFO] [stdout]    | ---------- method in this implementation
[INFO] [stdout] 12 |     pub fn set_dist(&mut self, distance: u32) {
[INFO] [stdout]    |            ^^^^^^^^
[INFO] [stdout]    |
[INFO] [stdout]    = note: `#[warn(dead_code)]` on by default
[INFO] [stdout] 
[INFO] [stdout] 
[INFO] [stdout] warning: unreachable statement
[INFO] [stdout]    --> src/bin/11.rs:156:17
[INFO] [stdout]     |
[INFO] [stdout] 153 |                   break;
[INFO] [stdout]     |                   ----- any code following this expression is unreachable
[INFO] [stdout] ...
[INFO] [stdout] 156 | /                 acc += (val2.x as i32 - val1.x as i32).abs()
[INFO] [stdout] 157 | |                     + (val2.y as i32 - val1.y as i32).abs()
[INFO] [stdout] 158 | |                     + mul as i32 * expansion as i32;
[INFO] [stdout]     | |____________________________________________________^ unreachable statement
[INFO] [stdout]     |
[INFO] [stdout]     = note: `#[warn(unreachable_code)]` on by default
[INFO] [stdout] 
[INFO] [stdout] 
[INFO] [stdout] warning: variable `expansion` is assigned to, but never used
[INFO] [stdout]    --> src/bin/11.rs:144:25
[INFO] [stdout]     |
[INFO] [stdout] 144 |                 let mut expansion = 0;
[INFO] [stdout]     |                         ^^^^^^^^^
[INFO] [stdout]     |
[INFO] [stdout]     = note: consider using `_expansion` instead
[INFO] [stdout]     = note: `#[warn(unused_variables)]` on by default
[INFO] [stdout] 
[INFO] [stdout] 
[INFO] [stdout] warning: unused variable: `mul`
[INFO] [stdout]    --> src/bin/11.rs:123:29
[INFO] [stdout]     |
[INFO] [stdout] 123 |     fn sum_distances(&self, mul: u32) -> u32 {
[INFO] [stdout]     |                             ^^^ help: if this is intentional, prefix it with an underscore: `_mul`
[INFO] [stdout] 
[INFO] [stdout] 
[INFO] [stdout] warning: variable does not need to be mutable
[INFO] [stdout]    --> src/bin/11.rs:124:13
[INFO] [stdout]     |
[INFO] [stdout] 124 |         let mut acc = 0;
[INFO] [stdout]     |             ----^^^
[INFO] [stdout]     |             |
[INFO] [stdout]     |             help: remove this `mut`
[INFO] [stdout]     |
[INFO] [stdout]     = note: `#[warn(unused_mut)]` on by default
[INFO] [stdout] 
[INFO] [stdout] 
[INFO] [stderr]     Finished `dev` profile [unoptimized + debuginfo] target(s) in 21.76s
[INFO] running `Command { std: "docker" "inspect" "e4bba55d39c41e126589693f5bf50aba59b1965bfd75e687718d3076cc6bffcc", kill_on_drop: false }`
[INFO] running `Command { std: "docker" "rm" "-f" "e4bba55d39c41e126589693f5bf50aba59b1965bfd75e687718d3076cc6bffcc", kill_on_drop: false }`
[INFO] [stdout] e4bba55d39c41e126589693f5bf50aba59b1965bfd75e687718d3076cc6bffcc
[INFO] running `Command { std: "docker" "create" "-v" "/var/lib/crater-agent-workspace/builds/worker-1-tc1/target:/opt/rustwide/target:rw,Z" "-v" "/var/lib/crater-agent-workspace/builds/worker-1-tc1/source:/opt/rustwide/workdir:ro,Z" "-v" "/var/lib/crater-agent-workspace/cargo-home:/opt/rustwide/cargo-home:ro,Z" "-v" "/var/lib/crater-agent-workspace/rustup-home:/opt/rustwide/rustup-home:ro,Z" "-e" "SOURCE_DIR=/opt/rustwide/workdir" "-e" "CARGO_TARGET_DIR=/opt/rustwide/target" "-e" "CARGO_INCREMENTAL=0" "-e" "RUST_BACKTRACE=full" "-e" "RUSTFLAGS=--cap-lints=forbid" "-e" "RUSTDOCFLAGS=--cap-lints=forbid" "-e" "CARGO_HOME=/opt/rustwide/cargo-home" "-e" "RUSTUP_HOME=/opt/rustwide/rustup-home" "-w" "/opt/rustwide/workdir" "-m" "1610612736" "--user" "0:0" "--network" "none" "ghcr.io/rust-lang/crates-build-env/linux@sha256:819108c5571ea2e421544af4d832f968d213c87fbe3707a016657f43d2f853bc" "/opt/rustwide/cargo-home/bin/cargo" "+nightly-2025-01-18" "test" "--frozen" "--no-run" "--message-format=json", kill_on_drop: false }`
[INFO] [stdout] 4d12cab3cbbed74a3a78c6e87a6ea33d2f50f548226519d52757d9b6565b5ef2
[INFO] running `Command { std: "docker" "start" "-a" "4d12cab3cbbed74a3a78c6e87a6ea33d2f50f548226519d52757d9b6565b5ef2", kill_on_drop: false }`
[INFO] [stderr]    Compiling advent_of_code v0.9.4 (/opt/rustwide/workdir)
[INFO] [stdout] warning: unnecessary parentheses around type
[INFO] [stdout]    --> src/bin/11.rs:167:26
[INFO] [stdout]     |
[INFO] [stdout] 167 | fn parse(input: &str) -> (Map) {
[INFO] [stdout]     |                          ^   ^
[INFO] [stdout]     |
[INFO] [stdout]     = note: `#[warn(unused_parens)]` on by default
[INFO] [stdout] help: remove these parentheses
[INFO] [stdout]     |
[INFO] [stdout] 167 - fn parse(input: &str) -> (Map) {
[INFO] [stdout] 167 + fn parse(input: &str) -> Map {
[INFO] [stdout]     |
[INFO] [stdout] 
[INFO] [stdout] 
[INFO] [stdout] warning: unreachable statement
[INFO] [stdout]    --> src/bin/11.rs:156:17
[INFO] [stdout]     |
[INFO] [stdout] 153 |                   break;
[INFO] [stdout]     |                   ----- any code following this expression is unreachable
[INFO] [stdout] ...
[INFO] [stdout] 156 | /                 acc += (val2.x as i32 - val1.x as i32).abs()
[INFO] [stdout] 157 | |                     + (val2.y as i32 - val1.y as i32).abs()
[INFO] [stdout] 158 | |                     + mul as i32 * expansion as i32;
[INFO] [stdout]     | |____________________________________________________^ unreachable statement
[INFO] [stdout]     |
[INFO] [stdout]     = note: `#[warn(unreachable_code)]` on by default
[INFO] [stdout] 
[INFO] [stdout] 
[INFO] [stdout] warning: variable `expansion` is assigned to, but never used
[INFO] [stdout]    --> src/bin/11.rs:144:25
[INFO] [stdout]     |
[INFO] [stdout] 144 |                 let mut expansion = 0;
[INFO] [stdout]     |                         ^^^^^^^^^
[INFO] [stdout]     |
[INFO] [stdout]     = note: consider using `_expansion` instead
[INFO] [stdout]     = note: `#[warn(unused_variables)]` on by default
[INFO] [stdout] 
[INFO] [stdout] 
[INFO] [stdout] warning: unused variable: `mul`
[INFO] [stdout]    --> src/bin/11.rs:123:29
[INFO] [stdout]     |
[INFO] [stdout] 123 |     fn sum_distances(&self, mul: u32) -> u32 {
[INFO] [stdout]     |                             ^^^ help: if this is intentional, prefix it with an underscore: `_mul`
[INFO] [stdout] 
[INFO] [stdout] 
[INFO] [stdout] warning: variable does not need to be mutable
[INFO] [stdout]    --> src/bin/11.rs:124:13
[INFO] [stdout]     |
[INFO] [stdout] 124 |         let mut acc = 0;
[INFO] [stdout]     |             ----^^^
[INFO] [stdout]     |             |
[INFO] [stdout]     |             help: remove this `mut`
[INFO] [stdout]     |
[INFO] [stdout]     = note: `#[warn(unused_mut)]` on by default
[INFO] [stdout] 
[INFO] [stdout] 
[INFO] [stdout] warning: unused variable: `input`
[INFO] [stdout]    --> src/bin/10.rs:134:17
[INFO] [stdout]     |
[INFO] [stdout] 134 | pub fn part_two(input: &str) -> Option<u32> {
[INFO] [stdout]     |                 ^^^^^ help: if this is intentional, prefix it with an underscore: `_input`
[INFO] [stdout]     |
[INFO] [stdout]     = note: `#[warn(unused_variables)]` on by default
[INFO] [stdout] 
[INFO] [stdout] 
[INFO] [stdout] warning: method `set_dist` is never used
[INFO] [stdout]   --> src/bin/10.rs:12:12
[INFO] [stdout]    |
[INFO] [stdout] 11 | impl Point {
[INFO] [stdout]    | ---------- method in this implementation
[INFO] [stdout] 12 |     pub fn set_dist(&mut self, distance: u32) {
[INFO] [stdout]    |            ^^^^^^^^
[INFO] [stdout]    |
[INFO] [stdout]    = note: `#[warn(dead_code)]` on by default
[INFO] [stdout] 
[INFO] [stdout] 
[INFO] [stderr]     Finished `test` profile [unoptimized + debuginfo] target(s) in 2.68s
[INFO] running `Command { std: "docker" "inspect" "4d12cab3cbbed74a3a78c6e87a6ea33d2f50f548226519d52757d9b6565b5ef2", kill_on_drop: false }`
[INFO] running `Command { std: "docker" "rm" "-f" "4d12cab3cbbed74a3a78c6e87a6ea33d2f50f548226519d52757d9b6565b5ef2", kill_on_drop: false }`
[INFO] [stdout] 4d12cab3cbbed74a3a78c6e87a6ea33d2f50f548226519d52757d9b6565b5ef2
[INFO] running `Command { std: "docker" "create" "-v" "/var/lib/crater-agent-workspace/builds/worker-1-tc1/target:/opt/rustwide/target:rw,Z" "-v" "/var/lib/crater-agent-workspace/builds/worker-1-tc1/source:/opt/rustwide/workdir:ro,Z" "-v" "/var/lib/crater-agent-workspace/cargo-home:/opt/rustwide/cargo-home:ro,Z" "-v" "/var/lib/crater-agent-workspace/rustup-home:/opt/rustwide/rustup-home:ro,Z" "-e" "SOURCE_DIR=/opt/rustwide/workdir" "-e" "CARGO_TARGET_DIR=/opt/rustwide/target" "-e" "CARGO_INCREMENTAL=0" "-e" "RUST_BACKTRACE=full" "-e" "RUSTFLAGS=--cap-lints=forbid" "-e" "RUSTDOCFLAGS=--cap-lints=forbid" "-e" "CARGO_HOME=/opt/rustwide/cargo-home" "-e" "RUSTUP_HOME=/opt/rustwide/rustup-home" "-w" "/opt/rustwide/workdir" "-m" "1610612736" "--user" "0:0" "--network" "none" "ghcr.io/rust-lang/crates-build-env/linux@sha256:819108c5571ea2e421544af4d832f968d213c87fbe3707a016657f43d2f853bc" "/opt/rustwide/cargo-home/bin/cargo" "+nightly-2025-01-18" "test" "--frozen", kill_on_drop: false }`
[INFO] [stdout] b122513e5f844aea8b94b533ff8c7d0f180174008afc5060f739beb15674529c
[INFO] running `Command { std: "docker" "start" "-a" "b122513e5f844aea8b94b533ff8c7d0f180174008afc5060f739beb15674529c", kill_on_drop: false }`
[INFO] [stderr] warning: unnecessary parentheses around type
[INFO] [stderr]    --> src/bin/11.rs:167:26
[INFO] [stderr]     |
[INFO] [stderr] 167 | fn parse(input: &str) -> (Map) {
[INFO] [stderr]     |                          ^   ^
[INFO] [stderr]     |
[INFO] [stderr]     = note: `#[warn(unused_parens)]` on by default
[INFO] [stderr] help: remove these parentheses
[INFO] [stderr]     |
[INFO] [stderr] 167 - fn parse(input: &str) -> (Map) {
[INFO] [stderr] 167 + fn parse(input: &str) -> Map {
[INFO] [stderr]     |
[INFO] [stderr] 
[INFO] [stderr] warning: unreachable statement
[INFO] [stderr]    --> src/bin/11.rs:156:17
[INFO] [stderr]     |
[INFO] [stderr] 153 |                   break;
[INFO] [stderr]     |                   ----- any code following this expression is unreachable
[INFO] [stderr] ...
[INFO] [stderr] 156 | /                 acc += (val2.x as i32 - val1.x as i32).abs()
[INFO] [stderr] 157 | |                     + (val2.y as i32 - val1.y as i32).abs()
[INFO] [stderr] 158 | |                     + mul as i32 * expansion as i32;
[INFO] [stderr]     | |____________________________________________________^ unreachable statement
[INFO] [stderr]     |
[INFO] [stderr]     = note: `#[warn(unreachable_code)]` on by default
[INFO] [stderr] 
[INFO] [stderr] warning: variable `expansion` is assigned to, but never used
[INFO] [stderr]    --> src/bin/11.rs:144:25
[INFO] [stderr]     |
[INFO] [stderr] 144 |                 let mut expansion = 0;
[INFO] [stderr]     |                         ^^^^^^^^^
[INFO] [stderr]     |
[INFO] [stderr]     = note: consider using `_expansion` instead
[INFO] [stderr]     = note: `#[warn(unused_variables)]` on by default
[INFO] [stderr] 
[INFO] [stderr] warning: unused variable: `mul`
[INFO] [stderr]    --> src/bin/11.rs:123:29
[INFO] [stderr]     |
[INFO] [stderr] 123 |     fn sum_distances(&self, mul: u32) -> u32 {
[INFO] [stderr]     |                             ^^^ help: if this is intentional, prefix it with an underscore: `_mul`
[INFO] [stderr] 
[INFO] [stderr] warning: variable does not need to be mutable
[INFO] [stderr]    --> src/bin/11.rs:124:13
[INFO] [stderr]     |
[INFO] [stderr] 124 |         let mut acc = 0;
[INFO] [stderr]     |             ----^^^
[INFO] [stderr]     |             |
[INFO] [stderr]     |             help: remove this `mut`
[INFO] [stderr]     |
[INFO] [stderr]     = note: `#[warn(unused_mut)]` on by default
[INFO] [stderr] 
[INFO] [stderr] warning: unused variable: `input`
[INFO] [stderr]    --> src/bin/10.rs:134:17
[INFO] [stderr]     |
[INFO] [stderr] 134 | pub fn part_two(input: &str) -> Option<u32> {
[INFO] [stderr]     |                 ^^^^^ help: if this is intentional, prefix it with an underscore: `_input`
[INFO] [stderr]     |
[INFO] [stderr]     = note: `#[warn(unused_variables)]` on by default
[INFO] [stderr] 
[INFO] [stderr] warning: method `set_dist` is never used
[INFO] [stderr]   --> src/bin/10.rs:12:12
[INFO] [stderr]    |
[INFO] [stderr] 11 | impl Point {
[INFO] [stderr]    | ---------- method in this implementation
[INFO] [stderr] 12 |     pub fn set_dist(&mut self, distance: u32) {
[INFO] [stderr]    |            ^^^^^^^^
[INFO] [stderr]    |
[INFO] [stderr]    = note: `#[warn(dead_code)]` on by default
[INFO] [stderr] 
[INFO] [stderr] warning: `advent_of_code` (bin "11" test) generated 5 warnings (run `cargo fix --bin "11" --tests` to apply 2 suggestions)
[INFO] [stderr] warning: `advent_of_code` (bin "10" test) generated 2 warnings
[INFO] [stderr]     Finished `test` profile [unoptimized + debuginfo] target(s) in 0.04s
[INFO] [stderr]      Running unittests src/lib.rs (/opt/rustwide/target/debug/deps/advent_of_code-01ff12b530522ab7)
[INFO] [stdout] 
[INFO] [stdout] running 0 tests
[INFO] [stdout] 
[INFO] [stdout] test result: ok. 0 passed; 0 failed; 0 ignored; 0 measured; 0 filtered out; finished in 0.00s
[INFO] [stdout] 
[INFO] [stderr]      Running unittests src/bin/07.rs (/opt/rustwide/target/debug/deps/07-bddcfd373fc9e21b)
[INFO] [stdout] 
[INFO] [stdout] running 2 tests
[INFO] [stdout] test tests::test_part_one ... ok
[INFO] [stdout] test tests::test_part_two ... ok
[INFO] [stdout] 
[INFO] [stdout] test result: ok. 2 passed; 0 failed; 0 ignored; 0 measured; 0 filtered out; finished in 0.00s
[INFO] [stdout] 
[INFO] [stderr]      Running unittests src/bin/08.rs (/opt/rustwide/target/debug/deps/08-87c5bd6158ddedf4)
[INFO] [stdout] 
[INFO] [stdout] running 2 tests
[INFO] [stdout] test tests::test_part_two ... ok
[INFO] [stdout] test tests::test_part_one ... ok
[INFO] [stdout] 
[INFO] [stdout] test result: ok. 2 passed; 0 failed; 0 ignored; 0 measured; 0 filtered out; finished in 0.06s
[INFO] [stdout] 
[INFO] [stderr]      Running unittests src/bin/09.rs (/opt/rustwide/target/debug/deps/09-0eac7b9361fac6b5)
[INFO] [stdout] 
[INFO] [stdout] running 2 tests
[INFO] [stdout] test tests::test_part_two ... ok
[INFO] [stderr]      Running unittests src/bin/10.rs (/opt/rustwide/target/debug/deps/10-2960ad8630693e28)
[INFO] [stdout] test tests::test_part_one ... ok
[INFO] [stdout] 
[INFO] [stdout] test result: ok. 2 passed; 0 failed; 0 ignored; 0 measured; 0 filtered out; finished in 0.05s
[INFO] [stdout] 
[INFO] [stdout] 
[INFO] [stdout] running 2 tests
[INFO] [stdout] test tests::test_part_one ... ok
[INFO] [stdout] test tests::test_part_two ... ok
[INFO] [stdout] 
[INFO] [stdout] test result: ok. 2 passed; 0 failed; 0 ignored; 0 measured; 0 filtered out; finished in 0.01s
[INFO] [stdout] 
[INFO] [stderr]      Running unittests src/bin/11.rs (/opt/rustwide/target/debug/deps/11-696f26f3e739eb38)
[INFO] [stdout] 
[INFO] [stdout] running 2 tests
[INFO] [stdout] test tests::test_part_two ... FAILED
[INFO] [stdout] test tests::test_part_one ... FAILED
[INFO] [stdout] 
[INFO] [stdout] failures:
[INFO] [stdout] 
[INFO] [stdout] ---- tests::test_part_two stdout ----
[INFO] [stdout] max w, 9 max_h, 9
[INFO] [stdout] ...*#..*...*.
[INFO] [stdout] ...*...*.#.*.
[INFO] [stdout] #..*...*...*.
[INFO] [stdout] ...*...*...*.
[INFO] [stdout] *************
[INFO] [stdout] ...*...*#..*.
[INFO] [stdout] .#.*...*...*.
[INFO] [stdout] ...*...*...*#
[INFO] [stdout] ...*...*...*.
[INFO] [stdout] *************
[INFO] [stdout] ...*...*.#.*.
[INFO] [stdout] #..*.#.*...*.
[INFO] [stdout] val1  Key { x: 4, y: 0 } val 2Key { x: 12, y: 7 }
[INFO] [stdout] expasion at Key { x: 12, y: 4 }
[INFO] [stdout] expasion at Key { x: 7, y: 0 }
[INFO] [stdout] expasion at Key { x: 11, y: 0 }
[INFO] [stdout] val1  Key { x: 12, y: 7 } val 2Key { x: 4, y: 0 }
[INFO] [stdout] expasion at Key { x: 7, y: 7 }
[INFO] [stdout] expasion at Key { x: 11, y: 7 }
[INFO] [stdout] expasion at Key { x: 4, y: 4 }
[INFO] [stdout] val1  Key { x: 9, y: 1 } val 2Key { x: 4, y: 0 }
[INFO] [stdout] expasion at Key { x: 7, y: 1 }
[INFO] [stdout] val1  Key { x: 9, y: 10 } val 2Key { x: 4, y: 0 }
[INFO] [stdout] expasion at Key { x: 4, y: 9 }
[INFO] [stdout] expasion at Key { x: 7, y: 10 }
[INFO] [stdout] expasion at Key { x: 4, y: 4 }
[INFO] [stdout] val1  Key { x: 0, y: 2 } val 2Key { x: 4, y: 0 }
[INFO] [stdout] expasion at Key { x: 3, y: 2 }
[INFO] [stdout] val1  Key { x: 8, y: 5 } val 2Key { x: 4, y: 0 }
[INFO] [stdout] expasion at Key { x: 4, y: 4 }
[INFO] [stdout] expasion at Key { x: 7, y: 5 }
[INFO] [stdout] val1  Key { x: 0, y: 11 } val 2Key { x: 4, y: 0 }
[INFO] [stdout] expasion at Key { x: 4, y: 9 }
[INFO] [stdout] expasion at Key { x: 3, y: 11 }
[INFO] [stdout] expasion at Key { x: 4, y: 4 }
[INFO] [stdout] val1  Key { x: 1, y: 6 } val 2Key { x: 4, y: 0 }
[INFO] [stdout] expasion at Key { x: 3, y: 6 }
[INFO] [stdout] expasion at Key { x: 4, y: 4 }
[INFO] [stdout] val1  Key { x: 5, y: 11 } val 2Key { x: 4, y: 0 }
[INFO] [stdout] expasion at Key { x: 4, y: 9 }
[INFO] [stdout] expasion at Key { x: 4, y: 4 }
[INFO] [stdout] 
[INFO] [stdout] thread 'tests::test_part_two' panicked at src/bin/11.rs:222:9:
[INFO] [stdout] assertion `left == right` failed
[INFO] [stdout]   left: Some(0)
[INFO] [stdout]  right: Some(1030)
[INFO] [stdout] stack backtrace:
[INFO] [stdout]    0:     0x5c4b6db62b8a - std::backtrace_rs::backtrace::libunwind::trace::hb059275cfc8d6126
[INFO] [stdout]                                at /rustc/6067b36314ab5eb2eb47cecc464545ba58e1ad24/library/std/src/../../backtrace/src/backtrace/libunwind.rs:116:5
[INFO] [stdout]    1:     0x5c4b6db62b8a - std::backtrace_rs::backtrace::trace_unsynchronized::h2da071e4327ce3ee
[INFO] [stdout]                                at /rustc/6067b36314ab5eb2eb47cecc464545ba58e1ad24/library/std/src/../../backtrace/src/backtrace/mod.rs:66:5
[INFO] [stdout]    2:     0x5c4b6db62b8a - std::sys::backtrace::_print_fmt::h842a1474e6f8d23f
[INFO] [stdout]                                at /rustc/6067b36314ab5eb2eb47cecc464545ba58e1ad24/library/std/src/sys/backtrace.rs:66:9
[INFO] [stdout]    3:     0x5c4b6db62b8a - <std::sys::backtrace::BacktraceLock::print::DisplayBacktrace as core::fmt::Display>::fmt::h71a62eb3b9696b12
[INFO] [stdout]                                at /rustc/6067b36314ab5eb2eb47cecc464545ba58e1ad24/library/std/src/sys/backtrace.rs:39:26
[INFO] [stdout]    4:     0x5c4b6db8a1c3 - core::fmt::rt::Argument::fmt::hdb6b616786b41dc1
[INFO] [stdout]                                at /rustc/6067b36314ab5eb2eb47cecc464545ba58e1ad24/library/core/src/fmt/rt.rs:177:76
[INFO] [stdout]    5:     0x5c4b6db8a1c3 - core::fmt::write::h2cc1698af7e2d686
[INFO] [stdout]                                at /rustc/6067b36314ab5eb2eb47cecc464545ba58e1ad24/library/core/src/fmt/mod.rs:1440:21
[INFO] [stdout]    6:     0x5c4b6db5f543 - std::io::Write::write_fmt::hab1b4cd059a79022
[INFO] [stdout]                                at /rustc/6067b36314ab5eb2eb47cecc464545ba58e1ad24/library/std/src/io/mod.rs:1887:15
[INFO] [stdout]    7:     0x5c4b6db629d2 - std::sys::backtrace::BacktraceLock::print::h147fe35b4ea13b08
[INFO] [stdout]                                at /rustc/6067b36314ab5eb2eb47cecc464545ba58e1ad24/library/std/src/sys/backtrace.rs:42:9
[INFO] [stdout]    8:     0x5c4b6db63faf - std::panicking::default_hook::{{closure}}::hbd44223dbdc0d208
[INFO] [stdout]                                at /rustc/6067b36314ab5eb2eb47cecc464545ba58e1ad24/library/std/src/panicking.rs:298:22
[INFO] [stdout]    9:     0x5c4b6db63dc8 - std::panicking::default_hook::h20f81eb0576efcec
[INFO] [stdout]                                at /rustc/6067b36314ab5eb2eb47cecc464545ba58e1ad24/library/std/src/panicking.rs:322:9
[INFO] [stdout]   10:     0x5c4b6db295a3 - <alloc::boxed::Box<F,A> as core::ops::function::Fn<Args>>::call::hdb53814c496a4d34
[INFO] [stdout]                                at /rustc/6067b36314ab5eb2eb47cecc464545ba58e1ad24/library/alloc/src/boxed.rs:2027:9
[INFO] [stdout]   11:     0x5c4b6db295a3 - test::test_main::{{closure}}::hc0a4963c59427c24
[INFO] [stdout]                                at /rustc/6067b36314ab5eb2eb47cecc464545ba58e1ad24/library/test/src/lib.rs:134:21
[INFO] [stdout]   12:     0x5c4b6db64aa3 - <alloc::boxed::Box<F,A> as core::ops::function::Fn<Args>>::call::h591b2225413a77e9
[INFO] [stdout]                                at /rustc/6067b36314ab5eb2eb47cecc464545ba58e1ad24/library/alloc/src/boxed.rs:2027:9
[INFO] [stdout]   13:     0x5c4b6db64aa3 - std::panicking::rust_panic_with_hook::h625eea43051b2edc
[INFO] [stdout]                                at /rustc/6067b36314ab5eb2eb47cecc464545ba58e1ad24/library/std/src/panicking.rs:839:13
[INFO] [stdout]   14:     0x5c4b6db6475a - std::panicking::begin_panic_handler::{{closure}}::h4f9159cfbc3f6bd3
[INFO] [stdout]                                at /rustc/6067b36314ab5eb2eb47cecc464545ba58e1ad24/library/std/src/panicking.rs:704:13
[INFO] [stdout]   15:     0x5c4b6db63089 - std::sys::backtrace::__rust_end_short_backtrace::h0390abce48353151
[INFO] [stdout]                                at /rustc/6067b36314ab5eb2eb47cecc464545ba58e1ad24/library/std/src/sys/backtrace.rs:168:18
[INFO] [stdout]   16:     0x5c4b6db643ed - rust_begin_unwind
[INFO] [stdout]                                at /rustc/6067b36314ab5eb2eb47cecc464545ba58e1ad24/library/std/src/panicking.rs:695:5
[INFO] [stdout]   17:     0x5c4b6db88c70 - core::panicking::panic_fmt::h9e7c637e9e5f29c9
[INFO] [stdout]                                at /rustc/6067b36314ab5eb2eb47cecc464545ba58e1ad24/library/core/src/panicking.rs:75:14
[INFO] [stdout]   18:     0x5c4b6db88f92 - core::panicking::assert_failed_inner::h538bec7c1374cd9c
[INFO] [stdout]   19:     0x5c4b6daeece8 - core::panicking::assert_failed::h32aac7a3ae70e618
[INFO] [stdout]                                at /rustc/6067b36314ab5eb2eb47cecc464545ba58e1ad24/library/core/src/panicking.rs:364:5
[INFO] [stdout]   20:     0x5c4b6daec35a - _11::tests::test_part_two::he7806954ebdc0f2d
[INFO] [stdout]                                at /opt/rustwide/workdir/src/bin/11.rs:222:9
[INFO] [stdout]   21:     0x5c4b6daec247 - _11::tests::test_part_two::{{closure}}::ha40d6497f9121988
[INFO] [stdout]                                at /opt/rustwide/workdir/src/bin/11.rs:220:23
[INFO] [stdout]   22:     0x5c4b6daed8f6 - core::ops::function::FnOnce::call_once::h29f9c54f543b4152
[INFO] [stdout]                                at /rustc/6067b36314ab5eb2eb47cecc464545ba58e1ad24/library/core/src/ops/function.rs:250:5
[INFO] [stdout]   23:     0x5c4b6db2ecfb - core::ops::function::FnOnce::call_once::he27718dfdd183f43
[INFO] [stdout]                                at /rustc/6067b36314ab5eb2eb47cecc464545ba58e1ad24/library/core/src/ops/function.rs:250:5
[INFO] [stdout]   24:     0x5c4b6db2ecfb - test::__rust_begin_short_backtrace::h4e84902998457a5d
[INFO] [stdout]                                at /rustc/6067b36314ab5eb2eb47cecc464545ba58e1ad24/library/test/src/lib.rs:632:18
[INFO] [stdout]   25:     0x5c4b6db2dc33 - test::run_test_in_process::{{closure}}::h7176fd18fc1feca0
[INFO] [stdout]                                at /rustc/6067b36314ab5eb2eb47cecc464545ba58e1ad24/library/test/src/lib.rs:655:60
[INFO] [stdout]   26:     0x5c4b6db2dc33 - <core::panic::unwind_safe::AssertUnwindSafe<F> as core::ops::function::FnOnce<()>>::call_once::hf79cff2a624d8cf7
[INFO] [stdout]                                at /rustc/6067b36314ab5eb2eb47cecc464545ba58e1ad24/library/core/src/panic/unwind_safe.rs:272:9
[INFO] [stdout]   27:     0x5c4b6db2dc33 - std::panicking::try::do_call::h3da0561d9ab99c25
[INFO] [stdout]                                at /rustc/6067b36314ab5eb2eb47cecc464545ba58e1ad24/library/std/src/panicking.rs:587:40
[INFO] [stdout]   28:     0x5c4b6db2dc33 - std::panicking::try::h41c9fa508bc61df6
[INFO] [stdout]                                at /rustc/6067b36314ab5eb2eb47cecc464545ba58e1ad24/library/std/src/panicking.rs:550:19
[INFO] [stdout]   29:     0x5c4b6db2dc33 - std::panic::catch_unwind::h6b3ff07bb5afad93
[INFO] [stdout]                                at /rustc/6067b36314ab5eb2eb47cecc464545ba58e1ad24/library/std/src/panic.rs:358:14
[INFO] [stdout]   30:     0x5c4b6db2dc33 - test::run_test_in_process::hc7253dd11b39b9f4
[INFO] [stdout]                                at /rustc/6067b36314ab5eb2eb47cecc464545ba58e1ad24/library/test/src/lib.rs:655:27
[INFO] [stdout]   31:     0x5c4b6db2dc33 - test::run_test::{{closure}}::hfb2007f8649c30bb
[INFO] [stdout]                                at /rustc/6067b36314ab5eb2eb47cecc464545ba58e1ad24/library/test/src/lib.rs:576:43
[INFO] [stdout]   32:     0x5c4b6daf0d15 - test::run_test::{{closure}}::h56a17aa7a282a9f4
[INFO] [stdout]                                at /rustc/6067b36314ab5eb2eb47cecc464545ba58e1ad24/library/test/src/lib.rs:606:41
[INFO] [stdout]   33:     0x5c4b6daf0d15 - std::sys::backtrace::__rust_begin_short_backtrace::hd2d2d2fb8e8c6aac
[INFO] [stdout]                                at /rustc/6067b36314ab5eb2eb47cecc464545ba58e1ad24/library/std/src/sys/backtrace.rs:152:18
[INFO] [stdout]   34:     0x5c4b6daf45fa - std::thread::Builder::spawn_unchecked_::{{closure}}::{{closure}}::h4faa3f9db6133423
[INFO] [stdout]                                at /rustc/6067b36314ab5eb2eb47cecc464545ba58e1ad24/library/std/src/thread/mod.rs:559:17
[INFO] [stdout]   35:     0x5c4b6daf45fa - <core::panic::unwind_safe::AssertUnwindSafe<F> as core::ops::function::FnOnce<()>>::call_once::hf2e855a36a4ea846
[INFO] [stdout]                                at /rustc/6067b36314ab5eb2eb47cecc464545ba58e1ad24/library/core/src/panic/unwind_safe.rs:272:9
[INFO] [stdout]   36:     0x5c4b6daf45fa - std::panicking::try::do_call::h2f73af3616c35465
[INFO] [stdout]                                at /rustc/6067b36314ab5eb2eb47cecc464545ba58e1ad24/library/std/src/panicking.rs:587:40
[INFO] [stdout]   37:     0x5c4b6daf45fa - std::panicking::try::hd1660ce9efadef5a
[INFO] [stdout]                                at /rustc/6067b36314ab5eb2eb47cecc464545ba58e1ad24/library/std/src/panicking.rs:550:19
[INFO] [stdout]   38:     0x5c4b6daf45fa - std::panic::catch_unwind::h5ee8d7823b8ca744
[INFO] [stdout]                                at /rustc/6067b36314ab5eb2eb47cecc464545ba58e1ad24/library/std/src/panic.rs:358:14
[INFO] [stdout]   39:     0x5c4b6daf45fa - std::thread::Builder::spawn_unchecked_::{{closure}}::h53c3a1894dce8407
[INFO] [stdout]                                at /rustc/6067b36314ab5eb2eb47cecc464545ba58e1ad24/library/std/src/thread/mod.rs:557:30
[INFO] [stdout]   40:     0x5c4b6daf45fa - core::ops::function::FnOnce::call_once{{vtable.shim}}::h048ce291ad4f62bf
[INFO] [stdout]                                at /rustc/6067b36314ab5eb2eb47cecc464545ba58e1ad24/library/core/src/ops/function.rs:250:5
[INFO] [stdout]   41:     0x5c4b6db689db - <alloc::boxed::Box<F,A> as core::ops::function::FnOnce<Args>>::call_once::ha52bedf99a3b4981
[INFO] [stdout]                                at /rustc/6067b36314ab5eb2eb47cecc464545ba58e1ad24/library/alloc/src/boxed.rs:2013:9
[INFO] [stdout]   42:     0x5c4b6db689db - <alloc::boxed::Box<F,A> as core::ops::function::FnOnce<Args>>::call_once::h567748934d80ccf8
[INFO] [stdout]                                at /rustc/6067b36314ab5eb2eb47cecc464545ba58e1ad24/library/alloc/src/boxed.rs:2013:9
[INFO] [stdout]   43:     0x5c4b6db689db - std::sys::pal::unix::thread::Thread::new::thread_start::h2d970728ae887adc
[INFO] [stdout]                                at /rustc/6067b36314ab5eb2eb47cecc464545ba58e1ad24/library/std/src/sys/pal/unix/thread.rs:106:17
[INFO] [stdout]   44:     0x7a32e4675ac3 - <unknown>
[INFO] [stdout]   45:     0x7a32e4706a04 - clone
[INFO] [stdout]   46:                0x0 - <unknown>
[INFO] [stdout] 
[INFO] [stdout] ---- tests::test_part_one stdout ----
[INFO] [stdout] max w, 9 max_h, 9
[INFO] [stdout] val1  Key { x: 9, y: 1 } val 2Key { x: 12, y: 7 }
[INFO] [stdout] expasion at Key { x: 11, y: 1 }
[INFO] [stdout] expasion at Key { x: 12, y: 4 }
[INFO] [stdout] val1  Key { x: 12, y: 7 } val 2Key { x: 9, y: 1 }
[INFO] [stdout] expasion at Key { x: 11, y: 7 }
[INFO] [stdout] expasion at Key { x: 9, y: 4 }
[INFO] [stdout] val1  Key { x: 0, y: 2 } val 2Key { x: 9, y: 1 }
[INFO] [stdout] expasion at Key { x: 7, y: 2 }
[INFO] [stdout] expasion at Key { x: 3, y: 2 }
[INFO] [stdout] val1  Key { x: 0, y: 11 } val 2Key { x: 9, y: 1 }
[INFO] [stdout] expasion at Key { x: 9, y: 4 }
[INFO] [stdout] expasion at Key { x: 3, y: 11 }
[INFO] [stdout] expasion at Key { x: 9, y: 9 }
[INFO] [stdout] expasion at Key { x: 7, y: 11 }
[INFO] [stdout] val1  Key { x: 1, y: 6 } val 2Key { x: 9, y: 1 }
[INFO] [stdout] expasion at Key { x: 3, y: 6 }
[INFO] [stdout] expasion at Key { x: 7, y: 6 }
[INFO] [stdout] expasion at Key { x: 9, y: 4 }
[INFO] [stdout] val1  Key { x: 8, y: 5 } val 2Key { x: 9, y: 1 }
[INFO] [stdout] expasion at Key { x: 9, y: 4 }
[INFO] [stdout] val1  Key { x: 5, y: 11 } val 2Key { x: 9, y: 1 }
[INFO] [stdout] expasion at Key { x: 7, y: 11 }
[INFO] [stdout] expasion at Key { x: 9, y: 4 }
[INFO] [stdout] expasion at Key { x: 9, y: 9 }
[INFO] [stdout] val1  Key { x: 4, y: 0 } val 2Key { x: 9, y: 1 }
[INFO] [stdout] expasion at Key { x: 7, y: 0 }
[INFO] [stdout] val1  Key { x: 9, y: 10 } val 2Key { x: 9, y: 1 }
[INFO] [stdout] expasion at Key { x: 9, y: 9 }
[INFO] [stdout] expasion at Key { x: 9, y: 4 }
[INFO] [stdout] 
[INFO] [stdout] thread 'tests::test_part_one' panicked at src/bin/11.rs:216:9:
[INFO] [stdout] assertion `left == right` failed
[INFO] [stdout]   left: Some(0)
[INFO] [stdout]  right: Some(374)
[INFO] [stdout] stack backtrace:
[INFO] [stdout]    0:     0x5c4b6db62b8a - std::backtrace_rs::backtrace::libunwind::trace::hb059275cfc8d6126
[INFO] [stdout]                                at /rustc/6067b36314ab5eb2eb47cecc464545ba58e1ad24/library/std/src/../../backtrace/src/backtrace/libunwind.rs:116:5
[INFO] [stdout]    1:     0x5c4b6db62b8a - std::backtrace_rs::backtrace::trace_unsynchronized::h2da071e4327ce3ee
[INFO] [stdout]                                at /rustc/6067b36314ab5eb2eb47cecc464545ba58e1ad24/library/std/src/../../backtrace/src/backtrace/mod.rs:66:5
[INFO] [stdout]    2:     0x5c4b6db62b8a - std::sys::backtrace::_print_fmt::h842a1474e6f8d23f
[INFO] [stdout]                                at /rustc/6067b36314ab5eb2eb47cecc464545ba58e1ad24/library/std/src/sys/backtrace.rs:66:9
[INFO] [stdout]    3:     0x5c4b6db62b8a - <std::sys::backtrace::BacktraceLock::print::DisplayBacktrace as core::fmt::Display>::fmt::h71a62eb3b9696b12
[INFO] [stdout]                                at /rustc/6067b36314ab5eb2eb47cecc464545ba58e1ad24/library/std/src/sys/backtrace.rs:39:26
[INFO] [stdout]    4:     0x5c4b6db8a1c3 - core::fmt::rt::Argument::fmt::hdb6b616786b41dc1
[INFO] [stdout]                                at /rustc/6067b36314ab5eb2eb47cecc464545ba58e1ad24/library/core/src/fmt/rt.rs:177:76
[INFO] [stdout]    5:     0x5c4b6db8a1c3 - core::fmt::write::h2cc1698af7e2d686
[INFO] [stdout]                                at /rustc/6067b36314ab5eb2eb47cecc464545ba58e1ad24/library/core/src/fmt/mod.rs:1440:21
[INFO] [stdout]    6:     0x5c4b6db5f543 - std::io::Write::write_fmt::hab1b4cd059a79022
[INFO] [stdout]                                at /rustc/6067b36314ab5eb2eb47cecc464545ba58e1ad24/library/std/src/io/mod.rs:1887:15
[INFO] [stdout]    7:     0x5c4b6db629d2 - std::sys::backtrace::BacktraceLock::print::h147fe35b4ea13b08
[INFO] [stdout]                                at /rustc/6067b36314ab5eb2eb47cecc464545ba58e1ad24/library/std/src/sys/backtrace.rs:42:9
[INFO] [stdout]    8:     0x5c4b6db63faf - std::panicking::default_hook::{{closure}}::hbd44223dbdc0d208
[INFO] [stdout]                                at /rustc/6067b36314ab5eb2eb47cecc464545ba58e1ad24/library/std/src/panicking.rs:298:22
[INFO] [stdout]    9:     0x5c4b6db63dc8 - std::panicking::default_hook::h20f81eb0576efcec
[INFO] [stdout]                                at /rustc/6067b36314ab5eb2eb47cecc464545ba58e1ad24/library/std/src/panicking.rs:322:9
[INFO] [stdout]   10:     0x5c4b6db295a3 - <alloc::boxed::Box<F,A> as core::ops::function::Fn<Args>>::call::hdb53814c496a4d34
[INFO] [stdout]                                at /rustc/6067b36314ab5eb2eb47cecc464545ba58e1ad24/library/alloc/src/boxed.rs:2027:9
[INFO] [stdout]   11:     0x5c4b6db295a3 - test::test_main::{{closure}}::hc0a4963c59427c24
[INFO] [stdout]                                at /rustc/6067b36314ab5eb2eb47cecc464545ba58e1ad24/library/test/src/lib.rs:134:21
[INFO] [stdout]   12:     0x5c4b6db64aa3 - <alloc::boxed::Box<F,A> as core::ops::function::Fn<Args>>::call::h591b2225413a77e9
[INFO] [stdout]                                at /rustc/6067b36314ab5eb2eb47cecc464545ba58e1ad24/library/alloc/src/boxed.rs:2027:9
[INFO] [stdout]   13:     0x5c4b6db64aa3 - std::panicking::rust_panic_with_hook::h625eea43051b2edc
[INFO] [stdout]                                at /rustc/6067b36314ab5eb2eb47cecc464545ba58e1ad24/library/std/src/panicking.rs:839:13
[INFO] [stdout]   14:     0x5c4b6db6475a - std::panicking::begin_panic_handler::{{closure}}::h4f9159cfbc3f6bd3
[INFO] [stdout]                                at /rustc/6067b36314ab5eb2eb47cecc464545ba58e1ad24/library/std/src/panicking.rs:704:13
[INFO] [stdout]   15:     0x5c4b6db63089 - std::sys::backtrace::__rust_end_short_backtrace::h0390abce48353151
[INFO] [stdout]                                at /rustc/6067b36314ab5eb2eb47cecc464545ba58e1ad24/library/std/src/sys/backtrace.rs:168:18
[INFO] [stdout]   16:     0x5c4b6db643ed - rust_begin_unwind
[INFO] [stdout]                                at /rustc/6067b36314ab5eb2eb47cecc464545ba58e1ad24/library/std/src/panicking.rs:695:5
[INFO] [stdout]   17:     0x5c4b6db88c70 - core::panicking::panic_fmt::h9e7c637e9e5f29c9
[INFO] [stdout]                                at /rustc/6067b36314ab5eb2eb47cecc464545ba58e1ad24/library/core/src/panicking.rs:75:14
[INFO] [stdout]   18:     0x5c4b6db88f92 - core::panicking::assert_failed_inner::h538bec7c1374cd9c
[INFO] [stdout]   19:     0x5c4b6daeece8 - core::panicking::assert_failed::h32aac7a3ae70e618
[INFO] [stdout]                                at /rustc/6067b36314ab5eb2eb47cecc464545ba58e1ad24/library/core/src/panicking.rs:364:5
[INFO] [stdout]   20:     0x5c4b6daec20a - _11::tests::test_part_one::h7a11d8933cabb037
[INFO] [stdout]                                at /opt/rustwide/workdir/src/bin/11.rs:216:9
[INFO] [stdout]   21:     0x5c4b6daec0f7 - _11::tests::test_part_one::{{closure}}::hb8eab162afb995b9
[INFO] [stdout]                                at /opt/rustwide/workdir/src/bin/11.rs:214:23
[INFO] [stdout]   22:     0x5c4b6daedb16 - core::ops::function::FnOnce::call_once::hbbbc2fa4cecbaaaa
[INFO] [stdout]                                at /rustc/6067b36314ab5eb2eb47cecc464545ba58e1ad24/library/core/src/ops/function.rs:250:5
[INFO] [stdout]   23:     0x5c4b6db2ecfb - core::ops::function::FnOnce::call_once::he27718dfdd183f43
[INFO] [stdout]                                at /rustc/6067b36314ab5eb2eb47cecc464545ba58e1ad24/library/core/src/ops/function.rs:250:5
[INFO] [stdout]   24:     0x5c4b6db2ecfb - test::__rust_begin_short_backtrace::h4e84902998457a5d
[INFO] [stdout]                                at /rustc/6067b36314ab5eb2eb47cecc464545ba58e1ad24/library/test/src/lib.rs:632:18
[INFO] [stdout]   25:     0x5c4b6db2dc33 - test::run_test_in_process::{{closure}}::h7176fd18fc1feca0
[INFO] [stdout]                                at /rustc/6067b36314ab5eb2eb47cecc464545ba58e1ad24/library/test/src/lib.rs:655:60
[INFO] [stdout]   26:     0x5c4b6db2dc33 - <core::panic::unwind_safe::AssertUnwindSafe<F> as core::ops::function::FnOnce<()>>::call_once::hf79cff2a624d8cf7
[INFO] [stdout]                                at /rustc/6067b36314ab5eb2eb47cecc464545ba58e1ad24/library/core/src/panic/unwind_safe.rs:272:9
[INFO] [stdout]   27:     0x5c4b6db2dc33 - std::panicking::try::do_call::h3da0561d9ab99c25
[INFO] [stdout]                                at /rustc/6067b36314ab5eb2eb47cecc464545ba58e1ad24/library/std/src/panicking.rs:587:40
[INFO] [stdout]   28:     0x5c4b6db2dc33 - std::panicking::try::h41c9fa508bc61df6
[INFO] [stdout]                                at /rustc/6067b36314ab5eb2eb47cecc464545ba58e1ad24/library/std/src/panicking.rs:550:19
[INFO] [stdout]   29:     0x5c4b6db2dc33 - std::panic::catch_unwind::h6b3ff07bb5afad93
[INFO] [stdout]                                at /rustc/6067b36314ab5eb2eb47cecc464545ba58e1ad24/library/std/src/panic.rs:358:14
[INFO] [stdout]   30:     0x5c4b6db2dc33 - test::run_test_in_process::hc7253dd11b39b9f4
[INFO] [stdout]                                at /rustc/6067b36314ab5eb2eb47cecc464545ba58e1ad24/library/test/src/lib.rs:655:27
[INFO] [stdout]   31:     0x5c4b6db2dc33 - test::run_test::{{closure}}::hfb2007f8649c30bb
[INFO] [stdout]                                at /rustc/6067b36314ab5eb2eb47cecc464545ba58e1ad24/library/test/src/lib.rs:576:43
[INFO] [stdout]   32:     0x5c4b6daf0d15 - test::run_test::{{closure}}::h56a17aa7a282a9f4
[INFO] [stdout]                                at /rustc/6067b36314ab5eb2eb47cecc464545ba58e1ad24/library/test/src/lib.rs:606:41
[INFO] [stdout]   33:     0x5c4b6daf0d15 - std::sys::backtrace::__rust_begin_short_backtrace::hd2d2d2fb8e8c6aac
[INFO] [stdout]                                at /rustc/6067b36314ab5eb2eb47cecc464545ba58e1ad24/library/std/src/sys/backtrace.rs:152:18
[INFO] [stdout]   34:     0x5c4b6daf45fa - std::thread::Builder::spawn_unchecked_::{{closure}}::{{closure}}::h4faa3f9db6133423
[INFO] [stdout]                                at /rustc/6067b36314ab5eb2eb47cecc464545ba58e1ad24/library/std/src/thread/mod.rs:559:17
[INFO] [stdout]   35:     0x5c4b6daf45fa - <core::panic::unwind_safe::AssertUnwindSafe<F> as core::ops::function::FnOnce<()>>::call_once::hf2e855a36a4ea846
[INFO] [stdout]                                at /rustc/6067b36314ab5eb2eb47cecc464545ba58e1ad24/library/core/src/panic/unwind_safe.rs:272:9
[INFO] [stdout]   36:     0x5c4b6daf45fa - std::panicking::try::do_call::h2f73af3616c35465
[INFO] [stdout]                                at /rustc/6067b36314ab5eb2eb47cecc464545ba58e1ad24/library/std/src/panicking.rs:587:40
[INFO] [stdout]   37:     0x5c4b6daf45fa - std::panicking::try::hd1660ce9efadef5a
[INFO] [stdout]                                at /rustc/6067b36314ab5eb2eb47cecc464545ba58e1ad24/library/std/src/panicking.rs:550:19
[INFO] [stdout]   38:     0x5c4b6daf45fa - std::panic::catch_unwind::h5ee8d7823b8ca744
[INFO] [stdout]                                at /rustc/6067b36314ab5eb2eb47cecc464545ba58e1ad24/library/std/src/panic.rs:358:14
[INFO] [stdout]   39:     0x5c4b6daf45fa - std::thread::Builder::spawn_unchecked_::{{closure}}::h53c3a1894dce8407
[INFO] [stdout]                                at /rustc/6067b36314ab5eb2eb47cecc464545ba58e1ad24/library/std/src/thread/mod.rs:557:30
[INFO] [stdout]   40:     0x5c4b6daf45fa - core::ops::function::FnOnce::call_once{{vtable.shim}}::h048ce291ad4f62bf
[INFO] [stdout]                                at /rustc/6067b36314ab5eb2eb47cecc464545ba58e1ad24/library/core/src/ops/function.rs:250:5
[INFO] [stdout]   41:     0x5c4b6db689db - <alloc::boxed::Box<F,A> as core::ops::function::FnOnce<Args>>::call_once::ha52bedf99a3b4981
[INFO] [stdout]                                at /rustc/6067b36314ab5eb2eb47cecc464545ba58e1ad24/library/alloc/src/boxed.rs:2013:9
[INFO] [stdout]   42:     0x5c4b6db689db - <alloc::boxed::Box<F,A> as core::ops::function::FnOnce<Args>>::call_once::h567748934d80ccf8
[INFO] [stdout]                                at /rustc/6067b36314ab5eb2eb47cecc464545ba58e1ad24/library/alloc/src/boxed.rs:2013:9
[INFO] [stdout]   43:     0x5c4b6db689db - std::sys::pal::unix::thread::Thread::new::thread_start::h2d970728ae887adc
[INFO] [stdout]                                at /rustc/6067b36314ab5eb2eb47cecc464545ba58e1ad24/library/std/src/sys/pal/unix/thread.rs:106:17
[INFO] [stdout]   44:     0x7a32e4675ac3 - <unknown>
[INFO] [stdout]   45:     0x7a32e4706a04 - clone
[INFO] [stdout]   46:                0x0 - <unknown>
[INFO] [stdout] 
[INFO] [stdout] 
[INFO] [stdout] failures:
[INFO] [stdout]     tests::test_part_one
[INFO] [stdout]     tests::test_part_two
[INFO] [stdout] 
[INFO] [stdout] test result: FAILED. 0 passed; 2 failed; 0 ignored; 0 measured; 0 filtered out; finished in 0.03s
[INFO] [stdout] 
[INFO] [stderr] error: test failed, to rerun pass `--bin 11`
[INFO] running `Command { std: "docker" "inspect" "b122513e5f844aea8b94b533ff8c7d0f180174008afc5060f739beb15674529c", kill_on_drop: false }`
[INFO] running `Command { std: "docker" "rm" "-f" "b122513e5f844aea8b94b533ff8c7d0f180174008afc5060f739beb15674529c", kill_on_drop: false }`
[INFO] [stdout] b122513e5f844aea8b94b533ff8c7d0f180174008afc5060f739beb15674529c
