[INFO] cloning repository https://github.com/pdoms/raytrs
[INFO] running `Command { std: "git" "-c" "credential.helper=" "-c" "credential.helper=/workspace/cargo-home/bin/git-credential-null" "clone" "--bare" "https://github.com/pdoms/raytrs" "/workspace/cache/git-repos/https%3A%2F%2Fgithub.com%2Fpdoms%2Fraytrs", kill_on_drop: false }`
[INFO] [stderr] Cloning into bare repository '/workspace/cache/git-repos/https%3A%2F%2Fgithub.com%2Fpdoms%2Fraytrs'...
[INFO] running `Command { std: "git" "rev-parse" "HEAD", kill_on_drop: false }`
[INFO] [stdout] 600729d360db42a6ffe017af5762280b818622dd
[INFO] testing pdoms/raytrs against nightly-2025-01-18+rustflags=-Zrandomize-layout for randomize-layout-2
[INFO] running `Command { std: "git" "clone" "/workspace/cache/git-repos/https%3A%2F%2Fgithub.com%2Fpdoms%2Fraytrs" "/workspace/builds/worker-2-tc2/source", kill_on_drop: false }`
[INFO] [stderr] Cloning into '/workspace/builds/worker-2-tc2/source'...
[INFO] [stderr] done.
[INFO] validating manifest of git repo https://github.com/pdoms/raytrs on toolchain nightly-2025-01-18
[INFO] running `Command { std: CARGO_HOME="/workspace/cargo-home" RUSTUP_HOME="/workspace/rustup-home" "/workspace/cargo-home/bin/cargo" "+nightly-2025-01-18" "metadata" "--manifest-path" "Cargo.toml" "--no-deps", kill_on_drop: false }`
[INFO] started tweaking git repo https://github.com/pdoms/raytrs
[INFO] finished tweaking git repo https://github.com/pdoms/raytrs
[INFO] tweaked toml for git repo https://github.com/pdoms/raytrs written to /workspace/builds/worker-2-tc2/source/Cargo.toml
[INFO] crate git repo https://github.com/pdoms/raytrs already has a lockfile, it will not be regenerated
[INFO] running `Command { std: CARGO_HOME="/workspace/cargo-home" RUSTUP_HOME="/workspace/rustup-home" "/workspace/cargo-home/bin/cargo" "+nightly-2025-01-18" "fetch" "--manifest-path" "Cargo.toml", kill_on_drop: false }`
[INFO] running `Command { std: "docker" "create" "-v" "/var/lib/crater-agent-workspace/builds/worker-2-tc2/target:/opt/rustwide/target:rw,Z" "-v" "/var/lib/crater-agent-workspace/builds/worker-2-tc2/source:/opt/rustwide/workdir:ro,Z" "-v" "/var/lib/crater-agent-workspace/cargo-home:/opt/rustwide/cargo-home:ro,Z" "-v" "/var/lib/crater-agent-workspace/rustup-home:/opt/rustwide/rustup-home:ro,Z" "-e" "SOURCE_DIR=/opt/rustwide/workdir" "-e" "CARGO_TARGET_DIR=/opt/rustwide/target" "-e" "CARGO_HOME=/opt/rustwide/cargo-home" "-e" "RUSTUP_HOME=/opt/rustwide/rustup-home" "-w" "/opt/rustwide/workdir" "-m" "1610612736" "--user" "0:0" "--network" "none" "ghcr.io/rust-lang/crates-build-env/linux@sha256:819108c5571ea2e421544af4d832f968d213c87fbe3707a016657f43d2f853bc" "/opt/rustwide/cargo-home/bin/cargo" "+nightly-2025-01-18" "metadata" "--no-deps" "--format-version=1", kill_on_drop: false }`
[INFO] [stdout] 71ca9538f0ace5f3f7a71b13bb21ae9e0455eaa9a2b0ff66691606523f08175b
[INFO] running `Command { std: "docker" "start" "-a" "71ca9538f0ace5f3f7a71b13bb21ae9e0455eaa9a2b0ff66691606523f08175b", kill_on_drop: false }`
[INFO] running `Command { std: "docker" "inspect" "71ca9538f0ace5f3f7a71b13bb21ae9e0455eaa9a2b0ff66691606523f08175b", kill_on_drop: false }`
[INFO] running `Command { std: "docker" "rm" "-f" "71ca9538f0ace5f3f7a71b13bb21ae9e0455eaa9a2b0ff66691606523f08175b", kill_on_drop: false }`
[INFO] [stdout] 71ca9538f0ace5f3f7a71b13bb21ae9e0455eaa9a2b0ff66691606523f08175b
[INFO] running `Command { std: "docker" "create" "-v" "/var/lib/crater-agent-workspace/builds/worker-2-tc2/target:/opt/rustwide/target:rw,Z" "-v" "/var/lib/crater-agent-workspace/builds/worker-2-tc2/source:/opt/rustwide/workdir:ro,Z" "-v" "/var/lib/crater-agent-workspace/cargo-home:/opt/rustwide/cargo-home:ro,Z" "-v" "/var/lib/crater-agent-workspace/rustup-home:/opt/rustwide/rustup-home:ro,Z" "-e" "SOURCE_DIR=/opt/rustwide/workdir" "-e" "CARGO_TARGET_DIR=/opt/rustwide/target" "-e" "CARGO_INCREMENTAL=0" "-e" "RUST_BACKTRACE=full" "-e" "RUSTFLAGS=--cap-lints=forbid -Zrandomize-layout" "-e" "RUSTDOCFLAGS=--cap-lints=forbid" "-e" "CARGO_HOME=/opt/rustwide/cargo-home" "-e" "RUSTUP_HOME=/opt/rustwide/rustup-home" "-w" "/opt/rustwide/workdir" "-m" "1610612736" "--user" "0:0" "--network" "none" "ghcr.io/rust-lang/crates-build-env/linux@sha256:819108c5571ea2e421544af4d832f968d213c87fbe3707a016657f43d2f853bc" "/opt/rustwide/cargo-home/bin/cargo" "+nightly-2025-01-18" "build" "--frozen" "--message-format=json", kill_on_drop: false }`
[INFO] [stdout] 79aebc0104f12647b0ff07efc791f94a077135447370724ef28ed491c050701f
[INFO] running `Command { std: "docker" "start" "-a" "79aebc0104f12647b0ff07efc791f94a077135447370724ef28ed491c050701f", kill_on_drop: false }`
[INFO] [stderr]    Compiling raytrs v0.1.0 (/opt/rustwide/workdir)
[INFO] [stdout] warning: unused import: `std::fmt::Write`
[INFO] [stdout]  --> src/vec3.rs:2:5
[INFO] [stdout]   |
[INFO] [stdout] 2 | use std::fmt::Write;
[INFO] [stdout]   |     ^^^^^^^^^^^^^^^
[INFO] [stdout]   |
[INFO] [stdout]   = note: `#[warn(unused_imports)]` on by default
[INFO] [stdout] 
[INFO] [stdout] 
[INFO] [stdout] warning: function `write_ppm` is never used
[INFO] [stdout]  --> src/ppm.rs:4:8
[INFO] [stdout]   |
[INFO] [stdout] 4 | pub fn write_ppm(file: &str, buf: &[&[u8]], width: usize, height: usize, max: usize) {
[INFO] [stdout]   |        ^^^^^^^^^
[INFO] [stdout]   |
[INFO] [stdout]   = note: `#[warn(dead_code)]` on by default
[INFO] [stdout] 
[INFO] [stdout] 
[INFO] [stdout] warning: multiple associated items are never used
[INFO] [stdout]   --> src/vec3.rs:12:8
[INFO] [stdout]    |
[INFO] [stdout] 11 | impl Vec3 {
[INFO] [stdout]    | --------- associated items in this implementation
[INFO] [stdout] 12 |     fn new(a: f64, b: f64, c: f64) -> Self {
[INFO] [stdout]    |        ^^^
[INFO] [stdout] ...
[INFO] [stdout] 20 |     fn write_into<W: std::io::Write>(&self, writer: &mut W) -> Result<(), std::io::Error> {
[INFO] [stdout]    |        ^^^^^^^^^^
[INFO] [stdout] ...
[INFO] [stdout] 25 |     fn x(&self) -> f64 {
[INFO] [stdout]    |        ^
[INFO] [stdout] ...
[INFO] [stdout] 29 |     fn y(&self) -> f64 {
[INFO] [stdout]    |        ^
[INFO] [stdout] ...
[INFO] [stdout] 33 |     fn z(&self) -> f64 {
[INFO] [stdout]    |        ^
[INFO] [stdout] ...
[INFO] [stdout] 37 |     fn r(&self) -> f64 {
[INFO] [stdout]    |        ^
[INFO] [stdout] ...
[INFO] [stdout] 41 |     fn g(&self) -> f64 {
[INFO] [stdout]    |        ^
[INFO] [stdout] ...
[INFO] [stdout] 45 |     fn b(&self) -> f64 {
[INFO] [stdout]    |        ^
[INFO] [stdout] ...
[INFO] [stdout] 49 |     fn dot(&self, v: &Self) -> f64 {
[INFO] [stdout]    |        ^^^
[INFO] [stdout] ...
[INFO] [stdout] 53 |     fn cross(&self, v: &Self) -> Self {
[INFO] [stdout]    |        ^^^^^
[INFO] [stdout] ...
[INFO] [stdout] 61 |     fn length(&self) -> f64 {
[INFO] [stdout]    |        ^^^^^^
[INFO] [stdout] ...
[INFO] [stdout] 66 |     fn length_squared(&self) -> f64 {
[INFO] [stdout]    |        ^^^^^^^^^^^^^^
[INFO] [stdout] ...
[INFO] [stdout] 70 |     fn unit_vector(&self) -> Self {
[INFO] [stdout]    |        ^^^^^^^^^^^
[INFO] [stdout] 
[INFO] [stdout] 
[INFO] [stderr]     Finished `dev` profile [unoptimized + debuginfo] target(s) in 0.45s
[INFO] running `Command { std: "docker" "inspect" "79aebc0104f12647b0ff07efc791f94a077135447370724ef28ed491c050701f", kill_on_drop: false }`
[INFO] running `Command { std: "docker" "rm" "-f" "79aebc0104f12647b0ff07efc791f94a077135447370724ef28ed491c050701f", kill_on_drop: false }`
[INFO] [stdout] 79aebc0104f12647b0ff07efc791f94a077135447370724ef28ed491c050701f
[INFO] running `Command { std: "docker" "create" "-v" "/var/lib/crater-agent-workspace/builds/worker-2-tc2/target:/opt/rustwide/target:rw,Z" "-v" "/var/lib/crater-agent-workspace/builds/worker-2-tc2/source:/opt/rustwide/workdir:ro,Z" "-v" "/var/lib/crater-agent-workspace/cargo-home:/opt/rustwide/cargo-home:ro,Z" "-v" "/var/lib/crater-agent-workspace/rustup-home:/opt/rustwide/rustup-home:ro,Z" "-e" "SOURCE_DIR=/opt/rustwide/workdir" "-e" "CARGO_TARGET_DIR=/opt/rustwide/target" "-e" "CARGO_INCREMENTAL=0" "-e" "RUST_BACKTRACE=full" "-e" "RUSTFLAGS=--cap-lints=forbid -Zrandomize-layout" "-e" "RUSTDOCFLAGS=--cap-lints=forbid" "-e" "CARGO_HOME=/opt/rustwide/cargo-home" "-e" "RUSTUP_HOME=/opt/rustwide/rustup-home" "-w" "/opt/rustwide/workdir" "-m" "1610612736" "--user" "0:0" "--network" "none" "ghcr.io/rust-lang/crates-build-env/linux@sha256:819108c5571ea2e421544af4d832f968d213c87fbe3707a016657f43d2f853bc" "/opt/rustwide/cargo-home/bin/cargo" "+nightly-2025-01-18" "test" "--frozen" "--no-run" "--message-format=json", kill_on_drop: false }`
[INFO] [stdout] 324cf80822a512325cb88b8d619f5b4ea62cec1b8f846a5866aea31b4993c234
[INFO] running `Command { std: "docker" "start" "-a" "324cf80822a512325cb88b8d619f5b4ea62cec1b8f846a5866aea31b4993c234", kill_on_drop: false }`
[INFO] [stderr]    Compiling raytrs v0.1.0 (/opt/rustwide/workdir)
[INFO] [stdout] warning: unused import: `std::fmt::Write`
[INFO] [stdout]  --> src/vec3.rs:2:5
[INFO] [stdout]   |
[INFO] [stdout] 2 | use std::fmt::Write;
[INFO] [stdout]   |     ^^^^^^^^^^^^^^^
[INFO] [stdout]   |
[INFO] [stdout]   = note: `#[warn(unused_imports)]` on by default
[INFO] [stdout] 
[INFO] [stdout] 
[INFO] [stdout] warning: multiple methods are never used
[INFO] [stdout]   --> src/vec3.rs:20:8
[INFO] [stdout]    |
[INFO] [stdout] 11 | impl Vec3 {
[INFO] [stdout]    | --------- methods in this implementation
[INFO] [stdout] ...
[INFO] [stdout] 20 |     fn write_into<W: std::io::Write>(&self, writer: &mut W) -> Result<(), std::io::Error> {
[INFO] [stdout]    |        ^^^^^^^^^^
[INFO] [stdout] ...
[INFO] [stdout] 25 |     fn x(&self) -> f64 {
[INFO] [stdout]    |        ^
[INFO] [stdout] ...
[INFO] [stdout] 29 |     fn y(&self) -> f64 {
[INFO] [stdout]    |        ^
[INFO] [stdout] ...
[INFO] [stdout] 33 |     fn z(&self) -> f64 {
[INFO] [stdout]    |        ^
[INFO] [stdout] ...
[INFO] [stdout] 37 |     fn r(&self) -> f64 {
[INFO] [stdout]    |        ^
[INFO] [stdout] ...
[INFO] [stdout] 41 |     fn g(&self) -> f64 {
[INFO] [stdout]    |        ^
[INFO] [stdout] ...
[INFO] [stdout] 45 |     fn b(&self) -> f64 {
[INFO] [stdout]    |        ^
[INFO] [stdout]    |
[INFO] [stdout]    = note: `#[warn(dead_code)]` on by default
[INFO] [stdout] 
[INFO] [stdout] 
[INFO] [stderr]     Finished `test` profile [unoptimized + debuginfo] target(s) in 0.46s
[INFO] running `Command { std: "docker" "inspect" "324cf80822a512325cb88b8d619f5b4ea62cec1b8f846a5866aea31b4993c234", kill_on_drop: false }`
[INFO] running `Command { std: "docker" "rm" "-f" "324cf80822a512325cb88b8d619f5b4ea62cec1b8f846a5866aea31b4993c234", kill_on_drop: false }`
[INFO] [stdout] 324cf80822a512325cb88b8d619f5b4ea62cec1b8f846a5866aea31b4993c234
[INFO] running `Command { std: "docker" "create" "-v" "/var/lib/crater-agent-workspace/builds/worker-2-tc2/target:/opt/rustwide/target:rw,Z" "-v" "/var/lib/crater-agent-workspace/builds/worker-2-tc2/source:/opt/rustwide/workdir:ro,Z" "-v" "/var/lib/crater-agent-workspace/cargo-home:/opt/rustwide/cargo-home:ro,Z" "-v" "/var/lib/crater-agent-workspace/rustup-home:/opt/rustwide/rustup-home:ro,Z" "-e" "SOURCE_DIR=/opt/rustwide/workdir" "-e" "CARGO_TARGET_DIR=/opt/rustwide/target" "-e" "CARGO_INCREMENTAL=0" "-e" "RUST_BACKTRACE=full" "-e" "RUSTFLAGS=--cap-lints=forbid -Zrandomize-layout" "-e" "RUSTDOCFLAGS=--cap-lints=forbid" "-e" "CARGO_HOME=/opt/rustwide/cargo-home" "-e" "RUSTUP_HOME=/opt/rustwide/rustup-home" "-w" "/opt/rustwide/workdir" "-m" "1610612736" "--user" "0:0" "--network" "none" "ghcr.io/rust-lang/crates-build-env/linux@sha256:819108c5571ea2e421544af4d832f968d213c87fbe3707a016657f43d2f853bc" "/opt/rustwide/cargo-home/bin/cargo" "+nightly-2025-01-18" "test" "--frozen", kill_on_drop: false }`
[INFO] [stdout] 0c2085c68326faff5d7244af76e4dbd81b23c31ac49d2a8b096eb127ea578f69
[INFO] running `Command { std: "docker" "start" "-a" "0c2085c68326faff5d7244af76e4dbd81b23c31ac49d2a8b096eb127ea578f69", kill_on_drop: false }`
[INFO] [stderr] warning: unused import: `std::fmt::Write`
[INFO] [stderr]  --> src/vec3.rs:2:5
[INFO] [stderr]   |
[INFO] [stderr] 2 | use std::fmt::Write;
[INFO] [stderr]   |     ^^^^^^^^^^^^^^^
[INFO] [stderr]   |
[INFO] [stderr]   = note: `#[warn(unused_imports)]` on by default
[INFO] [stderr] 
[INFO] [stderr] warning: multiple methods are never used
[INFO] [stderr]   --> src/vec3.rs:20:8
[INFO] [stderr]    |
[INFO] [stderr] 11 | impl Vec3 {
[INFO] [stderr]    | --------- methods in this implementation
[INFO] [stderr] ...
[INFO] [stderr] 20 |     fn write_into<W: std::io::Write>(&self, writer: &mut W) -> Result<(), std::io::Error> {
[INFO] [stderr]    |        ^^^^^^^^^^
[INFO] [stderr] ...
[INFO] [stderr] 25 |     fn x(&self) -> f64 {
[INFO] [stderr]    |        ^
[INFO] [stderr] ...
[INFO] [stderr] 29 |     fn y(&self) -> f64 {
[INFO] [stderr]    |        ^
[INFO] [stderr] ...
[INFO] [stderr] 33 |     fn z(&self) -> f64 {
[INFO] [stderr]    |        ^
[INFO] [stderr] ...
[INFO] [stderr] 37 |     fn r(&self) -> f64 {
[INFO] [stderr]    |        ^
[INFO] [stderr] ...
[INFO] [stderr] 41 |     fn g(&self) -> f64 {
[INFO] [stderr]    |        ^
[INFO] [stderr] ...
[INFO] [stderr] 45 |     fn b(&self) -> f64 {
[INFO] [stderr]    |        ^
[INFO] [stderr]    |
[INFO] [stderr]    = note: `#[warn(dead_code)]` on by default
[INFO] [stderr] 
[INFO] [stderr] warning: `raytrs` (bin "raytrs" test) generated 2 warnings
[INFO] [stderr]     Finished `test` profile [unoptimized + debuginfo] target(s) in 0.02s
[INFO] [stderr]      Running unittests src/main.rs (/opt/rustwide/target/debug/deps/raytrs-2fa6aaff9b0f9c16)
[INFO] [stdout] 
[INFO] [stdout] running 11 tests
[INFO] [stdout] test vec3::test::additions ... ok
[INFO] [stdout] test vec3::test::cross_product ... ok
[INFO] [stdout] test vec3::test::dot_product ... ok
[INFO] [stdout] test vec3::test::negations ... ok
[INFO] [stdout] test vec3::test::multiplications ... ok
[INFO] [stdout] test vec3::test::unit ... ok
[INFO] [stdout] test vec3::test::divisions ... ok
[INFO] [stdout] test vec3::test::length ... ok
[INFO] [stdout] test vec3::test::subtractions ... ok
[INFO] [stdout] test vec3::test::indexing ... ok
[INFO] [stdout] test ppm::test::ppm ... FAILED
[INFO] [stdout] 
[INFO] [stdout] failures:
[INFO] [stdout] 
[INFO] [stdout] ---- ppm::test::ppm stdout ----
[INFO] [stdout] 
[INFO] [stdout] thread 'ppm::test::ppm' panicked at src/ppm.rs:13:88:
[INFO] [stdout] Could not open file '{file}': Os { code: 30, kind: ReadOnlyFilesystem, message: "Read-only file system" }
[INFO] [stdout] stack backtrace:
[INFO] [stdout]    0:     0x645bf90174da - std::backtrace_rs::backtrace::libunwind::trace::hb059275cfc8d6126
[INFO] [stdout]                                at /rustc/6067b36314ab5eb2eb47cecc464545ba58e1ad24/library/std/src/../../backtrace/src/backtrace/libunwind.rs:116:5
[INFO] [stdout]    1:     0x645bf90174da - std::backtrace_rs::backtrace::trace_unsynchronized::h2da071e4327ce3ee
[INFO] [stdout]                                at /rustc/6067b36314ab5eb2eb47cecc464545ba58e1ad24/library/std/src/../../backtrace/src/backtrace/mod.rs:66:5
[INFO] [stdout]    2:     0x645bf90174da - std::sys::backtrace::_print_fmt::h842a1474e6f8d23f
[INFO] [stdout]                                at /rustc/6067b36314ab5eb2eb47cecc464545ba58e1ad24/library/std/src/sys/backtrace.rs:66:9
[INFO] [stdout]    3:     0x645bf90174da - <std::sys::backtrace::BacktraceLock::print::DisplayBacktrace as core::fmt::Display>::fmt::h71a62eb3b9696b12
[INFO] [stdout]                                at /rustc/6067b36314ab5eb2eb47cecc464545ba58e1ad24/library/std/src/sys/backtrace.rs:39:26
[INFO] [stdout]    4:     0x645bf903eec3 - core::fmt::rt::Argument::fmt::hdb6b616786b41dc1
[INFO] [stdout]                                at /rustc/6067b36314ab5eb2eb47cecc464545ba58e1ad24/library/core/src/fmt/rt.rs:177:76
[INFO] [stdout]    5:     0x645bf903eec3 - core::fmt::write::h2cc1698af7e2d686
[INFO] [stdout]                                at /rustc/6067b36314ab5eb2eb47cecc464545ba58e1ad24/library/core/src/fmt/mod.rs:1440:21
[INFO] [stdout]    6:     0x645bf9014033 - std::io::Write::write_fmt::hab1b4cd059a79022
[INFO] [stdout]                                at /rustc/6067b36314ab5eb2eb47cecc464545ba58e1ad24/library/std/src/io/mod.rs:1887:15
[INFO] [stdout]    7:     0x645bf9017322 - std::sys::backtrace::BacktraceLock::print::h147fe35b4ea13b08
[INFO] [stdout]                                at /rustc/6067b36314ab5eb2eb47cecc464545ba58e1ad24/library/std/src/sys/backtrace.rs:42:9
[INFO] [stdout]    8:     0x645bf90188ff - std::panicking::default_hook::{{closure}}::hbd44223dbdc0d208
[INFO] [stdout]                                at /rustc/6067b36314ab5eb2eb47cecc464545ba58e1ad24/library/std/src/panicking.rs:298:22
[INFO] [stdout]    9:     0x645bf9018718 - std::panicking::default_hook::h20f81eb0576efcec
[INFO] [stdout]                                at /rustc/6067b36314ab5eb2eb47cecc464545ba58e1ad24/library/std/src/panicking.rs:322:9
[INFO] [stdout]   10:     0x645bf8fe1533 - <alloc::boxed::Box<F,A> as core::ops::function::Fn<Args>>::call::hdb53814c496a4d34
[INFO] [stdout]                                at /rustc/6067b36314ab5eb2eb47cecc464545ba58e1ad24/library/alloc/src/boxed.rs:2027:9
[INFO] [stdout]   11:     0x645bf8fe1533 - test::test_main::{{closure}}::hc0a4963c59427c24
[INFO] [stdout]                                at /rustc/6067b36314ab5eb2eb47cecc464545ba58e1ad24/library/test/src/lib.rs:134:21
[INFO] [stdout]   12:     0x645bf90193f3 - <alloc::boxed::Box<F,A> as core::ops::function::Fn<Args>>::call::h591b2225413a77e9
[INFO] [stdout]                                at /rustc/6067b36314ab5eb2eb47cecc464545ba58e1ad24/library/alloc/src/boxed.rs:2027:9
[INFO] [stdout]   13:     0x645bf90193f3 - std::panicking::rust_panic_with_hook::h625eea43051b2edc
[INFO] [stdout]                                at /rustc/6067b36314ab5eb2eb47cecc464545ba58e1ad24/library/std/src/panicking.rs:839:13
[INFO] [stdout]   14:     0x645bf90190aa - std::panicking::begin_panic_handler::{{closure}}::h4f9159cfbc3f6bd3
[INFO] [stdout]                                at /rustc/6067b36314ab5eb2eb47cecc464545ba58e1ad24/library/std/src/panicking.rs:704:13
[INFO] [stdout]   15:     0x645bf90179d9 - std::sys::backtrace::__rust_end_short_backtrace::h0390abce48353151
[INFO] [stdout]                                at /rustc/6067b36314ab5eb2eb47cecc464545ba58e1ad24/library/std/src/sys/backtrace.rs:168:18
[INFO] [stdout]   16:     0x645bf9018d3d - rust_begin_unwind
[INFO] [stdout]                                at /rustc/6067b36314ab5eb2eb47cecc464545ba58e1ad24/library/std/src/panicking.rs:695:5
[INFO] [stdout]   17:     0x645bf903d520 - core::panicking::panic_fmt::h9e7c637e9e5f29c9
[INFO] [stdout]                                at /rustc/6067b36314ab5eb2eb47cecc464545ba58e1ad24/library/core/src/panicking.rs:75:14
[INFO] [stdout]   18:     0x645bf903d966 - core::result::unwrap_failed::h7979f09313fe1849
[INFO] [stdout]                                at /rustc/6067b36314ab5eb2eb47cecc464545ba58e1ad24/library/core/src/result.rs:1704:5
[INFO] [stdout]   19:     0x645bf8fa379d - core::result::Result<T,E>::expect::hb84c3d38e20f406a
[INFO] [stdout]                                at /rustc/6067b36314ab5eb2eb47cecc464545ba58e1ad24/library/core/src/result.rs:1061:23
[INFO] [stdout]   20:     0x645bf8fa4f83 - raytrs::ppm::write_ppm::hc7fa42cfb4b3f837
[INFO] [stdout]                                at /opt/rustwide/workdir/src/ppm.rs:13:18
[INFO] [stdout]   21:     0x645bf8fa5d08 - raytrs::ppm::test::ppm::h9627560ed58c7b85
[INFO] [stdout]                                at /opt/rustwide/workdir/src/ppm.rs:35:9
[INFO] [stdout]   22:     0x645bf8fa5ba7 - raytrs::ppm::test::ppm::{{closure}}::ha13fe57a567fb6bc
[INFO] [stdout]                                at /opt/rustwide/workdir/src/ppm.rs:23:13
[INFO] [stdout]   23:     0x645bf8fa2826 - core::ops::function::FnOnce::call_once::h1f81eda1bb642fe2
[INFO] [stdout]                                at /rustc/6067b36314ab5eb2eb47cecc464545ba58e1ad24/library/core/src/ops/function.rs:250:5
[INFO] [stdout]   24:     0x645bf8fe6c8b - core::ops::function::FnOnce::call_once::he27718dfdd183f43
[INFO] [stdout]                                at /rustc/6067b36314ab5eb2eb47cecc464545ba58e1ad24/library/core/src/ops/function.rs:250:5
[INFO] [stdout]   25:     0x645bf8fe6c8b - test::__rust_begin_short_backtrace::h4e84902998457a5d
[INFO] [stdout]                                at /rustc/6067b36314ab5eb2eb47cecc464545ba58e1ad24/library/test/src/lib.rs:632:18
[INFO] [stdout]   26:     0x645bf8fe5bc3 - test::run_test_in_process::{{closure}}::h7176fd18fc1feca0
[INFO] [stdout]                                at /rustc/6067b36314ab5eb2eb47cecc464545ba58e1ad24/library/test/src/lib.rs:655:60
[INFO] [stdout]   27:     0x645bf8fe5bc3 - <core::panic::unwind_safe::AssertUnwindSafe<F> as core::ops::function::FnOnce<()>>::call_once::hf79cff2a624d8cf7
[INFO] [stdout]                                at /rustc/6067b36314ab5eb2eb47cecc464545ba58e1ad24/library/core/src/panic/unwind_safe.rs:272:9
[INFO] [stdout]   28:     0x645bf8fe5bc3 - std::panicking::try::do_call::h3da0561d9ab99c25
[INFO] [stdout]                                at /rustc/6067b36314ab5eb2eb47cecc464545ba58e1ad24/library/std/src/panicking.rs:587:40
[INFO] [stdout]   29:     0x645bf8fe5bc3 - std::panicking::try::h41c9fa508bc61df6
[INFO] [stdout]                                at /rustc/6067b36314ab5eb2eb47cecc464545ba58e1ad24/library/std/src/panicking.rs:550:19
[INFO] [stdout]   30:     0x645bf8fe5bc3 - std::panic::catch_unwind::h6b3ff07bb5afad93
[INFO] [stdout]                                at /rustc/6067b36314ab5eb2eb47cecc464545ba58e1ad24/library/std/src/panic.rs:358:14
[INFO] [stdout]   31:     0x645bf8fe5bc3 - test::run_test_in_process::hc7253dd11b39b9f4
[INFO] [stdout]                                at /rustc/6067b36314ab5eb2eb47cecc464545ba58e1ad24/library/test/src/lib.rs:655:27
[INFO] [stdout]   32:     0x645bf8fe5bc3 - test::run_test::{{closure}}::hfb2007f8649c30bb
[INFO] [stdout]                                at /rustc/6067b36314ab5eb2eb47cecc464545ba58e1ad24/library/test/src/lib.rs:576:43
[INFO] [stdout]   33:     0x645bf8fa8ca5 - test::run_test::{{closure}}::h56a17aa7a282a9f4
[INFO] [stdout]                                at /rustc/6067b36314ab5eb2eb47cecc464545ba58e1ad24/library/test/src/lib.rs:606:41
[INFO] [stdout]   34:     0x645bf8fa8ca5 - std::sys::backtrace::__rust_begin_short_backtrace::hd2d2d2fb8e8c6aac
[INFO] [stdout]                                at /rustc/6067b36314ab5eb2eb47cecc464545ba58e1ad24/library/std/src/sys/backtrace.rs:152:18
[INFO] [stdout]   35:     0x645bf8fac58a - std::thread::Builder::spawn_unchecked_::{{closure}}::{{closure}}::h4faa3f9db6133423
[INFO] [stdout]                                at /rustc/6067b36314ab5eb2eb47cecc464545ba58e1ad24/library/std/src/thread/mod.rs:559:17
[INFO] [stdout]   36:     0x645bf8fac58a - <core::panic::unwind_safe::AssertUnwindSafe<F> as core::ops::function::FnOnce<()>>::call_once::hf2e855a36a4ea846
[INFO] [stdout]                                at /rustc/6067b36314ab5eb2eb47cecc464545ba58e1ad24/library/core/src/panic/unwind_safe.rs:272:9
[INFO] [stdout]   37:     0x645bf8fac58a - std::panicking::try::do_call::h2f73af3616c35465
[INFO] [stdout]                                at /rustc/6067b36314ab5eb2eb47cecc464545ba58e1ad24/library/std/src/panicking.rs:587:40
[INFO] [stdout]   38:     0x645bf8fac58a - std::panicking::try::hd1660ce9efadef5a
[INFO] [stdout]                                at /rustc/6067b36314ab5eb2eb47cecc464545ba58e1ad24/library/std/src/panicking.rs:550:19
[INFO] [stdout]   39:     0x645bf8fac58a - std::panic::catch_unwind::h5ee8d7823b8ca744
[INFO] [stdout]                                at /rustc/6067b36314ab5eb2eb47cecc464545ba58e1ad24/library/std/src/panic.rs:358:14
[INFO] [stdout]   40:     0x645bf8fac58a - std::thread::Builder::spawn_unchecked_::{{closure}}::h53c3a1894dce8407
[INFO] [stdout]                                at /rustc/6067b36314ab5eb2eb47cecc464545ba58e1ad24/library/std/src/thread/mod.rs:557:30
[INFO] [stdout]   41:     0x645bf8fac58a - core::ops::function::FnOnce::call_once{{vtable.shim}}::h048ce291ad4f62bf
[INFO] [stdout]                                at /rustc/6067b36314ab5eb2eb47cecc464545ba58e1ad24/library/core/src/ops/function.rs:250:5
[INFO] [stdout]   42:     0x645bf901d33b - <alloc::boxed::Box<F,A> as core::ops::function::FnOnce<Args>>::call_once::ha52bedf99a3b4981
[INFO] [stdout]                                at /rustc/6067b36314ab5eb2eb47cecc464545ba58e1ad24/library/alloc/src/boxed.rs:2013:9
[INFO] [stdout]   43:     0x645bf901d33b - <alloc::boxed::Box<F,A> as core::ops::function::FnOnce<Args>>::call_once::h567748934d80ccf8
[INFO] [stdout]                                at /rustc/6067b36314ab5eb2eb47cecc464545ba58e1ad24/library/alloc/src/boxed.rs:2013:9
[INFO] [stdout]   44:     0x645bf901d33b - std::sys::pal::unix::thread::Thread::new::thread_start::h2d970728ae887adc
[INFO] [stdout]                                at /rustc/6067b36314ab5eb2eb47cecc464545ba58e1ad24/library/std/src/sys/pal/unix/thread.rs:106:17
[INFO] [stdout]   45:     0x794397d9cac3 - <unknown>
[INFO] [stdout]   46:     0x794397e2da04 - clone
[INFO] [stdout]   47:                0x0 - <unknown>
[INFO] [stdout] 
[INFO] [stdout] 
[INFO] [stdout] failures:
[INFO] [stdout]     ppm::test::ppm
[INFO] [stdout] 
[INFO] [stdout] test result: FAILED. 10 passed; 1 failed; 0 ignored; 0 measured; 0 filtered out; finished in 0.06s
[INFO] [stdout] 
[INFO] [stderr] error: test failed, to rerun pass `--bin raytrs`
[INFO] running `Command { std: "docker" "inspect" "0c2085c68326faff5d7244af76e4dbd81b23c31ac49d2a8b096eb127ea578f69", kill_on_drop: false }`
[INFO] running `Command { std: "docker" "rm" "-f" "0c2085c68326faff5d7244af76e4dbd81b23c31ac49d2a8b096eb127ea578f69", kill_on_drop: false }`
[INFO] [stdout] 0c2085c68326faff5d7244af76e4dbd81b23c31ac49d2a8b096eb127ea578f69
