[INFO] cloning repository https://github.com/pdf-jube-joba/computation
[INFO] running `Command { std: "git" "-c" "credential.helper=" "-c" "credential.helper=/workspace/cargo-home/bin/git-credential-null" "clone" "--bare" "https://github.com/pdf-jube-joba/computation" "/workspace/cache/git-repos/https%3A%2F%2Fgithub.com%2Fpdf-jube-joba%2Fcomputation", kill_on_drop: false }`
[INFO] [stderr] Cloning into bare repository '/workspace/cache/git-repos/https%3A%2F%2Fgithub.com%2Fpdf-jube-joba%2Fcomputation'...
[INFO] running `Command { std: "git" "rev-parse" "HEAD", kill_on_drop: false }`
[INFO] [stdout] de24030d8ce06b8dc7db148a02c4494566aa3210
[INFO] testing pdf-jube-joba/computation against nightly-2025-01-18+rustflags=-Zrandomize-layout for randomize-layout-2
[INFO] running `Command { std: "git" "clone" "/workspace/cache/git-repos/https%3A%2F%2Fgithub.com%2Fpdf-jube-joba%2Fcomputation" "/workspace/builds/worker-7-tc2/source", kill_on_drop: false }`
[INFO] [stderr] Cloning into '/workspace/builds/worker-7-tc2/source'...
[INFO] [stderr] done.
[INFO] validating manifest of git repo https://github.com/pdf-jube-joba/computation on toolchain nightly-2025-01-18
[INFO] running `Command { std: CARGO_HOME="/workspace/cargo-home" RUSTUP_HOME="/workspace/rustup-home" "/workspace/cargo-home/bin/cargo" "+nightly-2025-01-18" "metadata" "--manifest-path" "Cargo.toml" "--no-deps", kill_on_drop: false }`
[INFO] started tweaking git repo https://github.com/pdf-jube-joba/computation
[INFO] finished tweaking git repo https://github.com/pdf-jube-joba/computation
[INFO] tweaked toml for git repo https://github.com/pdf-jube-joba/computation written to /workspace/builds/worker-7-tc2/source/Cargo.toml
[INFO] crate git repo https://github.com/pdf-jube-joba/computation already has a lockfile, it will not be regenerated
[INFO] running `Command { std: CARGO_HOME="/workspace/cargo-home" RUSTUP_HOME="/workspace/rustup-home" "/workspace/cargo-home/bin/cargo" "+nightly-2025-01-18" "fetch" "--manifest-path" "Cargo.toml", kill_on_drop: false }`
[INFO] running `Command { std: "docker" "create" "-v" "/var/lib/crater-agent-workspace/builds/worker-7-tc2/target:/opt/rustwide/target:rw,Z" "-v" "/var/lib/crater-agent-workspace/builds/worker-7-tc2/source:/opt/rustwide/workdir:ro,Z" "-v" "/var/lib/crater-agent-workspace/cargo-home:/opt/rustwide/cargo-home:ro,Z" "-v" "/var/lib/crater-agent-workspace/rustup-home:/opt/rustwide/rustup-home:ro,Z" "-e" "SOURCE_DIR=/opt/rustwide/workdir" "-e" "CARGO_TARGET_DIR=/opt/rustwide/target" "-e" "CARGO_HOME=/opt/rustwide/cargo-home" "-e" "RUSTUP_HOME=/opt/rustwide/rustup-home" "-w" "/opt/rustwide/workdir" "-m" "1610612736" "--user" "0:0" "--network" "none" "ghcr.io/rust-lang/crates-build-env/linux@sha256:819108c5571ea2e421544af4d832f968d213c87fbe3707a016657f43d2f853bc" "/opt/rustwide/cargo-home/bin/cargo" "+nightly-2025-01-18" "metadata" "--no-deps" "--format-version=1", kill_on_drop: false }`
[INFO] [stdout] 102a069244de5b2235dd1985bd40be83ceb0758983ce5cb0a7967cb2f4adb04e
[INFO] running `Command { std: "docker" "start" "-a" "102a069244de5b2235dd1985bd40be83ceb0758983ce5cb0a7967cb2f4adb04e", kill_on_drop: false }`
[INFO] running `Command { std: "docker" "inspect" "102a069244de5b2235dd1985bd40be83ceb0758983ce5cb0a7967cb2f4adb04e", kill_on_drop: false }`
[INFO] running `Command { std: "docker" "rm" "-f" "102a069244de5b2235dd1985bd40be83ceb0758983ce5cb0a7967cb2f4adb04e", kill_on_drop: false }`
[INFO] [stdout] 102a069244de5b2235dd1985bd40be83ceb0758983ce5cb0a7967cb2f4adb04e
[INFO] running `Command { std: "docker" "create" "-v" "/var/lib/crater-agent-workspace/builds/worker-7-tc2/target:/opt/rustwide/target:rw,Z" "-v" "/var/lib/crater-agent-workspace/builds/worker-7-tc2/source:/opt/rustwide/workdir:ro,Z" "-v" "/var/lib/crater-agent-workspace/cargo-home:/opt/rustwide/cargo-home:ro,Z" "-v" "/var/lib/crater-agent-workspace/rustup-home:/opt/rustwide/rustup-home:ro,Z" "-e" "SOURCE_DIR=/opt/rustwide/workdir" "-e" "CARGO_TARGET_DIR=/opt/rustwide/target" "-e" "CARGO_INCREMENTAL=0" "-e" "RUST_BACKTRACE=full" "-e" "RUSTFLAGS=--cap-lints=forbid -Zrandomize-layout" "-e" "RUSTDOCFLAGS=--cap-lints=forbid" "-e" "CARGO_HOME=/opt/rustwide/cargo-home" "-e" "RUSTUP_HOME=/opt/rustwide/rustup-home" "-w" "/opt/rustwide/workdir" "-m" "1610612736" "--user" "0:0" "--network" "none" "ghcr.io/rust-lang/crates-build-env/linux@sha256:819108c5571ea2e421544af4d832f968d213c87fbe3707a016657f43d2f853bc" "/opt/rustwide/cargo-home/bin/cargo" "+nightly-2025-01-18" "build" "--frozen" "--message-format=json", kill_on_drop: false }`
[INFO] [stdout] 34df4ed971b5acf962867104c819849ff18e1073508e14cc9a0847ac2b04da03
[INFO] running `Command { std: "docker" "start" "-a" "34df4ed971b5acf962867104c819849ff18e1073508e14cc9a0847ac2b04da03", kill_on_drop: false }`
[INFO] [stderr] warning: output filename collision.
[INFO] [stderr] The bin target `counter_example` in package `models_of_computation_component v0.1.0 (/opt/rustwide/workdir/book/component/models_of_computation)` has the same output filename as the bin target `counter_example` in package `counter_example v0.1.0 (/opt/rustwide/workdir/book/component/counter_example)`.
[INFO] [stderr] Colliding filename is: /opt/rustwide/target/debug/counter_example
[INFO] [stderr] The targets should have unique names.
[INFO] [stderr] Consider changing their names to be unique or compiling them separately.
[INFO] [stderr] This may become a hard error in the future; see <https://github.com/rust-lang/cargo/issues/6313>.
[INFO] [stderr] warning: output filename collision.
[INFO] [stderr] The bin target `counter_example` in package `models_of_computation_component v0.1.0 (/opt/rustwide/workdir/book/component/models_of_computation)` has the same output filename as the bin target `counter_example` in package `counter_example v0.1.0 (/opt/rustwide/workdir/book/component/counter_example)`.
[INFO] [stderr] Colliding filename is: /opt/rustwide/target/debug/counter_example.dwp
[INFO] [stderr] The targets should have unique names.
[INFO] [stderr] Consider changing their names to be unique or compiling them separately.
[INFO] [stderr] This may become a hard error in the future; see <https://github.com/rust-lang/cargo/issues/6313>.
[INFO] [stderr]    Compiling proc-macro2 v1.0.86
[INFO] [stderr]    Compiling once_cell v1.19.0
[INFO] [stderr]    Compiling memchr v2.7.4
[INFO] [stderr]    Compiling libc v0.2.158
[INFO] [stderr]    Compiling autocfg v1.3.0
[INFO] [stderr]    Compiling version_check v0.9.5
[INFO] [stderr]    Compiling serde v1.0.209
[INFO] [stderr]    Compiling itoa v1.0.11
[INFO] [stderr]    Compiling wasm-bindgen-shared v0.2.93
[INFO] [stderr]    Compiling log v0.4.22
[INFO] [stderr]    Compiling bumpalo v3.16.0
[INFO] [stderr]    Compiling wasm-bindgen v0.2.93
[INFO] [stderr]    Compiling thiserror v1.0.63
[INFO] [stderr]    Compiling bytes v1.7.1
[INFO] [stderr]    Compiling pin-project-lite v0.2.14
[INFO] [stderr]    Compiling futures-core v0.3.30
[INFO] [stderr]    Compiling serde_json v1.0.127
[INFO] [stderr]    Compiling futures-sink v0.3.30
[INFO] [stderr]    Compiling ryu v1.0.18
[INFO] [stderr]    Compiling percent-encoding v2.3.1
[INFO] [stderr]    Compiling futures-channel v0.3.30
[INFO] [stderr]    Compiling futures-io v0.3.30
[INFO] [stderr]    Compiling futures-task v0.3.30
[INFO] [stderr]    Compiling tracing-core v0.1.32
[INFO] [stderr]    Compiling syn v1.0.109
[INFO] [stderr]    Compiling rustversion v1.0.17
[INFO] [stderr]    Compiling prettyplease v0.1.25
[INFO] [stderr]    Compiling anymap2 v0.13.0
[INFO] [stderr]    Compiling anyhow v1.0.86
[INFO] [stderr]    Compiling form_urlencoded v1.2.1
[INFO] [stderr]    Compiling boolinator v2.4.0
[INFO] [stderr]    Compiling either v1.13.0
[INFO] [stderr]    Compiling ucd-trie v0.1.6
[INFO] [stderr]    Compiling slab v0.4.9
[INFO] [stderr]    Compiling indexmap v1.9.3
[INFO] [stderr]    Compiling siphasher v0.3.11
[INFO] [stderr]    Compiling turing_machine v0.1.0 (/opt/rustwide/workdir/models/turing_machine)
[INFO] [stderr]    Compiling byteorder v1.5.0
[INFO] [stderr]    Compiling proc-macro-error-attr v1.0.4
[INFO] [stderr]    Compiling proc-macro-error v1.0.4
[INFO] [stderr]    Compiling generic-array v0.14.7
[INFO] [stderr]    Compiling regex-syntax v0.8.4
[INFO] [stderr]    Compiling phf_shared v0.10.0
[INFO] [stderr]    Compiling crossbeam-utils v0.8.20
[INFO] [stderr]    Compiling mio v1.0.2
[INFO] [stderr]    Compiling socket2 v0.5.7
[INFO] [stderr]    Compiling num_cpus v1.16.0
[INFO] [stderr]    Compiling http v0.2.12
[INFO] [stderr]    Compiling aho-corasick v1.1.3
[INFO] [stderr]    Compiling implicit-clone v0.3.9
[INFO] [stderr]    Compiling tinyvec_macros v0.1.1
[INFO] [stderr]    Compiling quote v1.0.37
[INFO] [stderr]    Compiling tinyvec v1.8.0
[INFO] [stderr]    Compiling phf_shared v0.11.2
[INFO] [stderr]    Compiling syn v2.0.77
[INFO] [stderr]    Compiling unicase v2.7.0
[INFO] [stderr]    Compiling lock_api v0.4.12
[INFO] [stderr]    Compiling bitflags v2.6.0
[INFO] [stderr]    Compiling rustix v0.38.35
[INFO] [stderr]    Compiling getrandom v0.2.15
[INFO] [stderr]    Compiling linux-raw-sys v0.4.14
[INFO] [stderr]    Compiling unicode-bidi v0.3.15
[INFO] [stderr]    Compiling utf8parse v0.2.2
[INFO] [stderr]    Compiling new_debug_unreachable v1.0.6
[INFO] [stderr]    Compiling crypto-common v0.1.6
[INFO] [stderr]    Compiling block-buffer v0.10.4
[INFO] [stderr]    Compiling httparse v1.9.4
[INFO] [stderr]    Compiling anstyle-parse v0.2.5
[INFO] [stderr]    Compiling digest v0.10.7
[INFO] [stderr]    Compiling parking_lot_core v0.9.10
[INFO] [stderr]    Compiling rand_core v0.6.4
[INFO] [stderr]    Compiling is_terminal_polyfill v1.70.1
[INFO] [stderr]    Compiling cpufeatures v0.2.13
[INFO] [stderr]    Compiling colorchoice v1.0.2
[INFO] [stderr]    Compiling anstyle v1.0.8
[INFO] [stderr]    Compiling mac v0.1.1
[INFO] [stderr]    Compiling anstyle-query v1.1.1
[INFO] [stderr]    Compiling sha1 v0.10.6
[INFO] [stderr]    Compiling parking_lot v0.12.3
[INFO] [stderr]    Compiling futf v0.1.5
[INFO] [stderr]    Compiling unicode-normalization v0.1.23
[INFO] [stderr]    Compiling anstream v0.6.15
[INFO] [stderr]    Compiling hashbrown v0.14.5
[INFO] [stderr]    Compiling equivalent v1.0.1
[INFO] [stderr]    Compiling precomputed-hash v0.1.1
[INFO] [stderr]    Compiling same-file v1.0.6
[INFO] [stderr]    Compiling phf v0.11.2
[INFO] [stderr]    Compiling walkdir v2.5.0
[INFO] [stderr]    Compiling tendril v0.4.3
[INFO] [stderr]    Compiling mime_guess v2.0.5
[INFO] [stderr]    Compiling http v1.1.0
[INFO] [stderr]    Compiling idna v0.5.0
[INFO] [stderr]    Compiling inotify-sys v0.1.5
[INFO] [stderr]    Compiling num-traits v0.2.19
[INFO] [stderr]    Compiling httpdate v1.0.3
[INFO] [stderr]    Compiling clap_lex v0.7.2
[INFO] [stderr]    Compiling try-lock v0.2.5
[INFO] [stderr]    Compiling mime v0.3.17
[INFO] [stderr]    Compiling data-encoding v2.6.0
[INFO] [stderr]    Compiling inotify v0.9.6
[INFO] [stderr]    Compiling want v0.3.1
[INFO] [stderr]    Compiling crossbeam-channel v0.5.13
[INFO] [stderr]    Compiling crossbeam-epoch v0.9.18
[INFO] [stderr]    Compiling headers-core v0.2.0
[INFO] [stderr]    Compiling url v2.5.2
[INFO] [stderr]    Compiling http-body v0.4.6
[INFO] [stderr]    Compiling mio v0.8.11
[INFO] [stderr]    Compiling filetime v0.2.25
[INFO] [stderr]    Compiling pulldown-cmark v0.10.3
[INFO] [stderr]    Compiling humantime v2.1.0
[INFO] [stderr]    Compiling indexmap v2.5.0
[INFO] [stderr]    Compiling base64 v0.21.7
[INFO] [stderr]    Compiling tower-service v0.3.3
[INFO] [stderr]    Compiling notify v6.1.1
[INFO] [stderr]    Compiling crossbeam-deque v0.8.5
[INFO] [stderr]    Compiling regex-automata v0.4.7
[INFO] [stderr]    Compiling headers v0.3.9
[INFO] [stderr]    Compiling maplit v1.0.2
[INFO] [stderr]    Compiling scoped-tls v1.0.1
[INFO] [stderr]    Compiling pulldown-cmark-escape v0.10.1
[INFO] [stderr]    Compiling fastrand v2.1.1
[INFO] [stderr]    Compiling iana-time-zone v0.1.60
[INFO] [stderr]    Compiling notify-debouncer-mini v0.4.1
[INFO] [stderr]    Compiling is-terminal v0.4.13
[INFO] [stderr]    Compiling pathdiff v0.2.1
[INFO] [stderr]    Compiling topological-sort v0.2.2
[INFO] [stderr]    Compiling termcolor v1.4.1
[INFO] [stderr]    Compiling shlex v1.3.0
[INFO] [stderr]    Compiling glob v0.3.1
[INFO] [stderr]    Compiling chrono v0.4.38
[INFO] [stderr]    Compiling terminal_size v0.3.0
[INFO] [stderr]    Compiling tempfile v3.12.0
[INFO] [stderr]    Compiling clap_builder v4.5.15
[INFO] [stderr]    Compiling wasm-bindgen-backend v0.2.93
[INFO] [stderr]    Compiling serde_derive v1.0.209
[INFO] [stderr]    Compiling thiserror-impl v1.0.63
[INFO] [stderr]    Compiling futures-macro v0.3.30
[INFO] [stderr]    Compiling tokio-macros v2.4.0
[INFO] [stderr]    Compiling pin-project-internal v1.1.5
[INFO] [stderr]    Compiling tracing-attributes v0.1.27
[INFO] [stderr]    Compiling zerocopy-derive v0.7.35
[INFO] [stderr]    Compiling html5ever v0.27.0
[INFO] [stderr]    Compiling futures-util v0.3.30
[INFO] [stderr]    Compiling yew-macro v0.20.0
[INFO] [stderr]    Compiling pin-project v1.1.5
[INFO] [stderr]    Compiling tokio v1.40.0
[INFO] [stderr]    Compiling regex v1.10.6
[INFO] [stderr]    Compiling bstr v1.10.0
[INFO] [stderr]    Compiling wasm-bindgen-macro-support v0.2.93
[INFO] [stderr]    Compiling zerocopy v0.7.35
[INFO] [stderr]    Compiling pest v2.7.11
[INFO] [stderr]    Compiling tracing v0.1.40
[INFO] [stderr]    Compiling env_filter v0.1.2
[INFO] [stderr]    Compiling env_logger v0.10.2
[INFO] [stderr]    Compiling clap v4.5.16
[INFO] [stderr]    Compiling clap_complete v4.5.24
[INFO] [stderr]    Compiling ppv-lite86 v0.2.20
[INFO] [stderr]    Compiling globset v0.4.14
[INFO] [stderr]    Compiling env_logger v0.11.5
[INFO] [stderr]    Compiling wasm-bindgen-macro v0.2.93
[INFO] [stderr]    Compiling opener v0.7.2
[INFO] [stderr]    Compiling rand_chacha v0.3.1
[INFO] [stderr]    Compiling ignore v0.4.22
[INFO] [stderr]    Compiling pest_meta v2.7.11
[INFO] [stderr]    Compiling rand v0.8.5
[INFO] [stderr]    Compiling futures v0.3.30
[INFO] [stderr]    Compiling pinned v0.1.0
[INFO] [stderr]    Compiling pest_generator v2.7.11
[INFO] [stderr]    Compiling js-sys v0.3.70
[INFO] [stderr]    Compiling console_error_panic_hook v0.1.7
[INFO] [stderr]    Compiling pest_derive v2.7.11
[INFO] [stderr]    Compiling phf_generator v0.11.2
[INFO] [stderr]    Compiling phf_generator v0.10.0
[INFO] [stderr]    Compiling phf_codegen v0.11.2
[INFO] [stderr]    Compiling string_cache_codegen v0.5.2
[INFO] [stderr]    Compiling tungstenite v0.21.0
[INFO] [stderr]    Compiling markup5ever v0.12.1
[INFO] [stderr]    Compiling tokio-stream v0.1.15
[INFO] [stderr]    Compiling tokio-util v0.7.11
[INFO] [stderr]    Compiling tokio-tungstenite v0.21.0
[INFO] [stderr]    Compiling web-sys v0.3.70
[INFO] [stderr]    Compiling wasm-bindgen-futures v0.4.43
[INFO] [stderr]    Compiling gloo-timers v0.2.6
[INFO] [stderr]    Compiling serde_urlencoded v0.7.1
[INFO] [stderr]    Compiling serde-wasm-bindgen v0.5.0
[INFO] [stderr]    Compiling bincode v1.3.3
[INFO] [stderr]    Compiling serde-wasm-bindgen v0.6.5
[INFO] [stderr]    Compiling string_cache v0.8.7
[INFO] [stderr]    Compiling prokio v0.1.0
[INFO] [stderr]    Compiling h2 v0.3.26
[INFO] [stderr]    Compiling toml v0.5.11
[INFO] [stderr]    Compiling elasticlunr-rs v3.0.2
[INFO] [stderr]    Compiling handlebars v5.1.2
[INFO] [stderr]    Compiling ammonia v4.0.0
[INFO] [stderr]    Compiling hyper v0.14.30
[INFO] [stderr]    Compiling warp v0.3.7
[INFO] [stderr]    Compiling gloo-utils v0.1.7
[INFO] [stderr]    Compiling gloo-events v0.1.2
[INFO] [stderr]    Compiling gloo-render v0.1.1
[INFO] [stderr]    Compiling gloo-dialogs v0.1.1
[INFO] [stderr]    Compiling gloo-console v0.2.3
[INFO] [stderr]    Compiling gloo-net v0.3.1
[INFO] [stderr]    Compiling gloo-storage v0.2.2
[INFO] [stderr]    Compiling gloo-worker v0.2.1
[INFO] [stderr]    Compiling gloo-history v0.1.5
[INFO] [stderr]    Compiling gloo-file v0.2.3
[INFO] [stderr]    Compiling gloo v0.8.1
[INFO] [stderr]    Compiling yew v0.20.0
[INFO] [stderr]    Compiling mdbook v0.4.40
[INFO] [stderr]    Compiling utils v0.1.0 (/opt/rustwide/workdir/utils)
[INFO] [stderr]    Compiling counter_example v0.1.0 (/opt/rustwide/workdir/book/component/counter_example)
[INFO] [stdout] warning[E0602]: unknown lint: `type_complexity`
[INFO] [stdout]   |
[INFO] [stdout]   = note: requested on the command line with `-F type_complexity`
[INFO] [stdout]   = note: `#[warn(unknown_lints)]` on by default
[INFO] [stdout] 
[INFO] [stdout] 
[INFO] [stdout] warning: unused variable: `ctx`
[INFO] [stdout]    --> utils/src/view.rs:253:26
[INFO] [stdout]     |
[INFO] [stdout] 253 |     fn update(&mut self, ctx: &Context<Self>, msg: Self::Message) -> bool {
[INFO] [stdout]     |                          ^^^ help: if this is intentional, prefix it with an underscore: `_ctx`
[INFO] [stdout]     |
[INFO] [stdout]     = note: `#[warn(unused_variables)]` on by default
[INFO] [stdout] 
[INFO] [stdout] 
[INFO] [stdout] warning: unused variable: `ctx`
[INFO] [stdout]    --> utils/src/view.rs:348:15
[INFO] [stdout]     |
[INFO] [stdout] 348 |     fn create(ctx: &Context<Self>) -> Self {
[INFO] [stdout]     |               ^^^ help: if this is intentional, prefix it with an underscore: `_ctx`
[INFO] [stdout] 
[INFO] [stdout] 
[INFO] [stderr]    Compiling recursive_function v0.1.0 (/opt/rustwide/workdir/models/recursive_function)
[INFO] [stderr]    Compiling lambda_calculus v0.1.0 (/opt/rustwide/workdir/models/lambda_calculus)
[INFO] [stderr]    Compiling while_minus_lang v0.1.0 (/opt/rustwide/workdir/models/while_minus_lang)
[INFO] [stderr]    Compiling turing_machine_view v0.1.0 (/opt/rustwide/workdir/view/turing_machine)
[INFO] [stderr]    Compiling logic_circuit v0.1.0 (/opt/rustwide/workdir/models/logic_circuit)
[INFO] [stderr]    Compiling counter_machine v0.1.0 (/opt/rustwide/workdir/models/counter_machine)
[INFO] [stderr]    Compiling lambda_continuations v0.1.0 (/opt/rustwide/workdir/models/lambda_continuations)
[INFO] [stderr]    Compiling cpu_emulator v0.1.0 (/opt/rustwide/workdir/models/cpu_emulator)
[INFO] [stderr]    Compiling my-hardware-description-language v0.1.0 (/opt/rustwide/workdir/models/my-hardware-description-language)
[INFO] [stdout] warning[E0602]: unknown lint: `type_complexity`
[INFO] [stdout]   |
[INFO] [stdout]   = note: requested on the command line with `-F type_complexity`
[INFO] [stdout]   = note: `#[warn(unknown_lints)]` on by default
[INFO] [stdout] 
[INFO] [stdout] 
[INFO] [stdout] warning: unused import: `Parser`
[INFO] [stdout]  --> models/my-hardware-description-language/src/interface.rs:3:29
[INFO] [stdout]   |
[INFO] [stdout] 3 | use pest::{iterators::Pair, Parser};
[INFO] [stdout]   |                             ^^^^^^
[INFO] [stdout]   |
[INFO] [stdout]   = note: `#[warn(unused_imports)]` on by default
[INFO] [stdout] 
[INFO] [stdout] 
[INFO] [stdout] warning: unused import: `Ext`
[INFO] [stdout]  --> models/lambda_continuations/src/ctrl.rs:4:15
[INFO] [stdout]   |
[INFO] [stdout] 4 |         ext::{Ext, ExtStruct},
[INFO] [stdout]   |               ^^^
[INFO] [stdout]   |
[INFO] [stdout]   = note: `#[warn(unused_imports)]` on by default
[INFO] [stdout] 
[INFO] [stdout] 
[INFO] [stdout] warning: unused import: `Display`
[INFO] [stdout]  --> models/lambda_continuations/src/no_ext.rs:1:23
[INFO] [stdout]   |
[INFO] [stdout] 1 | use std::fmt::{Debug, Display};
[INFO] [stdout]   |                       ^^^^^^^
[INFO] [stdout] 
[INFO] [stdout] 
[INFO] [stdout] warning: field `0` is never read
[INFO] [stdout]   --> models/cpu_emulator/src/lib.rs:69:23
[INFO] [stdout]    |
[INFO] [stdout] 69 | pub struct Assumrator(Byte);
[INFO] [stdout]    |            ---------- ^^^^
[INFO] [stdout]    |            |
[INFO] [stdout]    |            field in this struct
[INFO] [stdout]    |
[INFO] [stdout]    = help: consider removing this field
[INFO] [stdout]    = note: `#[warn(dead_code)]` on by default
[INFO] [stdout] 
[INFO] [stdout] 
[INFO] [stdout] warning: field `0` is never read
[INFO] [stdout]   --> models/cpu_emulator/src/lib.rs:71:27
[INFO] [stdout]    |
[INFO] [stdout] 71 | pub struct ProgramCounter(Number);
[INFO] [stdout]    |            -------------- ^^^^^^
[INFO] [stdout]    |            |
[INFO] [stdout]    |            field in this struct
[INFO] [stdout]    |
[INFO] [stdout]    = help: consider removing this field
[INFO] [stdout] 
[INFO] [stdout] 
[INFO] [stderr]    Compiling lambda_calculus_view v0.1.0 (/opt/rustwide/workdir/view/lambda_calculus)
[INFO] [stdout] For more information about this error, try `rustc --explain E0602`.
[INFO] [stdout] 
[INFO] [stdout] warning: unused variable: `input`
[INFO] [stdout]    --> models/my-hardware-description-language/src/machine.rs:335:29
[INFO] [stdout]     |
[INFO] [stdout] 335 |     pub fn clock(&mut self, input: Value) -> Result<(), Error> {
[INFO] [stdout]     |                             ^^^^^ help: if this is intentional, prefix it with an underscore: `_input`
[INFO] [stdout]     |
[INFO] [stdout]     = note: `#[warn(unused_variables)]` on by default
[INFO] [stdout] 
[INFO] [stdout] 
[INFO] [stdout] warning: unused variable: `e`
[INFO] [stdout]   --> models/lambda_continuations/src/ctrl.rs:79:25
[INFO] [stdout]    |
[INFO] [stdout] 79 |             AbCt::Abort(e) => None,
[INFO] [stdout]    |                         ^ help: if this is intentional, prefix it with an underscore: `_e`
[INFO] [stdout]    |
[INFO] [stdout]    = note: `#[warn(unused_variables)]` on by default
[INFO] [stdout] 
[INFO] [stdout] 
[INFO] [stdout] warning: unused variable: `e`
[INFO] [stdout]   --> models/lambda_continuations/src/ctrl.rs:80:27
[INFO] [stdout]    |
[INFO] [stdout] 80 |             AbCt::Control(e) => None,
[INFO] [stdout]    |                           ^ help: if this is intentional, prefix it with an underscore: `_e`
[INFO] [stdout] 
[INFO] [stdout] 
[INFO] [stdout] warning: unused variable: `b`
[INFO] [stdout]   --> models/lambda_continuations/src/ctrl.rs:88:28
[INFO] [stdout]    |
[INFO] [stdout] 88 |                 AbCt::Base(b) => {
[INFO] [stdout]    |                            ^ help: if this is intentional, prefix it with an underscore: `_b`
[INFO] [stdout] 
[INFO] [stdout] 
[INFO] [stdout] warning: variable does not need to be mutable
[INFO] [stdout]   --> models/lambda_continuations/src/ctrl.rs:85:13
[INFO] [stdout]    |
[INFO] [stdout] 85 |         let mut t = self;
[INFO] [stdout]    |             ----^
[INFO] [stdout]    |             |
[INFO] [stdout]    |             help: remove this `mut`
[INFO] [stdout]    |
[INFO] [stdout]    = note: `#[warn(unused_mut)]` on by default
[INFO] [stdout] 
[INFO] [stdout] 
[INFO] [stdout] warning: unused variable: `var`
[INFO] [stdout]   --> models/lambda_continuations/src/no_ext.rs:79:25
[INFO] [stdout]    |
[INFO] [stdout] 79 |             Base::Lam { var, body } => None,
[INFO] [stdout]    |                         ^^^ help: try ignoring the field: `var: _`
[INFO] [stdout] 
[INFO] [stdout] 
[INFO] [stdout] warning: unused variable: `body`
[INFO] [stdout]   --> models/lambda_continuations/src/no_ext.rs:79:30
[INFO] [stdout]    |
[INFO] [stdout] 79 |             Base::Lam { var, body } => None,
[INFO] [stdout]    |                              ^^^^ help: try ignoring the field: `body: _`
[INFO] [stdout] 
[INFO] [stdout] 
[INFO] [stdout] warning: unused variable: `var`
[INFO] [stdout]    --> models/lambda_continuations/src/no_ext.rs:133:24
[INFO] [stdout]     |
[INFO] [stdout] 133 |             Ext::Var { var } => None,
[INFO] [stdout]     |                        ^^^ help: try ignoring the field: `var: _`
[INFO] [stdout] 
[INFO] [stdout] 
[INFO] [stdout] warning: unused variable: `var`
[INFO] [stdout]    --> models/lambda_continuations/src/no_ext.rs:134:24
[INFO] [stdout]     |
[INFO] [stdout] 134 |             Ext::Lam { var, body } => None,
[INFO] [stdout]     |                        ^^^ help: try ignoring the field: `var: _`
[INFO] [stdout] 
[INFO] [stdout] 
[INFO] [stdout] warning: unused variable: `body`
[INFO] [stdout]    --> models/lambda_continuations/src/no_ext.rs:134:29
[INFO] [stdout]     |
[INFO] [stdout] 134 |             Ext::Lam { var, body } => None,
[INFO] [stdout]     |                             ^^^^ help: try ignoring the field: `body: _`
[INFO] [stdout] 
[INFO] [stdout] 
[INFO] [stdout] warning: unused variable: `var`
[INFO] [stdout]    --> models/lambda_continuations/src/no_ext.rs:152:41
[INFO] [stdout]     |
[INFO] [stdout] 152 |                         ExtValue::Fun { var, body } => None,
[INFO] [stdout]     |                                         ^^^ help: try ignoring the field: `var: _`
[INFO] [stdout] 
[INFO] [stdout] 
[INFO] [stdout] warning: unused variable: `body`
[INFO] [stdout]    --> models/lambda_continuations/src/no_ext.rs:152:46
[INFO] [stdout]     |
[INFO] [stdout] 152 |                         ExtValue::Fun { var, body } => None,
[INFO] [stdout]     |                                              ^^^^ help: try ignoring the field: `body: _`
[INFO] [stdout] 
[INFO] [stdout] 
[INFO] [stdout] warning: unused variable: `var`
[INFO] [stdout]    --> models/lambda_continuations/src/no_ext.rs:168:41
[INFO] [stdout]     |
[INFO] [stdout] 168 |                         ExtValue::Fun { var, body } => None,
[INFO] [stdout]     |                                         ^^^ help: try ignoring the field: `var: _`
[INFO] [stdout] 
[INFO] [stdout] 
[INFO] [stdout] warning: unused variable: `body`
[INFO] [stdout]    --> models/lambda_continuations/src/no_ext.rs:168:46
[INFO] [stdout]     |
[INFO] [stdout] 168 |                         ExtValue::Fun { var, body } => None,
[INFO] [stdout]     |                                              ^^^^ help: try ignoring the field: `body: _`
[INFO] [stdout] 
[INFO] [stdout] 
[INFO] [stdout] warning: unused import: `std::collections::HashMap`
[INFO] [stdout]  --> models/logic_circuit/src/manipulation.rs:1:5
[INFO] [stdout]   |
[INFO] [stdout] 1 | use std::collections::HashMap;
[INFO] [stdout]   |     ^^^^^^^^^^^^^^^^^^^^^^^^^
[INFO] [stdout]   |
[INFO] [stdout]   = note: `#[warn(unused_imports)]` on by default
[INFO] [stdout] 
[INFO] [stdout] 
[INFO] [stdout] warning: unused import: `std::collections::HashMap`
[INFO] [stdout]  --> models/logic_circuit/src/example.rs:1:5
[INFO] [stdout]   |
[INFO] [stdout] 1 | use std::collections::HashMap;
[INFO] [stdout]   |     ^^^^^^^^^^^^^^^^^^^^^^^^^
[INFO] [stdout] 
[INFO] [stdout] 
[INFO] [stdout] warning: unused imports: `LoC` and `Name`
[INFO] [stdout]  --> models/logic_circuit/src/example.rs:5:22
[INFO] [stdout]   |
[INFO] [stdout] 5 | use super::machine::{LoC, Name};
[INFO] [stdout]   |                      ^^^  ^^^^
[INFO] [stdout] 
[INFO] [stdout] 
[INFO] [stdout] warning: multiple variants are never constructed
[INFO] [stdout]    --> models/my-hardware-description-language/src/machine.rs:97:5
[INFO] [stdout]     |
[INFO] [stdout] 96  | enum CombExpVal {
[INFO] [stdout]     |      ---------- variants in this enum
[INFO] [stdout] 97  |     Val(Value),
[INFO] [stdout]     |     ^^^
[INFO] [stdout] 98  |     Var(String),
[INFO] [stdout]     |     ^^^
[INFO] [stdout] 99  |     And(Box<CombExpVal>, Box<CombExpVal>),
[INFO] [stdout]     |     ^^^
[INFO] [stdout] 100 |     Or(Box<CombExpVal>, Box<CombExpVal>),
[INFO] [stdout]     |     ^^
[INFO] [stdout] 101 |     Not(Box<CombExpVal>),
[INFO] [stdout]     |     ^^^
[INFO] [stdout] 102 |     IfCond(Box<CombExpVal>, Box<CombExpVal>, Box<CombExpVal>),
[INFO] [stdout]     |     ^^^^^^
[INFO] [stdout] 103 |     ArrayAcc(Box<CombExpVal>, Number),
[INFO] [stdout]     |     ^^^^^^^^
[INFO] [stdout] 104 |     ArrayConst(Vec<CombExpVal>),
[INFO] [stdout]     |     ^^^^^^^^^^
[INFO] [stdout] 105 |     FieldAcc(Box<CombExpVal>, String),
[INFO] [stdout]     |     ^^^^^^^^
[INFO] [stdout] 106 |     StrctConst(Vec<(String, CombExpVal)>),
[INFO] [stdout]     |     ^^^^^^^^^^
[INFO] [stdout] 107 |     Switch(Box<CombExpVal>, Vec<(String, CombExpVal)>),
[INFO] [stdout]     |     ^^^^^^
[INFO] [stdout] 108 |     SeqAndFinal(Vec<(String, CombExpVal)>, Box<CombExpVal>),
[INFO] [stdout]     |     ^^^^^^^^^^^
[INFO] [stdout] 109 |     CombModule(String, Box<CombExpVal>),
[INFO] [stdout]     |     ^^^^^^^^^^
[INFO] [stdout]     |
[INFO] [stdout]     = note: `CombExpVal` has derived impls for the traits `Clone` and `Debug`, but these are intentionally ignored during dead code analysis
[INFO] [stdout]     = note: `#[warn(dead_code)]` on by default
[INFO] [stdout] 
[INFO] [stdout] 
[INFO] [stdout] warning: function `eval_to_val` is never used
[INFO] [stdout]    --> models/my-hardware-description-language/src/machine.rs:120:4
[INFO] [stdout]     |
[INFO] [stdout] 120 | fn eval_to_val(
[INFO] [stdout]     |    ^^^^^^^^^^^
[INFO] [stdout] 
[INFO] [stdout] 
[INFO] [stdout] warning: constant `FIELD_IN` is never used
[INFO] [stdout]    --> models/my-hardware-description-language/src/machine.rs:260:7
[INFO] [stdout]     |
[INFO] [stdout] 260 | const FIELD_IN: &str = "IN";
[INFO] [stdout]     |       ^^^^^^^^
[INFO] [stdout] 
[INFO] [stdout] 
[INFO] [stdout] warning: constant `FIELD_OUT` is never used
[INFO] [stdout]    --> models/my-hardware-description-language/src/machine.rs:261:7
[INFO] [stdout]     |
[INFO] [stdout] 261 | const FIELD_OUT: &str = "OUT";
[INFO] [stdout]     |       ^^^^^^^^^
[INFO] [stdout] 
[INFO] [stdout] 
[INFO] [stdout] warning: constant `FIELD_STATE` is never used
[INFO] [stdout]    --> models/my-hardware-description-language/src/machine.rs:262:7
[INFO] [stdout]     |
[INFO] [stdout] 262 | const FIELD_STATE: &str = "STATE";
[INFO] [stdout]     |       ^^^^^^^^^^^
[INFO] [stdout] 
[INFO] [stdout] 
[INFO] [stdout] warning: associated items `new` and `build` are never used
[INFO] [stdout]    --> models/my-hardware-description-language/src/machine.rs:274:8
[INFO] [stdout]     |
[INFO] [stdout] 273 | impl SimpleModuleState {
[INFO] [stdout]     | ---------------------- associated items in this implementation
[INFO] [stdout] 274 |     fn new() -> Self {
[INFO] [stdout]     |        ^^^
[INFO] [stdout] ...
[INFO] [stdout] 277 |     fn build(&self) -> SimpleModuleState {
[INFO] [stdout]     |        ^^^^^
[INFO] [stdout] 
[INFO] [stdout] 
[INFO] [stdout] warning: methods `now_state`, `get_otput`, and `clock` are never used
[INFO] [stdout]    --> models/my-hardware-description-language/src/machine.rs:290:8
[INFO] [stdout]     |
[INFO] [stdout] 289 | impl SimpleModuleState {
[INFO] [stdout]     | ---------------------- methods in this implementation
[INFO] [stdout] 290 |     fn now_state(&self) -> Value {
[INFO] [stdout]     |        ^^^^^^^^^
[INFO] [stdout] ...
[INFO] [stdout] 293 |     fn get_otput(&self) -> Result<Value, Error> {
[INFO] [stdout]     |        ^^^^^^^^^
[INFO] [stdout] ...
[INFO] [stdout] 300 |     fn clock(&mut self, input: Value) -> Result<(), Error> {
[INFO] [stdout]     |        ^^^^^
[INFO] [stdout] 
[INFO] [stdout] 
[INFO] [stdout] warning: methods `now_state`, `get_otput`, and `clock` are never used
[INFO] [stdout]    --> models/my-hardware-description-language/src/machine.rs:357:8
[INFO] [stdout]     |
[INFO] [stdout] 356 | impl GraphModuleState {
[INFO] [stdout]     | --------------------- methods in this implementation
[INFO] [stdout] 357 |     fn now_state(&self) -> Value {
[INFO] [stdout]     |        ^^^^^^^^^
[INFO] [stdout] ...
[INFO] [stdout] 365 |     fn get_otput(&self) -> Result<Value, Error> {
[INFO] [stdout]     |        ^^^^^^^^^
[INFO] [stdout] ...
[INFO] [stdout] 375 |     fn clock(&mut self, input: Value) -> Result<(), Error> {
[INFO] [stdout]     |        ^^^^^
[INFO] [stdout] 
[INFO] [stdout] 
[INFO] [stdout] warning: constant `FIELD_NEXT` is never used
[INFO] [stdout]    --> models/my-hardware-description-language/src/machine.rs:410:7
[INFO] [stdout]     |
[INFO] [stdout] 410 | const FIELD_NEXT: &str = "NEXT";
[INFO] [stdout]     |       ^^^^^^^^^^
[INFO] [stdout] 
[INFO] [stdout] 
[INFO] [stdout] warning: constant `FIELD_THIS` is never used
[INFO] [stdout]    --> models/my-hardware-description-language/src/machine.rs:411:7
[INFO] [stdout]     |
[INFO] [stdout] 411 | const FIELD_THIS: &str = "THIS";
[INFO] [stdout]     |       ^^^^^^^^^^
[INFO] [stdout] 
[INFO] [stdout] 
[INFO] [stdout] warning: constant `FILED_PREV` is never used
[INFO] [stdout]    --> models/my-hardware-description-language/src/machine.rs:412:7
[INFO] [stdout]     |
[INFO] [stdout] 412 | const FILED_PREV: &str = "PREV";
[INFO] [stdout]     |       ^^^^^^^^^^
[INFO] [stdout] 
[INFO] [stdout] 
[INFO] [stdout] warning: methods `get_otput` and `clock` are never used
[INFO] [stdout]    --> models/my-hardware-description-language/src/machine.rs:415:8
[INFO] [stdout]     |
[INFO] [stdout] 414 | impl IterModuleState {
[INFO] [stdout]     | -------------------- methods in this implementation
[INFO] [stdout] 415 |     fn get_otput(&self) -> Result<Value, Error> {
[INFO] [stdout]     |        ^^^^^^^^^
[INFO] [stdout] ...
[INFO] [stdout] 423 |     fn clock(&mut self, input: Value) -> Result<(), Error> {
[INFO] [stdout]     |        ^^^^^
[INFO] [stdout] 
[INFO] [stdout] 
[INFO] [stdout] warning: constant `BOOL_T` is never used
[INFO] [stdout]  --> models/my-hardware-description-language/src/interface.rs:5:7
[INFO] [stdout]   |
[INFO] [stdout] 5 | const BOOL_T: &str = "#true";
[INFO] [stdout]   |       ^^^^^^
[INFO] [stdout] 
[INFO] [stdout] 
[INFO] [stdout] warning: constant `BOOL_F` is never used
[INFO] [stdout]  --> models/my-hardware-description-language/src/interface.rs:6:7
[INFO] [stdout]   |
[INFO] [stdout] 6 | const BOOL_F: &str = "#false";
[INFO] [stdout]   |       ^^^^^^
[INFO] [stdout] 
[INFO] [stdout] 
[INFO] [stdout] warning: struct `MyParser` is never constructed
[INFO] [stdout]   --> models/my-hardware-description-language/src/interface.rs:10:8
[INFO] [stdout]    |
[INFO] [stdout] 10 | struct MyParser;
[INFO] [stdout]    |        ^^^^^^^^
[INFO] [stdout] 
[INFO] [stdout] 
[INFO] [stdout] warning: struct `AbCtBaseFrame` is never constructed
[INFO] [stdout]   --> models/lambda_continuations/src/ctrl.rs:34:8
[INFO] [stdout]    |
[INFO] [stdout] 34 | struct AbCtBaseFrame(BaseFrame<AbCt<BaseStruct>>);
[INFO] [stdout]    |        ^^^^^^^^^^^^^
[INFO] [stdout]    |
[INFO] [stdout]    = note: `#[warn(dead_code)]` on by default
[INFO] [stdout] 
[INFO] [stdout] 
[INFO] [stdout] warning: function `print` is never used
[INFO] [stdout]   --> models/lambda_continuations/src/no_ext.rs:95:4
[INFO] [stdout]    |
[INFO] [stdout] 95 | fn print(t: &Lam<ExtStruct>) -> String {
[INFO] [stdout]    |    ^^^^^
[INFO] [stdout] 
[INFO] [stdout] 
[INFO] [stderr]    Compiling counter_machine_view v0.1.0 (/opt/rustwide/workdir/view/counter_machine)
[INFO] [stdout] For more information about this error, try `rustc --explain E0602`.
[INFO] [stdout] 
[INFO] [stderr]    Compiling recursive_function_view v0.1.0 (/opt/rustwide/workdir/view/recursive_function)
[INFO] [stderr]    Compiling recursive_function_to_turing_machine v0.1.0 (/opt/rustwide/workdir/compile/recursive_function_to_turing_machine)
[INFO] [stderr]    Compiling recursive_function_to_lambda_calculus v0.1.0 (/opt/rustwide/workdir/compile/recursive_function_to_lambda_calculus)
[INFO] [stdout] warning: unused import: `fmt::Display`
[INFO] [stdout]  --> view/turing_machine/src/machine.rs:3:11
[INFO] [stdout]   |
[INFO] [stdout] 3 | use std::{fmt::Display, iter::repeat};
[INFO] [stdout]   |           ^^^^^^^^^^^^
[INFO] [stdout]   |
[INFO] [stdout]   = note: `#[warn(unused_imports)]` on by default
[INFO] [stdout] 
[INFO] [stdout] 
[INFO] [stdout] warning: unused import: `callback`
[INFO] [stdout]  --> view/recursive_function/src/lib.rs:8:11
[INFO] [stdout]   |
[INFO] [stdout] 8 | use yew::{callback, html, Callback, Component, Properties};
[INFO] [stdout]   |           ^^^^^^^^
[INFO] [stdout]   |
[INFO] [stdout]   = note: `#[warn(unused_imports)]` on by default
[INFO] [stdout] 
[INFO] [stdout] 
[INFO] [stderr]    Compiling lambda_calculus_app v0.1.0 (/opt/rustwide/workdir/integration/lambda_calculus)
[INFO] [stdout] warning: unused variable: `ctx`
[INFO] [stdout]   --> view/recursive_function/src/lib.rs:96:20
[INFO] [stdout]    |
[INFO] [stdout] 96 |     fn view(&self, ctx: &Context<Self>) -> Html {
[INFO] [stdout]    |                    ^^^ help: if this is intentional, prefix it with an underscore: `_ctx`
[INFO] [stdout]    |
[INFO] [stdout]    = note: `#[warn(unused_variables)]` on by default
[INFO] [stdout] 
[INFO] [stdout] 
[INFO] [stdout] warning: unused variable: `code_handle`
[INFO] [stdout]    --> view/recursive_function/src/lib.rs:135:9
[INFO] [stdout]     |
[INFO] [stdout] 135 |     let code_handle = yew::Renderer::<utils::view::CodeView>::with_root_and_props(
[INFO] [stdout]     |         ^^^^^^^^^^^ help: if this is intentional, prefix it with an underscore: `_code_handle`
[INFO] [stdout] 
[INFO] [stdout] 
[INFO] [stdout] warning: function `playground` is never used
[INFO] [stdout]    --> view/recursive_function/src/lib.rs:122:4
[INFO] [stdout]     |
[INFO] [stdout] 122 | fn playground(element: Element) {
[INFO] [stdout]     |    ^^^^^^^^^^
[INFO] [stdout]     |
[INFO] [stdout]     = note: `#[warn(dead_code)]` on by default
[INFO] [stdout] 
[INFO] [stdout] 
[INFO] [stdout] warning: function `set_machine` is never used
[INFO] [stdout]    --> view/recursive_function/src/lib.rs:142:4
[INFO] [stdout]     |
[INFO] [stdout] 142 | fn set_machine(element: Element, fnc: RecursiveFunctions) {
[INFO] [stdout]     |    ^^^^^^^^^^^
[INFO] [stdout] 
[INFO] [stdout] 
[INFO] [stdout] warning: unused variable: `ctx`
[INFO] [stdout]    --> view/turing_machine/src/machine.rs:128:15
[INFO] [stdout]     |
[INFO] [stdout] 128 |     fn create(ctx: &Context<Self>) -> Self {
[INFO] [stdout]     |               ^^^ help: if this is intentional, prefix it with an underscore: `_ctx`
[INFO] [stdout]     |
[INFO] [stdout]     = note: `#[warn(unused_variables)]` on by default
[INFO] [stdout] 
[INFO] [stdout] 
[INFO] [stderr]    Compiling while_minus_lang_view v0.1.0 (/opt/rustwide/workdir/view/while_minus_lang)
[INFO] [stderr]    Compiling recursive_function_to_while_minus_lang v0.1.0 (/opt/rustwide/workdir/compile/recursive_function_to_while_minus_lang)
[INFO] [stdout] warning: unused variable: `name`
[INFO] [stdout]    --> models/logic_circuit/src/machine.rs:881:27
[INFO] [stdout]     |
[INFO] [stdout] 881 |             LoC::FinGraph(name, fingraph) => Some(*fingraph),
[INFO] [stdout]     |                           ^^^^ help: if this is intentional, prefix it with an underscore: `_name`
[INFO] [stdout]     |
[INFO] [stdout]     = note: `#[warn(unused_variables)]` on by default
[INFO] [stdout] 
[INFO] [stdout] 
[INFO] [stderr]    Compiling recursive_function_app v0.1.0 (/opt/rustwide/workdir/integration/recursive_function)
[INFO] [stdout] warning: method `len` is never used
[INFO] [stdout]    --> models/logic_circuit/src/machine.rs:371:8
[INFO] [stdout]     |
[INFO] [stdout] 370 | impl Name {
[INFO] [stdout]     | --------- method in this implementation
[INFO] [stdout] 371 |     fn len(&self) -> usize {
[INFO] [stdout]     |        ^^^
[INFO] [stdout]     |
[INFO] [stdout]     = note: `#[warn(dead_code)]` on by default
[INFO] [stdout] 
[INFO] [stdout] 
[INFO] [stderr]    Compiling turing_machine_app v0.1.0 (/opt/rustwide/workdir/integration/turing_machine)
[INFO] [stderr]    Compiling logic_circuit_view v0.1.0 (/opt/rustwide/workdir/view/logic_circuit)
[INFO] [stderr]    Compiling counter_machine_to_logic_circuits v0.1.0 (/opt/rustwide/workdir/compile/counter_machine_to_logic_circuits)
[INFO] [stderr]    Compiling models_of_computation_component v0.1.0 (/opt/rustwide/workdir/book/component/models_of_computation)
[INFO] [stdout] warning: unused import: `std::collections::HashMap`
[INFO] [stdout]  --> view/logic_circuit/src/lib.rs:1:5
[INFO] [stdout]   |
[INFO] [stdout] 1 | use std::collections::HashMap;
[INFO] [stdout]   |     ^^^^^^^^^^^^^^^^^^^^^^^^^
[INFO] [stdout]   |
[INFO] [stdout]   = note: `#[warn(unused_imports)]` on by default
[INFO] [stdout] 
[INFO] [stdout] 
[INFO] [stdout] warning: unused imports: `LoC` and `Name`
[INFO] [stdout]  --> view/logic_circuit/src/lib.rs:4:15
[INFO] [stdout]   |
[INFO] [stdout] 4 |     machine::{LoC, Name},
[INFO] [stdout]   |               ^^^  ^^^^
[INFO] [stdout] 
[INFO] [stdout] 
[INFO] [stdout] warning: unused import: `svg_lc::FingraphMachineProps`
[INFO] [stdout]  --> view/logic_circuit/src/lib.rs:8:15
[INFO] [stdout]   |
[INFO] [stdout] 8 | use machine::{svg_lc::FingraphMachineProps, MachineMsg};
[INFO] [stdout]   |               ^^^^^^^^^^^^^^^^^^^^^^^^^^^^
[INFO] [stdout] 
[INFO] [stdout] 
[INFO] [stdout] warning: unused import: `Gate`
[INFO] [stdout]  --> view/logic_circuit/src/machine.rs:4:46
[INFO] [stdout]   |
[INFO] [stdout] 4 | use logic_circuit::machine::{Bool, FinGraph, Gate, InPin, LoC, Name, OtPin};
[INFO] [stdout]   |                                              ^^^^
[INFO] [stdout] 
[INFO] [stdout] 
[INFO] [stdout] warning: unused imports: `collections::HashMap` and `fmt::Display`
[INFO] [stdout]  --> view/logic_circuit/src/machine/svg_lc.rs:5:11
[INFO] [stdout]   |
[INFO] [stdout] 5 | use std::{collections::HashMap, fmt::Display};
[INFO] [stdout]   |           ^^^^^^^^^^^^^^^^^^^^  ^^^^^^^^^^^^
[INFO] [stdout] 
[INFO] [stdout] 
[INFO] [stdout] warning: unused import: `yew::prelude::*`
[INFO] [stdout]  --> view/logic_circuit/src/machine/svg_lc.rs:7:5
[INFO] [stdout]   |
[INFO] [stdout] 7 | use yew::prelude::*;
[INFO] [stdout]   |     ^^^^^^^^^^^^^^^
[INFO] [stdout] 
[INFO] [stdout] 
[INFO] [stderr]    Compiling while_minus_lang_app v0.1.0 (/opt/rustwide/workdir/integration/while_minus_lang)
[INFO] [stdout] warning: unused variable: `ctx`
[INFO] [stdout]    --> view/logic_circuit/src/machine.rs:137:15
[INFO] [stdout]     |
[INFO] [stdout] 137 |     fn create(ctx: &Context<Self>) -> Self {
[INFO] [stdout]     |               ^^^ help: if this is intentional, prefix it with an underscore: `_ctx`
[INFO] [stdout]     |
[INFO] [stdout]     = note: `#[warn(unused_variables)]` on by default
[INFO] [stdout] 
[INFO] [stdout] 
[INFO] [stdout] warning: unused variable: `gate`
[INFO] [stdout]    --> view/logic_circuit/src/machine.rs:152:23
[INFO] [stdout]     |
[INFO] [stdout] 152 |             LoC::Gate(gate) => {
[INFO] [stdout]     |                       ^^^^ help: if this is intentional, prefix it with an underscore: `_gate`
[INFO] [stdout] 
[INFO] [stdout] 
[INFO] [stdout] warning: unused variable: `name`
[INFO] [stdout]    --> view/logic_circuit/src/machine.rs:155:27
[INFO] [stdout]     |
[INFO] [stdout] 155 |             LoC::FinGraph(name, fingraph) => {
[INFO] [stdout]     |                           ^^^^ help: if this is intentional, prefix it with an underscore: `_name`
[INFO] [stdout] 
[INFO] [stdout] 
[INFO] [stdout] warning: unused variable: `name`
[INFO] [stdout]    --> view/logic_circuit/src/machine.rs:163:23
[INFO] [stdout]     |
[INFO] [stdout] 163 |             LoC::Iter(name, iter) => {
[INFO] [stdout]     |                       ^^^^ help: if this is intentional, prefix it with an underscore: `_name`
[INFO] [stdout] 
[INFO] [stdout] 
[INFO] [stdout] warning: unused variable: `ctx`
[INFO] [stdout]    --> view/logic_circuit/src/machine.rs:173:26
[INFO] [stdout]     |
[INFO] [stdout] 173 |     fn update(&mut self, ctx: &Context<Self>, msg: Self::Message) -> bool {
[INFO] [stdout]     |                          ^^^ help: if this is intentional, prefix it with an underscore: `_ctx`
[INFO] [stdout] 
[INFO] [stdout] 
[INFO] [stdout] warning: unused variable: `msg`
[INFO] [stdout]    --> view/logic_circuit/src/machine.rs:173:47
[INFO] [stdout]     |
[INFO] [stdout] 173 |     fn update(&mut self, ctx: &Context<Self>, msg: Self::Message) -> bool {
[INFO] [stdout]     |                                               ^^^ help: if this is intentional, prefix it with an underscore: `_msg`
[INFO] [stdout] 
[INFO] [stdout] 
[INFO] [stdout] warning: unused import: `recursive_function_view::*`
[INFO] [stdout]  --> book/component/models_of_computation/src/bin/recursive_function_to_lambda_calculus_playground.rs:4:5
[INFO] [stdout]   |
[INFO] [stdout] 4 | use recursive_function_view::*;
[INFO] [stdout]   |     ^^^^^^^^^^^^^^^^^^^^^^^^^^
[INFO] [stdout]   |
[INFO] [stdout]   = note: `#[warn(unused_imports)]` on by default
[INFO] [stdout] 
[INFO] [stdout] 
[INFO] [stdout] warning: unused variable: `onmovelc`
[INFO] [stdout]    --> view/logic_circuit/src/machine/svg_lc.rs:460:60
[INFO] [stdout]     |
[INFO] [stdout] 460 | ...   let LoCProps { name, inputs, otputs, ori, pos, onmovelc, onclickinpin, onclickotpin, onrightclick, onrotclockwise, onrotcountercloc...
[INFO] [stdout]     |                                                      ^^^^^^^^ help: try ignoring the field: `onmovelc: _`
[INFO] [stdout] 
[INFO] [stdout] 
[INFO] [stdout] warning: unused variable: `onclickinpin`
[INFO] [stdout]    --> view/logic_circuit/src/machine/svg_lc.rs:460:70
[INFO] [stdout]     |
[INFO] [stdout] 460 | ...   let LoCProps { name, inputs, otputs, ori, pos, onmovelc, onclickinpin, onclickotpin, onrightclick, onrotclockwise, onrotcountercloc...
[INFO] [stdout]     |                                                                ^^^^^^^^^^^^ help: try ignoring the field: `onclickinpin: _`
[INFO] [stdout] 
[INFO] [stdout] 
[INFO] [stdout] warning: unused variable: `onclickotpin`
[INFO] [stdout]    --> view/logic_circuit/src/machine/svg_lc.rs:460:84
[INFO] [stdout]     |
[INFO] [stdout] 460 | ...s, ori, pos, onmovelc, onclickinpin, onclickotpin, onrightclick, onrotclockwise, onrotcounterclockwise } = actlocprops.get_lc_props(na...
[INFO] [stdout]     |                                         ^^^^^^^^^^^^ help: try ignoring the field: `onclickotpin: _`
[INFO] [stdout] 
[INFO] [stdout] 
[INFO] [stdout] warning: unused variable: `onrightclick`
[INFO] [stdout]    --> view/logic_circuit/src/machine/svg_lc.rs:460:98
[INFO] [stdout]     |
[INFO] [stdout] 460 | ...nmovelc, onclickinpin, onclickotpin, onrightclick, onrotclockwise, onrotcounterclockwise } = actlocprops.get_lc_props(name).unwrap();
[INFO] [stdout]     |                                         ^^^^^^^^^^^^ help: try ignoring the field: `onrightclick: _`
[INFO] [stdout] 
[INFO] [stdout] 
[INFO] [stdout] warning: unused variable: `onrotclockwise`
[INFO] [stdout]    --> view/logic_circuit/src/machine/svg_lc.rs:460:112
[INFO] [stdout]     |
[INFO] [stdout] 460 | ...inpin, onclickotpin, onrightclick, onrotclockwise, onrotcounterclockwise } = actlocprops.get_lc_props(name).unwrap();
[INFO] [stdout]     |                                       ^^^^^^^^^^^^^^ help: try ignoring the field: `onrotclockwise: _`
[INFO] [stdout] 
[INFO] [stdout] 
[INFO] [stdout] warning: unused variable: `onrotcounterclockwise`
[INFO] [stdout]    --> view/logic_circuit/src/machine/svg_lc.rs:460:128
[INFO] [stdout]     |
[INFO] [stdout] 460 | ...rightclick, onrotclockwise, onrotcounterclockwise } = actlocprops.get_lc_props(name).unwrap();
[INFO] [stdout]     |                                ^^^^^^^^^^^^^^^^^^^^^ help: try ignoring the field: `onrotcounterclockwise: _`
[INFO] [stdout] 
[INFO] [stdout] 
[INFO] [stdout] warning: unused variable: `init_pos_lc`
[INFO] [stdout]    --> view/logic_circuit/src/machine/svg_lc.rs:547:13
[INFO] [stdout]     |
[INFO] [stdout] 547 |             init_pos_lc,
[INFO] [stdout]     |             ^^^^^^^^^^^ help: try ignoring the field: `init_pos_lc: _`
[INFO] [stdout] 
[INFO] [stdout] 
[INFO] [stdout] warning: unused variable: `init_pos_inpins`
[INFO] [stdout]    --> view/logic_circuit/src/machine/svg_lc.rs:548:13
[INFO] [stdout]     |
[INFO] [stdout] 548 |             init_pos_inpins,
[INFO] [stdout]     |             ^^^^^^^^^^^^^^^ help: try ignoring the field: `init_pos_inpins: _`
[INFO] [stdout] 
[INFO] [stdout] 
[INFO] [stdout] warning: unused variable: `init_pos_otpins`
[INFO] [stdout]    --> view/logic_circuit/src/machine/svg_lc.rs:549:13
[INFO] [stdout]     |
[INFO] [stdout] 549 |             init_pos_otpins,
[INFO] [stdout]     |             ^^^^^^^^^^^^^^^ help: try ignoring the field: `init_pos_otpins: _`
[INFO] [stdout] 
[INFO] [stdout] 
[INFO] [stdout] warning: unused variable: `ctx`
[INFO] [stdout]    --> view/logic_circuit/src/machine/svg_lc.rs:571:26
[INFO] [stdout]     |
[INFO] [stdout] 571 |     fn update(&mut self, ctx: &Context<Self>, msg: Self::Message) -> bool {
[INFO] [stdout]     |                          ^^^ help: if this is intentional, prefix it with an underscore: `_ctx`
[INFO] [stdout] 
[INFO] [stdout] 
[INFO] [stdout] warning: unused variable: `state`
[INFO] [stdout]    --> view/logic_circuit/src/machine/svg_lc.rs:669:13
[INFO] [stdout]     |
[INFO] [stdout] 669 |             state,
[INFO] [stdout]     |             ^^^^^ help: try ignoring the field: `state: _`
[INFO] [stdout] 
[INFO] [stdout] 
[INFO] [stdout] warning: unused variable: `on_goto_test`
[INFO] [stdout]    --> view/logic_circuit/src/machine/svg_lc.rs:673:13
[INFO] [stdout]     |
[INFO] [stdout] 673 |             on_goto_test,
[INFO] [stdout]     |             ^^^^^^^^^^^^ help: try ignoring the field: `on_goto_test: _`
[INFO] [stdout] 
[INFO] [stdout] 
[INFO] [stdout] warning: unused variable: `on_log`
[INFO] [stdout]    --> view/logic_circuit/src/machine/svg_lc.rs:674:13
[INFO] [stdout]     |
[INFO] [stdout] 674 |             on_log,
[INFO] [stdout]     |             ^^^^^^ help: try ignoring the field: `on_log: _`
[INFO] [stdout] 
[INFO] [stdout] 
[INFO] [stdout] warning: unused variable: `k`
[INFO] [stdout]    --> view/logic_circuit/src/machine/svg_lc.rs:894:40
[INFO] [stdout]     |
[INFO] [stdout] 894 |             (GraphicEditorMsg::MoveLoC(k, MoveMsg::Select(diff)), State::None) => {
[INFO] [stdout]     |                                        ^ help: if this is intentional, prefix it with an underscore: `_k`
[INFO] [stdout] 
[INFO] [stdout] 
[INFO] [stdout] warning: unused variable: `diff`
[INFO] [stdout]    --> view/logic_circuit/src/machine/svg_lc.rs:929:87
[INFO] [stdout]     |
[INFO] [stdout] 929 |             (GraphicEditorMsg::MoveCopy(k, MoveMsg::UnSelect), State::CopyLC(k1, pos, diff))
[INFO] [stdout]     |                                                                                       ^^^^ help: if this is intentional, prefix it with an underscore: `_diff`
[INFO] [stdout] 
[INFO] [stdout] 
[INFO] [stdout] warning: unused variable: `k`
[INFO] [stdout]    --> view/logic_circuit/src/machine/svg_lc.rs:939:42
[INFO] [stdout]     |
[INFO] [stdout] 939 |             (GraphicEditorMsg::MoveInput(k, MoveMsg::Select(diff)), State::None) => {
[INFO] [stdout]     |                                          ^ help: if this is intentional, prefix it with an underscore: `_k`
[INFO] [stdout] 
[INFO] [stdout] 
[INFO] [stdout] warning: unused variable: `k`
[INFO] [stdout]    --> view/logic_circuit/src/machine/svg_lc.rs:945:42
[INFO] [stdout]     |
[INFO] [stdout] 945 |             (GraphicEditorMsg::MoveInput(k, MoveMsg::UnSelect), State::MoveInPin(_)) => {
[INFO] [stdout]     |                                          ^ help: if this is intentional, prefix it with an underscore: `_k`
[INFO] [stdout] 
[INFO] [stdout] 
[INFO] [stdout] warning: unused variable: `k`
[INFO] [stdout]    --> view/logic_circuit/src/machine/svg_lc.rs:952:42
[INFO] [stdout]     |
[INFO] [stdout] 952 |             (GraphicEditorMsg::MoveOtput(k, MoveMsg::Select(diff)), State::None) => {
[INFO] [stdout]     |                                          ^ help: if this is intentional, prefix it with an underscore: `_k`
[INFO] [stdout] 
[INFO] [stdout] 
[INFO] [stdout] warning: unused variable: `k`
[INFO] [stdout]    --> view/logic_circuit/src/machine/svg_lc.rs:958:42
[INFO] [stdout]     |
[INFO] [stdout] 958 |             (GraphicEditorMsg::MoveOtput(k, MoveMsg::UnSelect), State::MoveOtPin(_)) => {
[INFO] [stdout]     |                                          ^ help: if this is intentional, prefix it with an underscore: `_k`
[INFO] [stdout] 
[INFO] [stdout] 
[INFO] [stdout] warning: unused variable: `k`
[INFO] [stdout]    --> view/logic_circuit/src/machine/svg_lc.rs:961:42
[INFO] [stdout]     |
[INFO] [stdout] 961 |             (GraphicEditorMsg::MoveOtput(k, MoveMsg::Move(_) | MoveMsg::UnSelect), State::None) => {
[INFO] [stdout]     |                                          ^ help: if this is intentional, prefix it with an underscore: `_k`
[INFO] [stdout] 
[INFO] [stdout] 
[INFO] [stdout] warning: unused variable: `logic_circuits_components`
[INFO] [stdout]     --> view/logic_circuit/src/machine/svg_lc.rs:1046:21
[INFO] [stdout]      |
[INFO] [stdout] 1046 |                     logic_circuits_components,
[INFO] [stdout]      |                     ^^^^^^^^^^^^^^^^^^^^^^^^^ help: try ignoring the field: `logic_circuits_components: _`
[INFO] [stdout] 
[INFO] [stdout] 
[INFO] [stdout] warning: unused variable: `on_log`
[INFO] [stdout]     --> view/logic_circuit/src/machine/svg_lc.rs:1048:21
[INFO] [stdout]      |
[INFO] [stdout] 1048 |                     on_log,
[INFO] [stdout]      |                     ^^^^^^ help: try ignoring the field: `on_log: _`
[INFO] [stdout] 
[INFO] [stdout] 
[INFO] [stdout] warning: unused variable: `ctx`
[INFO] [stdout]     --> view/logic_circuit/src/machine/svg_lc.rs:1327:26
[INFO] [stdout]      |
[INFO] [stdout] 1327 |     fn update(&mut self, ctx: &Context<Self>, msg: Self::Message) -> bool {
[INFO] [stdout]      |                          ^^^ help: if this is intentional, prefix it with an underscore: `_ctx`
[INFO] [stdout] 
[INFO] [stdout] 
[INFO] [stderr]    Compiling logic_circuits_to_machine v0.1.0 (/opt/rustwide/workdir/book/component/logic_circuits_to_machine)
[INFO] [stderr]    Compiling mdbook-trunk-build-renderer v0.1.0 (/opt/rustwide/workdir/mdbook/mdbook-trunk-build-renderer)
[INFO] [stderr]    Compiling mdbook-trunk-build-preprocessor v0.1.0 (/opt/rustwide/workdir/mdbook/mdbook-trunk-build-preprocessor)
[INFO] [stderr]    Compiling logic_circuit_app v0.1.0 (/opt/rustwide/workdir/integration/logic_circuit)
[INFO] [stderr]    Compiling test_view v0.1.0 (/opt/rustwide/workdir/test_view)
[INFO] [stdout] warning: unused variable: `element`
[INFO] [stdout]  --> book/component/logic_circuits_to_machine/src/bin/logic_circuits_components.rs:3:9
[INFO] [stdout]   |
[INFO] [stdout] 3 |     let element = document
[INFO] [stdout]   |         ^^^^^^^ help: if this is intentional, prefix it with an underscore: `_element`
[INFO] [stdout]   |
[INFO] [stdout]   = note: `#[warn(unused_variables)]` on by default
[INFO] [stdout] 
[INFO] [stdout] 
[INFO] [stdout] warning: unused import: `logic_circuit::machine::LoC`
[INFO] [stdout]  --> test_view/src/main.rs:1:5
[INFO] [stdout]   |
[INFO] [stdout] 1 | use logic_circuit::machine::LoC;
[INFO] [stdout]   |     ^^^^^^^^^^^^^^^^^^^^^^^^^^^
[INFO] [stdout]   |
[INFO] [stdout]   = note: `#[warn(unused_imports)]` on by default
[INFO] [stdout] 
[INFO] [stdout] 
[INFO] [stdout] warning: unused variable: `initmap`
[INFO] [stdout]  --> book/component/logic_circuits_to_machine/src/bin/logic_circuits_components.rs:6:9
[INFO] [stdout]   |
[INFO] [stdout] 6 |     let initmap = logic_circuit::example::examples();
[INFO] [stdout]   |         ^^^^^^^ help: if this is intentional, prefix it with an underscore: `_initmap`
[INFO] [stdout] 
[INFO] [stdout] 
[INFO] [stdout] warning: unused imports: `ActLoCProps` and `ActLoCView`
[INFO] [stdout]  --> book/component/logic_circuits_to_machine/src/bin/dff_example.rs:1:43
[INFO] [stdout]   |
[INFO] [stdout] 1 | use logic_circuit_view::machine::svg_lc::{ActLoCView, ActLoCProps};
[INFO] [stdout]   |                                           ^^^^^^^^^^  ^^^^^^^^^^^
[INFO] [stdout]   |
[INFO] [stdout]   = note: `#[warn(unused_imports)]` on by default
[INFO] [stdout] 
[INFO] [stdout] 
[INFO] [stdout] warning: unused import: `utils::view::svg::Pos`
[INFO] [stdout]  --> book/component/logic_circuits_to_machine/src/bin/dff_example.rs:2:5
[INFO] [stdout]   |
[INFO] [stdout] 2 | use utils::view::svg::Pos;
[INFO] [stdout]   |     ^^^^^^^^^^^^^^^^^^^^^
[INFO] [stdout] 
[INFO] [stdout] 
[INFO] [stdout] warning: unused variable: `element`
[INFO] [stdout]  --> book/component/logic_circuits_to_machine/src/bin/dff_example.rs:6:9
[INFO] [stdout]   |
[INFO] [stdout] 6 |     let element = document.get_element_by_id("dff_example").unwrap();
[INFO] [stdout]   |         ^^^^^^^ help: if this is intentional, prefix it with an underscore: `_element`
[INFO] [stdout]   |
[INFO] [stdout]   = note: `#[warn(unused_variables)]` on by default
[INFO] [stdout] 
[INFO] [stdout] 
[INFO] [stdout] warning: unused variable: `dff`
[INFO] [stdout]  --> book/component/logic_circuits_to_machine/src/bin/dff_example.rs:8:9
[INFO] [stdout]   |
[INFO] [stdout] 8 |     let dff = initmap.get(&"DFF".into()).unwrap();
[INFO] [stdout]   |         ^^^ help: if this is intentional, prefix it with an underscore: `_dff`
[INFO] [stdout] 
[INFO] [stdout] 
[INFO] [stderr]     Finished `dev` profile [unoptimized + debuginfo] target(s) in 1m 26s
[INFO] running `Command { std: "docker" "inspect" "34df4ed971b5acf962867104c819849ff18e1073508e14cc9a0847ac2b04da03", kill_on_drop: false }`
[INFO] running `Command { std: "docker" "rm" "-f" "34df4ed971b5acf962867104c819849ff18e1073508e14cc9a0847ac2b04da03", kill_on_drop: false }`
[INFO] [stdout] 34df4ed971b5acf962867104c819849ff18e1073508e14cc9a0847ac2b04da03
[INFO] running `Command { std: "docker" "create" "-v" "/var/lib/crater-agent-workspace/builds/worker-7-tc2/target:/opt/rustwide/target:rw,Z" "-v" "/var/lib/crater-agent-workspace/builds/worker-7-tc2/source:/opt/rustwide/workdir:ro,Z" "-v" "/var/lib/crater-agent-workspace/cargo-home:/opt/rustwide/cargo-home:ro,Z" "-v" "/var/lib/crater-agent-workspace/rustup-home:/opt/rustwide/rustup-home:ro,Z" "-e" "SOURCE_DIR=/opt/rustwide/workdir" "-e" "CARGO_TARGET_DIR=/opt/rustwide/target" "-e" "CARGO_INCREMENTAL=0" "-e" "RUST_BACKTRACE=full" "-e" "RUSTFLAGS=--cap-lints=forbid -Zrandomize-layout" "-e" "RUSTDOCFLAGS=--cap-lints=forbid" "-e" "CARGO_HOME=/opt/rustwide/cargo-home" "-e" "RUSTUP_HOME=/opt/rustwide/rustup-home" "-w" "/opt/rustwide/workdir" "-m" "1610612736" "--user" "0:0" "--network" "none" "ghcr.io/rust-lang/crates-build-env/linux@sha256:819108c5571ea2e421544af4d832f968d213c87fbe3707a016657f43d2f853bc" "/opt/rustwide/cargo-home/bin/cargo" "+nightly-2025-01-18" "test" "--frozen" "--no-run" "--message-format=json", kill_on_drop: false }`
[INFO] [stdout] fc28e3afb2dbc0b2c6619dc24482cc1013036b21ccee8435a0c120476a281c8e
[INFO] running `Command { std: "docker" "start" "-a" "fc28e3afb2dbc0b2c6619dc24482cc1013036b21ccee8435a0c120476a281c8e", kill_on_drop: false }`
[INFO] [stdout] warning[E0602]: unknown lint: `type_complexity`
[INFO] [stdout]   |
[INFO] [stdout]   = note: requested on the command line with `-F type_complexity`
[INFO] [stdout]   = note: `#[warn(unknown_lints)]` on by default
[INFO] [stdout] 
[INFO] [stdout] 
[INFO] [stdout] warning: unused variable: `ctx`
[INFO] [stdout]    --> utils/src/view.rs:253:26
[INFO] [stdout]     |
[INFO] [stdout] 253 |     fn update(&mut self, ctx: &Context<Self>, msg: Self::Message) -> bool {
[INFO] [stdout]     |                          ^^^ help: if this is intentional, prefix it with an underscore: `_ctx`
[INFO] [stdout]     |
[INFO] [stdout]     = note: `#[warn(unused_variables)]` on by default
[INFO] [stdout] 
[INFO] [stdout] 
[INFO] [stdout] warning: unused variable: `ctx`
[INFO] [stdout]    --> utils/src/view.rs:348:15
[INFO] [stdout]     |
[INFO] [stdout] 348 |     fn create(ctx: &Context<Self>) -> Self {
[INFO] [stdout]     |               ^^^ help: if this is intentional, prefix it with an underscore: `_ctx`
[INFO] [stdout] 
[INFO] [stdout] 
[INFO] [stdout] For more information about this error, try `rustc --explain E0602`.
[INFO] [stdout] 
[INFO] [stdout] warning: unused import: `fmt::Display`
[INFO] [stdout]  --> view/turing_machine/src/machine.rs:3:11
[INFO] [stdout]   |
[INFO] [stdout] 3 | use std::{fmt::Display, iter::repeat};
[INFO] [stdout]   |           ^^^^^^^^^^^^
[INFO] [stdout]   |
[INFO] [stdout]   = note: `#[warn(unused_imports)]` on by default
[INFO] [stdout] 
[INFO] [stdout] 
[INFO] [stdout] warning: unused variable: `ctx`
[INFO] [stdout]    --> view/turing_machine/src/machine.rs:128:15
[INFO] [stdout]     |
[INFO] [stdout] 128 |     fn create(ctx: &Context<Self>) -> Self {
[INFO] [stdout]     |               ^^^ help: if this is intentional, prefix it with an underscore: `_ctx`
[INFO] [stdout]     |
[INFO] [stdout]     = note: `#[warn(unused_variables)]` on by default
[INFO] [stdout] 
[INFO] [stdout] 
[INFO] [stdout] warning: unused import: `std::collections::HashMap`
[INFO] [stdout]  --> models/logic_circuit/src/manipulation.rs:1:5
[INFO] [stdout]   |
[INFO] [stdout] 1 | use std::collections::HashMap;
[INFO] [stdout]   |     ^^^^^^^^^^^^^^^^^^^^^^^^^
[INFO] [stdout]   |
[INFO] [stdout]   = note: `#[warn(unused_imports)]` on by default
[INFO] [stdout] 
[INFO] [stdout] 
[INFO] [stdout] warning: unused import: `std::collections::HashMap`
[INFO] [stdout]  --> models/logic_circuit/src/example.rs:1:5
[INFO] [stdout]   |
[INFO] [stdout] 1 | use std::collections::HashMap;
[INFO] [stdout]   |     ^^^^^^^^^^^^^^^^^^^^^^^^^
[INFO] [stdout] 
[INFO] [stdout] 
[INFO] [stdout] warning: unused imports: `LoC` and `Name`
[INFO] [stdout]  --> models/logic_circuit/src/example.rs:5:22
[INFO] [stdout]   |
[INFO] [stdout] 5 | use super::machine::{LoC, Name};
[INFO] [stdout]   |                      ^^^  ^^^^
[INFO] [stdout] 
[INFO] [stdout] 
[INFO] [stdout] warning: unused variable: `name`
[INFO] [stdout]    --> models/logic_circuit/src/machine.rs:881:27
[INFO] [stdout]     |
[INFO] [stdout] 881 |             LoC::FinGraph(name, fingraph) => Some(*fingraph),
[INFO] [stdout]     |                           ^^^^ help: if this is intentional, prefix it with an underscore: `_name`
[INFO] [stdout]     |
[INFO] [stdout]     = note: `#[warn(unused_variables)]` on by default
[INFO] [stdout] 
[INFO] [stdout] 
[INFO] [stdout] warning: method `len` is never used
[INFO] [stdout]    --> models/logic_circuit/src/machine.rs:371:8
[INFO] [stdout]     |
[INFO] [stdout] 370 | impl Name {
[INFO] [stdout]     | --------- method in this implementation
[INFO] [stdout] 371 |     fn len(&self) -> usize {
[INFO] [stdout]     |        ^^^
[INFO] [stdout]     |
[INFO] [stdout]     = note: `#[warn(dead_code)]` on by default
[INFO] [stdout] 
[INFO] [stdout] 
[INFO] [stdout] warning: unused import: `callback`
[INFO] [stdout]  --> view/recursive_function/src/lib.rs:8:11
[INFO] [stdout]   |
[INFO] [stdout] 8 | use yew::{callback, html, Callback, Component, Properties};
[INFO] [stdout]   |           ^^^^^^^^
[INFO] [stdout]   |
[INFO] [stdout]   = note: `#[warn(unused_imports)]` on by default
[INFO] [stdout] 
[INFO] [stdout] 
[INFO] [stdout] warning: unused variable: `ctx`
[INFO] [stdout]   --> view/recursive_function/src/lib.rs:96:20
[INFO] [stdout]    |
[INFO] [stdout] 96 |     fn view(&self, ctx: &Context<Self>) -> Html {
[INFO] [stdout]    |                    ^^^ help: if this is intentional, prefix it with an underscore: `_ctx`
[INFO] [stdout]    |
[INFO] [stdout]    = note: `#[warn(unused_variables)]` on by default
[INFO] [stdout] 
[INFO] [stdout] 
[INFO] [stdout] warning: unused variable: `code_handle`
[INFO] [stdout]    --> view/recursive_function/src/lib.rs:135:9
[INFO] [stdout]     |
[INFO] [stdout] 135 |     let code_handle = yew::Renderer::<utils::view::CodeView>::with_root_and_props(
[INFO] [stdout]     |         ^^^^^^^^^^^ help: if this is intentional, prefix it with an underscore: `_code_handle`
[INFO] [stdout] 
[INFO] [stdout] 
[INFO] [stdout] warning: function `playground` is never used
[INFO] [stdout]    --> view/recursive_function/src/lib.rs:122:4
[INFO] [stdout]     |
[INFO] [stdout] 122 | fn playground(element: Element) {
[INFO] [stdout]     |    ^^^^^^^^^^
[INFO] [stdout]     |
[INFO] [stdout]     = note: `#[warn(dead_code)]` on by default
[INFO] [stdout] 
[INFO] [stdout] 
[INFO] [stdout] warning: function `set_machine` is never used
[INFO] [stdout]    --> view/recursive_function/src/lib.rs:142:4
[INFO] [stdout]     |
[INFO] [stdout] 142 | fn set_machine(element: Element, fnc: RecursiveFunctions) {
[INFO] [stdout]     |    ^^^^^^^^^^^
[INFO] [stdout] 
[INFO] [stdout] 
[INFO] [stdout] warning: unused import: `std::collections::HashMap`
[INFO] [stdout]  --> view/logic_circuit/src/lib.rs:1:5
[INFO] [stdout]   |
[INFO] [stdout] 1 | use std::collections::HashMap;
[INFO] [stdout]   |     ^^^^^^^^^^^^^^^^^^^^^^^^^
[INFO] [stdout]   |
[INFO] [stdout]   = note: `#[warn(unused_imports)]` on by default
[INFO] [stdout] 
[INFO] [stdout] 
[INFO] [stdout] warning: unused imports: `LoC` and `Name`
[INFO] [stdout]  --> view/logic_circuit/src/lib.rs:4:15
[INFO] [stdout]   |
[INFO] [stdout] 4 |     machine::{LoC, Name},
[INFO] [stdout]   |               ^^^  ^^^^
[INFO] [stdout] 
[INFO] [stdout] 
[INFO] [stdout] warning: unused import: `svg_lc::FingraphMachineProps`
[INFO] [stdout]  --> view/logic_circuit/src/lib.rs:8:15
[INFO] [stdout]   |
[INFO] [stdout] 8 | use machine::{svg_lc::FingraphMachineProps, MachineMsg};
[INFO] [stdout]   |               ^^^^^^^^^^^^^^^^^^^^^^^^^^^^
[INFO] [stdout] 
[INFO] [stdout] 
[INFO] [stdout] warning: unused import: `Gate`
[INFO] [stdout]  --> view/logic_circuit/src/machine.rs:4:46
[INFO] [stdout]   |
[INFO] [stdout] 4 | use logic_circuit::machine::{Bool, FinGraph, Gate, InPin, LoC, Name, OtPin};
[INFO] [stdout]   |                                              ^^^^
[INFO] [stdout] 
[INFO] [stdout] 
[INFO] [stdout] warning: unused imports: `collections::HashMap` and `fmt::Display`
[INFO] [stdout]  --> view/logic_circuit/src/machine/svg_lc.rs:5:11
[INFO] [stdout]   |
[INFO] [stdout] 5 | use std::{collections::HashMap, fmt::Display};
[INFO] [stdout]   |           ^^^^^^^^^^^^^^^^^^^^  ^^^^^^^^^^^^
[INFO] [stdout] 
[INFO] [stdout] 
[INFO] [stdout] warning: unused import: `yew::prelude::*`
[INFO] [stdout]  --> view/logic_circuit/src/machine/svg_lc.rs:7:5
[INFO] [stdout]   |
[INFO] [stdout] 7 | use yew::prelude::*;
[INFO] [stdout]   |     ^^^^^^^^^^^^^^^
[INFO] [stdout] 
[INFO] [stdout] 
[INFO] [stdout] warning: unused variable: `ctx`
[INFO] [stdout]    --> view/logic_circuit/src/machine.rs:137:15
[INFO] [stdout]     |
[INFO] [stdout] 137 |     fn create(ctx: &Context<Self>) -> Self {
[INFO] [stdout]     |               ^^^ help: if this is intentional, prefix it with an underscore: `_ctx`
[INFO] [stdout]     |
[INFO] [stdout]     = note: `#[warn(unused_variables)]` on by default
[INFO] [stdout] 
[INFO] [stdout] 
[INFO] [stdout] warning: unused variable: `gate`
[INFO] [stdout]    --> view/logic_circuit/src/machine.rs:152:23
[INFO] [stdout]     |
[INFO] [stdout] 152 |             LoC::Gate(gate) => {
[INFO] [stdout]     |                       ^^^^ help: if this is intentional, prefix it with an underscore: `_gate`
[INFO] [stdout] 
[INFO] [stdout] 
[INFO] [stdout] warning: unused variable: `name`
[INFO] [stdout]    --> view/logic_circuit/src/machine.rs:155:27
[INFO] [stdout]     |
[INFO] [stdout] 155 |             LoC::FinGraph(name, fingraph) => {
[INFO] [stdout]     |                           ^^^^ help: if this is intentional, prefix it with an underscore: `_name`
[INFO] [stdout] 
[INFO] [stdout] 
[INFO] [stdout] warning: unused variable: `name`
[INFO] [stdout]    --> view/logic_circuit/src/machine.rs:163:23
[INFO] [stdout]     |
[INFO] [stdout] 163 |             LoC::Iter(name, iter) => {
[INFO] [stdout]     |                       ^^^^ help: if this is intentional, prefix it with an underscore: `_name`
[INFO] [stdout] 
[INFO] [stdout] 
[INFO] [stdout] warning: unused variable: `ctx`
[INFO] [stdout]    --> view/logic_circuit/src/machine.rs:173:26
[INFO] [stdout]     |
[INFO] [stdout] 173 |     fn update(&mut self, ctx: &Context<Self>, msg: Self::Message) -> bool {
[INFO] [stdout]     |                          ^^^ help: if this is intentional, prefix it with an underscore: `_ctx`
[INFO] [stdout] 
[INFO] [stdout] 
[INFO] [stdout] warning: unused variable: `msg`
[INFO] [stdout]    --> view/logic_circuit/src/machine.rs:173:47
[INFO] [stdout]     |
[INFO] [stdout] 173 |     fn update(&mut self, ctx: &Context<Self>, msg: Self::Message) -> bool {
[INFO] [stdout]     |                                               ^^^ help: if this is intentional, prefix it with an underscore: `_msg`
[INFO] [stdout] 
[INFO] [stdout] 
[INFO] [stdout] warning: unused variable: `onmovelc`
[INFO] [stdout]    --> view/logic_circuit/src/machine/svg_lc.rs:460:60
[INFO] [stdout]     |
[INFO] [stdout] 460 | ...   let LoCProps { name, inputs, otputs, ori, pos, onmovelc, onclickinpin, onclickotpin, onrightclick, onrotclockwise, onrotcountercloc...
[INFO] [stdout]     |                                                      ^^^^^^^^ help: try ignoring the field: `onmovelc: _`
[INFO] [stdout] 
[INFO] [stdout] 
[INFO] [stdout] warning: unused variable: `onclickinpin`
[INFO] [stdout]    --> view/logic_circuit/src/machine/svg_lc.rs:460:70
[INFO] [stdout]     |
[INFO] [stdout] 460 | ...   let LoCProps { name, inputs, otputs, ori, pos, onmovelc, onclickinpin, onclickotpin, onrightclick, onrotclockwise, onrotcountercloc...
[INFO] [stdout]     |                                                                ^^^^^^^^^^^^ help: try ignoring the field: `onclickinpin: _`
[INFO] [stdout] 
[INFO] [stdout] 
[INFO] [stdout] warning: unused variable: `onclickotpin`
[INFO] [stdout]    --> view/logic_circuit/src/machine/svg_lc.rs:460:84
[INFO] [stdout]     |
[INFO] [stdout] 460 | ...s, ori, pos, onmovelc, onclickinpin, onclickotpin, onrightclick, onrotclockwise, onrotcounterclockwise } = actlocprops.get_lc_props(na...
[INFO] [stdout]     |                                         ^^^^^^^^^^^^ help: try ignoring the field: `onclickotpin: _`
[INFO] [stdout] 
[INFO] [stdout] 
[INFO] [stdout] warning: unused variable: `onrightclick`
[INFO] [stdout]    --> view/logic_circuit/src/machine/svg_lc.rs:460:98
[INFO] [stdout]     |
[INFO] [stdout] 460 | ...nmovelc, onclickinpin, onclickotpin, onrightclick, onrotclockwise, onrotcounterclockwise } = actlocprops.get_lc_props(name).unwrap();
[INFO] [stdout]     |                                         ^^^^^^^^^^^^ help: try ignoring the field: `onrightclick: _`
[INFO] [stdout] 
[INFO] [stdout] 
[INFO] [stdout] warning: unused variable: `onrotclockwise`
[INFO] [stdout]    --> view/logic_circuit/src/machine/svg_lc.rs:460:112
[INFO] [stdout]     |
[INFO] [stdout] 460 | ...inpin, onclickotpin, onrightclick, onrotclockwise, onrotcounterclockwise } = actlocprops.get_lc_props(name).unwrap();
[INFO] [stdout]     |                                       ^^^^^^^^^^^^^^ help: try ignoring the field: `onrotclockwise: _`
[INFO] [stdout] 
[INFO] [stdout] 
[INFO] [stdout] warning: unused variable: `onrotcounterclockwise`
[INFO] [stdout]    --> view/logic_circuit/src/machine/svg_lc.rs:460:128
[INFO] [stdout]     |
[INFO] [stdout] 460 | ...rightclick, onrotclockwise, onrotcounterclockwise } = actlocprops.get_lc_props(name).unwrap();
[INFO] [stdout]     |                                ^^^^^^^^^^^^^^^^^^^^^ help: try ignoring the field: `onrotcounterclockwise: _`
[INFO] [stdout] 
[INFO] [stdout] 
[INFO] [stdout] warning: unused variable: `init_pos_lc`
[INFO] [stdout]    --> view/logic_circuit/src/machine/svg_lc.rs:547:13
[INFO] [stdout]     |
[INFO] [stdout] 547 |             init_pos_lc,
[INFO] [stdout]     |             ^^^^^^^^^^^ help: try ignoring the field: `init_pos_lc: _`
[INFO] [stdout] 
[INFO] [stdout] 
[INFO] [stdout] warning: unused variable: `init_pos_inpins`
[INFO] [stdout]    --> view/logic_circuit/src/machine/svg_lc.rs:548:13
[INFO] [stdout]     |
[INFO] [stdout] 548 |             init_pos_inpins,
[INFO] [stdout]     |             ^^^^^^^^^^^^^^^ help: try ignoring the field: `init_pos_inpins: _`
[INFO] [stdout] 
[INFO] [stdout] 
[INFO] [stdout] warning: unused variable: `init_pos_otpins`
[INFO] [stdout]    --> view/logic_circuit/src/machine/svg_lc.rs:549:13
[INFO] [stdout]     |
[INFO] [stdout] 549 |             init_pos_otpins,
[INFO] [stdout]     |             ^^^^^^^^^^^^^^^ help: try ignoring the field: `init_pos_otpins: _`
[INFO] [stdout] 
[INFO] [stdout] 
[INFO] [stdout] warning: unused variable: `ctx`
[INFO] [stdout]    --> view/logic_circuit/src/machine/svg_lc.rs:571:26
[INFO] [stdout]     |
[INFO] [stdout] 571 |     fn update(&mut self, ctx: &Context<Self>, msg: Self::Message) -> bool {
[INFO] [stdout]     |                          ^^^ help: if this is intentional, prefix it with an underscore: `_ctx`
[INFO] [stdout] 
[INFO] [stdout] 
[INFO] [stdout] warning: unused variable: `state`
[INFO] [stdout]    --> view/logic_circuit/src/machine/svg_lc.rs:669:13
[INFO] [stdout]     |
[INFO] [stdout] 669 |             state,
[INFO] [stdout]     |             ^^^^^ help: try ignoring the field: `state: _`
[INFO] [stdout] 
[INFO] [stdout] 
[INFO] [stdout] warning: unused variable: `on_goto_test`
[INFO] [stdout]    --> view/logic_circuit/src/machine/svg_lc.rs:673:13
[INFO] [stdout]     |
[INFO] [stdout] 673 |             on_goto_test,
[INFO] [stdout]     |             ^^^^^^^^^^^^ help: try ignoring the field: `on_goto_test: _`
[INFO] [stdout] 
[INFO] [stdout] 
[INFO] [stdout] warning: unused variable: `on_log`
[INFO] [stdout]    --> view/logic_circuit/src/machine/svg_lc.rs:674:13
[INFO] [stdout]     |
[INFO] [stdout] 674 |             on_log,
[INFO] [stdout]     |             ^^^^^^ help: try ignoring the field: `on_log: _`
[INFO] [stdout] 
[INFO] [stdout] 
[INFO] [stdout] warning: unused variable: `k`
[INFO] [stdout]    --> view/logic_circuit/src/machine/svg_lc.rs:894:40
[INFO] [stdout]     |
[INFO] [stdout] 894 |             (GraphicEditorMsg::MoveLoC(k, MoveMsg::Select(diff)), State::None) => {
[INFO] [stdout]     |                                        ^ help: if this is intentional, prefix it with an underscore: `_k`
[INFO] [stdout] 
[INFO] [stdout] 
[INFO] [stdout] warning: unused variable: `diff`
[INFO] [stdout]    --> view/logic_circuit/src/machine/svg_lc.rs:929:87
[INFO] [stdout]     |
[INFO] [stdout] 929 |             (GraphicEditorMsg::MoveCopy(k, MoveMsg::UnSelect), State::CopyLC(k1, pos, diff))
[INFO] [stdout]     |                                                                                       ^^^^ help: if this is intentional, prefix it with an underscore: `_diff`
[INFO] [stdout] 
[INFO] [stdout] 
[INFO] [stdout] warning: unused variable: `k`
[INFO] [stdout]    --> view/logic_circuit/src/machine/svg_lc.rs:939:42
[INFO] [stdout]     |
[INFO] [stdout] 939 |             (GraphicEditorMsg::MoveInput(k, MoveMsg::Select(diff)), State::None) => {
[INFO] [stdout]     |                                          ^ help: if this is intentional, prefix it with an underscore: `_k`
[INFO] [stdout] 
[INFO] [stdout] 
[INFO] [stdout] warning: unused variable: `k`
[INFO] [stdout]    --> view/logic_circuit/src/machine/svg_lc.rs:945:42
[INFO] [stdout]     |
[INFO] [stdout] 945 |             (GraphicEditorMsg::MoveInput(k, MoveMsg::UnSelect), State::MoveInPin(_)) => {
[INFO] [stdout]     |                                          ^ help: if this is intentional, prefix it with an underscore: `_k`
[INFO] [stdout] 
[INFO] [stdout] 
[INFO] [stdout] warning: unused variable: `k`
[INFO] [stdout]    --> view/logic_circuit/src/machine/svg_lc.rs:952:42
[INFO] [stdout]     |
[INFO] [stdout] 952 |             (GraphicEditorMsg::MoveOtput(k, MoveMsg::Select(diff)), State::None) => {
[INFO] [stdout]     |                                          ^ help: if this is intentional, prefix it with an underscore: `_k`
[INFO] [stdout] 
[INFO] [stdout] 
[INFO] [stdout] warning: unused variable: `k`
[INFO] [stdout]    --> view/logic_circuit/src/machine/svg_lc.rs:958:42
[INFO] [stdout]     |
[INFO] [stdout] 958 |             (GraphicEditorMsg::MoveOtput(k, MoveMsg::UnSelect), State::MoveOtPin(_)) => {
[INFO] [stdout]     |                                          ^ help: if this is intentional, prefix it with an underscore: `_k`
[INFO] [stdout] 
[INFO] [stdout] 
[INFO] [stdout] warning: unused variable: `k`
[INFO] [stdout]    --> view/logic_circuit/src/machine/svg_lc.rs:961:42
[INFO] [stdout]     |
[INFO] [stdout] 961 |             (GraphicEditorMsg::MoveOtput(k, MoveMsg::Move(_) | MoveMsg::UnSelect), State::None) => {
[INFO] [stdout]     |                                          ^ help: if this is intentional, prefix it with an underscore: `_k`
[INFO] [stdout] 
[INFO] [stdout] 
[INFO] [stdout] warning: unused variable: `logic_circuits_components`
[INFO] [stdout]     --> view/logic_circuit/src/machine/svg_lc.rs:1046:21
[INFO] [stdout]      |
[INFO] [stdout] 1046 |                     logic_circuits_components,
[INFO] [stdout]      |                     ^^^^^^^^^^^^^^^^^^^^^^^^^ help: try ignoring the field: `logic_circuits_components: _`
[INFO] [stdout] 
[INFO] [stdout] 
[INFO] [stdout] warning: unused variable: `on_log`
[INFO] [stdout]     --> view/logic_circuit/src/machine/svg_lc.rs:1048:21
[INFO] [stdout]      |
[INFO] [stdout] 1048 |                     on_log,
[INFO] [stdout]      |                     ^^^^^^ help: try ignoring the field: `on_log: _`
[INFO] [stdout] 
[INFO] [stdout] 
[INFO] [stdout] warning: unused variable: `ctx`
[INFO] [stdout]     --> view/logic_circuit/src/machine/svg_lc.rs:1327:26
[INFO] [stdout]      |
[INFO] [stdout] 1327 |     fn update(&mut self, ctx: &Context<Self>, msg: Self::Message) -> bool {
[INFO] [stdout]      |                          ^^^ help: if this is intentional, prefix it with an underscore: `_ctx`
[INFO] [stdout] 
[INFO] [stdout] 
[INFO] [stdout] warning: unused import: `Parser`
[INFO] [stdout]  --> models/my-hardware-description-language/src/interface.rs:3:29
[INFO] [stdout]   |
[INFO] [stdout] 3 | use pest::{iterators::Pair, Parser};
[INFO] [stdout]   |                             ^^^^^^
[INFO] [stdout]   |
[INFO] [stdout]   = note: `#[warn(unused_imports)]` on by default
[INFO] [stdout] 
[INFO] [stdout] 
[INFO] [stdout] warning: unused variable: `input`
[INFO] [stdout]    --> models/my-hardware-description-language/src/machine.rs:335:29
[INFO] [stdout]     |
[INFO] [stdout] 335 |     pub fn clock(&mut self, input: Value) -> Result<(), Error> {
[INFO] [stdout]     |                             ^^^^^ help: if this is intentional, prefix it with an underscore: `_input`
[INFO] [stdout]     |
[INFO] [stdout]     = note: `#[warn(unused_variables)]` on by default
[INFO] [stdout] 
[INFO] [stdout] 
[INFO] [stdout] warning: multiple variants are never constructed
[INFO] [stdout]    --> models/my-hardware-description-language/src/machine.rs:97:5
[INFO] [stdout]     |
[INFO] [stdout] 96  | enum CombExpVal {
[INFO] [stdout]     |      ---------- variants in this enum
[INFO] [stdout] 97  |     Val(Value),
[INFO] [stdout]     |     ^^^
[INFO] [stdout] 98  |     Var(String),
[INFO] [stdout]     |     ^^^
[INFO] [stdout] 99  |     And(Box<CombExpVal>, Box<CombExpVal>),
[INFO] [stdout]     |     ^^^
[INFO] [stdout] 100 |     Or(Box<CombExpVal>, Box<CombExpVal>),
[INFO] [stdout]     |     ^^
[INFO] [stdout] 101 |     Not(Box<CombExpVal>),
[INFO] [stdout]     |     ^^^
[INFO] [stdout] 102 |     IfCond(Box<CombExpVal>, Box<CombExpVal>, Box<CombExpVal>),
[INFO] [stdout]     |     ^^^^^^
[INFO] [stdout] 103 |     ArrayAcc(Box<CombExpVal>, Number),
[INFO] [stdout]     |     ^^^^^^^^
[INFO] [stdout] 104 |     ArrayConst(Vec<CombExpVal>),
[INFO] [stdout]     |     ^^^^^^^^^^
[INFO] [stdout] 105 |     FieldAcc(Box<CombExpVal>, String),
[INFO] [stdout]     |     ^^^^^^^^
[INFO] [stdout] 106 |     StrctConst(Vec<(String, CombExpVal)>),
[INFO] [stdout]     |     ^^^^^^^^^^
[INFO] [stdout] 107 |     Switch(Box<CombExpVal>, Vec<(String, CombExpVal)>),
[INFO] [stdout]     |     ^^^^^^
[INFO] [stdout] 108 |     SeqAndFinal(Vec<(String, CombExpVal)>, Box<CombExpVal>),
[INFO] [stdout]     |     ^^^^^^^^^^^
[INFO] [stdout] 109 |     CombModule(String, Box<CombExpVal>),
[INFO] [stdout]     |     ^^^^^^^^^^
[INFO] [stdout]     |
[INFO] [stdout]     = note: `CombExpVal` has derived impls for the traits `Clone` and `Debug`, but these are intentionally ignored during dead code analysis
[INFO] [stdout]     = note: `#[warn(dead_code)]` on by default
[INFO] [stdout] 
[INFO] [stdout] 
[INFO] [stdout] warning: function `eval_to_val` is never used
[INFO] [stdout]    --> models/my-hardware-description-language/src/machine.rs:120:4
[INFO] [stdout]     |
[INFO] [stdout] 120 | fn eval_to_val(
[INFO] [stdout]     |    ^^^^^^^^^^^
[INFO] [stdout] 
[INFO] [stdout] 
[INFO] [stdout] warning: constant `FIELD_IN` is never used
[INFO] [stdout]    --> models/my-hardware-description-language/src/machine.rs:260:7
[INFO] [stdout]     |
[INFO] [stdout] 260 | const FIELD_IN: &str = "IN";
[INFO] [stdout]     |       ^^^^^^^^
[INFO] [stdout] 
[INFO] [stdout] 
[INFO] [stdout] warning: constant `FIELD_OUT` is never used
[INFO] [stdout]    --> models/my-hardware-description-language/src/machine.rs:261:7
[INFO] [stdout]     |
[INFO] [stdout] 261 | const FIELD_OUT: &str = "OUT";
[INFO] [stdout]     |       ^^^^^^^^^
[INFO] [stdout] 
[INFO] [stdout] 
[INFO] [stdout] warning: constant `FIELD_STATE` is never used
[INFO] [stdout]    --> models/my-hardware-description-language/src/machine.rs:262:7
[INFO] [stdout]     |
[INFO] [stdout] 262 | const FIELD_STATE: &str = "STATE";
[INFO] [stdout]     |       ^^^^^^^^^^^
[INFO] [stdout] 
[INFO] [stdout] 
[INFO] [stdout] warning: associated items `new` and `build` are never used
[INFO] [stdout]    --> models/my-hardware-description-language/src/machine.rs:274:8
[INFO] [stdout]     |
[INFO] [stdout] 273 | impl SimpleModuleState {
[INFO] [stdout]     | ---------------------- associated items in this implementation
[INFO] [stdout] 274 |     fn new() -> Self {
[INFO] [stdout]     |        ^^^
[INFO] [stdout] ...
[INFO] [stdout] 277 |     fn build(&self) -> SimpleModuleState {
[INFO] [stdout]     |        ^^^^^
[INFO] [stdout] 
[INFO] [stdout] 
[INFO] [stdout] warning: methods `now_state`, `get_otput`, and `clock` are never used
[INFO] [stdout]    --> models/my-hardware-description-language/src/machine.rs:290:8
[INFO] [stdout]     |
[INFO] [stdout] 289 | impl SimpleModuleState {
[INFO] [stdout]     | ---------------------- methods in this implementation
[INFO] [stdout] 290 |     fn now_state(&self) -> Value {
[INFO] [stdout]     |        ^^^^^^^^^
[INFO] [stdout] ...
[INFO] [stdout] 293 |     fn get_otput(&self) -> Result<Value, Error> {
[INFO] [stdout]     |        ^^^^^^^^^
[INFO] [stdout] ...
[INFO] [stdout] 300 |     fn clock(&mut self, input: Value) -> Result<(), Error> {
[INFO] [stdout]     |        ^^^^^
[INFO] [stdout] 
[INFO] [stdout] 
[INFO] [stdout] warning: methods `now_state`, `get_otput`, and `clock` are never used
[INFO] [stdout]    --> models/my-hardware-description-language/src/machine.rs:357:8
[INFO] [stdout]     |
[INFO] [stdout] 356 | impl GraphModuleState {
[INFO] [stdout]     | --------------------- methods in this implementation
[INFO] [stdout] 357 |     fn now_state(&self) -> Value {
[INFO] [stdout]     |        ^^^^^^^^^
[INFO] [stdout] ...
[INFO] [stdout] 365 |     fn get_otput(&self) -> Result<Value, Error> {
[INFO] [stdout]     |        ^^^^^^^^^
[INFO] [stdout] ...
[INFO] [stdout] 375 |     fn clock(&mut self, input: Value) -> Result<(), Error> {
[INFO] [stdout]     |        ^^^^^
[INFO] [stdout] 
[INFO] [stdout] 
[INFO] [stdout] warning: constant `FIELD_NEXT` is never used
[INFO] [stdout]    --> models/my-hardware-description-language/src/machine.rs:410:7
[INFO] [stdout]     |
[INFO] [stdout] 410 | const FIELD_NEXT: &str = "NEXT";
[INFO] [stdout]     |       ^^^^^^^^^^
[INFO] [stdout] 
[INFO] [stdout] 
[INFO] [stdout] warning: constant `FIELD_THIS` is never used
[INFO] [stdout]    --> models/my-hardware-description-language/src/machine.rs:411:7
[INFO] [stdout]     |
[INFO] [stdout] 411 | const FIELD_THIS: &str = "THIS";
[INFO] [stdout]     |       ^^^^^^^^^^
[INFO] [stdout] 
[INFO] [stdout] 
[INFO] [stdout] warning: constant `FILED_PREV` is never used
[INFO] [stdout]    --> models/my-hardware-description-language/src/machine.rs:412:7
[INFO] [stdout]     |
[INFO] [stdout] 412 | const FILED_PREV: &str = "PREV";
[INFO] [stdout]     |       ^^^^^^^^^^
[INFO] [stdout] 
[INFO] [stdout] 
[INFO] [stdout] warning: methods `get_otput` and `clock` are never used
[INFO] [stdout]    --> models/my-hardware-description-language/src/machine.rs:415:8
[INFO] [stdout]     |
[INFO] [stdout] 414 | impl IterModuleState {
[INFO] [stdout]     | -------------------- methods in this implementation
[INFO] [stdout] 415 |     fn get_otput(&self) -> Result<Value, Error> {
[INFO] [stdout]     |        ^^^^^^^^^
[INFO] [stdout] ...
[INFO] [stdout] 423 |     fn clock(&mut self, input: Value) -> Result<(), Error> {
[INFO] [stdout]     |        ^^^^^
[INFO] [stdout] 
[INFO] [stdout] 
[INFO] [stdout] warning: constant `BOOL_T` is never used
[INFO] [stdout]  --> models/my-hardware-description-language/src/interface.rs:5:7
[INFO] [stdout]   |
[INFO] [stdout] 5 | const BOOL_T: &str = "#true";
[INFO] [stdout]   |       ^^^^^^
[INFO] [stdout] 
[INFO] [stdout] 
[INFO] [stdout] warning: constant `BOOL_F` is never used
[INFO] [stdout]  --> models/my-hardware-description-language/src/interface.rs:6:7
[INFO] [stdout]   |
[INFO] [stdout] 6 | const BOOL_F: &str = "#false";
[INFO] [stdout]   |       ^^^^^^
[INFO] [stdout] 
[INFO] [stdout] 
[INFO] [stdout] warning: struct `MyParser` is never constructed
[INFO] [stdout]   --> models/my-hardware-description-language/src/interface.rs:10:8
[INFO] [stdout]    |
[INFO] [stdout] 10 | struct MyParser;
[INFO] [stdout]    |        ^^^^^^^^
[INFO] [stdout] 
[INFO] [stdout] 
[INFO] [stdout] warning[E0602]: unknown lint: `type_complexity`
[INFO] [stdout]   |
[INFO] [stdout]   = note: requested on the command line with `-F type_complexity`
[INFO] [stdout]   = note: `#[warn(unknown_lints)]` on by default
[INFO] [stdout] 
[INFO] [stdout] 
[INFO] [stdout] warning: field `0` is never read
[INFO] [stdout]   --> models/cpu_emulator/src/lib.rs:69:23
[INFO] [stdout]    |
[INFO] [stdout] 69 | pub struct Assumrator(Byte);
[INFO] [stdout]    |            ---------- ^^^^
[INFO] [stdout]    |            |
[INFO] [stdout]    |            field in this struct
[INFO] [stdout]    |
[INFO] [stdout]    = help: consider removing this field
[INFO] [stdout]    = note: `#[warn(dead_code)]` on by default
[INFO] [stdout] 
[INFO] [stdout] 
[INFO] [stdout] warning: field `0` is never read
[INFO] [stdout]   --> models/cpu_emulator/src/lib.rs:71:27
[INFO] [stdout]    |
[INFO] [stdout] 71 | pub struct ProgramCounter(Number);
[INFO] [stdout]    |            -------------- ^^^^^^
[INFO] [stdout]    |            |
[INFO] [stdout]    |            field in this struct
[INFO] [stdout]    |
[INFO] [stdout]    = help: consider removing this field
[INFO] [stdout] 
[INFO] [stdout] 
[INFO] [stdout] For more information about this error, try `rustc --explain E0602`.
[INFO] [stdout] 
[INFO] [stdout] warning: unused import: `Ext`
[INFO] [stdout]  --> models/lambda_continuations/src/ctrl.rs:4:15
[INFO] [stdout]   |
[INFO] [stdout] 4 |         ext::{Ext, ExtStruct},
[INFO] [stdout]   |               ^^^
[INFO] [stdout]   |
[INFO] [stdout]   = note: `#[warn(unused_imports)]` on by default
[INFO] [stdout] 
[INFO] [stdout] 
[INFO] [stdout] warning: unused import: `Display`
[INFO] [stdout]  --> models/lambda_continuations/src/no_ext.rs:1:23
[INFO] [stdout]   |
[INFO] [stdout] 1 | use std::fmt::{Debug, Display};
[INFO] [stdout]   |                       ^^^^^^^
[INFO] [stdout] 
[INFO] [stdout] 
[INFO] [stdout] warning: unused variable: `e`
[INFO] [stdout]   --> models/lambda_continuations/src/ctrl.rs:79:25
[INFO] [stdout]    |
[INFO] [stdout] 79 |             AbCt::Abort(e) => None,
[INFO] [stdout]    |                         ^ help: if this is intentional, prefix it with an underscore: `_e`
[INFO] [stdout]    |
[INFO] [stdout]    = note: `#[warn(unused_variables)]` on by default
[INFO] [stdout] 
[INFO] [stdout] 
[INFO] [stdout] warning: unused variable: `e`
[INFO] [stdout]   --> models/lambda_continuations/src/ctrl.rs:80:27
[INFO] [stdout]    |
[INFO] [stdout] 80 |             AbCt::Control(e) => None,
[INFO] [stdout]    |                           ^ help: if this is intentional, prefix it with an underscore: `_e`
[INFO] [stdout] 
[INFO] [stdout] 
[INFO] [stdout] warning: unused variable: `b`
[INFO] [stdout]   --> models/lambda_continuations/src/ctrl.rs:88:28
[INFO] [stdout]    |
[INFO] [stdout] 88 |                 AbCt::Base(b) => {
[INFO] [stdout]    |                            ^ help: if this is intentional, prefix it with an underscore: `_b`
[INFO] [stdout] 
[INFO] [stdout] 
[INFO] [stdout] warning: variable does not need to be mutable
[INFO] [stdout]   --> models/lambda_continuations/src/ctrl.rs:85:13
[INFO] [stdout]    |
[INFO] [stdout] 85 |         let mut t = self;
[INFO] [stdout]    |             ----^
[INFO] [stdout]    |             |
[INFO] [stdout]    |             help: remove this `mut`
[INFO] [stdout]    |
[INFO] [stdout]    = note: `#[warn(unused_mut)]` on by default
[INFO] [stdout] 
[INFO] [stdout] 
[INFO] [stdout] warning: unused variable: `var`
[INFO] [stdout]   --> models/lambda_continuations/src/no_ext.rs:79:25
[INFO] [stdout]    |
[INFO] [stdout] 79 |             Base::Lam { var, body } => None,
[INFO] [stdout]    |                         ^^^ help: try ignoring the field: `var: _`
[INFO] [stdout] 
[INFO] [stdout] 
[INFO] [stdout] warning: unused variable: `body`
[INFO] [stdout]   --> models/lambda_continuations/src/no_ext.rs:79:30
[INFO] [stdout]    |
[INFO] [stdout] 79 |             Base::Lam { var, body } => None,
[INFO] [stdout]    |                              ^^^^ help: try ignoring the field: `body: _`
[INFO] [stdout] 
[INFO] [stdout] 
[INFO] [stdout] warning: unused variable: `var`
[INFO] [stdout]    --> models/lambda_continuations/src/no_ext.rs:133:24
[INFO] [stdout]     |
[INFO] [stdout] 133 |             Ext::Var { var } => None,
[INFO] [stdout]     |                        ^^^ help: try ignoring the field: `var: _`
[INFO] [stdout] 
[INFO] [stdout] 
[INFO] [stdout] warning: unused variable: `var`
[INFO] [stdout]    --> models/lambda_continuations/src/no_ext.rs:134:24
[INFO] [stdout]     |
[INFO] [stdout] 134 |             Ext::Lam { var, body } => None,
[INFO] [stdout]     |                        ^^^ help: try ignoring the field: `var: _`
[INFO] [stdout] 
[INFO] [stdout] 
[INFO] [stdout] warning: unused variable: `body`
[INFO] [stdout]    --> models/lambda_continuations/src/no_ext.rs:134:29
[INFO] [stdout]     |
[INFO] [stdout] 134 |             Ext::Lam { var, body } => None,
[INFO] [stdout]     |                             ^^^^ help: try ignoring the field: `body: _`
[INFO] [stdout] 
[INFO] [stdout] 
[INFO] [stdout] warning: unused variable: `var`
[INFO] [stdout]    --> models/lambda_continuations/src/no_ext.rs:152:41
[INFO] [stdout]     |
[INFO] [stdout] 152 |                         ExtValue::Fun { var, body } => None,
[INFO] [stdout]     |                                         ^^^ help: try ignoring the field: `var: _`
[INFO] [stdout] 
[INFO] [stdout] 
[INFO] [stdout] warning: unused variable: `body`
[INFO] [stdout]    --> models/lambda_continuations/src/no_ext.rs:152:46
[INFO] [stdout]     |
[INFO] [stdout] 152 |                         ExtValue::Fun { var, body } => None,
[INFO] [stdout]     |                                              ^^^^ help: try ignoring the field: `body: _`
[INFO] [stdout] 
[INFO] [stdout] 
[INFO] [stdout] warning: unused variable: `var`
[INFO] [stdout]    --> models/lambda_continuations/src/no_ext.rs:168:41
[INFO] [stdout]     |
[INFO] [stdout] 168 |                         ExtValue::Fun { var, body } => None,
[INFO] [stdout]     |                                         ^^^ help: try ignoring the field: `var: _`
[INFO] [stdout] 
[INFO] [stdout] 
[INFO] [stdout] warning: unused variable: `body`
[INFO] [stdout]    --> models/lambda_continuations/src/no_ext.rs:168:46
[INFO] [stdout]     |
[INFO] [stdout] 168 |                         ExtValue::Fun { var, body } => None,
[INFO] [stdout]     |                                              ^^^^ help: try ignoring the field: `body: _`
[INFO] [stdout] 
[INFO] [stdout] 
[INFO] [stdout] warning: struct `AbCtBaseFrame` is never constructed
[INFO] [stdout]   --> models/lambda_continuations/src/ctrl.rs:34:8
[INFO] [stdout]    |
[INFO] [stdout] 34 | struct AbCtBaseFrame(BaseFrame<AbCt<BaseStruct>>);
[INFO] [stdout]    |        ^^^^^^^^^^^^^
[INFO] [stdout]    |
[INFO] [stdout]    = note: `#[warn(dead_code)]` on by default
[INFO] [stdout] 
[INFO] [stdout] 
[INFO] [stdout] warning: function `print` is never used
[INFO] [stdout]   --> models/lambda_continuations/src/no_ext.rs:95:4
[INFO] [stdout]    |
[INFO] [stdout] 95 | fn print(t: &Lam<ExtStruct>) -> String {
[INFO] [stdout]    |    ^^^^^
[INFO] [stdout] 
[INFO] [stdout] 
[INFO] [stderr]    Compiling models_of_computation_component v0.1.0 (/opt/rustwide/workdir/book/component/models_of_computation)
[INFO] [stderr]    Compiling counter_example v0.1.0 (/opt/rustwide/workdir/book/component/counter_example)
[INFO] [stderr]    Compiling logic_circuits_to_machine v0.1.0 (/opt/rustwide/workdir/book/component/logic_circuits_to_machine)
[INFO] [stderr]    Compiling mdbook-trunk-build-renderer v0.1.0 (/opt/rustwide/workdir/mdbook/mdbook-trunk-build-renderer)
[INFO] [stderr]    Compiling mdbook-trunk-build-preprocessor v0.1.0 (/opt/rustwide/workdir/mdbook/mdbook-trunk-build-preprocessor)
[INFO] [stdout] warning: unused import: `recursive_function_view::*`
[INFO] [stdout]  --> book/component/models_of_computation/src/bin/recursive_function_to_lambda_calculus_playground.rs:4:5
[INFO] [stdout]   |
[INFO] [stdout] 4 | use recursive_function_view::*;
[INFO] [stdout]   |     ^^^^^^^^^^^^^^^^^^^^^^^^^^
[INFO] [stdout]   |
[INFO] [stdout]   = note: `#[warn(unused_imports)]` on by default
[INFO] [stdout] 
[INFO] [stdout] 
[INFO] [stdout] warning: unused imports: `ActLoCProps` and `ActLoCView`
[INFO] [stdout]  --> book/component/logic_circuits_to_machine/src/bin/dff_example.rs:1:43
[INFO] [stdout]   |
[INFO] [stdout] 1 | use logic_circuit_view::machine::svg_lc::{ActLoCView, ActLoCProps};
[INFO] [stdout]   |                                           ^^^^^^^^^^  ^^^^^^^^^^^
[INFO] [stdout]   |
[INFO] [stdout]   = note: `#[warn(unused_imports)]` on by default
[INFO] [stdout] 
[INFO] [stdout] 
[INFO] [stdout] warning: unused import: `utils::view::svg::Pos`
[INFO] [stdout]  --> book/component/logic_circuits_to_machine/src/bin/dff_example.rs:2:5
[INFO] [stdout]   |
[INFO] [stdout] 2 | use utils::view::svg::Pos;
[INFO] [stdout]   |     ^^^^^^^^^^^^^^^^^^^^^
[INFO] [stdout] 
[INFO] [stdout] 
[INFO] [stdout] warning: unused variable: `element`
[INFO] [stdout]  --> book/component/logic_circuits_to_machine/src/bin/dff_example.rs:6:9
[INFO] [stdout]   |
[INFO] [stdout] 6 |     let element = document.get_element_by_id("dff_example").unwrap();
[INFO] [stdout]   |         ^^^^^^^ help: if this is intentional, prefix it with an underscore: `_element`
[INFO] [stdout]   |
[INFO] [stdout]   = note: `#[warn(unused_variables)]` on by default
[INFO] [stdout] 
[INFO] [stdout] 
[INFO] [stdout] warning: unused variable: `dff`
[INFO] [stdout]  --> book/component/logic_circuits_to_machine/src/bin/dff_example.rs:8:9
[INFO] [stdout]   |
[INFO] [stdout] 8 |     let dff = initmap.get(&"DFF".into()).unwrap();
[INFO] [stdout]   |         ^^^ help: if this is intentional, prefix it with an underscore: `_dff`
[INFO] [stdout] 
[INFO] [stdout] 
[INFO] [stderr]    Compiling recursive_function_app v0.1.0 (/opt/rustwide/workdir/integration/recursive_function)
[INFO] [stderr]    Compiling while_minus_lang_app v0.1.0 (/opt/rustwide/workdir/integration/while_minus_lang)
[INFO] [stdout] warning: unused variable: `element`
[INFO] [stdout]  --> book/component/logic_circuits_to_machine/src/bin/logic_circuits_components.rs:3:9
[INFO] [stdout]   |
[INFO] [stdout] 3 |     let element = document
[INFO] [stdout]   |         ^^^^^^^ help: if this is intentional, prefix it with an underscore: `_element`
[INFO] [stdout]   |
[INFO] [stdout]   = note: `#[warn(unused_variables)]` on by default
[INFO] [stdout] 
[INFO] [stdout] 
[INFO] [stdout] warning: unused variable: `initmap`
[INFO] [stdout]  --> book/component/logic_circuits_to_machine/src/bin/logic_circuits_components.rs:6:9
[INFO] [stdout]   |
[INFO] [stdout] 6 |     let initmap = logic_circuit::example::examples();
[INFO] [stdout]   |         ^^^^^^^ help: if this is intentional, prefix it with an underscore: `_initmap`
[INFO] [stdout] 
[INFO] [stdout] 
[INFO] [stderr]    Compiling test_view v0.1.0 (/opt/rustwide/workdir/test_view)
[INFO] [stderr]    Compiling logic_circuit_app v0.1.0 (/opt/rustwide/workdir/integration/logic_circuit)
[INFO] [stderr]    Compiling lambda_calculus_app v0.1.0 (/opt/rustwide/workdir/integration/lambda_calculus)
[INFO] [stderr]    Compiling turing_machine_app v0.1.0 (/opt/rustwide/workdir/integration/turing_machine)
[INFO] [stderr]    Compiling recursive_function_view v0.1.0 (/opt/rustwide/workdir/view/recursive_function)
[INFO] [stderr]    Compiling counter_machine_to_logic_circuits v0.1.0 (/opt/rustwide/workdir/compile/counter_machine_to_logic_circuits)
[INFO] [stdout] warning: unused import: `logic_circuit::machine::LoC`
[INFO] [stdout]  --> test_view/src/main.rs:1:5
[INFO] [stdout]   |
[INFO] [stdout] 1 | use logic_circuit::machine::LoC;
[INFO] [stdout]   |     ^^^^^^^^^^^^^^^^^^^^^^^^^^^
[INFO] [stdout]   |
[INFO] [stdout]   = note: `#[warn(unused_imports)]` on by default
[INFO] [stdout] 
[INFO] [stdout] 
[INFO] [stderr]    Compiling logic_circuit_view v0.1.0 (/opt/rustwide/workdir/view/logic_circuit)
[INFO] [stderr]    Compiling counter_machine_view v0.1.0 (/opt/rustwide/workdir/view/counter_machine)
[INFO] [stdout] warning: unused import: `callback`
[INFO] [stdout]  --> view/recursive_function/src/lib.rs:8:11
[INFO] [stdout]   |
[INFO] [stdout] 8 | use yew::{callback, html, Callback, Component, Properties};
[INFO] [stdout]   |           ^^^^^^^^
[INFO] [stdout]   |
[INFO] [stdout]   = note: `#[warn(unused_imports)]` on by default
[INFO] [stdout] 
[INFO] [stdout] 
[INFO] [stderr]    Compiling lambda_calculus_view v0.1.0 (/opt/rustwide/workdir/view/lambda_calculus)
[INFO] [stdout] warning: unused variable: `ctx`
[INFO] [stdout]   --> view/recursive_function/src/lib.rs:96:20
[INFO] [stdout]    |
[INFO] [stdout] 96 |     fn view(&self, ctx: &Context<Self>) -> Html {
[INFO] [stdout]    |                    ^^^ help: if this is intentional, prefix it with an underscore: `_ctx`
[INFO] [stdout]    |
[INFO] [stdout]    = note: `#[warn(unused_variables)]` on by default
[INFO] [stdout] 
[INFO] [stdout] 
[INFO] [stdout] warning: unused variable: `code_handle`
[INFO] [stdout]    --> view/recursive_function/src/lib.rs:135:9
[INFO] [stdout]     |
[INFO] [stdout] 135 |     let code_handle = yew::Renderer::<utils::view::CodeView>::with_root_and_props(
[INFO] [stdout]     |         ^^^^^^^^^^^ help: if this is intentional, prefix it with an underscore: `_code_handle`
[INFO] [stdout] 
[INFO] [stdout] 
[INFO] [stdout] warning: function `playground` is never used
[INFO] [stdout]    --> view/recursive_function/src/lib.rs:122:4
[INFO] [stdout]     |
[INFO] [stdout] 122 | fn playground(element: Element) {
[INFO] [stdout]     |    ^^^^^^^^^^
[INFO] [stdout]     |
[INFO] [stdout]     = note: `#[warn(dead_code)]` on by default
[INFO] [stdout] 
[INFO] [stdout] 
[INFO] [stdout] warning: function `set_machine` is never used
[INFO] [stdout]    --> view/recursive_function/src/lib.rs:142:4
[INFO] [stdout]     |
[INFO] [stdout] 142 | fn set_machine(element: Element, fnc: RecursiveFunctions) {
[INFO] [stdout]     |    ^^^^^^^^^^^
[INFO] [stdout] 
[INFO] [stdout] 
[INFO] [stderr]    Compiling recursive_function_to_lambda_calculus v0.1.0 (/opt/rustwide/workdir/compile/recursive_function_to_lambda_calculus)
[INFO] [stderr]    Compiling recursive_function_to_while_minus_lang v0.1.0 (/opt/rustwide/workdir/compile/recursive_function_to_while_minus_lang)
[INFO] [stderr]    Compiling while_minus_lang_view v0.1.0 (/opt/rustwide/workdir/view/while_minus_lang)
[INFO] [stderr]    Compiling recursive_function_to_turing_machine v0.1.0 (/opt/rustwide/workdir/compile/recursive_function_to_turing_machine)
[INFO] [stderr]    Compiling turing_machine_view v0.1.0 (/opt/rustwide/workdir/view/turing_machine)
[INFO] [stderr]    Compiling recursive_function v0.1.0 (/opt/rustwide/workdir/models/recursive_function)
[INFO] [stderr]    Compiling cpu_emulator v0.1.0 (/opt/rustwide/workdir/models/cpu_emulator)
[INFO] [stdout] warning: unused import: `fmt::Display`
[INFO] [stdout]  --> view/turing_machine/src/machine.rs:3:11
[INFO] [stdout]   |
[INFO] [stdout] 3 | use std::{fmt::Display, iter::repeat};
[INFO] [stdout]   |           ^^^^^^^^^^^^
[INFO] [stdout]   |
[INFO] [stdout]   = note: `#[warn(unused_imports)]` on by default
[INFO] [stdout] 
[INFO] [stdout] 
[INFO] [stdout] warning: unused import: `std::collections::HashMap`
[INFO] [stdout]  --> view/logic_circuit/src/lib.rs:1:5
[INFO] [stdout]   |
[INFO] [stdout] 1 | use std::collections::HashMap;
[INFO] [stdout]   |     ^^^^^^^^^^^^^^^^^^^^^^^^^
[INFO] [stdout]   |
[INFO] [stdout]   = note: `#[warn(unused_imports)]` on by default
[INFO] [stdout] 
[INFO] [stdout] 
[INFO] [stdout] warning: unused imports: `LoC` and `Name`
[INFO] [stdout]  --> view/logic_circuit/src/lib.rs:4:15
[INFO] [stdout]   |
[INFO] [stdout] 4 |     machine::{LoC, Name},
[INFO] [stdout]   |               ^^^  ^^^^
[INFO] [stdout] 
[INFO] [stdout] 
[INFO] [stdout] warning: unused import: `svg_lc::FingraphMachineProps`
[INFO] [stdout]  --> view/logic_circuit/src/lib.rs:8:15
[INFO] [stdout]   |
[INFO] [stdout] 8 | use machine::{svg_lc::FingraphMachineProps, MachineMsg};
[INFO] [stdout]   |               ^^^^^^^^^^^^^^^^^^^^^^^^^^^^
[INFO] [stdout] 
[INFO] [stdout] 
[INFO] [stdout] warning: unused import: `Gate`
[INFO] [stdout]  --> view/logic_circuit/src/machine.rs:4:46
[INFO] [stdout]   |
[INFO] [stdout] 4 | use logic_circuit::machine::{Bool, FinGraph, Gate, InPin, LoC, Name, OtPin};
[INFO] [stdout]   |                                              ^^^^
[INFO] [stdout] 
[INFO] [stdout] 
[INFO] [stdout] warning: unused imports: `collections::HashMap` and `fmt::Display`
[INFO] [stdout]  --> view/logic_circuit/src/machine/svg_lc.rs:5:11
[INFO] [stdout]   |
[INFO] [stdout] 5 | use std::{collections::HashMap, fmt::Display};
[INFO] [stdout]   |           ^^^^^^^^^^^^^^^^^^^^  ^^^^^^^^^^^^
[INFO] [stdout] 
[INFO] [stdout] 
[INFO] [stdout] warning: unused import: `yew::prelude::*`
[INFO] [stdout]  --> view/logic_circuit/src/machine/svg_lc.rs:7:5
[INFO] [stdout]   |
[INFO] [stdout] 7 | use yew::prelude::*;
[INFO] [stdout]   |     ^^^^^^^^^^^^^^^
[INFO] [stdout] 
[INFO] [stdout] 
[INFO] [stderr]    Compiling my-hardware-description-language v0.1.0 (/opt/rustwide/workdir/models/my-hardware-description-language)
[INFO] [stdout] warning[E0602]: unknown lint: `type_complexity`
[INFO] [stdout]   |
[INFO] [stdout]   = note: requested on the command line with `-F type_complexity`
[INFO] [stdout]   = note: `#[warn(unknown_lints)]` on by default
[INFO] [stdout] 
[INFO] [stdout] 
[INFO] [stderr]    Compiling lambda_continuations v0.1.0 (/opt/rustwide/workdir/models/lambda_continuations)
[INFO] [stderr]    Compiling while_minus_lang v0.1.0 (/opt/rustwide/workdir/models/while_minus_lang)
[INFO] [stderr]    Compiling lambda_calculus v0.1.0 (/opt/rustwide/workdir/models/lambda_calculus)
[INFO] [stderr]    Compiling counter_machine v0.1.0 (/opt/rustwide/workdir/models/counter_machine)
[INFO] [stdout] warning: unused variable: `ctx`
[INFO] [stdout]    --> view/turing_machine/src/machine.rs:128:15
[INFO] [stdout]     |
[INFO] [stdout] 128 |     fn create(ctx: &Context<Self>) -> Self {
[INFO] [stdout]     |               ^^^ help: if this is intentional, prefix it with an underscore: `_ctx`
[INFO] [stdout]     |
[INFO] [stdout]     = note: `#[warn(unused_variables)]` on by default
[INFO] [stdout] 
[INFO] [stdout] 
[INFO] [stdout] warning: field `0` is never read
[INFO] [stdout]   --> models/cpu_emulator/src/lib.rs:69:23
[INFO] [stdout]    |
[INFO] [stdout] 69 | pub struct Assumrator(Byte);
[INFO] [stdout]    |            ---------- ^^^^
[INFO] [stdout]    |            |
[INFO] [stdout]    |            field in this struct
[INFO] [stdout]    |
[INFO] [stdout]    = help: consider removing this field
[INFO] [stdout]    = note: `#[warn(dead_code)]` on by default
[INFO] [stdout] 
[INFO] [stdout] 
[INFO] [stdout] warning: field `0` is never read
[INFO] [stdout]   --> models/cpu_emulator/src/lib.rs:71:27
[INFO] [stdout]    |
[INFO] [stdout] 71 | pub struct ProgramCounter(Number);
[INFO] [stdout]    |            -------------- ^^^^^^
[INFO] [stdout]    |            |
[INFO] [stdout]    |            field in this struct
[INFO] [stdout]    |
[INFO] [stdout]    = help: consider removing this field
[INFO] [stdout] 
[INFO] [stdout] 
[INFO] [stdout] warning: unused variable: `ctx`
[INFO] [stdout]    --> view/logic_circuit/src/machine.rs:137:15
[INFO] [stdout]     |
[INFO] [stdout] 137 |     fn create(ctx: &Context<Self>) -> Self {
[INFO] [stdout]     |               ^^^ help: if this is intentional, prefix it with an underscore: `_ctx`
[INFO] [stdout]     |
[INFO] [stdout]     = note: `#[warn(unused_variables)]` on by default
[INFO] [stdout] 
[INFO] [stdout] 
[INFO] [stdout] warning: unused variable: `gate`
[INFO] [stdout]    --> view/logic_circuit/src/machine.rs:152:23
[INFO] [stdout]     |
[INFO] [stdout] 152 |             LoC::Gate(gate) => {
[INFO] [stdout]     |                       ^^^^ help: if this is intentional, prefix it with an underscore: `_gate`
[INFO] [stdout] 
[INFO] [stdout] 
[INFO] [stdout] warning: unused variable: `name`
[INFO] [stdout]    --> view/logic_circuit/src/machine.rs:155:27
[INFO] [stdout]     |
[INFO] [stdout] 155 |             LoC::FinGraph(name, fingraph) => {
[INFO] [stdout]     |                           ^^^^ help: if this is intentional, prefix it with an underscore: `_name`
[INFO] [stdout] 
[INFO] [stdout] 
[INFO] [stdout] warning: unused variable: `name`
[INFO] [stdout]    --> view/logic_circuit/src/machine.rs:163:23
[INFO] [stdout]     |
[INFO] [stdout] 163 |             LoC::Iter(name, iter) => {
[INFO] [stdout]     |                       ^^^^ help: if this is intentional, prefix it with an underscore: `_name`
[INFO] [stdout] 
[INFO] [stdout] 
[INFO] [stdout] warning: unused variable: `ctx`
[INFO] [stdout]    --> view/logic_circuit/src/machine.rs:173:26
[INFO] [stdout]     |
[INFO] [stdout] 173 |     fn update(&mut self, ctx: &Context<Self>, msg: Self::Message) -> bool {
[INFO] [stdout]     |                          ^^^ help: if this is intentional, prefix it with an underscore: `_ctx`
[INFO] [stdout] 
[INFO] [stdout] 
[INFO] [stdout] warning: unused variable: `msg`
[INFO] [stdout]    --> view/logic_circuit/src/machine.rs:173:47
[INFO] [stdout]     |
[INFO] [stdout] 173 |     fn update(&mut self, ctx: &Context<Self>, msg: Self::Message) -> bool {
[INFO] [stdout]     |                                               ^^^ help: if this is intentional, prefix it with an underscore: `_msg`
[INFO] [stdout] 
[INFO] [stdout] 
[INFO] [stderr]    Compiling logic_circuit v0.1.0 (/opt/rustwide/workdir/models/logic_circuit)
[INFO] [stdout] warning: unused variable: `onmovelc`
[INFO] [stdout]    --> view/logic_circuit/src/machine/svg_lc.rs:460:60
[INFO] [stdout]     |
[INFO] [stdout] 460 | ...   let LoCProps { name, inputs, otputs, ori, pos, onmovelc, onclickinpin, onclickotpin, onrightclick, onrotclockwise, onrotcountercloc...
[INFO] [stdout]     |                                                      ^^^^^^^^ help: try ignoring the field: `onmovelc: _`
[INFO] [stdout] 
[INFO] [stdout] 
[INFO] [stdout] warning: unused variable: `onclickinpin`
[INFO] [stdout]    --> view/logic_circuit/src/machine/svg_lc.rs:460:70
[INFO] [stdout]     |
[INFO] [stdout] 460 | ...   let LoCProps { name, inputs, otputs, ori, pos, onmovelc, onclickinpin, onclickotpin, onrightclick, onrotclockwise, onrotcountercloc...
[INFO] [stdout]     |                                                                ^^^^^^^^^^^^ help: try ignoring the field: `onclickinpin: _`
[INFO] [stdout] 
[INFO] [stdout] 
[INFO] [stdout] warning: unused variable: `onclickotpin`
[INFO] [stdout]    --> view/logic_circuit/src/machine/svg_lc.rs:460:84
[INFO] [stdout]     |
[INFO] [stdout] 460 | ...s, ori, pos, onmovelc, onclickinpin, onclickotpin, onrightclick, onrotclockwise, onrotcounterclockwise } = actlocprops.get_lc_props(na...
[INFO] [stdout]     |                                         ^^^^^^^^^^^^ help: try ignoring the field: `onclickotpin: _`
[INFO] [stdout] 
[INFO] [stdout] 
[INFO] [stdout] warning: unused variable: `onrightclick`
[INFO] [stdout]    --> view/logic_circuit/src/machine/svg_lc.rs:460:98
[INFO] [stdout]     |
[INFO] [stdout] 460 | ...nmovelc, onclickinpin, onclickotpin, onrightclick, onrotclockwise, onrotcounterclockwise } = actlocprops.get_lc_props(name).unwrap();
[INFO] [stdout]     |                                         ^^^^^^^^^^^^ help: try ignoring the field: `onrightclick: _`
[INFO] [stdout] 
[INFO] [stdout] 
[INFO] [stdout] warning: unused variable: `onrotclockwise`
[INFO] [stdout]    --> view/logic_circuit/src/machine/svg_lc.rs:460:112
[INFO] [stdout]     |
[INFO] [stdout] 460 | ...inpin, onclickotpin, onrightclick, onrotclockwise, onrotcounterclockwise } = actlocprops.get_lc_props(name).unwrap();
[INFO] [stdout]     |                                       ^^^^^^^^^^^^^^ help: try ignoring the field: `onrotclockwise: _`
[INFO] [stdout] 
[INFO] [stdout] 
[INFO] [stdout] warning: unused variable: `onrotcounterclockwise`
[INFO] [stdout]    --> view/logic_circuit/src/machine/svg_lc.rs:460:128
[INFO] [stdout]     |
[INFO] [stdout] 460 | ...rightclick, onrotclockwise, onrotcounterclockwise } = actlocprops.get_lc_props(name).unwrap();
[INFO] [stdout]     |                                ^^^^^^^^^^^^^^^^^^^^^ help: try ignoring the field: `onrotcounterclockwise: _`
[INFO] [stdout] 
[INFO] [stdout] 
[INFO] [stdout] warning: unused variable: `init_pos_lc`
[INFO] [stdout]    --> view/logic_circuit/src/machine/svg_lc.rs:547:13
[INFO] [stdout]     |
[INFO] [stdout] 547 |             init_pos_lc,
[INFO] [stdout]     |             ^^^^^^^^^^^ help: try ignoring the field: `init_pos_lc: _`
[INFO] [stdout] 
[INFO] [stdout] 
[INFO] [stdout] warning: unused variable: `init_pos_inpins`
[INFO] [stdout]    --> view/logic_circuit/src/machine/svg_lc.rs:548:13
[INFO] [stdout]     |
[INFO] [stdout] 548 |             init_pos_inpins,
[INFO] [stdout]     |             ^^^^^^^^^^^^^^^ help: try ignoring the field: `init_pos_inpins: _`
[INFO] [stdout] 
[INFO] [stdout] 
[INFO] [stdout] warning: unused variable: `init_pos_otpins`
[INFO] [stdout]    --> view/logic_circuit/src/machine/svg_lc.rs:549:13
[INFO] [stdout]     |
[INFO] [stdout] 549 |             init_pos_otpins,
[INFO] [stdout]     |             ^^^^^^^^^^^^^^^ help: try ignoring the field: `init_pos_otpins: _`
[INFO] [stdout] 
[INFO] [stdout] 
[INFO] [stdout] warning: unused variable: `ctx`
[INFO] [stdout]    --> view/logic_circuit/src/machine/svg_lc.rs:571:26
[INFO] [stdout]     |
[INFO] [stdout] 571 |     fn update(&mut self, ctx: &Context<Self>, msg: Self::Message) -> bool {
[INFO] [stdout]     |                          ^^^ help: if this is intentional, prefix it with an underscore: `_ctx`
[INFO] [stdout] 
[INFO] [stdout] 
[INFO] [stderr]    Compiling utils v0.1.0 (/opt/rustwide/workdir/utils)
[INFO] [stdout] warning: unused variable: `state`
[INFO] [stdout]    --> view/logic_circuit/src/machine/svg_lc.rs:669:13
[INFO] [stdout]     |
[INFO] [stdout] 669 |             state,
[INFO] [stdout]     |             ^^^^^ help: try ignoring the field: `state: _`
[INFO] [stdout] 
[INFO] [stdout] 
[INFO] [stdout] warning: unused variable: `on_goto_test`
[INFO] [stdout]    --> view/logic_circuit/src/machine/svg_lc.rs:673:13
[INFO] [stdout]     |
[INFO] [stdout] 673 |             on_goto_test,
[INFO] [stdout]     |             ^^^^^^^^^^^^ help: try ignoring the field: `on_goto_test: _`
[INFO] [stdout] 
[INFO] [stdout] 
[INFO] [stdout] warning: unused variable: `on_log`
[INFO] [stdout]    --> view/logic_circuit/src/machine/svg_lc.rs:674:13
[INFO] [stdout]     |
[INFO] [stdout] 674 |             on_log,
[INFO] [stdout]     |             ^^^^^^ help: try ignoring the field: `on_log: _`
[INFO] [stdout] 
[INFO] [stdout] 
[INFO] [stdout] warning: unused variable: `k`
[INFO] [stdout]    --> view/logic_circuit/src/machine/svg_lc.rs:894:40
[INFO] [stdout]     |
[INFO] [stdout] 894 |             (GraphicEditorMsg::MoveLoC(k, MoveMsg::Select(diff)), State::None) => {
[INFO] [stdout]     |                                        ^ help: if this is intentional, prefix it with an underscore: `_k`
[INFO] [stdout] 
[INFO] [stdout] 
[INFO] [stdout] warning: unused variable: `diff`
[INFO] [stdout]    --> view/logic_circuit/src/machine/svg_lc.rs:929:87
[INFO] [stdout]     |
[INFO] [stdout] 929 |             (GraphicEditorMsg::MoveCopy(k, MoveMsg::UnSelect), State::CopyLC(k1, pos, diff))
[INFO] [stdout]     |                                                                                       ^^^^ help: if this is intentional, prefix it with an underscore: `_diff`
[INFO] [stdout] 
[INFO] [stdout] 
[INFO] [stdout] warning: unused variable: `k`
[INFO] [stdout]    --> view/logic_circuit/src/machine/svg_lc.rs:939:42
[INFO] [stdout]     |
[INFO] [stdout] 939 |             (GraphicEditorMsg::MoveInput(k, MoveMsg::Select(diff)), State::None) => {
[INFO] [stdout]     |                                          ^ help: if this is intentional, prefix it with an underscore: `_k`
[INFO] [stdout] 
[INFO] [stdout] 
[INFO] [stdout] warning: unused variable: `k`
[INFO] [stdout]    --> view/logic_circuit/src/machine/svg_lc.rs:945:42
[INFO] [stdout]     |
[INFO] [stdout] 945 |             (GraphicEditorMsg::MoveInput(k, MoveMsg::UnSelect), State::MoveInPin(_)) => {
[INFO] [stdout]     |                                          ^ help: if this is intentional, prefix it with an underscore: `_k`
[INFO] [stdout] 
[INFO] [stdout] 
[INFO] [stdout] warning: unused variable: `k`
[INFO] [stdout]    --> view/logic_circuit/src/machine/svg_lc.rs:952:42
[INFO] [stdout]     |
[INFO] [stdout] 952 |             (GraphicEditorMsg::MoveOtput(k, MoveMsg::Select(diff)), State::None) => {
[INFO] [stdout]     |                                          ^ help: if this is intentional, prefix it with an underscore: `_k`
[INFO] [stdout] 
[INFO] [stdout] 
[INFO] [stdout] warning: unused variable: `k`
[INFO] [stdout]    --> view/logic_circuit/src/machine/svg_lc.rs:958:42
[INFO] [stdout]     |
[INFO] [stdout] 958 |             (GraphicEditorMsg::MoveOtput(k, MoveMsg::UnSelect), State::MoveOtPin(_)) => {
[INFO] [stdout]     |                                          ^ help: if this is intentional, prefix it with an underscore: `_k`
[INFO] [stdout] 
[INFO] [stdout] 
[INFO] [stdout] warning: unused variable: `k`
[INFO] [stdout]    --> view/logic_circuit/src/machine/svg_lc.rs:961:42
[INFO] [stdout]     |
[INFO] [stdout] 961 |             (GraphicEditorMsg::MoveOtput(k, MoveMsg::Move(_) | MoveMsg::UnSelect), State::None) => {
[INFO] [stdout]     |                                          ^ help: if this is intentional, prefix it with an underscore: `_k`
[INFO] [stdout] 
[INFO] [stdout] 
[INFO] [stdout] warning: unused variable: `logic_circuits_components`
[INFO] [stdout]     --> view/logic_circuit/src/machine/svg_lc.rs:1046:21
[INFO] [stdout]      |
[INFO] [stdout] 1046 |                     logic_circuits_components,
[INFO] [stdout]      |                     ^^^^^^^^^^^^^^^^^^^^^^^^^ help: try ignoring the field: `logic_circuits_components: _`
[INFO] [stdout] 
[INFO] [stdout] 
[INFO] [stdout] warning: unused variable: `on_log`
[INFO] [stdout]     --> view/logic_circuit/src/machine/svg_lc.rs:1048:21
[INFO] [stdout]      |
[INFO] [stdout] 1048 |                     on_log,
[INFO] [stdout]      |                     ^^^^^^ help: try ignoring the field: `on_log: _`
[INFO] [stdout] 
[INFO] [stdout] 
[INFO] [stdout] warning: unused import: `Parser`
[INFO] [stdout]  --> models/my-hardware-description-language/src/interface.rs:3:29
[INFO] [stdout]   |
[INFO] [stdout] 3 | use pest::{iterators::Pair, Parser};
[INFO] [stdout]   |                             ^^^^^^
[INFO] [stdout]   |
[INFO] [stdout]   = note: `#[warn(unused_imports)]` on by default
[INFO] [stdout] 
[INFO] [stdout] 
[INFO] [stdout] warning[E0602]: unknown lint: `type_complexity`
[INFO] [stdout]   |
[INFO] [stdout]   = note: requested on the command line with `-F type_complexity`
[INFO] [stdout]   = note: `#[warn(unknown_lints)]` on by default
[INFO] [stdout] 
[INFO] [stdout] 
[INFO] [stderr]    Compiling turing_machine v0.1.0 (/opt/rustwide/workdir/models/turing_machine)
[INFO] [stdout] warning: unused imports: `bapp`, `blam`, `eapp`, `eif`, `elam`, `elet`, `epred`, `erec`, `esucc`, and `ezero`
[INFO] [stdout]    --> models/lambda_continuations/src/ctrl.rs:153:16
[INFO] [stdout]     |
[INFO] [stdout] 153 |         base::{bapp, blam, bvar},
[INFO] [stdout]     |                ^^^^  ^^^^
[INFO] [stdout] 154 |         ext::{eapp, eif, elam, elet, epred, erec, esucc, evar, ezero},
[INFO] [stdout]     |               ^^^^  ^^^  ^^^^  ^^^^  ^^^^^  ^^^^  ^^^^^        ^^^^^
[INFO] [stdout]     |
[INFO] [stdout]     = note: `#[warn(unused_imports)]` on by default
[INFO] [stdout] 
[INFO] [stdout] 
[INFO] [stdout] warning: unused import: `Display`
[INFO] [stdout]  --> models/lambda_continuations/src/no_ext.rs:1:23
[INFO] [stdout]   |
[INFO] [stdout] 1 | use std::fmt::{Debug, Display};
[INFO] [stdout]   |                       ^^^^^^^
[INFO] [stdout] 
[INFO] [stdout] 
[INFO] [stdout] warning: unused variable: `ctx`
[INFO] [stdout]     --> view/logic_circuit/src/machine/svg_lc.rs:1327:26
[INFO] [stdout]      |
[INFO] [stdout] 1327 |     fn update(&mut self, ctx: &Context<Self>, msg: Self::Message) -> bool {
[INFO] [stdout]      |                          ^^^ help: if this is intentional, prefix it with an underscore: `_ctx`
[INFO] [stdout] 
[INFO] [stdout] 
[INFO] [stdout] warning: unused variable: `e`
[INFO] [stdout]   --> models/lambda_continuations/src/ctrl.rs:79:25
[INFO] [stdout]    |
[INFO] [stdout] 79 |             AbCt::Abort(e) => None,
[INFO] [stdout]    |                         ^ help: if this is intentional, prefix it with an underscore: `_e`
[INFO] [stdout]    |
[INFO] [stdout]    = note: `#[warn(unused_variables)]` on by default
[INFO] [stdout] 
[INFO] [stdout] 
[INFO] [stdout] warning: unused variable: `e`
[INFO] [stdout]   --> models/lambda_continuations/src/ctrl.rs:80:27
[INFO] [stdout]    |
[INFO] [stdout] 80 |             AbCt::Control(e) => None,
[INFO] [stdout]    |                           ^ help: if this is intentional, prefix it with an underscore: `_e`
[INFO] [stdout] 
[INFO] [stdout] 
[INFO] [stdout] warning: unused variable: `b`
[INFO] [stdout]   --> models/lambda_continuations/src/ctrl.rs:88:28
[INFO] [stdout]    |
[INFO] [stdout] 88 |                 AbCt::Base(b) => {
[INFO] [stdout]    |                            ^ help: if this is intentional, prefix it with an underscore: `_b`
[INFO] [stdout] 
[INFO] [stdout] 
[INFO] [stdout] warning: variable does not need to be mutable
[INFO] [stdout]   --> models/lambda_continuations/src/ctrl.rs:85:13
[INFO] [stdout]    |
[INFO] [stdout] 85 |         let mut t = self;
[INFO] [stdout]    |             ----^
[INFO] [stdout]    |             |
[INFO] [stdout]    |             help: remove this `mut`
[INFO] [stdout]    |
[INFO] [stdout]    = note: `#[warn(unused_mut)]` on by default
[INFO] [stdout] 
[INFO] [stdout] 
[INFO] [stdout] warning: unused variable: `s1`
[INFO] [stdout]    --> models/lambda_continuations/src/ctrl.rs:161:13
[INFO] [stdout]     |
[INFO] [stdout] 161 |         let s1 = l1.free_variables();
[INFO] [stdout]     |             ^^ help: if this is intentional, prefix it with an underscore: `_s1`
[INFO] [stdout] 
[INFO] [stdout] 
[INFO] [stdout] warning: unused variable: `s2`
[INFO] [stdout]    --> models/lambda_continuations/src/ctrl.rs:162:13
[INFO] [stdout]     |
[INFO] [stdout] 162 |         let s2 = l2.free_variables();
[INFO] [stdout]     |             ^^ help: if this is intentional, prefix it with an underscore: `_s2`
[INFO] [stdout] 
[INFO] [stdout] 
[INFO] [stdout] For more information about this error, try `rustc --explain E0602`.
[INFO] [stdout] 
[INFO] [stdout] warning: unused variable: `var`
[INFO] [stdout]   --> models/lambda_continuations/src/no_ext.rs:79:25
[INFO] [stdout]    |
[INFO] [stdout] 79 |             Base::Lam { var, body } => None,
[INFO] [stdout]    |                         ^^^ help: try ignoring the field: `var: _`
[INFO] [stdout] 
[INFO] [stdout] 
[INFO] [stdout] warning: unused variable: `body`
[INFO] [stdout]   --> models/lambda_continuations/src/no_ext.rs:79:30
[INFO] [stdout]    |
[INFO] [stdout] 79 |             Base::Lam { var, body } => None,
[INFO] [stdout]    |                              ^^^^ help: try ignoring the field: `body: _`
[INFO] [stdout] 
[INFO] [stdout] 
[INFO] [stdout] warning: unused variable: `var`
[INFO] [stdout]    --> models/lambda_continuations/src/no_ext.rs:133:24
[INFO] [stdout]     |
[INFO] [stdout] 133 |             Ext::Var { var } => None,
[INFO] [stdout]     |                        ^^^ help: try ignoring the field: `var: _`
[INFO] [stdout] 
[INFO] [stdout] 
[INFO] [stdout] warning: unused variable: `var`
[INFO] [stdout]    --> models/lambda_continuations/src/no_ext.rs:134:24
[INFO] [stdout]     |
[INFO] [stdout] 134 |             Ext::Lam { var, body } => None,
[INFO] [stdout]     |                        ^^^ help: try ignoring the field: `var: _`
[INFO] [stdout] 
[INFO] [stdout] 
[INFO] [stdout] warning: unused variable: `body`
[INFO] [stdout]    --> models/lambda_continuations/src/no_ext.rs:134:29
[INFO] [stdout]     |
[INFO] [stdout] 134 |             Ext::Lam { var, body } => None,
[INFO] [stdout]     |                             ^^^^ help: try ignoring the field: `body: _`
[INFO] [stdout] 
[INFO] [stdout] 
[INFO] [stdout] warning: unused variable: `var`
[INFO] [stdout]    --> models/lambda_continuations/src/no_ext.rs:152:41
[INFO] [stdout]     |
[INFO] [stdout] 152 |                         ExtValue::Fun { var, body } => None,
[INFO] [stdout]     |                                         ^^^ help: try ignoring the field: `var: _`
[INFO] [stdout] 
[INFO] [stdout] 
[INFO] [stdout] warning: unused variable: `body`
[INFO] [stdout]    --> models/lambda_continuations/src/no_ext.rs:152:46
[INFO] [stdout]     |
[INFO] [stdout] 152 |                         ExtValue::Fun { var, body } => None,
[INFO] [stdout]     |                                              ^^^^ help: try ignoring the field: `body: _`
[INFO] [stdout] 
[INFO] [stdout] 
[INFO] [stdout] warning: unused variable: `var`
[INFO] [stdout]    --> models/lambda_continuations/src/no_ext.rs:168:41
[INFO] [stdout]     |
[INFO] [stdout] 168 |                         ExtValue::Fun { var, body } => None,
[INFO] [stdout]     |                                         ^^^ help: try ignoring the field: `var: _`
[INFO] [stdout] 
[INFO] [stdout] 
[INFO] [stdout] warning: unused variable: `body`
[INFO] [stdout]    --> models/lambda_continuations/src/no_ext.rs:168:46
[INFO] [stdout]     |
[INFO] [stdout] 168 |                         ExtValue::Fun { var, body } => None,
[INFO] [stdout]     |                                              ^^^^ help: try ignoring the field: `body: _`
[INFO] [stdout] 
[INFO] [stdout] 
[INFO] [stdout] warning: unused import: `std::collections::HashMap`
[INFO] [stdout]  --> models/logic_circuit/src/manipulation.rs:1:5
[INFO] [stdout]   |
[INFO] [stdout] 1 | use std::collections::HashMap;
[INFO] [stdout]   |     ^^^^^^^^^^^^^^^^^^^^^^^^^
[INFO] [stdout]   |
[INFO] [stdout]   = note: `#[warn(unused_imports)]` on by default
[INFO] [stdout] 
[INFO] [stdout] 
[INFO] [stdout] warning: unused import: `std::collections::HashMap`
[INFO] [stdout]  --> models/logic_circuit/src/example.rs:1:5
[INFO] [stdout]   |
[INFO] [stdout] 1 | use std::collections::HashMap;
[INFO] [stdout]   |     ^^^^^^^^^^^^^^^^^^^^^^^^^
[INFO] [stdout] 
[INFO] [stdout] 
[INFO] [stdout] warning: unused imports: `LoC` and `Name`
[INFO] [stdout]  --> models/logic_circuit/src/example.rs:5:22
[INFO] [stdout]   |
[INFO] [stdout] 5 | use super::machine::{LoC, Name};
[INFO] [stdout]   |                      ^^^  ^^^^
[INFO] [stdout] 
[INFO] [stdout] 
[INFO] [stdout] warning: unused variable: `code`
[INFO] [stdout]    --> models/lambda_continuations/src/parse.rs:276:28
[INFO] [stdout]     |
[INFO] [stdout] 276 |         let check_parse = |code: &str| {
[INFO] [stdout]     |                            ^^^^ help: if this is intentional, prefix it with an underscore: `_code`
[INFO] [stdout] 
[INFO] [stdout] 
[INFO] [stdout] warning: unused variable: `ctx`
[INFO] [stdout]    --> utils/src/view.rs:253:26
[INFO] [stdout]     |
[INFO] [stdout] 253 |     fn update(&mut self, ctx: &Context<Self>, msg: Self::Message) -> bool {
[INFO] [stdout]     |                          ^^^ help: if this is intentional, prefix it with an underscore: `_ctx`
[INFO] [stdout]     |
[INFO] [stdout]     = note: `#[warn(unused_variables)]` on by default
[INFO] [stdout] 
[INFO] [stdout] 
[INFO] [stdout] warning: struct `AbCtBaseFrame` is never constructed
[INFO] [stdout]   --> models/lambda_continuations/src/ctrl.rs:34:8
[INFO] [stdout]    |
[INFO] [stdout] 34 | struct AbCtBaseFrame(BaseFrame<AbCt<BaseStruct>>);
[INFO] [stdout]    |        ^^^^^^^^^^^^^
[INFO] [stdout]    |
[INFO] [stdout]    = note: `#[warn(dead_code)]` on by default
[INFO] [stdout] 
[INFO] [stdout] 
[INFO] [stdout] warning: unused variable: `ctx`
[INFO] [stdout]    --> utils/src/view.rs:348:15
[INFO] [stdout]     |
[INFO] [stdout] 348 |     fn create(ctx: &Context<Self>) -> Self {
[INFO] [stdout]     |               ^^^ help: if this is intentional, prefix it with an underscore: `_ctx`
[INFO] [stdout] 
[INFO] [stdout] 
[INFO] [stdout] warning: unused variable: `input`
[INFO] [stdout]    --> models/my-hardware-description-language/src/machine.rs:335:29
[INFO] [stdout]     |
[INFO] [stdout] 335 |     pub fn clock(&mut self, input: Value) -> Result<(), Error> {
[INFO] [stdout]     |                             ^^^^^ help: if this is intentional, prefix it with an underscore: `_input`
[INFO] [stdout]     |
[INFO] [stdout]     = note: `#[warn(unused_variables)]` on by default
[INFO] [stdout] 
[INFO] [stdout] 
[INFO] [stdout] warning: unused variable: `name`
[INFO] [stdout]    --> models/logic_circuit/src/machine.rs:881:27
[INFO] [stdout]     |
[INFO] [stdout] 881 |             LoC::FinGraph(name, fingraph) => Some(*fingraph),
[INFO] [stdout]     |                           ^^^^ help: if this is intentional, prefix it with an underscore: `_name`
[INFO] [stdout]     |
[INFO] [stdout]     = note: `#[warn(unused_variables)]` on by default
[INFO] [stdout] 
[INFO] [stdout] 
[INFO] [stdout] warning: multiple variants are never constructed
[INFO] [stdout]    --> models/my-hardware-description-language/src/machine.rs:97:5
[INFO] [stdout]     |
[INFO] [stdout] 96  | enum CombExpVal {
[INFO] [stdout]     |      ---------- variants in this enum
[INFO] [stdout] 97  |     Val(Value),
[INFO] [stdout]     |     ^^^
[INFO] [stdout] 98  |     Var(String),
[INFO] [stdout]     |     ^^^
[INFO] [stdout] 99  |     And(Box<CombExpVal>, Box<CombExpVal>),
[INFO] [stdout]     |     ^^^
[INFO] [stdout] 100 |     Or(Box<CombExpVal>, Box<CombExpVal>),
[INFO] [stdout]     |     ^^
[INFO] [stdout] 101 |     Not(Box<CombExpVal>),
[INFO] [stdout]     |     ^^^
[INFO] [stdout] 102 |     IfCond(Box<CombExpVal>, Box<CombExpVal>, Box<CombExpVal>),
[INFO] [stdout]     |     ^^^^^^
[INFO] [stdout] 103 |     ArrayAcc(Box<CombExpVal>, Number),
[INFO] [stdout]     |     ^^^^^^^^
[INFO] [stdout] 104 |     ArrayConst(Vec<CombExpVal>),
[INFO] [stdout]     |     ^^^^^^^^^^
[INFO] [stdout] 105 |     FieldAcc(Box<CombExpVal>, String),
[INFO] [stdout]     |     ^^^^^^^^
[INFO] [stdout] 106 |     StrctConst(Vec<(String, CombExpVal)>),
[INFO] [stdout]     |     ^^^^^^^^^^
[INFO] [stdout] 107 |     Switch(Box<CombExpVal>, Vec<(String, CombExpVal)>),
[INFO] [stdout]     |     ^^^^^^
[INFO] [stdout] 108 |     SeqAndFinal(Vec<(String, CombExpVal)>, Box<CombExpVal>),
[INFO] [stdout]     |     ^^^^^^^^^^^
[INFO] [stdout] 109 |     CombModule(String, Box<CombExpVal>),
[INFO] [stdout]     |     ^^^^^^^^^^
[INFO] [stdout]     |
[INFO] [stdout]     = note: `CombExpVal` has derived impls for the traits `Clone` and `Debug`, but these are intentionally ignored during dead code analysis
[INFO] [stdout]     = note: `#[warn(dead_code)]` on by default
[INFO] [stdout] 
[INFO] [stdout] 
[INFO] [stdout] warning: function `eval_to_val` is never used
[INFO] [stdout]    --> models/my-hardware-description-language/src/machine.rs:120:4
[INFO] [stdout]     |
[INFO] [stdout] 120 | fn eval_to_val(
[INFO] [stdout]     |    ^^^^^^^^^^^
[INFO] [stdout] 
[INFO] [stdout] 
[INFO] [stdout] warning: constant `FIELD_IN` is never used
[INFO] [stdout]    --> models/my-hardware-description-language/src/machine.rs:260:7
[INFO] [stdout]     |
[INFO] [stdout] 260 | const FIELD_IN: &str = "IN";
[INFO] [stdout]     |       ^^^^^^^^
[INFO] [stdout] 
[INFO] [stdout] 
[INFO] [stdout] warning: constant `FIELD_OUT` is never used
[INFO] [stdout]    --> models/my-hardware-description-language/src/machine.rs:261:7
[INFO] [stdout]     |
[INFO] [stdout] 261 | const FIELD_OUT: &str = "OUT";
[INFO] [stdout]     |       ^^^^^^^^^
[INFO] [stdout] 
[INFO] [stdout] 
[INFO] [stdout] warning: constant `FIELD_STATE` is never used
[INFO] [stdout]    --> models/my-hardware-description-language/src/machine.rs:262:7
[INFO] [stdout]     |
[INFO] [stdout] 262 | const FIELD_STATE: &str = "STATE";
[INFO] [stdout]     |       ^^^^^^^^^^^
[INFO] [stdout] 
[INFO] [stdout] 
[INFO] [stdout] warning: associated items `new` and `build` are never used
[INFO] [stdout]    --> models/my-hardware-description-language/src/machine.rs:274:8
[INFO] [stdout]     |
[INFO] [stdout] 273 | impl SimpleModuleState {
[INFO] [stdout]     | ---------------------- associated items in this implementation
[INFO] [stdout] 274 |     fn new() -> Self {
[INFO] [stdout]     |        ^^^
[INFO] [stdout] ...
[INFO] [stdout] 277 |     fn build(&self) -> SimpleModuleState {
[INFO] [stdout]     |        ^^^^^
[INFO] [stdout] 
[INFO] [stdout] 
[INFO] [stdout] warning: methods `now_state`, `get_otput`, and `clock` are never used
[INFO] [stdout]    --> models/my-hardware-description-language/src/machine.rs:290:8
[INFO] [stdout]     |
[INFO] [stdout] 289 | impl SimpleModuleState {
[INFO] [stdout]     | ---------------------- methods in this implementation
[INFO] [stdout] 290 |     fn now_state(&self) -> Value {
[INFO] [stdout]     |        ^^^^^^^^^
[INFO] [stdout] ...
[INFO] [stdout] 293 |     fn get_otput(&self) -> Result<Value, Error> {
[INFO] [stdout]     |        ^^^^^^^^^
[INFO] [stdout] ...
[INFO] [stdout] 300 |     fn clock(&mut self, input: Value) -> Result<(), Error> {
[INFO] [stdout]     |        ^^^^^
[INFO] [stdout] 
[INFO] [stdout] 
[INFO] [stdout] warning: methods `now_state`, `get_otput`, and `clock` are never used
[INFO] [stdout]    --> models/my-hardware-description-language/src/machine.rs:357:8
[INFO] [stdout]     |
[INFO] [stdout] 356 | impl GraphModuleState {
[INFO] [stdout]     | --------------------- methods in this implementation
[INFO] [stdout] 357 |     fn now_state(&self) -> Value {
[INFO] [stdout]     |        ^^^^^^^^^
[INFO] [stdout] ...
[INFO] [stdout] 365 |     fn get_otput(&self) -> Result<Value, Error> {
[INFO] [stdout]     |        ^^^^^^^^^
[INFO] [stdout] ...
[INFO] [stdout] 375 |     fn clock(&mut self, input: Value) -> Result<(), Error> {
[INFO] [stdout]     |        ^^^^^
[INFO] [stdout] 
[INFO] [stdout] 
[INFO] [stdout] warning: constant `FIELD_NEXT` is never used
[INFO] [stdout]    --> models/my-hardware-description-language/src/machine.rs:410:7
[INFO] [stdout]     |
[INFO] [stdout] 410 | const FIELD_NEXT: &str = "NEXT";
[INFO] [stdout]     |       ^^^^^^^^^^
[INFO] [stdout] 
[INFO] [stdout] 
[INFO] [stdout] warning: constant `FIELD_THIS` is never used
[INFO] [stdout]    --> models/my-hardware-description-language/src/machine.rs:411:7
[INFO] [stdout]     |
[INFO] [stdout] 411 | const FIELD_THIS: &str = "THIS";
[INFO] [stdout]     |       ^^^^^^^^^^
[INFO] [stdout] 
[INFO] [stdout] 
[INFO] [stdout] warning: constant `FILED_PREV` is never used
[INFO] [stdout]    --> models/my-hardware-description-language/src/machine.rs:412:7
[INFO] [stdout]     |
[INFO] [stdout] 412 | const FILED_PREV: &str = "PREV";
[INFO] [stdout]     |       ^^^^^^^^^^
[INFO] [stdout] 
[INFO] [stdout] 
[INFO] [stdout] warning: methods `get_otput` and `clock` are never used
[INFO] [stdout]    --> models/my-hardware-description-language/src/machine.rs:415:8
[INFO] [stdout]     |
[INFO] [stdout] 414 | impl IterModuleState {
[INFO] [stdout]     | -------------------- methods in this implementation
[INFO] [stdout] 415 |     fn get_otput(&self) -> Result<Value, Error> {
[INFO] [stdout]     |        ^^^^^^^^^
[INFO] [stdout] ...
[INFO] [stdout] 423 |     fn clock(&mut self, input: Value) -> Result<(), Error> {
[INFO] [stdout]     |        ^^^^^
[INFO] [stdout] 
[INFO] [stdout] 
[INFO] [stdout] warning: constant `BOOL_T` is never used
[INFO] [stdout]  --> models/my-hardware-description-language/src/interface.rs:5:7
[INFO] [stdout]   |
[INFO] [stdout] 5 | const BOOL_T: &str = "#true";
[INFO] [stdout]   |       ^^^^^^
[INFO] [stdout] 
[INFO] [stdout] 
[INFO] [stdout] warning: constant `BOOL_F` is never used
[INFO] [stdout]  --> models/my-hardware-description-language/src/interface.rs:6:7
[INFO] [stdout]   |
[INFO] [stdout] 6 | const BOOL_F: &str = "#false";
[INFO] [stdout]   |       ^^^^^^
[INFO] [stdout] 
[INFO] [stdout] 
[INFO] [stdout] warning: struct `MyParser` is never constructed
[INFO] [stdout]   --> models/my-hardware-description-language/src/interface.rs:10:8
[INFO] [stdout]    |
[INFO] [stdout] 10 | struct MyParser;
[INFO] [stdout]    |        ^^^^^^^^
[INFO] [stdout] 
[INFO] [stdout] 
[INFO] [stdout] warning: unused variable: `examples`
[INFO] [stdout]   --> models/logic_circuit/src/example.rs:22:13
[INFO] [stdout]    |
[INFO] [stdout] 22 |         let examples = examples();
[INFO] [stdout]    |             ^^^^^^^^ help: if this is intentional, prefix it with an underscore: `_examples`
[INFO] [stdout] 
[INFO] [stdout] 
[INFO] [stdout] warning: method `len` is never used
[INFO] [stdout]    --> models/logic_circuit/src/machine.rs:371:8
[INFO] [stdout]     |
[INFO] [stdout] 370 | impl Name {
[INFO] [stdout]     | --------- method in this implementation
[INFO] [stdout] 371 |     fn len(&self) -> usize {
[INFO] [stdout]     |        ^^^
[INFO] [stdout]     |
[INFO] [stdout]     = note: `#[warn(dead_code)]` on by default
[INFO] [stdout] 
[INFO] [stdout] 
[INFO] [stdout] For more information about this error, try `rustc --explain E0602`.
[INFO] [stdout] 
[INFO] [stderr]     Finished `test` profile [unoptimized + debuginfo] target(s) in 8.88s
[INFO] running `Command { std: "docker" "inspect" "fc28e3afb2dbc0b2c6619dc24482cc1013036b21ccee8435a0c120476a281c8e", kill_on_drop: false }`
[INFO] running `Command { std: "docker" "rm" "-f" "fc28e3afb2dbc0b2c6619dc24482cc1013036b21ccee8435a0c120476a281c8e", kill_on_drop: false }`
[INFO] [stdout] fc28e3afb2dbc0b2c6619dc24482cc1013036b21ccee8435a0c120476a281c8e
[INFO] running `Command { std: "docker" "create" "-v" "/var/lib/crater-agent-workspace/builds/worker-7-tc2/target:/opt/rustwide/target:rw,Z" "-v" "/var/lib/crater-agent-workspace/builds/worker-7-tc2/source:/opt/rustwide/workdir:ro,Z" "-v" "/var/lib/crater-agent-workspace/cargo-home:/opt/rustwide/cargo-home:ro,Z" "-v" "/var/lib/crater-agent-workspace/rustup-home:/opt/rustwide/rustup-home:ro,Z" "-e" "SOURCE_DIR=/opt/rustwide/workdir" "-e" "CARGO_TARGET_DIR=/opt/rustwide/target" "-e" "CARGO_INCREMENTAL=0" "-e" "RUST_BACKTRACE=full" "-e" "RUSTFLAGS=--cap-lints=forbid -Zrandomize-layout" "-e" "RUSTDOCFLAGS=--cap-lints=forbid" "-e" "CARGO_HOME=/opt/rustwide/cargo-home" "-e" "RUSTUP_HOME=/opt/rustwide/rustup-home" "-w" "/opt/rustwide/workdir" "-m" "1610612736" "--user" "0:0" "--network" "none" "ghcr.io/rust-lang/crates-build-env/linux@sha256:819108c5571ea2e421544af4d832f968d213c87fbe3707a016657f43d2f853bc" "/opt/rustwide/cargo-home/bin/cargo" "+nightly-2025-01-18" "test" "--frozen", kill_on_drop: false }`
[INFO] [stdout] 5136c5d5236305fbf8aa9a8ab6dbc7b99da4bd64aaa9b41a8190ab64e650b377
[INFO] running `Command { std: "docker" "start" "-a" "5136c5d5236305fbf8aa9a8ab6dbc7b99da4bd64aaa9b41a8190ab64e650b377", kill_on_drop: false }`
[INFO] [stderr] warning[E0602]: unknown lint: `type_complexity`
[INFO] [stderr]   |
[INFO] [stderr]   = note: requested on the command line with `-F type_complexity`
[INFO] [stderr]   = note: `#[warn(unknown_lints)]` on by default
[INFO] [stderr] 
[INFO] [stderr] warning: unused variable: `ctx`
[INFO] [stderr]    --> utils/src/view.rs:253:26
[INFO] [stderr]     |
[INFO] [stderr] 253 |     fn update(&mut self, ctx: &Context<Self>, msg: Self::Message) -> bool {
[INFO] [stderr]     |                          ^^^ help: if this is intentional, prefix it with an underscore: `_ctx`
[INFO] [stderr]     |
[INFO] [stderr]     = note: `#[warn(unused_variables)]` on by default
[INFO] [stderr] 
[INFO] [stderr] warning: unused variable: `ctx`
[INFO] [stderr]    --> utils/src/view.rs:348:15
[INFO] [stderr]     |
[INFO] [stderr] 348 |     fn create(ctx: &Context<Self>) -> Self {
[INFO] [stderr]     |               ^^^ help: if this is intentional, prefix it with an underscore: `_ctx`
[INFO] [stderr] 
[INFO] [stderr] For more information about this error, try `rustc --explain E0602`.
[INFO] [stderr] warning: `utils` (lib) generated 3 warnings
[INFO] [stderr] warning: unused import: `fmt::Display`
[INFO] [stderr]  --> view/turing_machine/src/machine.rs:3:11
[INFO] [stderr]   |
[INFO] [stderr] 3 | use std::{fmt::Display, iter::repeat};
[INFO] [stderr]   |           ^^^^^^^^^^^^
[INFO] [stderr]   |
[INFO] [stderr]   = note: `#[warn(unused_imports)]` on by default
[INFO] [stderr] 
[INFO] [stderr] warning: unused variable: `ctx`
[INFO] [stderr]    --> view/turing_machine/src/machine.rs:128:15
[INFO] [stderr]     |
[INFO] [stderr] 128 |     fn create(ctx: &Context<Self>) -> Self {
[INFO] [stderr]     |               ^^^ help: if this is intentional, prefix it with an underscore: `_ctx`
[INFO] [stderr]     |
[INFO] [stderr]     = note: `#[warn(unused_variables)]` on by default
[INFO] [stderr] 
[INFO] [stderr] warning: unused import: `std::collections::HashMap`
[INFO] [stderr]  --> models/logic_circuit/src/manipulation.rs:1:5
[INFO] [stderr]   |
[INFO] [stderr] 1 | use std::collections::HashMap;
[INFO] [stderr]   |     ^^^^^^^^^^^^^^^^^^^^^^^^^
[INFO] [stderr]   |
[INFO] [stderr]   = note: `#[warn(unused_imports)]` on by default
[INFO] [stderr] 
[INFO] [stderr] warning: unused import: `std::collections::HashMap`
[INFO] [stderr]  --> models/logic_circuit/src/example.rs:1:5
[INFO] [stderr]   |
[INFO] [stderr] 1 | use std::collections::HashMap;
[INFO] [stderr]   |     ^^^^^^^^^^^^^^^^^^^^^^^^^
[INFO] [stderr] 
[INFO] [stderr] warning: unused imports: `LoC` and `Name`
[INFO] [stderr]  --> models/logic_circuit/src/example.rs:5:22
[INFO] [stderr]   |
[INFO] [stderr] 5 | use super::machine::{LoC, Name};
[INFO] [stderr]   |                      ^^^  ^^^^
[INFO] [stderr] 
[INFO] [stderr] warning: unused variable: `name`
[INFO] [stderr]    --> models/logic_circuit/src/machine.rs:881:27
[INFO] [stderr]     |
[INFO] [stderr] 881 |             LoC::FinGraph(name, fingraph) => Some(*fingraph),
[INFO] [stderr]     |                           ^^^^ help: if this is intentional, prefix it with an underscore: `_name`
[INFO] [stderr]     |
[INFO] [stderr]     = note: `#[warn(unused_variables)]` on by default
[INFO] [stderr] 
[INFO] [stderr] warning: method `len` is never used
[INFO] [stderr]    --> models/logic_circuit/src/machine.rs:371:8
[INFO] [stderr]     |
[INFO] [stderr] 370 | impl Name {
[INFO] [stderr]     | --------- method in this implementation
[INFO] [stderr] 371 |     fn len(&self) -> usize {
[INFO] [stderr]     |        ^^^
[INFO] [stderr]     |
[INFO] [stderr]     = note: `#[warn(dead_code)]` on by default
[INFO] [stderr] 
[INFO] [stderr] warning: `turing_machine_view` (lib) generated 2 warnings (run `cargo fix --lib -p turing_machine_view` to apply 1 suggestion)
[INFO] [stderr] warning: `logic_circuit` (lib) generated 5 warnings (run `cargo fix --lib -p logic_circuit` to apply 3 suggestions)
[INFO] [stderr] warning: unused import: `callback`
[INFO] [stderr]  --> view/recursive_function/src/lib.rs:8:11
[INFO] [stderr]   |
[INFO] [stderr] 8 | use yew::{callback, html, Callback, Component, Properties};
[INFO] [stderr]   |           ^^^^^^^^
[INFO] [stderr]   |
[INFO] [stderr]   = note: `#[warn(unused_imports)]` on by default
[INFO] [stderr] 
[INFO] [stderr] warning: unused variable: `ctx`
[INFO] [stderr]   --> view/recursive_function/src/lib.rs:96:20
[INFO] [stderr]    |
[INFO] [stderr] 96 |     fn view(&self, ctx: &Context<Self>) -> Html {
[INFO] [stderr]    |                    ^^^ help: if this is intentional, prefix it with an underscore: `_ctx`
[INFO] [stderr]    |
[INFO] [stderr]    = note: `#[warn(unused_variables)]` on by default
[INFO] [stderr] 
[INFO] [stderr] warning: unused variable: `code_handle`
[INFO] [stderr]    --> view/recursive_function/src/lib.rs:135:9
[INFO] [stderr]     |
[INFO] [stderr] 135 |     let code_handle = yew::Renderer::<utils::view::CodeView>::with_root_and_props(
[INFO] [stderr]     |         ^^^^^^^^^^^ help: if this is intentional, prefix it with an underscore: `_code_handle`
[INFO] [stderr] 
[INFO] [stderr] warning: function `playground` is never used
[INFO] [stderr]    --> view/recursive_function/src/lib.rs:122:4
[INFO] [stderr]     |
[INFO] [stderr] 122 | fn playground(element: Element) {
[INFO] [stderr]     |    ^^^^^^^^^^
[INFO] [stderr]     |
[INFO] [stderr]     = note: `#[warn(dead_code)]` on by default
[INFO] [stderr] 
[INFO] [stderr] warning: function `set_machine` is never used
[INFO] [stderr]    --> view/recursive_function/src/lib.rs:142:4
[INFO] [stderr]     |
[INFO] [stderr] 142 | fn set_machine(element: Element, fnc: RecursiveFunctions) {
[INFO] [stderr]     |    ^^^^^^^^^^^
[INFO] [stderr] 
[INFO] [stderr] warning: unused import: `std::collections::HashMap`
[INFO] [stderr]  --> view/logic_circuit/src/lib.rs:1:5
[INFO] [stderr]   |
[INFO] [stderr] 1 | use std::collections::HashMap;
[INFO] [stderr]   |     ^^^^^^^^^^^^^^^^^^^^^^^^^
[INFO] [stderr]   |
[INFO] [stderr]   = note: `#[warn(unused_imports)]` on by default
[INFO] [stderr] 
[INFO] [stderr] warning: unused imports: `LoC` and `Name`
[INFO] [stderr]  --> view/logic_circuit/src/lib.rs:4:15
[INFO] [stderr]   |
[INFO] [stderr] 4 |     machine::{LoC, Name},
[INFO] [stderr]   |               ^^^  ^^^^
[INFO] [stderr] 
[INFO] [stderr] warning: unused import: `svg_lc::FingraphMachineProps`
[INFO] [stderr]  --> view/logic_circuit/src/lib.rs:8:15
[INFO] [stderr]   |
[INFO] [stderr] 8 | use machine::{svg_lc::FingraphMachineProps, MachineMsg};
[INFO] [stderr]   |               ^^^^^^^^^^^^^^^^^^^^^^^^^^^^
[INFO] [stderr] 
[INFO] [stderr] warning: unused import: `Gate`
[INFO] [stderr]  --> view/logic_circuit/src/machine.rs:4:46
[INFO] [stderr]   |
[INFO] [stderr] 4 | use logic_circuit::machine::{Bool, FinGraph, Gate, InPin, LoC, Name, OtPin};
[INFO] [stderr]   |                                              ^^^^
[INFO] [stderr] 
[INFO] [stderr] warning: unused imports: `collections::HashMap` and `fmt::Display`
[INFO] [stderr]  --> view/logic_circuit/src/machine/svg_lc.rs:5:11
[INFO] [stderr]   |
[INFO] [stderr] 5 | use std::{collections::HashMap, fmt::Display};
[INFO] [stderr]   |           ^^^^^^^^^^^^^^^^^^^^  ^^^^^^^^^^^^
[INFO] [stderr] 
[INFO] [stderr] warning: unused import: `yew::prelude::*`
[INFO] [stderr]  --> view/logic_circuit/src/machine/svg_lc.rs:7:5
[INFO] [stderr]   |
[INFO] [stderr] 7 | use yew::prelude::*;
[INFO] [stderr]   |     ^^^^^^^^^^^^^^^
[INFO] [stderr] 
[INFO] [stderr] warning: unused variable: `ctx`
[INFO] [stderr]    --> view/logic_circuit/src/machine.rs:137:15
[INFO] [stderr]     |
[INFO] [stderr] 137 |     fn create(ctx: &Context<Self>) -> Self {
[INFO] [stderr]     |               ^^^ help: if this is intentional, prefix it with an underscore: `_ctx`
[INFO] [stderr]     |
[INFO] [stderr]     = note: `#[warn(unused_variables)]` on by default
[INFO] [stderr] 
[INFO] [stderr] warning: unused variable: `gate`
[INFO] [stderr]    --> view/logic_circuit/src/machine.rs:152:23
[INFO] [stderr]     |
[INFO] [stderr] 152 |             LoC::Gate(gate) => {
[INFO] [stderr]     |                       ^^^^ help: if this is intentional, prefix it with an underscore: `_gate`
[INFO] [stderr] 
[INFO] [stderr] warning: unused variable: `name`
[INFO] [stderr]    --> view/logic_circuit/src/machine.rs:155:27
[INFO] [stderr]     |
[INFO] [stderr] 155 |             LoC::FinGraph(name, fingraph) => {
[INFO] [stderr]     |                           ^^^^ help: if this is intentional, prefix it with an underscore: `_name`
[INFO] [stderr] 
[INFO] [stderr] warning: unused variable: `name`
[INFO] [stderr]    --> view/logic_circuit/src/machine.rs:163:23
[INFO] [stderr]     |
[INFO] [stderr] 163 |             LoC::Iter(name, iter) => {
[INFO] [stderr]     |                       ^^^^ help: if this is intentional, prefix it with an underscore: `_name`
[INFO] [stderr] 
[INFO] [stderr] warning: unused variable: `ctx`
[INFO] [stderr]    --> view/logic_circuit/src/machine.rs:173:26
[INFO] [stderr]     |
[INFO] [stderr] 173 |     fn update(&mut self, ctx: &Context<Self>, msg: Self::Message) -> bool {
[INFO] [stderr]     |                          ^^^ help: if this is intentional, prefix it with an underscore: `_ctx`
[INFO] [stderr] 
[INFO] [stderr] warning: unused variable: `msg`
[INFO] [stderr]    --> view/logic_circuit/src/machine.rs:173:47
[INFO] [stderr]     |
[INFO] [stderr] 173 |     fn update(&mut self, ctx: &Context<Self>, msg: Self::Message) -> bool {
[INFO] [stderr]     |                                               ^^^ help: if this is intentional, prefix it with an underscore: `_msg`
[INFO] [stderr] 
[INFO] [stderr] warning: unused variable: `onmovelc`
[INFO] [stderr]    --> view/logic_circuit/src/machine/svg_lc.rs:460:60
[INFO] [stderr]     |
[INFO] [stderr] 460 | ...   let LoCProps { name, inputs, otputs, ori, pos, onmovelc, onclickinpin, onclickotpin, onrightclick, onrotclockwise, onrotcountercloc...
[INFO] [stderr]     |                                                      ^^^^^^^^ help: try ignoring the field: `onmovelc: _`
[INFO] [stderr] 
[INFO] [stderr] warning: unused variable: `onclickinpin`
[INFO] [stderr]    --> view/logic_circuit/src/machine/svg_lc.rs:460:70
[INFO] [stderr]     |
[INFO] [stderr] 460 | ...   let LoCProps { name, inputs, otputs, ori, pos, onmovelc, onclickinpin, onclickotpin, onrightclick, onrotclockwise, onrotcountercloc...
[INFO] [stderr]     |                                                                ^^^^^^^^^^^^ help: try ignoring the field: `onclickinpin: _`
[INFO] [stderr] 
[INFO] [stderr] warning: unused variable: `onclickotpin`
[INFO] [stderr]    --> view/logic_circuit/src/machine/svg_lc.rs:460:84
[INFO] [stderr]     |
[INFO] [stderr] 460 | ...s, ori, pos, onmovelc, onclickinpin, onclickotpin, onrightclick, onrotclockwise, onrotcounterclockwise } = actlocprops.get_lc_props(na...
[INFO] [stderr]     |                                         ^^^^^^^^^^^^ help: try ignoring the field: `onclickotpin: _`
[INFO] [stderr] 
[INFO] [stderr] warning: unused variable: `onrightclick`
[INFO] [stderr]    --> view/logic_circuit/src/machine/svg_lc.rs:460:98
[INFO] [stderr]     |
[INFO] [stderr] 460 | ...nmovelc, onclickinpin, onclickotpin, onrightclick, onrotclockwise, onrotcounterclockwise } = actlocprops.get_lc_props(name).unwrap();
[INFO] [stderr]     |                                         ^^^^^^^^^^^^ help: try ignoring the field: `onrightclick: _`
[INFO] [stderr] 
[INFO] [stderr] warning: unused variable: `onrotclockwise`
[INFO] [stderr]    --> view/logic_circuit/src/machine/svg_lc.rs:460:112
[INFO] [stderr]     |
[INFO] [stderr] 460 | ...inpin, onclickotpin, onrightclick, onrotclockwise, onrotcounterclockwise } = actlocprops.get_lc_props(name).unwrap();
[INFO] [stderr]     |                                       ^^^^^^^^^^^^^^ help: try ignoring the field: `onrotclockwise: _`
[INFO] [stderr] 
[INFO] [stderr] warning: unused variable: `onrotcounterclockwise`
[INFO] [stderr]    --> view/logic_circuit/src/machine/svg_lc.rs:460:128
[INFO] [stderr]     |
[INFO] [stderr] 460 | ...rightclick, onrotclockwise, onrotcounterclockwise } = actlocprops.get_lc_props(name).unwrap();
[INFO] [stderr]     |                                ^^^^^^^^^^^^^^^^^^^^^ help: try ignoring the field: `onrotcounterclockwise: _`
[INFO] [stderr] 
[INFO] [stderr] warning: unused variable: `init_pos_lc`
[INFO] [stderr]    --> view/logic_circuit/src/machine/svg_lc.rs:547:13
[INFO] [stderr]     |
[INFO] [stderr] 547 |             init_pos_lc,
[INFO] [stderr]     |             ^^^^^^^^^^^ help: try ignoring the field: `init_pos_lc: _`
[INFO] [stderr] 
[INFO] [stderr] warning: unused variable: `init_pos_inpins`
[INFO] [stderr]    --> view/logic_circuit/src/machine/svg_lc.rs:548:13
[INFO] [stderr]     |
[INFO] [stderr] 548 |             init_pos_inpins,
[INFO] [stderr]     |             ^^^^^^^^^^^^^^^ help: try ignoring the field: `init_pos_inpins: _`
[INFO] [stderr] 
[INFO] [stderr] warning: unused variable: `init_pos_otpins`
[INFO] [stderr]    --> view/logic_circuit/src/machine/svg_lc.rs:549:13
[INFO] [stderr]     |
[INFO] [stderr] 549 |             init_pos_otpins,
[INFO] [stderr]     |             ^^^^^^^^^^^^^^^ help: try ignoring the field: `init_pos_otpins: _`
[INFO] [stderr] 
[INFO] [stderr] warning: unused variable: `ctx`
[INFO] [stderr]    --> view/logic_circuit/src/machine/svg_lc.rs:571:26
[INFO] [stderr]     |
[INFO] [stderr] 571 |     fn update(&mut self, ctx: &Context<Self>, msg: Self::Message) -> bool {
[INFO] [stderr]     |                          ^^^ help: if this is intentional, prefix it with an underscore: `_ctx`
[INFO] [stderr] 
[INFO] [stderr] warning: unused variable: `state`
[INFO] [stderr]    --> view/logic_circuit/src/machine/svg_lc.rs:669:13
[INFO] [stderr]     |
[INFO] [stderr] 669 |             state,
[INFO] [stderr]     |             ^^^^^ help: try ignoring the field: `state: _`
[INFO] [stderr] 
[INFO] [stderr] warning: unused variable: `on_goto_test`
[INFO] [stderr]    --> view/logic_circuit/src/machine/svg_lc.rs:673:13
[INFO] [stderr]     |
[INFO] [stderr] 673 |             on_goto_test,
[INFO] [stderr]     |             ^^^^^^^^^^^^ help: try ignoring the field: `on_goto_test: _`
[INFO] [stderr] 
[INFO] [stderr] warning: unused variable: `on_log`
[INFO] [stderr]    --> view/logic_circuit/src/machine/svg_lc.rs:674:13
[INFO] [stderr]     |
[INFO] [stderr] 674 |             on_log,
[INFO] [stderr]     |             ^^^^^^ help: try ignoring the field: `on_log: _`
[INFO] [stderr] 
[INFO] [stderr] warning: unused variable: `k`
[INFO] [stderr]    --> view/logic_circuit/src/machine/svg_lc.rs:894:40
[INFO] [stderr]     |
[INFO] [stderr] 894 |             (GraphicEditorMsg::MoveLoC(k, MoveMsg::Select(diff)), State::None) => {
[INFO] [stderr]     |                                        ^ help: if this is intentional, prefix it with an underscore: `_k`
[INFO] [stderr] 
[INFO] [stderr] warning: unused variable: `diff`
[INFO] [stderr]    --> view/logic_circuit/src/machine/svg_lc.rs:929:87
[INFO] [stderr]     |
[INFO] [stderr] 929 |             (GraphicEditorMsg::MoveCopy(k, MoveMsg::UnSelect), State::CopyLC(k1, pos, diff))
[INFO] [stderr]     |                                                                                       ^^^^ help: if this is intentional, prefix it with an underscore: `_diff`
[INFO] [stderr] 
[INFO] [stderr] warning: unused variable: `k`
[INFO] [stderr]    --> view/logic_circuit/src/machine/svg_lc.rs:939:42
[INFO] [stderr]     |
[INFO] [stderr] 939 |             (GraphicEditorMsg::MoveInput(k, MoveMsg::Select(diff)), State::None) => {
[INFO] [stderr]     |                                          ^ help: if this is intentional, prefix it with an underscore: `_k`
[INFO] [stderr] 
[INFO] [stderr] warning: unused variable: `k`
[INFO] [stderr]    --> view/logic_circuit/src/machine/svg_lc.rs:945:42
[INFO] [stderr]     |
[INFO] [stderr] 945 |             (GraphicEditorMsg::MoveInput(k, MoveMsg::UnSelect), State::MoveInPin(_)) => {
[INFO] [stderr]     |                                          ^ help: if this is intentional, prefix it with an underscore: `_k`
[INFO] [stderr] 
[INFO] [stderr] warning: unused variable: `k`
[INFO] [stderr]    --> view/logic_circuit/src/machine/svg_lc.rs:952:42
[INFO] [stderr]     |
[INFO] [stderr] 952 |             (GraphicEditorMsg::MoveOtput(k, MoveMsg::Select(diff)), State::None) => {
[INFO] [stderr]     |                                          ^ help: if this is intentional, prefix it with an underscore: `_k`
[INFO] [stderr] 
[INFO] [stderr] warning: unused variable: `k`
[INFO] [stderr]    --> view/logic_circuit/src/machine/svg_lc.rs:958:42
[INFO] [stderr]     |
[INFO] [stderr] 958 |             (GraphicEditorMsg::MoveOtput(k, MoveMsg::UnSelect), State::MoveOtPin(_)) => {
[INFO] [stderr]     |                                          ^ help: if this is intentional, prefix it with an underscore: `_k`
[INFO] [stderr] 
[INFO] [stderr] warning: unused variable: `k`
[INFO] [stderr]    --> view/logic_circuit/src/machine/svg_lc.rs:961:42
[INFO] [stderr]     |
[INFO] [stderr] 961 |             (GraphicEditorMsg::MoveOtput(k, MoveMsg::Move(_) | MoveMsg::UnSelect), State::None) => {
[INFO] [stderr]     |                                          ^ help: if this is intentional, prefix it with an underscore: `_k`
[INFO] [stderr] 
[INFO] [stderr] warning: unused variable: `logic_circuits_components`
[INFO] [stderr]     --> view/logic_circuit/src/machine/svg_lc.rs:1046:21
[INFO] [stderr]      |
[INFO] [stderr] 1046 |                     logic_circuits_components,
[INFO] [stderr]      |                     ^^^^^^^^^^^^^^^^^^^^^^^^^ help: try ignoring the field: `logic_circuits_components: _`
[INFO] [stderr] 
[INFO] [stderr] warning: unused variable: `on_log`
[INFO] [stderr]     --> view/logic_circuit/src/machine/svg_lc.rs:1048:21
[INFO] [stderr]      |
[INFO] [stderr] 1048 |                     on_log,
[INFO] [stderr]      |                     ^^^^^^ help: try ignoring the field: `on_log: _`
[INFO] [stderr] 
[INFO] [stderr] warning: unused variable: `ctx`
[INFO] [stderr]     --> view/logic_circuit/src/machine/svg_lc.rs:1327:26
[INFO] [stderr]      |
[INFO] [stderr] 1327 |     fn update(&mut self, ctx: &Context<Self>, msg: Self::Message) -> bool {
[INFO] [stderr]      |                          ^^^ help: if this is intentional, prefix it with an underscore: `_ctx`
[INFO] [stderr] 
[INFO] [stderr] warning: `recursive_function_view` (lib) generated 5 warnings (run `cargo fix --lib -p recursive_function_view` to apply 1 suggestion)
[INFO] [stderr] warning: `logic_circuit_view` (lib) generated 35 warnings (run `cargo fix --lib -p logic_circuit_view` to apply 6 suggestions)
[INFO] [stderr] warning: field `0` is never read
[INFO] [stderr]   --> models/cpu_emulator/src/lib.rs:69:23
[INFO] [stderr]    |
[INFO] [stderr] 69 | pub struct Assumrator(Byte);
[INFO] [stderr]    |            ---------- ^^^^
[INFO] [stderr]    |            |
[INFO] [stderr]    |            field in this struct
[INFO] [stderr]    |
[INFO] [stderr]    = help: consider removing this field
[INFO] [stderr]    = note: `#[warn(dead_code)]` on by default
[INFO] [stderr] 
[INFO] [stderr] warning: field `0` is never read
[INFO] [stderr]   --> models/cpu_emulator/src/lib.rs:71:27
[INFO] [stderr]    |
[INFO] [stderr] 71 | pub struct ProgramCounter(Number);
[INFO] [stderr]    |            -------------- ^^^^^^
[INFO] [stderr]    |            |
[INFO] [stderr]    |            field in this struct
[INFO] [stderr]    |
[INFO] [stderr]    = help: consider removing this field
[INFO] [stderr] 
[INFO] [stderr] warning: unused import: `Ext`
[INFO] [stderr]  --> models/lambda_continuations/src/ctrl.rs:4:15
[INFO] [stderr]   |
[INFO] [stderr] 4 |         ext::{Ext, ExtStruct},
[INFO] [stderr]   |               ^^^
[INFO] [stderr]   |
[INFO] [stderr]   = note: `#[warn(unused_imports)]` on by default
[INFO] [stderr] 
[INFO] [stderr] warning: unused import: `Display`
[INFO] [stderr]  --> models/lambda_continuations/src/no_ext.rs:1:23
[INFO] [stderr]   |
[INFO] [stderr] 1 | use std::fmt::{Debug, Display};
[INFO] [stderr]   |                       ^^^^^^^
[INFO] [stderr] 
[INFO] [stderr] warning: unused variable: `e`
[INFO] [stderr]   --> models/lambda_continuations/src/ctrl.rs:79:25
[INFO] [stderr]    |
[INFO] [stderr] 79 |             AbCt::Abort(e) => None,
[INFO] [stderr]    |                         ^ help: if this is intentional, prefix it with an underscore: `_e`
[INFO] [stderr]    |
[INFO] [stderr]    = note: `#[warn(unused_variables)]` on by default
[INFO] [stderr] 
[INFO] [stderr] warning: unused variable: `e`
[INFO] [stderr]   --> models/lambda_continuations/src/ctrl.rs:80:27
[INFO] [stderr]    |
[INFO] [stderr] 80 |             AbCt::Control(e) => None,
[INFO] [stderr]    |                           ^ help: if this is intentional, prefix it with an underscore: `_e`
[INFO] [stderr] 
[INFO] [stderr] warning: unused variable: `b`
[INFO] [stderr]   --> models/lambda_continuations/src/ctrl.rs:88:28
[INFO] [stderr]    |
[INFO] [stderr] 88 |                 AbCt::Base(b) => {
[INFO] [stderr]    |                            ^ help: if this is intentional, prefix it with an underscore: `_b`
[INFO] [stderr] 
[INFO] [stderr] warning: variable does not need to be mutable
[INFO] [stderr]   --> models/lambda_continuations/src/ctrl.rs:85:13
[INFO] [stderr]    |
[INFO] [stderr] 85 |         let mut t = self;
[INFO] [stderr]    |             ----^
[INFO] [stderr]    |             |
[INFO] [stderr]    |             help: remove this `mut`
[INFO] [stderr]    |
[INFO] [stderr]    = note: `#[warn(unused_mut)]` on by default
[INFO] [stderr] 
[INFO] [stderr] warning: unused variable: `var`
[INFO] [stderr]   --> models/lambda_continuations/src/no_ext.rs:79:25
[INFO] [stderr]    |
[INFO] [stderr] 79 |             Base::Lam { var, body } => None,
[INFO] [stderr]    |                         ^^^ help: try ignoring the field: `var: _`
[INFO] [stderr] 
[INFO] [stderr] warning: unused variable: `body`
[INFO] [stderr]   --> models/lambda_continuations/src/no_ext.rs:79:30
[INFO] [stderr]    |
[INFO] [stderr] 79 |             Base::Lam { var, body } => None,
[INFO] [stderr]    |                              ^^^^ help: try ignoring the field: `body: _`
[INFO] [stderr] 
[INFO] [stderr] warning: unused variable: `var`
[INFO] [stderr]    --> models/lambda_continuations/src/no_ext.rs:133:24
[INFO] [stderr]     |
[INFO] [stderr] 133 |             Ext::Var { var } => None,
[INFO] [stderr]     |                        ^^^ help: try ignoring the field: `var: _`
[INFO] [stderr] 
[INFO] [stderr] warning: unused variable: `var`
[INFO] [stderr]    --> models/lambda_continuations/src/no_ext.rs:134:24
[INFO] [stderr]     |
[INFO] [stderr] 134 |             Ext::Lam { var, body } => None,
[INFO] [stderr]     |                        ^^^ help: try ignoring the field: `var: _`
[INFO] [stderr] 
[INFO] [stderr] warning: unused variable: `body`
[INFO] [stderr]    --> models/lambda_continuations/src/no_ext.rs:134:29
[INFO] [stderr]     |
[INFO] [stderr] 134 |             Ext::Lam { var, body } => None,
[INFO] [stderr]     |                             ^^^^ help: try ignoring the field: `body: _`
[INFO] [stderr] 
[INFO] [stderr] warning: unused variable: `var`
[INFO] [stderr]    --> models/lambda_continuations/src/no_ext.rs:152:41
[INFO] [stderr]     |
[INFO] [stderr] 152 |                         ExtValue::Fun { var, body } => None,
[INFO] [stderr]     |                                         ^^^ help: try ignoring the field: `var: _`
[INFO] [stderr] 
[INFO] [stderr] warning: unused variable: `body`
[INFO] [stderr]    --> models/lambda_continuations/src/no_ext.rs:152:46
[INFO] [stderr]     |
[INFO] [stderr] 152 |                         ExtValue::Fun { var, body } => None,
[INFO] [stderr]     |                                              ^^^^ help: try ignoring the field: `body: _`
[INFO] [stderr] 
[INFO] [stderr] warning: unused variable: `var`
[INFO] [stderr]    --> models/lambda_continuations/src/no_ext.rs:168:41
[INFO] [stderr]     |
[INFO] [stderr] 168 |                         ExtValue::Fun { var, body } => None,
[INFO] [stderr]     |                                         ^^^ help: try ignoring the field: `var: _`
[INFO] [stderr] 
[INFO] [stderr] warning: unused variable: `body`
[INFO] [stderr]    --> models/lambda_continuations/src/no_ext.rs:168:46
[INFO] [stderr]     |
[INFO] [stderr] 168 |                         ExtValue::Fun { var, body } => None,
[INFO] [stderr]     |                                              ^^^^ help: try ignoring the field: `body: _`
[INFO] [stderr] 
[INFO] [stderr] warning: struct `AbCtBaseFrame` is never constructed
[INFO] [stderr]   --> models/lambda_continuations/src/ctrl.rs:34:8
[INFO] [stderr]    |
[INFO] [stderr] 34 | struct AbCtBaseFrame(BaseFrame<AbCt<BaseStruct>>);
[INFO] [stderr]    |        ^^^^^^^^^^^^^
[INFO] [stderr]    |
[INFO] [stderr]    = note: `#[warn(dead_code)]` on by default
[INFO] [stderr] 
[INFO] [stderr] warning: function `print` is never used
[INFO] [stderr]   --> models/lambda_continuations/src/no_ext.rs:95:4
[INFO] [stderr]    |
[INFO] [stderr] 95 | fn print(t: &Lam<ExtStruct>) -> String {
[INFO] [stderr]    |    ^^^^^
[INFO] [stderr] 
[INFO] [stderr] warning: unused import: `Parser`
[INFO] [stderr]  --> models/my-hardware-description-language/src/interface.rs:3:29
[INFO] [stderr]   |
[INFO] [stderr] 3 | use pest::{iterators::Pair, Parser};
[INFO] [stderr]   |                             ^^^^^^
[INFO] [stderr]   |
[INFO] [stderr]   = note: `#[warn(unused_imports)]` on by default
[INFO] [stderr] 
[INFO] [stderr] warning: unused variable: `input`
[INFO] [stderr]    --> models/my-hardware-description-language/src/machine.rs:335:29
[INFO] [stderr]     |
[INFO] [stderr] 335 |     pub fn clock(&mut self, input: Value) -> Result<(), Error> {
[INFO] [stderr]     |                             ^^^^^ help: if this is intentional, prefix it with an underscore: `_input`
[INFO] [stderr]     |
[INFO] [stderr]     = note: `#[warn(unused_variables)]` on by default
[INFO] [stderr] 
[INFO] [stderr] warning: multiple variants are never constructed
[INFO] [stderr]    --> models/my-hardware-description-language/src/machine.rs:97:5
[INFO] [stderr]     |
[INFO] [stderr] 96  | enum CombExpVal {
[INFO] [stderr]     |      ---------- variants in this enum
[INFO] [stderr] 97  |     Val(Value),
[INFO] [stderr]     |     ^^^
[INFO] [stderr] 98  |     Var(String),
[INFO] [stderr]     |     ^^^
[INFO] [stderr] 99  |     And(Box<CombExpVal>, Box<CombExpVal>),
[INFO] [stderr]     |     ^^^
[INFO] [stderr] 100 |     Or(Box<CombExpVal>, Box<CombExpVal>),
[INFO] [stderr]     |     ^^
[INFO] [stderr] 101 |     Not(Box<CombExpVal>),
[INFO] [stderr]     |     ^^^
[INFO] [stderr] 102 |     IfCond(Box<CombExpVal>, Box<CombExpVal>, Box<CombExpVal>),
[INFO] [stderr]     |     ^^^^^^
[INFO] [stderr] 103 |     ArrayAcc(Box<CombExpVal>, Number),
[INFO] [stderr]     |     ^^^^^^^^
[INFO] [stderr] 104 |     ArrayConst(Vec<CombExpVal>),
[INFO] [stderr]     |     ^^^^^^^^^^
[INFO] [stderr] 105 |     FieldAcc(Box<CombExpVal>, String),
[INFO] [stderr]     |     ^^^^^^^^
[INFO] [stderr] 106 |     StrctConst(Vec<(String, CombExpVal)>),
[INFO] [stderr]     |     ^^^^^^^^^^
[INFO] [stderr] 107 |     Switch(Box<CombExpVal>, Vec<(String, CombExpVal)>),
[INFO] [stderr]     |     ^^^^^^
[INFO] [stderr] 108 |     SeqAndFinal(Vec<(String, CombExpVal)>, Box<CombExpVal>),
[INFO] [stderr]     |     ^^^^^^^^^^^
[INFO] [stderr] 109 |     CombModule(String, Box<CombExpVal>),
[INFO] [stderr]     |     ^^^^^^^^^^
[INFO] [stderr]     |
[INFO] [stderr]     = note: `CombExpVal` has derived impls for the traits `Clone` and `Debug`, but these are intentionally ignored during dead code analysis
[INFO] [stderr]     = note: `#[warn(dead_code)]` on by default
[INFO] [stderr] 
[INFO] [stderr] warning: function `eval_to_val` is never used
[INFO] [stderr]    --> models/my-hardware-description-language/src/machine.rs:120:4
[INFO] [stderr]     |
[INFO] [stderr] 120 | fn eval_to_val(
[INFO] [stderr]     |    ^^^^^^^^^^^
[INFO] [stderr] 
[INFO] [stderr] warning: constant `FIELD_IN` is never used
[INFO] [stderr]    --> models/my-hardware-description-language/src/machine.rs:260:7
[INFO] [stderr]     |
[INFO] [stderr] 260 | const FIELD_IN: &str = "IN";
[INFO] [stderr]     |       ^^^^^^^^
[INFO] [stderr] 
[INFO] [stderr] warning: constant `FIELD_OUT` is never used
[INFO] [stderr]    --> models/my-hardware-description-language/src/machine.rs:261:7
[INFO] [stderr]     |
[INFO] [stderr] 261 | const FIELD_OUT: &str = "OUT";
[INFO] [stderr]     |       ^^^^^^^^^
[INFO] [stderr] 
[INFO] [stderr] warning: constant `FIELD_STATE` is never used
[INFO] [stderr]    --> models/my-hardware-description-language/src/machine.rs:262:7
[INFO] [stderr]     |
[INFO] [stderr] 262 | const FIELD_STATE: &str = "STATE";
[INFO] [stderr]     |       ^^^^^^^^^^^
[INFO] [stderr] 
[INFO] [stderr] warning: associated items `new` and `build` are never used
[INFO] [stderr]    --> models/my-hardware-description-language/src/machine.rs:274:8
[INFO] [stderr]     |
[INFO] [stderr] 273 | impl SimpleModuleState {
[INFO] [stderr]     | ---------------------- associated items in this implementation
[INFO] [stderr] 274 |     fn new() -> Self {
[INFO] [stderr]     |        ^^^
[INFO] [stderr] ...
[INFO] [stderr] 277 |     fn build(&self) -> SimpleModuleState {
[INFO] [stderr]     |        ^^^^^
[INFO] [stderr] 
[INFO] [stderr] warning: methods `now_state`, `get_otput`, and `clock` are never used
[INFO] [stderr]    --> models/my-hardware-description-language/src/machine.rs:290:8
[INFO] [stderr]     |
[INFO] [stderr] 289 | impl SimpleModuleState {
[INFO] [stderr]     | ---------------------- methods in this implementation
[INFO] [stderr] 290 |     fn now_state(&self) -> Value {
[INFO] [stderr]     |        ^^^^^^^^^
[INFO] [stderr] ...
[INFO] [stderr] 293 |     fn get_otput(&self) -> Result<Value, Error> {
[INFO] [stderr]     |        ^^^^^^^^^
[INFO] [stderr] ...
[INFO] [stderr] 300 |     fn clock(&mut self, input: Value) -> Result<(), Error> {
[INFO] [stderr]     |        ^^^^^
[INFO] [stderr] 
[INFO] [stderr] warning: methods `now_state`, `get_otput`, and `clock` are never used
[INFO] [stderr]    --> models/my-hardware-description-language/src/machine.rs:357:8
[INFO] [stderr]     |
[INFO] [stderr] 356 | impl GraphModuleState {
[INFO] [stderr]     | --------------------- methods in this implementation
[INFO] [stderr] 357 |     fn now_state(&self) -> Value {
[INFO] [stderr]     |        ^^^^^^^^^
[INFO] [stderr] ...
[INFO] [stderr] 365 |     fn get_otput(&self) -> Result<Value, Error> {
[INFO] [stderr]     |        ^^^^^^^^^
[INFO] [stderr] ...
[INFO] [stderr] 375 |     fn clock(&mut self, input: Value) -> Result<(), Error> {
[INFO] [stderr]     |        ^^^^^
[INFO] [stderr] 
[INFO] [stderr] warning: constant `FIELD_NEXT` is never used
[INFO] [stderr]    --> models/my-hardware-description-language/src/machine.rs:410:7
[INFO] [stderr]     |
[INFO] [stderr] 410 | const FIELD_NEXT: &str = "NEXT";
[INFO] [stderr]     |       ^^^^^^^^^^
[INFO] [stderr] 
[INFO] [stderr] warning: constant `FIELD_THIS` is never used
[INFO] [stderr]    --> models/my-hardware-description-language/src/machine.rs:411:7
[INFO] [stderr]     |
[INFO] [stderr] 411 | const FIELD_THIS: &str = "THIS";
[INFO] [stderr]     |       ^^^^^^^^^^
[INFO] [stderr] 
[INFO] [stderr] warning: constant `FILED_PREV` is never used
[INFO] [stderr]    --> models/my-hardware-description-language/src/machine.rs:412:7
[INFO] [stderr]     |
[INFO] [stderr] 412 | const FILED_PREV: &str = "PREV";
[INFO] [stderr]     |       ^^^^^^^^^^
[INFO] [stderr] 
[INFO] [stderr] warning: methods `get_otput` and `clock` are never used
[INFO] [stderr]    --> models/my-hardware-description-language/src/machine.rs:415:8
[INFO] [stderr]     |
[INFO] [stderr] 414 | impl IterModuleState {
[INFO] [stderr]     | -------------------- methods in this implementation
[INFO] [stderr] 415 |     fn get_otput(&self) -> Result<Value, Error> {
[INFO] [stderr]     |        ^^^^^^^^^
[INFO] [stderr] ...
[INFO] [stderr] 423 |     fn clock(&mut self, input: Value) -> Result<(), Error> {
[INFO] [stderr]     |        ^^^^^
[INFO] [stderr] 
[INFO] [stderr] warning: constant `BOOL_T` is never used
[INFO] [stderr]  --> models/my-hardware-description-language/src/interface.rs:5:7
[INFO] [stderr]   |
[INFO] [stderr] 5 | const BOOL_T: &str = "#true";
[INFO] [stderr]   |       ^^^^^^
[INFO] [stderr] 
[INFO] [stderr] warning: constant `BOOL_F` is never used
[INFO] [stderr]  --> models/my-hardware-description-language/src/interface.rs:6:7
[INFO] [stderr]   |
[INFO] [stderr] 6 | const BOOL_F: &str = "#false";
[INFO] [stderr]   |       ^^^^^^
[INFO] [stderr] 
[INFO] [stderr] warning: struct `MyParser` is never constructed
[INFO] [stderr]   --> models/my-hardware-description-language/src/interface.rs:10:8
[INFO] [stderr]    |
[INFO] [stderr] 10 | struct MyParser;
[INFO] [stderr]    |        ^^^^^^^^
[INFO] [stderr] 
[INFO] [stderr] warning: unused imports: `ActLoCProps` and `ActLoCView`
[INFO] [stderr]  --> book/component/logic_circuits_to_machine/src/bin/dff_example.rs:1:43
[INFO] [stderr]   |
[INFO] [stderr] 1 | use logic_circuit_view::machine::svg_lc::{ActLoCView, ActLoCProps};
[INFO] [stderr]   |                                           ^^^^^^^^^^  ^^^^^^^^^^^
[INFO] [stderr]   |
[INFO] [stderr]   = note: `#[warn(unused_imports)]` on by default
[INFO] [stderr] 
[INFO] [stderr] warning: unused import: `utils::view::svg::Pos`
[INFO] [stderr]  --> book/component/logic_circuits_to_machine/src/bin/dff_example.rs:2:5
[INFO] [stderr]   |
[INFO] [stderr] 2 | use utils::view::svg::Pos;
[INFO] [stderr]   |     ^^^^^^^^^^^^^^^^^^^^^
[INFO] [stderr] 
[INFO] [stderr] warning: unused variable: `element`
[INFO] [stderr]  --> book/component/logic_circuits_to_machine/src/bin/dff_example.rs:6:9
[INFO] [stderr]   |
[INFO] [stderr] 6 |     let element = document.get_element_by_id("dff_example").unwrap();
[INFO] [stderr]   |         ^^^^^^^ help: if this is intentional, prefix it with an underscore: `_element`
[INFO] [stderr]   |
[INFO] [stderr]   = note: `#[warn(unused_variables)]` on by default
[INFO] [stderr] 
[INFO] [stderr] warning: unused variable: `dff`
[INFO] [stderr]  --> book/component/logic_circuits_to_machine/src/bin/dff_example.rs:8:9
[INFO] [stderr]   |
[INFO] [stderr] 8 |     let dff = initmap.get(&"DFF".into()).unwrap();
[INFO] [stderr]   |         ^^^ help: if this is intentional, prefix it with an underscore: `_dff`
[INFO] [stderr] 
[INFO] [stderr] warning: unused variable: `element`
[INFO] [stderr]  --> book/component/logic_circuits_to_machine/src/bin/logic_circuits_components.rs:3:9
[INFO] [stderr]   |
[INFO] [stderr] 3 |     let element = document
[INFO] [stderr]   |         ^^^^^^^ help: if this is intentional, prefix it with an underscore: `_element`
[INFO] [stderr]   |
[INFO] [stderr]   = note: `#[warn(unused_variables)]` on by default
[INFO] [stderr] 
[INFO] [stderr] warning: unused variable: `initmap`
[INFO] [stderr]  --> book/component/logic_circuits_to_machine/src/bin/logic_circuits_components.rs:6:9
[INFO] [stderr]   |
[INFO] [stderr] 6 |     let initmap = logic_circuit::example::examples();
[INFO] [stderr]   |         ^^^^^^^ help: if this is intentional, prefix it with an underscore: `_initmap`
[INFO] [stderr] 
[INFO] [stderr] warning: unused import: `recursive_function_view::*`
[INFO] [stderr]  --> book/component/models_of_computation/src/bin/recursive_function_to_lambda_calculus_playground.rs:4:5
[INFO] [stderr]   |
[INFO] [stderr] 4 | use recursive_function_view::*;
[INFO] [stderr]   |     ^^^^^^^^^^^^^^^^^^^^^^^^^^
[INFO] [stderr]   |
[INFO] [stderr]   = note: `#[warn(unused_imports)]` on by default
[INFO] [stderr] 
[INFO] [stderr] warning: `cpu_emulator` (lib) generated 3 warnings (1 duplicate)
[INFO] [stderr] warning: `lambda_continuations` (lib) generated 17 warnings (run `cargo fix --lib -p lambda_continuations` to apply 3 suggestions)
[INFO] [stderr] warning: `my-hardware-description-language` (lib) generated 17 warnings (run `cargo fix --lib -p my-hardware-description-language` to apply 1 suggestion)
[INFO] [stderr] warning: `logic_circuits_to_machine` (bin "dff_example" test) generated 4 warnings (run `cargo fix --bin "dff_example" --tests` to apply 2 suggestions)
[INFO] [stderr] warning: `logic_circuits_to_machine` (bin "logic_circuits_components" test) generated 2 warnings
[INFO] [stderr] warning: `models_of_computation_component` (bin "recursive_function_to_lambda_calculus_playground" test) generated 1 warning (run `cargo fix --bin "recursive_function_to_lambda_calculus_playground" --tests` to apply 1 suggestion)
[INFO] [stderr] warning: unused import: `logic_circuit::machine::LoC`
[INFO] [stderr]  --> test_view/src/main.rs:1:5
[INFO] [stderr]   |
[INFO] [stderr] 1 | use logic_circuit::machine::LoC;
[INFO] [stderr]   |     ^^^^^^^^^^^^^^^^^^^^^^^^^^^
[INFO] [stderr]   |
[INFO] [stderr]   = note: `#[warn(unused_imports)]` on by default
[INFO] [stderr] 
[INFO] [stderr] warning: `test_view` (bin "test_view" test) generated 1 warning (run `cargo fix --bin "test_view" --tests` to apply 1 suggestion)
[INFO] [stderr] warning: `logic_circuit_view` (lib test) generated 35 warnings (35 duplicates)
[INFO] [stderr] warning: `recursive_function_view` (lib test) generated 5 warnings (5 duplicates)
[INFO] [stderr] warning: `turing_machine_view` (lib test) generated 2 warnings (2 duplicates)
[INFO] [stderr] warning: unused variable: `examples`
[INFO] [stderr]   --> models/logic_circuit/src/example.rs:22:13
[INFO] [stderr]    |
[INFO] [stderr] 22 |         let examples = examples();
[INFO] [stderr]    |             ^^^^^^^^ help: if this is intentional, prefix it with an underscore: `_examples`
[INFO] [stderr] 
[INFO] [stderr] warning: unused imports: `bapp`, `blam`, `eapp`, `eif`, `elam`, `elet`, `epred`, `erec`, `esucc`, and `ezero`
[INFO] [stderr]    --> models/lambda_continuations/src/ctrl.rs:153:16
[INFO] [stderr]     |
[INFO] [stderr] 153 |         base::{bapp, blam, bvar},
[INFO] [stderr]     |                ^^^^  ^^^^
[INFO] [stderr] 154 |         ext::{eapp, eif, elam, elet, epred, erec, esucc, evar, ezero},
[INFO] [stderr]     |               ^^^^  ^^^  ^^^^  ^^^^  ^^^^^  ^^^^  ^^^^^        ^^^^^
[INFO] [stderr]     |
[INFO] [stderr]     = note: `#[warn(unused_imports)]` on by default
[INFO] [stderr] 
[INFO] [stderr] warning: unused variable: `s1`
[INFO] [stderr]    --> models/lambda_continuations/src/ctrl.rs:161:13
[INFO] [stderr]     |
[INFO] [stderr] 161 |         let s1 = l1.free_variables();
[INFO] [stderr]     |             ^^ help: if this is intentional, prefix it with an underscore: `_s1`
[INFO] [stderr] 
[INFO] [stderr] warning: unused variable: `s2`
[INFO] [stderr]    --> models/lambda_continuations/src/ctrl.rs:162:13
[INFO] [stderr]     |
[INFO] [stderr] 162 |         let s2 = l2.free_variables();
[INFO] [stderr]     |             ^^ help: if this is intentional, prefix it with an underscore: `_s2`
[INFO] [stderr] 
[INFO] [stderr] warning: unused variable: `code`
[INFO] [stderr]    --> models/lambda_continuations/src/parse.rs:276:28
[INFO] [stderr]     |
[INFO] [stderr] 276 |         let check_parse = |code: &str| {
[INFO] [stderr]     |                            ^^^^ help: if this is intentional, prefix it with an underscore: `_code`
[INFO] [stderr] 
[INFO] [stderr] warning: `cpu_emulator` (lib test) generated 3 warnings (3 duplicates)
[INFO] [stderr] warning: `logic_circuit` (lib test) generated 6 warnings (5 duplicates)
[INFO] [stderr] warning: `my-hardware-description-language` (lib test) generated 17 warnings (17 duplicates)
[INFO] [stderr] warning: `lambda_continuations` (lib test) generated 19 warnings (15 duplicates) (run `cargo fix --lib -p lambda_continuations --tests` to apply 1 suggestion)
[INFO] [stderr] warning: `utils` (lib test) generated 3 warnings (3 duplicates)
[INFO] [stderr]     Finished `test` profile [unoptimized + debuginfo] target(s) in 0.23s
[INFO] [stderr]      Running unittests src/lib.rs (/opt/rustwide/target/debug/deps/counter_example-e2290c7107036559)
[INFO] [stdout] 
[INFO] [stdout] running 0 tests
[INFO] [stdout] 
[INFO] [stdout] test result: ok. 0 passed; 0 failed; 0 ignored; 0 measured; 0 filtered out; finished in 0.00s
[INFO] [stdout] 
[INFO] [stderr]      Running unittests src/bin/counter_example.rs (/opt/rustwide/target/debug/deps/counter_example-dd2c8a20a3419477)
[INFO] [stdout] 
[INFO] [stdout] running 0 tests
[INFO] [stdout] 
[INFO] [stdout] test result: ok. 0 passed; 0 failed; 0 ignored; 0 measured; 0 filtered out; finished in 0.00s
[INFO] [stdout] 
[INFO] [stderr]      Running unittests src/lib.rs (/opt/rustwide/target/debug/deps/counter_machine-1e7f032e5ec76e38)
[INFO] [stdout] 
[INFO] [stdout] running 0 tests
[INFO] [stdout] 
[INFO] [stdout] test result: ok. 0 passed; 0 failed; 0 ignored; 0 measured; 0 filtered out; finished in 0.00s
[INFO] [stdout] 
[INFO] [stderr]      Running unittests src/lib.rs (/opt/rustwide/target/debug/deps/counter_machine_to_logic_circuits-d1b84636a1d8ab50)
[INFO] [stdout] 
[INFO] [stdout] running 0 tests
[INFO] [stdout] 
[INFO] [stdout] test result: ok. 0 passed; 0 failed; 0 ignored; 0 measured; 0 filtered out; finished in 0.00s
[INFO] [stdout] 
[INFO] [stderr]      Running unittests src/lib.rs (/opt/rustwide/target/debug/deps/counter_machine_view-2d334483fa1e1289)
[INFO] [stdout] 
[INFO] [stdout] running 0 tests
[INFO] [stdout] 
[INFO] [stdout] test result: ok. 0 passed; 0 failed; 0 ignored; 0 measured; 0 filtered out; finished in 0.00s
[INFO] [stdout] 
[INFO] [stderr]      Running unittests src/lib.rs (/opt/rustwide/target/debug/deps/cpu_emulator-a21d4acdfe06c97e)
[INFO] [stdout] 
[INFO] [stdout] running 0 tests
[INFO] [stdout] 
[INFO] [stdout] test result: ok. 0 passed; 0 failed; 0 ignored; 0 measured; 0 filtered out; finished in 0.00s
[INFO] [stdout] 
[INFO] [stderr]      Running unittests src/lib.rs (/opt/rustwide/target/debug/deps/lambda_calculus-7d6aed475d357b9a)
[INFO] [stdout] 
[INFO] [stdout] running 4 tests
[INFO] [stdout] test manipulation::parse::tests::curly_test ... ok
[INFO] [stdout] test manipulation::parse::tests::split_test ... ok
[INFO] [stdout] test machine::tests::alpha_eq_test ... ok
[INFO] [stdout] test manipulation::parse::tests::parse_test ... ok
[INFO] [stdout] 
[INFO] [stdout] test result: ok. 4 passed; 0 failed; 0 ignored; 0 measured; 0 filtered out; finished in 0.00s
[INFO] [stdout] 
[INFO] [stderr]      Running unittests src/main.rs (/opt/rustwide/target/debug/deps/lambda_calculus_app-8ebf646444efe487)
[INFO] [stdout] 
[INFO] [stdout] running 0 tests
[INFO] [stdout] 
[INFO] [stdout] test result: ok. 0 passed; 0 failed; 0 ignored; 0 measured; 0 filtered out; finished in 0.00s
[INFO] [stdout] 
[INFO] [stderr]      Running unittests src/lib.rs (/opt/rustwide/target/debug/deps/lambda_calculus_view-f962147c10c99d94)
[INFO] [stdout] 
[INFO] [stderr]      Running unittests src/lib.rs (/opt/rustwide/target/debug/deps/lambda_continuations-ddbb36c5443973fe)
[INFO] [stdout] running 0 tests
[INFO] [stdout] 
[INFO] [stdout] test result: ok. 0 passed; 0 failed; 0 ignored; 0 measured; 0 filtered out; finished in 0.00s
[INFO] [stdout] 
[INFO] [stdout] 
[INFO] [stdout] running 10 tests
[INFO] [stdout] test ctrl::tests::t ... ok
[INFO] [stdout] test no_ext::tests::etest_variables ... ok
[INFO] [stdout] test parse::tests::lam ... ok
[INFO] [stdout] test parse::tests::lam_ext ... ok
[INFO] [stdout] test no_ext::tests::etest_subst_alpha ... ok
[INFO] [stdout] test parse::tests::lam_nat ... ok
[INFO] [stdout] test no_ext::tests::etest_value_step ... ok
[INFO] [stdout] test no_ext::tests::test_subst_alpha ... ok
[INFO] [stdout] test no_ext::tests::test_variables ... ok
[INFO] [stdout] test no_ext::tests::test_value_step ... ok
[INFO] [stdout] 
[INFO] [stdout] test result: ok. 10 passed; 0 failed; 0 ignored; 0 measured; 0 filtered out; finished in 0.00s
[INFO] [stdout] 
[INFO] [stderr]      Running unittests src/lib.rs (/opt/rustwide/target/debug/deps/logic_circuit-f4a22271e468883a)
[INFO] [stdout] 
[INFO] [stdout] running 5 tests
[INFO] [stdout] test machine::tests::gate_test ... ok
[INFO] [stdout] test machine::tests::inf_dff ... ok
[INFO] [stdout] test machine::tests::rsratch ... ok
[INFO] [stdout] test example::tests::call ... ok
[INFO] [stdout] test manipulation::tests::f ... FAILED
[INFO] [stdout] 
[INFO] [stdout] failures:
[INFO] [stdout] 
[INFO] [stdout] ---- manipulation::tests::f stdout ----
[INFO] [stdout] 
[INFO] [stdout] thread 'manipulation::tests::f' panicked at models/logic_circuit/src/manipulation.rs:294:32:
[INFO] [stdout] called `Result::unwrap()` on an `Err` value:  --> 2:18
[INFO] [stdout]   |
[INFO] [stdout] 2 |             in {A=b.c, d=g.f }
[INFO] [stdout]   |                  ^---
[INFO] [stdout]   |
[INFO] [stdout]   = expected name
[INFO] [stdout] 
[INFO] [stdout] Stack backtrace:
[INFO] [stdout]    0: anyhow::error::<impl core::convert::From<E> for anyhow::Error>::from
[INFO] [stdout]              at /opt/rustwide/cargo-home/registry/src/index.crates.io-1949cf8c6b5b557f/anyhow-1.0.86/src/backtrace.rs:27:14
[INFO] [stdout]    1: <core::result::Result<T,F> as core::ops::try_trait::FromResidual<core::result::Result<core::convert::Infallible,E>>>::from_residual
[INFO] [stdout]              at /rustc/6067b36314ab5eb2eb47cecc464545ba58e1ad24/library/core/src/result.rs:2014:27
[INFO] [stdout]    2: logic_circuit::manipulation::parse
[INFO] [stdout]              at ./src/manipulation.rs:61:15
[INFO] [stdout]    3: logic_circuit::manipulation::parse_main
[INFO] [stdout]              at ./src/manipulation.rs:134:5
[INFO] [stdout]    4: logic_circuit::manipulation::tests::f
[INFO] [stdout]              at ./src/manipulation.rs:294:18
[INFO] [stdout]    5: logic_circuit::manipulation::tests::f::{{closure}}
[INFO] [stdout]              at ./src/manipulation.rs:288:11
[INFO] [stdout]    6: core::ops::function::FnOnce::call_once
[INFO] [stdout]              at /rustc/6067b36314ab5eb2eb47cecc464545ba58e1ad24/library/core/src/ops/function.rs:250:5
[INFO] [stdout]    7: core::ops::function::FnOnce::call_once
[INFO] [stdout]              at /rustc/6067b36314ab5eb2eb47cecc464545ba58e1ad24/library/core/src/ops/function.rs:250:5
[INFO] [stdout]    8: test::__rust_begin_short_backtrace
[INFO] [stdout]              at /rustc/6067b36314ab5eb2eb47cecc464545ba58e1ad24/library/test/src/lib.rs:632:18
[INFO] [stdout]    9: test::run_test_in_process::{{closure}}
[INFO] [stdout]              at /rustc/6067b36314ab5eb2eb47cecc464545ba58e1ad24/library/test/src/lib.rs:655:60
[INFO] [stdout]   10: <core::panic::unwind_safe::AssertUnwindSafe<F> as core::ops::function::FnOnce<()>>::call_once
[INFO] [stdout]              at /rustc/6067b36314ab5eb2eb47cecc464545ba58e1ad24/library/core/src/panic/unwind_safe.rs:272:9
[INFO] [stdout]   11: std::panicking::try::do_call
[INFO] [stdout]              at /rustc/6067b36314ab5eb2eb47cecc464545ba58e1ad24/library/std/src/panicking.rs:587:40
[INFO] [stdout]   12: std::panicking::try
[INFO] [stdout]              at /rustc/6067b36314ab5eb2eb47cecc464545ba58e1ad24/library/std/src/panicking.rs:550:19
[INFO] [stdout]   13: std::panic::catch_unwind
[INFO] [stdout]              at /rustc/6067b36314ab5eb2eb47cecc464545ba58e1ad24/library/std/src/panic.rs:358:14
[INFO] [stdout]   14: test::run_test_in_process
[INFO] [stdout]              at /rustc/6067b36314ab5eb2eb47cecc464545ba58e1ad24/library/test/src/lib.rs:655:27
[INFO] [stdout]   15: test::run_test::{{closure}}
[INFO] [stdout]              at /rustc/6067b36314ab5eb2eb47cecc464545ba58e1ad24/library/test/src/lib.rs:576:43
[INFO] [stdout]   16: test::run_test::{{closure}}
[INFO] [stdout]              at /rustc/6067b36314ab5eb2eb47cecc464545ba58e1ad24/library/test/src/lib.rs:606:41
[INFO] [stdout]   17: std::sys::backtrace::__rust_begin_short_backtrace
[INFO] [stdout]              at /rustc/6067b36314ab5eb2eb47cecc464545ba58e1ad24/library/std/src/sys/backtrace.rs:152:18
[INFO] [stdout]   18: std::thread::Builder::spawn_unchecked_::{{closure}}::{{closure}}
[INFO] [stdout]              at /rustc/6067b36314ab5eb2eb47cecc464545ba58e1ad24/library/std/src/thread/mod.rs:559:17
[INFO] [stdout]   19: <core::panic::unwind_safe::AssertUnwindSafe<F> as core::ops::function::FnOnce<()>>::call_once
[INFO] [stdout]              at /rustc/6067b36314ab5eb2eb47cecc464545ba58e1ad24/library/core/src/panic/unwind_safe.rs:272:9
[INFO] [stdout]   20: std::panicking::try::do_call
[INFO] [stdout]              at /rustc/6067b36314ab5eb2eb47cecc464545ba58e1ad24/library/std/src/panicking.rs:587:40
[INFO] [stdout]   21: std::panicking::try
[INFO] [stdout]              at /rustc/6067b36314ab5eb2eb47cecc464545ba58e1ad24/library/std/src/panicking.rs:550:19
[INFO] [stdout]   22: std::panic::catch_unwind
[INFO] [stdout]              at /rustc/6067b36314ab5eb2eb47cecc464545ba58e1ad24/library/std/src/panic.rs:358:14
[INFO] [stdout]   23: std::thread::Builder::spawn_unchecked_::{{closure}}
[INFO] [stdout]              at /rustc/6067b36314ab5eb2eb47cecc464545ba58e1ad24/library/std/src/thread/mod.rs:557:30
[INFO] [stdout]   24: core::ops::function::FnOnce::call_once{{vtable.shim}}
[INFO] [stdout]              at /rustc/6067b36314ab5eb2eb47cecc464545ba58e1ad24/library/core/src/ops/function.rs:250:5
[INFO] [stdout]   25: <alloc::boxed::Box<F,A> as core::ops::function::FnOnce<Args>>::call_once
[INFO] [stdout]              at /rustc/6067b36314ab5eb2eb47cecc464545ba58e1ad24/library/alloc/src/boxed.rs:2013:9
[INFO] [stdout]   26: <alloc::boxed::Box<F,A> as core::ops::function::FnOnce<Args>>::call_once
[INFO] [stdout]              at /rustc/6067b36314ab5eb2eb47cecc464545ba58e1ad24/library/alloc/src/boxed.rs:2013:9
[INFO] [stdout]   27: std::sys::pal::unix::thread::Thread::new::thread_start
[INFO] [stdout]              at /rustc/6067b36314ab5eb2eb47cecc464545ba58e1ad24/library/std/src/sys/pal/unix/thread.rs:106:17
[INFO] [stdout]   28: <unknown>
[INFO] [stdout]   29: clone
[INFO] [stdout] stack backtrace:
[INFO] [stdout]    0:     0x5e10d516cb5a - std::backtrace_rs::backtrace::libunwind::trace::hb059275cfc8d6126
[INFO] [stdout]                                at /rustc/6067b36314ab5eb2eb47cecc464545ba58e1ad24/library/std/src/../../backtrace/src/backtrace/libunwind.rs:116:5
[INFO] [stdout]    1:     0x5e10d516cb5a - std::backtrace_rs::backtrace::trace_unsynchronized::h2da071e4327ce3ee
[INFO] [stdout]                                at /rustc/6067b36314ab5eb2eb47cecc464545ba58e1ad24/library/std/src/../../backtrace/src/backtrace/mod.rs:66:5
[INFO] [stdout]    2:     0x5e10d516cb5a - std::sys::backtrace::_print_fmt::h842a1474e6f8d23f
[INFO] [stdout]                                at /rustc/6067b36314ab5eb2eb47cecc464545ba58e1ad24/library/std/src/sys/backtrace.rs:66:9
[INFO] [stdout]    3:     0x5e10d516cb5a - <std::sys::backtrace::BacktraceLock::print::DisplayBacktrace as core::fmt::Display>::fmt::h71a62eb3b9696b12
[INFO] [stdout]                                at /rustc/6067b36314ab5eb2eb47cecc464545ba58e1ad24/library/std/src/sys/backtrace.rs:39:26
[INFO] [stdout]    4:     0x5e10d51942d3 - core::fmt::rt::Argument::fmt::hdb6b616786b41dc1
[INFO] [stdout]                                at /rustc/6067b36314ab5eb2eb47cecc464545ba58e1ad24/library/core/src/fmt/rt.rs:177:76
[INFO] [stdout]    5:     0x5e10d51942d3 - core::fmt::write::h2cc1698af7e2d686
[INFO] [stdout]                                at /rustc/6067b36314ab5eb2eb47cecc464545ba58e1ad24/library/core/src/fmt/mod.rs:1440:21
[INFO] [stdout]    6:     0x5e10d51694c3 - std::io::Write::write_fmt::hab1b4cd059a79022
[INFO] [stdout]                                at /rustc/6067b36314ab5eb2eb47cecc464545ba58e1ad24/library/std/src/io/mod.rs:1887:15
[INFO] [stdout]    7:     0x5e10d516c9a2 - std::sys::backtrace::BacktraceLock::print::h147fe35b4ea13b08
[INFO] [stdout]                                at /rustc/6067b36314ab5eb2eb47cecc464545ba58e1ad24/library/std/src/sys/backtrace.rs:42:9
[INFO] [stdout]    8:     0x5e10d516df7f - std::panicking::default_hook::{{closure}}::hbd44223dbdc0d208
[INFO] [stdout]                                at /rustc/6067b36314ab5eb2eb47cecc464545ba58e1ad24/library/std/src/panicking.rs:298:22
[INFO] [stdout]    9:     0x5e10d516dd98 - std::panicking::default_hook::h20f81eb0576efcec
[INFO] [stdout]                                at /rustc/6067b36314ab5eb2eb47cecc464545ba58e1ad24/library/std/src/panicking.rs:322:9
[INFO] [stdout]   10:     0x5e10d511d083 - <alloc::boxed::Box<F,A> as core::ops::function::Fn<Args>>::call::hdb53814c496a4d34
[INFO] [stdout]                                at /rustc/6067b36314ab5eb2eb47cecc464545ba58e1ad24/library/alloc/src/boxed.rs:2027:9
[INFO] [stdout]   11:     0x5e10d511d083 - test::test_main::{{closure}}::hc0a4963c59427c24
[INFO] [stdout]                                at /rustc/6067b36314ab5eb2eb47cecc464545ba58e1ad24/library/test/src/lib.rs:134:21
[INFO] [stdout]   12:     0x5e10d516ea73 - <alloc::boxed::Box<F,A> as core::ops::function::Fn<Args>>::call::h591b2225413a77e9
[INFO] [stdout]                                at /rustc/6067b36314ab5eb2eb47cecc464545ba58e1ad24/library/alloc/src/boxed.rs:2027:9
[INFO] [stdout]   13:     0x5e10d516ea73 - std::panicking::rust_panic_with_hook::h625eea43051b2edc
[INFO] [stdout]                                at /rustc/6067b36314ab5eb2eb47cecc464545ba58e1ad24/library/std/src/panicking.rs:839:13
[INFO] [stdout]   14:     0x5e10d516e72a - std::panicking::begin_panic_handler::{{closure}}::h4f9159cfbc3f6bd3
[INFO] [stdout]                                at /rustc/6067b36314ab5eb2eb47cecc464545ba58e1ad24/library/std/src/panicking.rs:704:13
[INFO] [stdout]   15:     0x5e10d516d059 - std::sys::backtrace::__rust_end_short_backtrace::h0390abce48353151
[INFO] [stdout]                                at /rustc/6067b36314ab5eb2eb47cecc464545ba58e1ad24/library/std/src/sys/backtrace.rs:168:18
[INFO] [stdout]   16:     0x5e10d516e3bd - rust_begin_unwind
[INFO] [stdout]                                at /rustc/6067b36314ab5eb2eb47cecc464545ba58e1ad24/library/std/src/panicking.rs:695:5
[INFO] [stdout]   17:     0x5e10d5192cb0 - core::panicking::panic_fmt::h9e7c637e9e5f29c9
[INFO] [stdout]                                at /rustc/6067b36314ab5eb2eb47cecc464545ba58e1ad24/library/core/src/panicking.rs:75:14
[INFO] [stdout]   18:     0x5e10d5193126 - core::result::unwrap_failed::h7979f09313fe1849
[INFO] [stdout]                                at /rustc/6067b36314ab5eb2eb47cecc464545ba58e1ad24/library/core/src/result.rs:1704:5
[INFO] [stdout]   19:     0x5e10d50e2f50 - core::result::Result<T,E>::unwrap::h6c6e65ac1abeb706
[INFO] [stdout]                                at /rustc/6067b36314ab5eb2eb47cecc464545ba58e1ad24/library/core/src/result.rs:1109:23
[INFO] [stdout]   20:     0x5e10d50e2f50 - logic_circuit::manipulation::tests::f::h2bf805fcc3f7b1a7
[INFO] [stdout]                                at /opt/rustwide/workdir/models/logic_circuit/src/manipulation.rs:294:18
[INFO] [stdout]   21:     0x5e10d50e2ea7 - logic_circuit::manipulation::tests::f::{{closure}}::ha82adb3bd066abd9
[INFO] [stdout]                                at /opt/rustwide/workdir/models/logic_circuit/src/manipulation.rs:288:11
[INFO] [stdout]   22:     0x5e10d50dbdb6 - core::ops::function::FnOnce::call_once::h96546b699303314f
[INFO] [stdout]                                at /rustc/6067b36314ab5eb2eb47cecc464545ba58e1ad24/library/core/src/ops/function.rs:250:5
[INFO] [stdout]   23:     0x5e10d51227db - core::ops::function::FnOnce::call_once::he27718dfdd183f43
[INFO] [stdout]                                at /rustc/6067b36314ab5eb2eb47cecc464545ba58e1ad24/library/core/src/ops/function.rs:250:5
[INFO] [stdout]   24:     0x5e10d51227db - test::__rust_begin_short_backtrace::h4e84902998457a5d
[INFO] [stdout]                                at /rustc/6067b36314ab5eb2eb47cecc464545ba58e1ad24/library/test/src/lib.rs:632:18
[INFO] [stdout]   25:     0x5e10d5121713 - test::run_test_in_process::{{closure}}::h7176fd18fc1feca0
[INFO] [stdout]                                at /rustc/6067b36314ab5eb2eb47cecc464545ba58e1ad24/library/test/src/lib.rs:655:60
[INFO] [stdout]   26:     0x5e10d5121713 - <core::panic::unwind_safe::AssertUnwindSafe<F> as core::ops::function::FnOnce<()>>::call_once::hf79cff2a624d8cf7
[INFO] [stdout]                                at /rustc/6067b36314ab5eb2eb47cecc464545ba58e1ad24/library/core/src/panic/unwind_safe.rs:272:9
[INFO] [stdout]   27:     0x5e10d5121713 - std::panicking::try::do_call::h3da0561d9ab99c25
[INFO] [stdout]                                at /rustc/6067b36314ab5eb2eb47cecc464545ba58e1ad24/library/std/src/panicking.rs:587:40
[INFO] [stdout]   28:     0x5e10d5121713 - std::panicking::try::h41c9fa508bc61df6
[INFO] [stdout]                                at /rustc/6067b36314ab5eb2eb47cecc464545ba58e1ad24/library/std/src/panicking.rs:550:19
[INFO] [stdout]   29:     0x5e10d5121713 - std::panic::catch_unwind::h6b3ff07bb5afad93
[INFO] [stdout]                                at /rustc/6067b36314ab5eb2eb47cecc464545ba58e1ad24/library/std/src/panic.rs:358:14
[INFO] [stdout]   30:     0x5e10d5121713 - test::run_test_in_process::hc7253dd11b39b9f4
[INFO] [stdout]                                at /rustc/6067b36314ab5eb2eb47cecc464545ba58e1ad24/library/test/src/lib.rs:655:27
[INFO] [stdout]   31:     0x5e10d5121713 - test::run_test::{{closure}}::hfb2007f8649c30bb
[INFO] [stdout]                                at /rustc/6067b36314ab5eb2eb47cecc464545ba58e1ad24/library/test/src/lib.rs:576:43
[INFO] [stdout]   32:     0x5e10d50e47f5 - test::run_test::{{closure}}::h56a17aa7a282a9f4
[INFO] [stdout]                                at /rustc/6067b36314ab5eb2eb47cecc464545ba58e1ad24/library/test/src/lib.rs:606:41
[INFO] [stdout]   33:     0x5e10d50e47f5 - std::sys::backtrace::__rust_begin_short_backtrace::hd2d2d2fb8e8c6aac
[INFO] [stdout]                                at /rustc/6067b36314ab5eb2eb47cecc464545ba58e1ad24/library/std/src/sys/backtrace.rs:152:18
[INFO] [stdout]   34:     0x5e10d50e80da - std::thread::Builder::spawn_unchecked_::{{closure}}::{{closure}}::h4faa3f9db6133423
[INFO] [stdout]                                at /rustc/6067b36314ab5eb2eb47cecc464545ba58e1ad24/library/std/src/thread/mod.rs:559:17
[INFO] [stdout]   35:     0x5e10d50e80da - <core::panic::unwind_safe::AssertUnwindSafe<F> as core::ops::function::FnOnce<()>>::call_once::hf2e855a36a4ea846
[INFO] [stdout]                                at /rustc/6067b36314ab5eb2eb47cecc464545ba58e1ad24/library/core/src/panic/unwind_safe.rs:272:9
[INFO] [stdout]   36:     0x5e10d50e80da - std::panicking::try::do_call::h2f73af3616c35465
[INFO] [stdout]                                at /rustc/6067b36314ab5eb2eb47cecc464545ba58e1ad24/library/std/src/panicking.rs:587:40
[INFO] [stdout]   37:     0x5e10d50e80da - std::panicking::try::hd1660ce9efadef5a
[INFO] [stdout]                                at /rustc/6067b36314ab5eb2eb47cecc464545ba58e1ad24/library/std/src/panicking.rs:550:19
[INFO] [stdout]   38:     0x5e10d50e80da - std::panic::catch_unwind::h5ee8d7823b8ca744
[INFO] [stdout]                                at /rustc/6067b36314ab5eb2eb47cecc464545ba58e1ad24/library/std/src/panic.rs:358:14
[INFO] [stdout]   39:     0x5e10d50e80da - std::thread::Builder::spawn_unchecked_::{{closure}}::h53c3a1894dce8407
[INFO] [stdout]                                at /rustc/6067b36314ab5eb2eb47cecc464545ba58e1ad24/library/std/src/thread/mod.rs:557:30
[INFO] [stdout]   40:     0x5e10d50e80da - core::ops::function::FnOnce::call_once{{vtable.shim}}::h048ce291ad4f62bf
[INFO] [stdout]                                at /rustc/6067b36314ab5eb2eb47cecc464545ba58e1ad24/library/core/src/ops/function.rs:250:5
[INFO] [stdout]   41:     0x5e10d51729ab - <alloc::boxed::Box<F,A> as core::ops::function::FnOnce<Args>>::call_once::ha52bedf99a3b4981
[INFO] [stdout]                                at /rustc/6067b36314ab5eb2eb47cecc464545ba58e1ad24/library/alloc/src/boxed.rs:2013:9
[INFO] [stdout]   42:     0x5e10d51729ab - <alloc::boxed::Box<F,A> as core::ops::function::FnOnce<Args>>::call_once::h567748934d80ccf8
[INFO] [stdout]                                at /rustc/6067b36314ab5eb2eb47cecc464545ba58e1ad24/library/alloc/src/boxed.rs:2013:9
[INFO] [stdout]   43:     0x5e10d51729ab - std::sys::pal::unix::thread::Thread::new::thread_start::h2d970728ae887adc
[INFO] [stdout]                                at /rustc/6067b36314ab5eb2eb47cecc464545ba58e1ad24/library/std/src/sys/pal/unix/thread.rs:106:17
[INFO] [stdout]   44:     0x7eda2a4d6ac3 - <unknown>
[INFO] [stdout]   45:     0x7eda2a567a04 - clone
[INFO] [stdout]   46:                0x0 - <unknown>
[INFO] [stdout] 
[INFO] [stdout] 
[INFO] [stdout] failures:
[INFO] [stdout]     manipulation::tests::f
[INFO] [stdout] 
[INFO] [stdout] test result: FAILED. 4 passed; 1 failed; 0 ignored; 0 measured; 0 filtered out; finished in 0.05s
[INFO] [stdout] 
[INFO] [stderr] error: test failed, to rerun pass `-p logic_circuit --lib`
[INFO] running `Command { std: "docker" "inspect" "5136c5d5236305fbf8aa9a8ab6dbc7b99da4bd64aaa9b41a8190ab64e650b377", kill_on_drop: false }`
[INFO] running `Command { std: "docker" "rm" "-f" "5136c5d5236305fbf8aa9a8ab6dbc7b99da4bd64aaa9b41a8190ab64e650b377", kill_on_drop: false }`
[INFO] [stdout] 5136c5d5236305fbf8aa9a8ab6dbc7b99da4bd64aaa9b41a8190ab64e650b377
