[INFO] cloning repository https://github.com/payalrajendrapaunikar/linked_list
[INFO] running `Command { std: "git" "-c" "credential.helper=" "-c" "credential.helper=/workspace/cargo-home/bin/git-credential-null" "clone" "--bare" "https://github.com/payalrajendrapaunikar/linked_list" "/workspace/cache/git-repos/https%3A%2F%2Fgithub.com%2Fpayalrajendrapaunikar%2Flinked_list", kill_on_drop: false }`
[INFO] [stderr] Cloning into bare repository '/workspace/cache/git-repos/https%3A%2F%2Fgithub.com%2Fpayalrajendrapaunikar%2Flinked_list'...
[INFO] running `Command { std: "git" "rev-parse" "HEAD", kill_on_drop: false }`
[INFO] [stdout] 32e2c773ed41cc2f93b51ff9f9c622b2036e2a50
[INFO] testing payalrajendrapaunikar/linked_list against nightly-2025-01-18+rustflags=-Zrandomize-layout for randomize-layout-2
[INFO] running `Command { std: "git" "clone" "/workspace/cache/git-repos/https%3A%2F%2Fgithub.com%2Fpayalrajendrapaunikar%2Flinked_list" "/workspace/builds/worker-4-tc2/source", kill_on_drop: false }`
[INFO] [stderr] Cloning into '/workspace/builds/worker-4-tc2/source'...
[INFO] [stderr] done.
[INFO] validating manifest of git repo https://github.com/payalrajendrapaunikar/linked_list on toolchain nightly-2025-01-18
[INFO] running `Command { std: CARGO_HOME="/workspace/cargo-home" RUSTUP_HOME="/workspace/rustup-home" "/workspace/cargo-home/bin/cargo" "+nightly-2025-01-18" "metadata" "--manifest-path" "Cargo.toml" "--no-deps", kill_on_drop: false }`
[INFO] started tweaking git repo https://github.com/payalrajendrapaunikar/linked_list
[INFO] finished tweaking git repo https://github.com/payalrajendrapaunikar/linked_list
[INFO] tweaked toml for git repo https://github.com/payalrajendrapaunikar/linked_list written to /workspace/builds/worker-4-tc2/source/Cargo.toml
[INFO] crate git repo https://github.com/payalrajendrapaunikar/linked_list already has a lockfile, it will not be regenerated
[INFO] running `Command { std: CARGO_HOME="/workspace/cargo-home" RUSTUP_HOME="/workspace/rustup-home" "/workspace/cargo-home/bin/cargo" "+nightly-2025-01-18" "fetch" "--manifest-path" "Cargo.toml", kill_on_drop: false }`
[INFO] [stderr] warning: unused manifest key: profile-release
[INFO] [stderr]     Blocking waiting for file lock on package cache
[INFO] running `Command { std: "docker" "create" "-v" "/var/lib/crater-agent-workspace/builds/worker-4-tc2/target:/opt/rustwide/target:rw,Z" "-v" "/var/lib/crater-agent-workspace/builds/worker-4-tc2/source:/opt/rustwide/workdir:ro,Z" "-v" "/var/lib/crater-agent-workspace/cargo-home:/opt/rustwide/cargo-home:ro,Z" "-v" "/var/lib/crater-agent-workspace/rustup-home:/opt/rustwide/rustup-home:ro,Z" "-e" "SOURCE_DIR=/opt/rustwide/workdir" "-e" "CARGO_TARGET_DIR=/opt/rustwide/target" "-e" "CARGO_HOME=/opt/rustwide/cargo-home" "-e" "RUSTUP_HOME=/opt/rustwide/rustup-home" "-w" "/opt/rustwide/workdir" "-m" "1610612736" "--user" "0:0" "--network" "none" "ghcr.io/rust-lang/crates-build-env/linux@sha256:819108c5571ea2e421544af4d832f968d213c87fbe3707a016657f43d2f853bc" "/opt/rustwide/cargo-home/bin/cargo" "+nightly-2025-01-18" "metadata" "--no-deps" "--format-version=1", kill_on_drop: false }`
[INFO] [stdout] 6ed9799776a7f8673809006684dc83f4d09c87f3ee5fa3695e3f9dfbb743a094
[INFO] running `Command { std: "docker" "start" "-a" "6ed9799776a7f8673809006684dc83f4d09c87f3ee5fa3695e3f9dfbb743a094", kill_on_drop: false }`
[INFO] running `Command { std: "docker" "inspect" "6ed9799776a7f8673809006684dc83f4d09c87f3ee5fa3695e3f9dfbb743a094", kill_on_drop: false }`
[INFO] running `Command { std: "docker" "rm" "-f" "6ed9799776a7f8673809006684dc83f4d09c87f3ee5fa3695e3f9dfbb743a094", kill_on_drop: false }`
[INFO] [stdout] 6ed9799776a7f8673809006684dc83f4d09c87f3ee5fa3695e3f9dfbb743a094
[INFO] running `Command { std: "docker" "create" "-v" "/var/lib/crater-agent-workspace/builds/worker-4-tc2/target:/opt/rustwide/target:rw,Z" "-v" "/var/lib/crater-agent-workspace/builds/worker-4-tc2/source:/opt/rustwide/workdir:ro,Z" "-v" "/var/lib/crater-agent-workspace/cargo-home:/opt/rustwide/cargo-home:ro,Z" "-v" "/var/lib/crater-agent-workspace/rustup-home:/opt/rustwide/rustup-home:ro,Z" "-e" "SOURCE_DIR=/opt/rustwide/workdir" "-e" "CARGO_TARGET_DIR=/opt/rustwide/target" "-e" "CARGO_INCREMENTAL=0" "-e" "RUST_BACKTRACE=full" "-e" "RUSTFLAGS=--cap-lints=forbid -Zrandomize-layout" "-e" "RUSTDOCFLAGS=--cap-lints=forbid" "-e" "CARGO_HOME=/opt/rustwide/cargo-home" "-e" "RUSTUP_HOME=/opt/rustwide/rustup-home" "-w" "/opt/rustwide/workdir" "-m" "1610612736" "--user" "0:0" "--network" "none" "ghcr.io/rust-lang/crates-build-env/linux@sha256:819108c5571ea2e421544af4d832f968d213c87fbe3707a016657f43d2f853bc" "/opt/rustwide/cargo-home/bin/cargo" "+nightly-2025-01-18" "build" "--frozen" "--message-format=json", kill_on_drop: false }`
[INFO] [stdout] 525ba35483f213da9d6b39ac859c05643ec41a0f3a6a798b10ded7913c6a5710
[INFO] running `Command { std: "docker" "start" "-a" "525ba35483f213da9d6b39ac859c05643ec41a0f3a6a798b10ded7913c6a5710", kill_on_drop: false }`
[INFO] [stderr] warning: unused manifest key: profile-release
[INFO] [stderr]    Compiling simple_linked_list v0.1.0 (/opt/rustwide/workdir)
[INFO] [stderr]     Finished `dev` profile [optimized + debuginfo] target(s) in 0.32s
[INFO] running `Command { std: "docker" "inspect" "525ba35483f213da9d6b39ac859c05643ec41a0f3a6a798b10ded7913c6a5710", kill_on_drop: false }`
[INFO] running `Command { std: "docker" "rm" "-f" "525ba35483f213da9d6b39ac859c05643ec41a0f3a6a798b10ded7913c6a5710", kill_on_drop: false }`
[INFO] [stdout] 525ba35483f213da9d6b39ac859c05643ec41a0f3a6a798b10ded7913c6a5710
[INFO] running `Command { std: "docker" "create" "-v" "/var/lib/crater-agent-workspace/builds/worker-4-tc2/target:/opt/rustwide/target:rw,Z" "-v" "/var/lib/crater-agent-workspace/builds/worker-4-tc2/source:/opt/rustwide/workdir:ro,Z" "-v" "/var/lib/crater-agent-workspace/cargo-home:/opt/rustwide/cargo-home:ro,Z" "-v" "/var/lib/crater-agent-workspace/rustup-home:/opt/rustwide/rustup-home:ro,Z" "-e" "SOURCE_DIR=/opt/rustwide/workdir" "-e" "CARGO_TARGET_DIR=/opt/rustwide/target" "-e" "CARGO_INCREMENTAL=0" "-e" "RUST_BACKTRACE=full" "-e" "RUSTFLAGS=--cap-lints=forbid -Zrandomize-layout" "-e" "RUSTDOCFLAGS=--cap-lints=forbid" "-e" "CARGO_HOME=/opt/rustwide/cargo-home" "-e" "RUSTUP_HOME=/opt/rustwide/rustup-home" "-w" "/opt/rustwide/workdir" "-m" "1610612736" "--user" "0:0" "--network" "none" "ghcr.io/rust-lang/crates-build-env/linux@sha256:819108c5571ea2e421544af4d832f968d213c87fbe3707a016657f43d2f853bc" "/opt/rustwide/cargo-home/bin/cargo" "+nightly-2025-01-18" "test" "--frozen" "--no-run" "--message-format=json", kill_on_drop: false }`
[INFO] [stdout] 6bb2529263288e08cb277c0f7664d68f87db1e8e1694b82c1909b28256afd534
[INFO] running `Command { std: "docker" "start" "-a" "6bb2529263288e08cb277c0f7664d68f87db1e8e1694b82c1909b28256afd534", kill_on_drop: false }`
[INFO] [stderr] warning: unused manifest key: profile-release
[INFO] [stderr]    Compiling simple_linked_list v0.1.0 (/opt/rustwide/workdir)
[INFO] [stderr]     Finished `test` profile [optimized + debuginfo] target(s) in 0.16s
[INFO] running `Command { std: "docker" "inspect" "6bb2529263288e08cb277c0f7664d68f87db1e8e1694b82c1909b28256afd534", kill_on_drop: false }`
[INFO] running `Command { std: "docker" "rm" "-f" "6bb2529263288e08cb277c0f7664d68f87db1e8e1694b82c1909b28256afd534", kill_on_drop: false }`
[INFO] [stdout] 6bb2529263288e08cb277c0f7664d68f87db1e8e1694b82c1909b28256afd534
[INFO] running `Command { std: "docker" "create" "-v" "/var/lib/crater-agent-workspace/builds/worker-4-tc2/target:/opt/rustwide/target:rw,Z" "-v" "/var/lib/crater-agent-workspace/builds/worker-4-tc2/source:/opt/rustwide/workdir:ro,Z" "-v" "/var/lib/crater-agent-workspace/cargo-home:/opt/rustwide/cargo-home:ro,Z" "-v" "/var/lib/crater-agent-workspace/rustup-home:/opt/rustwide/rustup-home:ro,Z" "-e" "SOURCE_DIR=/opt/rustwide/workdir" "-e" "CARGO_TARGET_DIR=/opt/rustwide/target" "-e" "CARGO_INCREMENTAL=0" "-e" "RUST_BACKTRACE=full" "-e" "RUSTFLAGS=--cap-lints=forbid -Zrandomize-layout" "-e" "RUSTDOCFLAGS=--cap-lints=forbid" "-e" "CARGO_HOME=/opt/rustwide/cargo-home" "-e" "RUSTUP_HOME=/opt/rustwide/rustup-home" "-w" "/opt/rustwide/workdir" "-m" "1610612736" "--user" "0:0" "--network" "none" "ghcr.io/rust-lang/crates-build-env/linux@sha256:819108c5571ea2e421544af4d832f968d213c87fbe3707a016657f43d2f853bc" "/opt/rustwide/cargo-home/bin/cargo" "+nightly-2025-01-18" "test" "--frozen", kill_on_drop: false }`
[INFO] [stdout] f22649aaee2e50a1a122b71657cc386551dbddf5a0af739580a4686165378542
[INFO] running `Command { std: "docker" "start" "-a" "f22649aaee2e50a1a122b71657cc386551dbddf5a0af739580a4686165378542", kill_on_drop: false }`
[INFO] [stderr] warning: unused manifest key: profile-release
[INFO] [stderr]     Finished `test` profile [optimized + debuginfo] target(s) in 0.01s
[INFO] [stderr]      Running unittests src/lib.rs (/opt/rustwide/target/debug/deps/simple_linked_list-1721f4c838afe868)
[INFO] [stdout] 
[INFO] [stdout] running 0 tests
[INFO] [stdout] 
[INFO] [stdout] test result: ok. 0 passed; 0 failed; 0 ignored; 0 measured; 0 filtered out; finished in 0.00s
[INFO] [stdout] 
[INFO] [stderr]      Running unittests src/main.rs (/opt/rustwide/target/debug/deps/simple_linked_list-d4f2bcdb0e792d65)
[INFO] [stdout] 
[INFO] [stdout] running 0 tests
[INFO] [stdout] 
[INFO] [stdout] test result: ok. 0 passed; 0 failed; 0 ignored; 0 measured; 0 filtered out; finished in 0.00s
[INFO] [stdout] 
[INFO] [stderr]    Doc-tests simple_linked_list
[INFO] [stdout] 
[INFO] [stdout] running 7 tests
[INFO] [stdout] test src/lib.rs - LinkedList<T>::new (line 31) ... FAILED
[INFO] [stdout] test src/lib.rs - LinkedList<T>::len (line 209) ... FAILED
[INFO] [stdout] test src/lib.rs - LinkedList<T>::push (line 58) ... FAILED
[INFO] [stdout] test src/lib.rs - LinkedList<T>::print_list (line 181) ... FAILED
[INFO] [stdout] test src/lib.rs - LinkedList<T>::is_empty (line 44) ... FAILED
[INFO] [stdout] test src/lib.rs - LinkedList<T>::print_list (line 147) ... FAILED
[INFO] [stdout] test src/lib.rs - LinkedList<T>::pop (line 103) ... FAILED
[INFO] [stdout] 
[INFO] [stdout] failures:
[INFO] [stdout] 
[INFO] [stdout] ---- src/lib.rs - LinkedList<T>::new (line 31) stdout ----
[INFO] [stdout] error[E0432]: unresolved import `linked_list`
[INFO] [stdout]  --> src/lib.rs:32:5
[INFO] [stdout]   |
[INFO] [stdout] 3 | use linked_list::LinkedList;
[INFO] [stdout]   |     ^^^^^^^^^^^ use of undeclared crate or module `linked_list`
[INFO] [stdout] 
[INFO] [stdout] error: aborting due to 1 previous error
[INFO] [stdout] 
[INFO] [stdout] For more information about this error, try `rustc --explain E0432`.
[INFO] [stdout] Couldn't compile the test.
[INFO] [stdout] ---- src/lib.rs - LinkedList<T>::len (line 209) stdout ----
[INFO] [stdout] error[E0432]: unresolved import `linked_list`
[INFO] [stdout]  --> src/lib.rs:210:5
[INFO] [stdout]   |
[INFO] [stdout] 3 | use linked_list::LinkedList;
[INFO] [stdout]   |     ^^^^^^^^^^^ use of undeclared crate or module `linked_list`
[INFO] [stdout] 
[INFO] [stdout] error: aborting due to 1 previous error
[INFO] [stdout] 
[INFO] [stdout] For more information about this error, try `rustc --explain E0432`.
[INFO] [stdout] Couldn't compile the test.
[INFO] [stdout] ---- src/lib.rs - LinkedList<T>::push (line 58) stdout ----
[INFO] [stdout] error[E0432]: unresolved import `linked_list`
[INFO] [stdout]  --> src/lib.rs:60:5
[INFO] [stdout]   |
[INFO] [stdout] 4 | use linked_list::LinkedList; 
[INFO] [stdout]   |     ^^^^^^^^^^^ use of undeclared crate or module `linked_list`
[INFO] [stdout] 
[INFO] [stdout] error: aborting due to 1 previous error
[INFO] [stdout] 
[INFO] [stdout] For more information about this error, try `rustc --explain E0432`.
[INFO] [stdout] Couldn't compile the test.
[INFO] [stdout] ---- src/lib.rs - LinkedList<T>::print_list (line 181) stdout ----
[INFO] [stdout] error[E0432]: unresolved import `linked_list`
[INFO] [stdout]  --> src/lib.rs:182:5
[INFO] [stdout]   |
[INFO] [stdout] 3 | use linked_list::LinkedList;
[INFO] [stdout]   |     ^^^^^^^^^^^ use of undeclared crate or module `linked_list`
[INFO] [stdout] 
[INFO] [stdout] error: aborting due to 1 previous error
[INFO] [stdout] 
[INFO] [stdout] For more information about this error, try `rustc --explain E0432`.
[INFO] [stdout] Couldn't compile the test.
[INFO] [stdout] ---- src/lib.rs - LinkedList<T>::is_empty (line 44) stdout ----
[INFO] [stdout] error[E0432]: unresolved import `linked_list`
[INFO] [stdout]  --> src/lib.rs:45:5
[INFO] [stdout]   |
[INFO] [stdout] 3 | use linked_list::LinkedList;
[INFO] [stdout]   |     ^^^^^^^^^^^ use of undeclared crate or module `linked_list`
[INFO] [stdout] 
[INFO] [stdout] error: aborting due to 1 previous error
[INFO] [stdout] 
[INFO] [stdout] For more information about this error, try `rustc --explain E0432`.
[INFO] [stdout] Couldn't compile the test.
[INFO] [stdout] ---- src/lib.rs - LinkedList<T>::print_list (line 147) stdout ----
[INFO] [stdout] error[E0432]: unresolved import `linked_list`
[INFO] [stdout]  --> src/lib.rs:148:5
[INFO] [stdout]   |
[INFO] [stdout] 3 | use linked_list::LinkedList; 
[INFO] [stdout]   |     ^^^^^^^^^^^ use of undeclared crate or module `linked_list`
[INFO] [stdout] 
[INFO] [stdout] error: aborting due to 1 previous error
[INFO] [stdout] 
[INFO] [stdout] For more information about this error, try `rustc --explain E0432`.
[INFO] [stdout] Couldn't compile the test.
[INFO] [stdout] ---- src/lib.rs - LinkedList<T>::pop (line 103) stdout ----
[INFO] [stdout] error[E0432]: unresolved import `linked_list`
[INFO] [stdout]  --> src/lib.rs:105:5
[INFO] [stdout]   |
[INFO] [stdout] 4 | use linked_list::LinkedList; 
[INFO] [stdout]   |     ^^^^^^^^^^^ use of undeclared crate or module `linked_list`
[INFO] [stdout] 
[INFO] [stdout] error: aborting due to 1 previous error
[INFO] [stdout] 
[INFO] [stdout] For more information about this error, try `rustc --explain E0432`.
[INFO] [stdout] Couldn't compile the test.
[INFO] [stdout] 
[INFO] [stdout] failures:
[INFO] [stdout]     src/lib.rs - LinkedList<T>::is_empty (line 44)
[INFO] [stdout]     src/lib.rs - LinkedList<T>::len (line 209)
[INFO] [stdout]     src/lib.rs - LinkedList<T>::new (line 31)
[INFO] [stdout]     src/lib.rs - LinkedList<T>::pop (line 103)
[INFO] [stdout]     src/lib.rs - LinkedList<T>::print_list (line 147)
[INFO] [stdout]     src/lib.rs - LinkedList<T>::print_list (line 181)
[INFO] [stdout]     src/lib.rs - LinkedList<T>::push (line 58)
[INFO] [stdout] 
[INFO] [stdout] test result: FAILED. 0 passed; 7 failed; 0 ignored; 0 measured; 0 filtered out; finished in 0.06s
[INFO] [stdout] 
[INFO] [stderr] error: doctest failed, to rerun pass `--doc`
[INFO] running `Command { std: "docker" "inspect" "f22649aaee2e50a1a122b71657cc386551dbddf5a0af739580a4686165378542", kill_on_drop: false }`
[INFO] running `Command { std: "docker" "rm" "-f" "f22649aaee2e50a1a122b71657cc386551dbddf5a0af739580a4686165378542", kill_on_drop: false }`
[INFO] [stdout] f22649aaee2e50a1a122b71657cc386551dbddf5a0af739580a4686165378542
