[INFO] cloning repository https://github.com/pathscale/endpoint-libs
[INFO] running `Command { std: "git" "-c" "credential.helper=" "-c" "credential.helper=/workspace/cargo-home/bin/git-credential-null" "clone" "--bare" "https://github.com/pathscale/endpoint-libs" "/workspace/cache/git-repos/https%3A%2F%2Fgithub.com%2Fpathscale%2Fendpoint-libs", kill_on_drop: false }`
[INFO] [stderr] Cloning into bare repository '/workspace/cache/git-repos/https%3A%2F%2Fgithub.com%2Fpathscale%2Fendpoint-libs'...
[INFO] running `Command { std: "git" "rev-parse" "HEAD", kill_on_drop: false }`
[INFO] [stdout] 1e56a8b2d1ea4e4f682fef4dd360354f0f879afe
[INFO] testing pathscale/endpoint-libs against nightly-2025-01-18 for randomize-layout-2
[INFO] running `Command { std: "git" "clone" "/workspace/cache/git-repos/https%3A%2F%2Fgithub.com%2Fpathscale%2Fendpoint-libs" "/workspace/builds/worker-7-tc1/source", kill_on_drop: false }`
[INFO] [stderr] Cloning into '/workspace/builds/worker-7-tc1/source'...
[INFO] [stderr] done.
[INFO] validating manifest of git repo https://github.com/pathscale/endpoint-libs on toolchain nightly-2025-01-18
[INFO] running `Command { std: CARGO_HOME="/workspace/cargo-home" RUSTUP_HOME="/workspace/rustup-home" "/workspace/cargo-home/bin/cargo" "+nightly-2025-01-18" "metadata" "--manifest-path" "Cargo.toml" "--no-deps", kill_on_drop: false }`
[INFO] started tweaking git repo https://github.com/pathscale/endpoint-libs
[INFO] finished tweaking git repo https://github.com/pathscale/endpoint-libs
[INFO] tweaked toml for git repo https://github.com/pathscale/endpoint-libs written to /workspace/builds/worker-7-tc1/source/Cargo.toml
[INFO] crate git repo https://github.com/pathscale/endpoint-libs already has a lockfile, it will not be regenerated
[INFO] running `Command { std: CARGO_HOME="/workspace/cargo-home" RUSTUP_HOME="/workspace/rustup-home" "/workspace/cargo-home/bin/cargo" "+nightly-2025-01-18" "fetch" "--manifest-path" "Cargo.toml", kill_on_drop: false }`
[INFO] [stderr]     Updating crates.io index
[INFO] [stderr]     Blocking waiting for file lock on package cache
[INFO] [stderr]  Downloading crates ...
[INFO] [stderr]   Downloaded cmake v0.1.51
[INFO] [stderr]   Downloaded tokio-tungstenite v0.23.1
[INFO] [stderr]   Downloaded rustls-pki-types v1.9.0
[INFO] [stderr]   Downloaded tungstenite v0.23.0
[INFO] [stderr]   Downloaded cc v1.1.28
[INFO] [stderr]   Downloaded aws-lc-rs v1.10.0
[INFO] [stderr]   Downloaded rustls v0.23.14
[INFO] [stderr]   Downloaded keccak-asm v0.1.4
[INFO] [stderr]   Downloaded sha3-asm v0.1.4
[INFO] [stderr]   Downloaded alloy-contract v0.5.2
[INFO] [stderr]   Downloaded alloy-dyn-abi v0.8.8
[INFO] [stderr]   Downloaded alloy-network v0.5.2
[INFO] [stderr]   Downloaded parity-scale-codec v3.6.12
[INFO] [stderr]   Downloaded schannel v0.1.26
[INFO] [stderr]   Downloaded alloy-provider v0.5.2
[INFO] [stderr]   Downloaded interprocess v2.2.1
[INFO] [stderr]   Downloaded ruint v1.12.3
[INFO] [stderr]   Downloaded syn-solidity v0.8.8
[INFO] [stderr]   Downloaded alloy-primitives v0.8.8
[INFO] [stderr]   Downloaded alloy-sol-types v0.8.8
[INFO] [stderr]   Downloaded reqwest v0.12.8
[INFO] [stderr]   Downloaded tokio-cron-scheduler v0.11.1
[INFO] [stderr]   Downloaded tokio-postgres v0.7.12
[INFO] [stderr]   Downloaded alloy-sol-type-parser v0.8.8
[INFO] [stderr]   Downloaded webpki-roots v0.26.6
[INFO] [stderr]   Downloaded alloy-genesis v0.5.2
[INFO] [stderr]   Downloaded blst v0.3.13
[INFO] [stderr]   Downloaded alloy-json-abi v0.8.8
[INFO] [stderr]   Downloaded alloy-sol-macro-input v0.8.8
[INFO] [stderr]   Downloaded proc-macro-error2 v2.0.1
[INFO] [stderr]   Downloaded alloy-sol-macro v0.8.8
[INFO] [stderr]   Downloaded alloy-json-rpc v0.5.2
[INFO] [stderr]   Downloaded deadpool v0.12.1
[INFO] [stderr]   Downloaded deadpool-postgres v0.14.0
[INFO] [stderr]   Downloaded kanal v0.1.0-pre8
[INFO] [stderr]   Downloaded unicode-properties v0.1.3
[INFO] [stderr]   Downloaded recvmsg v1.0.0
[INFO] [stderr]   Downloaded parity-scale-codec-derive v3.6.12
[INFO] [stderr]   Downloaded alloy-eips v0.5.2
[INFO] [stderr]   Downloaded proc-macro-error-attr2 v2.0.0
[INFO] [stderr]   Downloaded const-hex v1.13.1
[INFO] [stderr]   Downloaded futures-utils-wasm v0.1.0
[INFO] [stderr]   Downloaded wasmtimer v0.2.1
[INFO] [stderr]   Downloaded alloy-transport v0.5.2
[INFO] [stderr]   Downloaded alloy-transport-ws v0.5.2
[INFO] [stderr]   Downloaded alloy v0.5.2
[INFO] [stderr]   Downloaded deadpool-runtime v0.1.4
[INFO] [stderr]   Downloaded log-panics v2.1.0
[INFO] [stderr]   Downloaded postgres-from-row-derive v0.5.2
[INFO] [stderr]   Downloaded postgres-from-row v0.5.2
[INFO] [stderr]   Downloaded rev_lines v0.3.0
[INFO] [stderr]   Downloaded cron v0.12.1
[INFO] [stderr]   Downloaded postgres-types v0.2.8
[INFO] [stderr]   Downloaded alloy-chains v0.1.40
[INFO] [stderr]   Downloaded schnellru v0.2.3
[INFO] [stderr]   Downloaded alloy-rpc-client v0.5.2
[INFO] [stderr]   Downloaded alloy-rpc-types-engine v0.5.2
[INFO] [stderr]   Downloaded aws-lc-sys v0.22.0
[INFO] [stderr]   Downloaded alloy-rpc-types v0.5.2
[INFO] [stderr]   Downloaded alloy-consensus v0.5.2
[INFO] [stderr]   Downloaded alloy-rpc-types-eth v0.5.2
[INFO] [stderr]   Downloaded alloy-serde v0.5.2
[INFO] [stderr]   Downloaded alloy-signer v0.5.2
[INFO] [stderr]   Downloaded alloy-signer-local v0.5.2
[INFO] [stderr]   Downloaded alloy-transport-http v0.5.2
[INFO] [stderr]   Downloaded doctest-file v1.0.0
[INFO] [stderr]   Downloaded pin-project-internal v1.1.6
[INFO] [stderr]   Downloaded pin-project v1.1.6
[INFO] [stderr]   Downloaded alloy-transport-ipc v0.5.2
[INFO] [stderr]   Downloaded alloy-sol-macro-expander v0.8.8
[INFO] [stderr]   Downloaded c-kzg v1.0.3
[INFO] [stderr]   Downloaded ruint-macro v1.2.1
[INFO] [stderr]   Downloaded alloy-core v0.8.8
[INFO] [stderr]   Downloaded alloy-eip2930 v0.1.0
[INFO] [stderr]   Downloaded alloy-eip7702 v0.2.0
[INFO] [stderr]   Downloaded alloy-network-primitives v0.5.2
[INFO] [stderr]   Downloaded alloy-pubsub v0.5.2
[INFO] [stderr]   Downloaded auto_impl v1.2.0
[INFO] [stderr]   Downloaded prettyplease v0.2.22
[INFO] [stderr]   Downloaded alloy-rlp-derive v0.3.8
[INFO] [stderr]   Downloaded alloy-rlp v0.3.8
[INFO] [stderr]   Downloaded fastrlp v0.3.1
[INFO] running `Command { std: "docker" "create" "-v" "/var/lib/crater-agent-workspace/builds/worker-7-tc1/target:/opt/rustwide/target:rw,Z" "-v" "/var/lib/crater-agent-workspace/builds/worker-7-tc1/source:/opt/rustwide/workdir:ro,Z" "-v" "/var/lib/crater-agent-workspace/cargo-home:/opt/rustwide/cargo-home:ro,Z" "-v" "/var/lib/crater-agent-workspace/rustup-home:/opt/rustwide/rustup-home:ro,Z" "-e" "SOURCE_DIR=/opt/rustwide/workdir" "-e" "CARGO_TARGET_DIR=/opt/rustwide/target" "-e" "CARGO_HOME=/opt/rustwide/cargo-home" "-e" "RUSTUP_HOME=/opt/rustwide/rustup-home" "-w" "/opt/rustwide/workdir" "-m" "1610612736" "--user" "0:0" "--network" "none" "ghcr.io/rust-lang/crates-build-env/linux@sha256:819108c5571ea2e421544af4d832f968d213c87fbe3707a016657f43d2f853bc" "/opt/rustwide/cargo-home/bin/cargo" "+nightly-2025-01-18" "metadata" "--no-deps" "--format-version=1", kill_on_drop: false }`
[INFO] [stdout] 962abc46f36fd619e075944feb0ab5da46a3585edaa97944de57e12b33459c91
[INFO] running `Command { std: "docker" "start" "-a" "962abc46f36fd619e075944feb0ab5da46a3585edaa97944de57e12b33459c91", kill_on_drop: false }`
[INFO] running `Command { std: "docker" "inspect" "962abc46f36fd619e075944feb0ab5da46a3585edaa97944de57e12b33459c91", kill_on_drop: false }`
[INFO] running `Command { std: "docker" "rm" "-f" "962abc46f36fd619e075944feb0ab5da46a3585edaa97944de57e12b33459c91", kill_on_drop: false }`
[INFO] [stdout] 962abc46f36fd619e075944feb0ab5da46a3585edaa97944de57e12b33459c91
[INFO] running `Command { std: "docker" "create" "-v" "/var/lib/crater-agent-workspace/builds/worker-7-tc1/target:/opt/rustwide/target:rw,Z" "-v" "/var/lib/crater-agent-workspace/builds/worker-7-tc1/source:/opt/rustwide/workdir:ro,Z" "-v" "/var/lib/crater-agent-workspace/cargo-home:/opt/rustwide/cargo-home:ro,Z" "-v" "/var/lib/crater-agent-workspace/rustup-home:/opt/rustwide/rustup-home:ro,Z" "-e" "SOURCE_DIR=/opt/rustwide/workdir" "-e" "CARGO_TARGET_DIR=/opt/rustwide/target" "-e" "CARGO_INCREMENTAL=0" "-e" "RUST_BACKTRACE=full" "-e" "RUSTFLAGS=--cap-lints=forbid" "-e" "RUSTDOCFLAGS=--cap-lints=forbid" "-e" "CARGO_HOME=/opt/rustwide/cargo-home" "-e" "RUSTUP_HOME=/opt/rustwide/rustup-home" "-w" "/opt/rustwide/workdir" "-m" "1610612736" "--user" "0:0" "--network" "none" "ghcr.io/rust-lang/crates-build-env/linux@sha256:819108c5571ea2e421544af4d832f968d213c87fbe3707a016657f43d2f853bc" "/opt/rustwide/cargo-home/bin/cargo" "+nightly-2025-01-18" "build" "--frozen" "--message-format=json", kill_on_drop: false }`
[INFO] [stdout] 6ddef0fe9812b0e2e86bb08bb3ff05b26be2e5676f84fef248a500d187174293
[INFO] running `Command { std: "docker" "start" "-a" "6ddef0fe9812b0e2e86bb08bb3ff05b26be2e5676f84fef248a500d187174293", kill_on_drop: false }`
[INFO] [stderr]    Compiling unicode-ident v1.0.13
[INFO] [stderr]    Compiling libc v0.2.159
[INFO] [stderr]    Compiling serde v1.0.210
[INFO] [stderr]    Compiling version_check v0.9.5
[INFO] [stderr]    Compiling subtle v2.6.1
[INFO] [stderr]    Compiling const-oid v0.9.6
[INFO] [stderr]    Compiling autocfg v1.4.0
[INFO] [stderr]    Compiling cpufeatures v0.2.14
[INFO] [stderr]    Compiling paste v1.0.15
[INFO] [stderr]    Compiling allocator-api2 v0.2.18
[INFO] [stderr]    Compiling foldhash v0.1.3
[INFO] [stderr]    Compiling crunchy v0.2.2
[INFO] [stderr]    Compiling unicode-xid v0.2.6
[INFO] [stderr]    Compiling ruint-macro v1.2.1
[INFO] [stderr]    Compiling tiny-keccak v2.0.2
[INFO] [stderr]    Compiling hex-literal v0.4.1
[INFO] [stderr]    Compiling proc-macro2 v1.0.86
[INFO] [stderr]    Compiling dunce v1.0.5
[INFO] [stderr]    Compiling futures-core v0.3.31
[INFO] [stderr]    Compiling base16ct v0.2.0
[INFO] [stderr]    Compiling arrayvec v0.7.6
[INFO] [stderr]    Compiling futures-sink v0.3.31
[INFO] [stderr]    Compiling heck v0.5.0
[INFO] [stderr]    Compiling tracing-core v0.1.32
[INFO] [stderr]    Compiling futures-task v0.3.31
[INFO] [stderr]    Compiling futures-io v0.3.31
[INFO] [stderr]    Compiling quote v1.0.37
[INFO] [stderr]    Compiling generic-array v0.14.7
[INFO] [stderr]    Compiling futures-channel v0.3.31
[INFO] [stderr]    Compiling log v0.4.22
[INFO] [stderr]    Compiling winnow v0.6.20
[INFO] [stderr]    Compiling serde_json v1.0.128
[INFO] [stderr]    Compiling lock_api v0.4.12
[INFO] [stderr]    Compiling slab v0.4.9
[INFO] [stderr]    Compiling memchr v2.7.4
[INFO] [stderr]    Compiling byteorder v1.5.0
[INFO] [stderr]    Compiling thiserror v1.0.64
[INFO] [stderr]    Compiling hashbrown v0.15.0
[INFO] [stderr]    Compiling tinyvec v1.8.0
[INFO] [stderr]    Compiling unicode-bidi v0.3.17
[INFO] [stderr]    Compiling syn v2.0.79
[INFO] [stderr]    Compiling proc-macro-error-attr2 v2.0.0
[INFO] [stderr]    Compiling httparse v1.9.5
[INFO] [stderr]    Compiling fs_extra v1.3.0
[INFO] [stderr]    Compiling pkg-config v0.3.31
[INFO] [stderr]    Compiling rustls-pki-types v1.9.0
[INFO] [stderr]    Compiling aws-lc-rs v1.10.0
[INFO] [stderr]    Compiling indexmap v2.6.0
[INFO] [stderr]    Compiling tower-service v0.3.3
[INFO] [stderr]    Compiling mirai-annotations v1.12.0
[INFO] [stderr]    Compiling openssl v0.10.66
[INFO] [stderr]    Compiling jobserver v0.1.32
[INFO] [stderr]    Compiling foreign-types-shared v0.1.1
[INFO] [stderr]    Compiling futures-utils-wasm v0.1.0
[INFO] [stderr]    Compiling hex v0.4.3
[INFO] [stderr]    Compiling foreign-types v0.3.2
[INFO] [stderr]    Compiling bitflags v2.6.0
[INFO] [stderr]    Compiling cc v1.1.28
[INFO] [stderr]    Compiling rustls v0.23.14
[INFO] [stderr]    Compiling native-tls v0.2.12
[INFO] [stderr]    Compiling tower-layer v0.3.3
[INFO] [stderr]    Compiling atomic-waker v1.1.2
[INFO] [stderr]    Compiling unicode-normalization v0.1.24
[INFO] [stderr]    Compiling sync_wrapper v0.1.2
[INFO] [stderr]    Compiling data-encoding v2.6.0
[INFO] [stderr]    Compiling either v1.13.0
[INFO] [stderr]    Compiling utf-8 v0.7.6
[INFO] [stderr]    Compiling rustversion v1.0.18
[INFO] [stderr]    Compiling crossbeam-utils v0.8.20
[INFO] [stderr]    Compiling bimap v0.6.3
[INFO] [stderr]    Compiling strsim v0.11.1
[INFO] [stderr]    Compiling rustls-pemfile v2.2.0
[INFO] [stderr]    Compiling webpki-roots v0.26.6
[INFO] [stderr]    Compiling num-traits v0.2.19
[INFO] [stderr]    Compiling ahash v0.8.11
[INFO] [stderr]    Compiling itertools v0.13.0
[INFO] [stderr]    Compiling sync_wrapper v1.0.1
[INFO] [stderr]    Compiling encoding_rs v0.8.34
[INFO] [stderr]    Compiling unicode-properties v0.1.3
[INFO] [stderr]    Compiling ipnet v2.10.1
[INFO] [stderr]    Compiling doctest-file v1.0.0
[INFO] [stderr]    Compiling cmake v0.1.51
[INFO] [stderr]    Compiling idna v0.5.0
[INFO] [stderr]    Compiling stringprep v0.1.5
[INFO] [stderr]    Compiling fallible-iterator v0.2.0
[INFO] [stderr]    Compiling getrandom v0.2.15
[INFO] [stderr]    Compiling parking_lot_core v0.9.10
[INFO] [stderr]    Compiling rand_core v0.6.4
[INFO] [stderr]    Compiling mio v1.0.2
[INFO] [stderr]    Compiling socket2 v0.5.7
[INFO] [stderr]    Compiling signal-hook-registry v1.4.2
[INFO] [stderr]    Compiling num_cpus v1.16.0
[INFO] [stderr]    Compiling parking_lot v0.12.3
[INFO] [stderr]    Compiling ident_case v1.0.1
[INFO] [stderr]    Compiling siphasher v0.3.11
[INFO] [stderr]    Compiling ff v0.13.0
[INFO] [stderr]    Compiling url v2.5.2
[INFO] [stderr]    Compiling threadpool v1.8.1
[INFO] [stderr]    Compiling phf_shared v0.11.2
[INFO] [stderr]    Compiling group v0.13.0
[INFO] [stderr]    Compiling aho-corasick v1.1.3
[INFO] [stderr]    Compiling hashbrown v0.14.5
[INFO] [stderr]    Compiling regex-syntax v0.8.5
[INFO] [stderr]    Compiling utf8parse v0.2.2
[INFO] [stderr]    Compiling hashbrown v0.13.2
[INFO] [stderr]    Compiling aws-lc-sys v0.22.0
[INFO] [stderr]    Compiling openssl-sys v0.9.103
[INFO] [stderr]    Compiling blst v0.3.13
[INFO] [stderr]    Compiling ring v0.17.8
[INFO] [stderr]    Compiling c-kzg v1.0.3
[INFO] [stderr]    Compiling regex-syntax v0.6.29
[INFO] [stderr]    Compiling anstyle-parse v0.2.5
[INFO] [stderr]    Compiling phf v0.11.2
[INFO] [stderr]    Compiling anstyle-query v1.1.1
[INFO] [stderr]    Compiling whoami v1.5.2
[INFO] [stderr]    Compiling minimal-lexical v0.2.1
[INFO] [stderr]    Compiling anstyle v1.0.8
[INFO] [stderr]    Compiling is_terminal_polyfill v1.70.1
[INFO] [stderr]    Compiling colorchoice v1.0.2
[INFO] [stderr]    Compiling lazy_static v1.5.0
[INFO] [stderr]    Compiling iana-time-zone v0.1.61
[INFO] [stderr]    Compiling dashmap v6.1.0
[INFO] [stderr]    Compiling powerfmt v0.2.0
[INFO] [stderr]    Compiling chrono v0.4.38
[INFO] [stderr]    Compiling sharded-slab v0.1.7
[INFO] [stderr]    Compiling anstream v0.6.15
[INFO] [stderr]    Compiling nom v7.1.3
[INFO] [stderr]    Compiling deranged v0.3.11
[INFO] [stderr]    Compiling tracing-log v0.2.0
[INFO] [stderr]    Compiling regex-automata v0.1.10
[INFO] [stderr]    Compiling thread_local v1.1.8
[INFO] [stderr]    Compiling rust_decimal v1.36.0
[INFO] [stderr]    Compiling clap_lex v0.7.2
[INFO] [stderr]    Compiling tokio-cron-scheduler v0.11.1
[INFO] [stderr]    Compiling num-conv v0.1.0
[INFO] [stderr]    Compiling clap_builder v4.5.19
[INFO] [stderr]    Compiling uuid v1.10.0
[INFO] [stderr]    Compiling matchers v0.1.0
[INFO] [stderr]    Compiling crossbeam-channel v0.5.13
[INFO] [stderr]    Compiling syn-solidity v0.8.8
[INFO] [stderr]    Compiling proc-macro-error2 v2.0.1
[INFO] [stderr]    Compiling darling_core v0.20.10
[INFO] [stderr]    Compiling cron v0.12.1
[INFO] [stderr]    Compiling time v0.3.36
[INFO] [stderr]    Compiling unicode-segmentation v1.12.0
[INFO] [stderr]    Compiling eyre v0.6.12
[INFO] [stderr]    Compiling regex-automata v0.4.8
[INFO] [stderr]    Compiling convert_case v0.6.0
[INFO] [stderr]    Compiling itertools v0.12.1
[INFO] [stderr]    Compiling kanal v0.1.0-pre8
[INFO] [stderr]    Compiling log-panics v2.1.0
[INFO] [stderr]    Compiling urlencoding v2.1.3
[INFO] [stderr]    Compiling serde_derive v1.0.210
[INFO] [stderr]    Compiling zeroize_derive v1.4.2
[INFO] [stderr]    Compiling derive_more-impl v1.0.0
[INFO] [stderr]    Compiling alloy-rlp-derive v0.3.8
[INFO] [stderr]    Compiling tokio-macros v2.4.0
[INFO] [stderr]    Compiling futures-macro v0.3.31
[INFO] [stderr]    Compiling tracing-attributes v0.1.27
[INFO] [stderr]    Compiling zerocopy-derive v0.7.35
[INFO] [stderr]    Compiling thiserror-impl v1.0.64
[INFO] [stderr]    Compiling openssl-macros v0.1.1
[INFO] [stderr]    Compiling zeroize v1.8.1
[INFO] [stderr]    Compiling der v0.7.9
[INFO] [stderr]    Compiling futures-util v0.3.31
[INFO] [stderr]    Compiling auto_impl v1.2.0
[INFO] [stderr]    Compiling zerocopy v0.7.35
[INFO] [stderr]    Compiling crypto-common v0.1.6
[INFO] [stderr]    Compiling block-buffer v0.10.4
[INFO] [stderr]    Compiling crypto-bigint v0.5.5
[INFO] [stderr]    Compiling digest v0.10.7
[INFO] [stderr]    Compiling tracing v0.1.40
[INFO] [stderr]    Compiling hmac v0.12.1
[INFO] [stderr]    Compiling sha2 v0.10.8
[INFO] [stderr]    Compiling signature v2.2.0
[INFO] [stderr]    Compiling rfc6979 v0.4.0
[INFO] [stderr]    Compiling ppv-lite86 v0.2.20
[INFO] [stderr]    Compiling sha1 v0.10.6
[INFO] [stderr]    Compiling async-trait v0.1.83
[INFO] [stderr]    Compiling sec1 v0.7.3
[INFO] [stderr]    Compiling spki v0.7.3
[INFO] [stderr]    Compiling pin-project-internal v1.1.6
[INFO] [stderr]    Compiling md-5 v0.10.6
[INFO] [stderr]    Compiling num_enum_derive v0.7.3
[INFO] [stderr]    Compiling rand_chacha v0.3.1
[INFO] [stderr]    Compiling strum_macros v0.26.4
[INFO] [stderr]    Compiling rand v0.8.5
[INFO] [stderr]    Compiling async-stream-impl v0.3.6
[INFO] [stderr]    Compiling schnellru v0.2.3
[INFO] [stderr]    Compiling darling_macro v0.20.10
[INFO] [stderr]    Compiling regex v1.11.0
[INFO] [stderr]    Compiling derive_more v1.0.0
[INFO] [stderr]    Compiling clap_derive v4.5.18
[INFO] [stderr]    Compiling num-derive v0.4.2
[INFO] [stderr]    Compiling darling v0.20.10
[INFO] [stderr]    Compiling rev_lines v0.3.0
[INFO] [stderr]    Compiling async-stream v0.3.6
[INFO] [stderr]    Compiling num_enum v0.7.3
[INFO] [stderr]    Compiling postgres-from-row-derive v0.5.2
[INFO] [stderr]    Compiling pin-project v1.1.6
[INFO] [stderr]    Compiling tracing-subscriber v0.3.18
[INFO] [stderr]    Compiling elliptic-curve v0.13.8
[INFO] [stderr]    Compiling tower v0.5.1
[INFO] [stderr]    Compiling futures-executor v0.3.31
[INFO] [stderr]    Compiling strum v0.26.3
[INFO] [stderr]    Compiling futures v0.3.31
[INFO] [stderr]    Compiling ecdsa v0.16.9
[INFO] [stderr]    Compiling k256 v0.13.4
[INFO] [stderr]    Compiling clap v4.5.19
[INFO] [stderr]    Compiling tracing-appender v0.2.3
[INFO] [stderr]    Compiling ruint v1.12.3
[INFO] [stderr]    Compiling bytes v1.7.2
[INFO] [stderr]    Compiling const-hex v1.13.1
[INFO] [stderr]    Compiling alloy-sol-type-parser v0.8.8
[INFO] [stderr]    Compiling serde_urlencoded v0.7.1
[INFO] [stderr]    Compiling secrecy v0.8.0
[INFO] [stderr]    Compiling serde_path_to_error v0.1.16
[INFO] [stderr]    Compiling alloy-primitives v0.8.8
[INFO] [stderr]    Compiling alloy-rlp v0.3.8
[INFO] [stderr]    Compiling tokio v1.40.0
[INFO] [stderr]    Compiling http v1.1.0
[INFO] [stderr]    Compiling postgres-protocol v0.6.7
[INFO] [stderr]    Compiling lru v0.12.5
[INFO] [stderr]    Compiling postgres-types v0.2.8
[INFO] [stderr]    Compiling alloy-json-abi v0.8.8
[INFO] [stderr]    Compiling http-body v1.0.1
[INFO] [stderr]    Compiling tungstenite v0.23.0
[INFO] [stderr]    Compiling http-body-util v0.1.2
[INFO] [stderr]    Compiling alloy-sol-macro-input v0.8.8
[INFO] [stderr]    Compiling alloy-sol-macro-expander v0.8.8
[INFO] [stderr]    Compiling alloy-serde v0.5.2
[INFO] [stderr]    Compiling alloy-eip2930 v0.1.0
[INFO] [stderr]    Compiling alloy-eip7702 v0.2.0
[INFO] [stderr]    Compiling alloy-signer v0.5.2
[INFO] [stderr]    Compiling alloy-chains v0.1.40
[INFO] [stderr]    Compiling alloy-eips v0.5.2
[INFO] [stderr]    Compiling alloy-consensus v0.5.2
[INFO] [stderr]    Compiling alloy-sol-macro v0.8.8
[INFO] [stderr]    Compiling alloy-sol-types v0.8.8
[INFO] [stderr]    Compiling alloy-network-primitives v0.5.2
[INFO] [stderr]    Compiling tokio-util v0.7.12
[INFO] [stderr]    Compiling tokio-native-tls v0.3.1
[INFO] [stderr]    Compiling interprocess v2.2.1
[INFO] [stderr]    Compiling deadpool-runtime v0.1.4
[INFO] [stderr]    Compiling tokio-tungstenite v0.23.1
[INFO] [stderr]    Compiling rustls-webpki v0.102.8
[INFO] [stderr]    Compiling deadpool v0.12.1
[INFO] [stderr]    Compiling h2 v0.4.6
[INFO] [stderr]    Compiling tokio-stream v0.1.16
[INFO] [stderr]    Compiling tokio-postgres v0.7.12
[INFO] [stderr]    Compiling deadpool-postgres v0.14.0
[INFO] [stderr]    Compiling postgres-from-row v0.5.2
[INFO] [stderr]    Compiling hyper v1.4.1
[INFO] [stderr]    Compiling hyper-util v0.1.9
[INFO] [stderr]    Compiling tungstenite v0.24.0
[INFO] [stderr]    Compiling tokio-rustls v0.26.0
[INFO] [stderr]    Compiling tokio-tungstenite v0.24.0
[INFO] [stderr]    Compiling hyper-tls v0.6.0
[INFO] [stderr]    Compiling reqwest v0.12.8
[INFO] [stderr]    Compiling alloy-json-rpc v0.5.2
[INFO] [stderr]    Compiling alloy-rpc-types-eth v0.5.2
[INFO] [stderr]    Compiling alloy-dyn-abi v0.8.8
[INFO] [stderr]    Compiling alloy-core v0.8.8
[INFO] [stderr]    Compiling alloy-transport v0.5.2
[INFO] [stderr]    Compiling alloy-pubsub v0.5.2
[INFO] [stderr]    Compiling alloy-transport-http v0.5.2
[INFO] [stderr]    Compiling alloy-transport-ws v0.5.2
[INFO] [stderr]    Compiling alloy-transport-ipc v0.5.2
[INFO] [stderr]    Compiling alloy-rpc-client v0.5.2
[INFO] [stderr]    Compiling alloy-network v0.5.2
[INFO] [stderr]    Compiling alloy-rpc-types v0.5.2
[INFO] [stderr]    Compiling alloy-signer-local v0.5.2
[INFO] [stderr]    Compiling alloy-provider v0.5.2
[INFO] [stderr]    Compiling alloy-contract v0.5.2
[INFO] [stderr]    Compiling alloy v0.5.2
[INFO] [stderr]    Compiling endpoint-libs v1.0.4 (/opt/rustwide/workdir)
[INFO] [stdout] warning: unused import: `fs::OpenOptions`
[INFO] [stdout]  --> src/libs/log.rs:1:11
[INFO] [stdout]   |
[INFO] [stdout] 1 | use std::{fs::OpenOptions, path::PathBuf};
[INFO] [stdout]   |           ^^^^^^^^^^^^^^^
[INFO] [stdout]   |
[INFO] [stdout]   = note: `#[warn(unused_imports)]` on by default
[INFO] [stdout] 
[INFO] [stdout] 
[INFO] [stdout] warning: unused import: `eyre::WrapErr`
[INFO] [stdout]  --> src/libs/log.rs:6:5
[INFO] [stdout]   |
[INFO] [stdout] 6 | use eyre::WrapErr;
[INFO] [stdout]   |     ^^^^^^^^^^^^^
[INFO] [stdout] 
[INFO] [stdout] 
[INFO] [stdout] warning: unused import: `layer`
[INFO] [stdout]  --> src/libs/log.rs:9:37
[INFO] [stdout]   |
[INFO] [stdout] 9 | use tracing_subscriber::fmt::{self, layer};
[INFO] [stdout]   |                                     ^^^^^
[INFO] [stdout] 
[INFO] [stdout] 
[INFO] [stdout] warning: fields `ctx` and `stream_seq` are never read
[INFO] [stdout]   --> src/libs/ws/push.rs:11:9
[INFO] [stdout]    |
[INFO] [stdout] 10 | pub struct SubscriberContext {
[INFO] [stdout]    |            ----------------- fields in this struct
[INFO] [stdout] 11 |     pub ctx: RequestContext,
[INFO] [stdout]    |         ^^^
[INFO] [stdout] 12 |     pub stream_seq: u32,
[INFO] [stdout]    |         ^^^^^^^^^^
[INFO] [stdout]    |
[INFO] [stdout]    = note: `#[warn(dead_code)]` on by default
[INFO] [stdout] 
[INFO] [stdout] 
[INFO] [stdout] warning: field `subscribers` is never read
[INFO] [stdout]   --> src/libs/ws/push.rs:17:9
[INFO] [stdout]    |
[INFO] [stdout] 16 | pub struct Subscribers {
[INFO] [stdout]    |            ----------- field in this struct
[INFO] [stdout] 17 |     pub subscribers: HashMap<ConnectionId, SubscriberContext>,
[INFO] [stdout]    |         ^^^^^^^^^^^
[INFO] [stdout] 
[INFO] [stdout] 
[INFO] [stdout] warning: field `topics` is never read
[INFO] [stdout]   --> src/libs/ws/push.rs:21:9
[INFO] [stdout]    |
[INFO] [stdout] 20 | pub struct SubscribeManager<Key: Eq + Hash> {
[INFO] [stdout]    |            ---------------- field in this struct
[INFO] [stdout] 21 |     pub topics: DashMap<Key, Subscribers>,
[INFO] [stdout]    |         ^^^^^^
[INFO] [stdout] 
[INFO] [stdout] 
[INFO] [stdout] warning: multiple methods are never used
[INFO] [stdout]   --> src/libs/ws/push.rs:37:12
[INFO] [stdout]    |
[INFO] [stdout] 30 | impl<Key: Hash + Eq + Into<u32>> SubscribeManager<Key> {
[INFO] [stdout]    | ------------------------------------------------------ methods in this implementation
[INFO] [stdout] ...
[INFO] [stdout] 37 |     pub fn add_topics(&self, topics: Vec<Key>) {
[INFO] [stdout]    |            ^^^^^^^^^^
[INFO] [stdout] ...
[INFO] [stdout] 42 |     pub fn add_topic(&self, topic: Key) {
[INFO] [stdout]    |            ^^^^^^^^^
[INFO] [stdout] ...
[INFO] [stdout] 45 |     pub fn subscribe_multi(&self, topics: Vec<Key>, ctx: RequestContext) {
[INFO] [stdout]    |            ^^^^^^^^^^^^^^^
[INFO] [stdout] ...
[INFO] [stdout] 50 |     pub fn subscribe(&self, topic: Key, ctx: RequestContext) {
[INFO] [stdout]    |            ^^^^^^^^^
[INFO] [stdout] ...
[INFO] [stdout] 56 |     pub fn unsubscribe_multi(&self, topics: Vec<Key>, connection_id: ConnectionId) {
[INFO] [stdout]    |            ^^^^^^^^^^^^^^^^^
[INFO] [stdout] ...
[INFO] [stdout] 61 |     pub fn unsubscribe(&self, topic: Key, connection_id: ConnectionId) {
[INFO] [stdout]    |            ^^^^^^^^^^^
[INFO] [stdout] ...
[INFO] [stdout] 66 |     pub fn publish_with_filter(
[INFO] [stdout]    |            ^^^^^^^^^^^^^^^^^^^
[INFO] [stdout] ...
[INFO] [stdout] 98 |     pub fn publish_to_all(&self, toolbox: &ArcToolbox, topic: Key, msg: &impl Serialize) {
[INFO] [stdout]    |            ^^^^^^^^^^^^^^
[INFO] [stdout] 
[INFO] [stdout] 
[INFO] [stderr]     Finished `dev` profile [unoptimized + debuginfo] target(s) in 1m 51s
[INFO] running `Command { std: "docker" "inspect" "6ddef0fe9812b0e2e86bb08bb3ff05b26be2e5676f84fef248a500d187174293", kill_on_drop: false }`
[INFO] running `Command { std: "docker" "rm" "-f" "6ddef0fe9812b0e2e86bb08bb3ff05b26be2e5676f84fef248a500d187174293", kill_on_drop: false }`
[INFO] [stdout] 6ddef0fe9812b0e2e86bb08bb3ff05b26be2e5676f84fef248a500d187174293
[INFO] running `Command { std: "docker" "create" "-v" "/var/lib/crater-agent-workspace/builds/worker-7-tc1/target:/opt/rustwide/target:rw,Z" "-v" "/var/lib/crater-agent-workspace/builds/worker-7-tc1/source:/opt/rustwide/workdir:ro,Z" "-v" "/var/lib/crater-agent-workspace/cargo-home:/opt/rustwide/cargo-home:ro,Z" "-v" "/var/lib/crater-agent-workspace/rustup-home:/opt/rustwide/rustup-home:ro,Z" "-e" "SOURCE_DIR=/opt/rustwide/workdir" "-e" "CARGO_TARGET_DIR=/opt/rustwide/target" "-e" "CARGO_INCREMENTAL=0" "-e" "RUST_BACKTRACE=full" "-e" "RUSTFLAGS=--cap-lints=forbid" "-e" "RUSTDOCFLAGS=--cap-lints=forbid" "-e" "CARGO_HOME=/opt/rustwide/cargo-home" "-e" "RUSTUP_HOME=/opt/rustwide/rustup-home" "-w" "/opt/rustwide/workdir" "-m" "1610612736" "--user" "0:0" "--network" "none" "ghcr.io/rust-lang/crates-build-env/linux@sha256:819108c5571ea2e421544af4d832f968d213c87fbe3707a016657f43d2f853bc" "/opt/rustwide/cargo-home/bin/cargo" "+nightly-2025-01-18" "test" "--frozen" "--no-run" "--message-format=json", kill_on_drop: false }`
[INFO] [stdout] eb6196c0eeecac8ab8ab47d7cef495f7ea42c4f228de22fee26b15cd538f0f25
[INFO] running `Command { std: "docker" "start" "-a" "eb6196c0eeecac8ab8ab47d7cef495f7ea42c4f228de22fee26b15cd538f0f25", kill_on_drop: false }`
[INFO] [stderr]    Compiling endpoint-libs v1.0.4 (/opt/rustwide/workdir)
[INFO] [stdout] warning: unused import: `fs::OpenOptions`
[INFO] [stdout]  --> src/libs/log.rs:1:11
[INFO] [stdout]   |
[INFO] [stdout] 1 | use std::{fs::OpenOptions, path::PathBuf};
[INFO] [stdout]   |           ^^^^^^^^^^^^^^^
[INFO] [stdout]   |
[INFO] [stdout]   = note: `#[warn(unused_imports)]` on by default
[INFO] [stdout] 
[INFO] [stdout] 
[INFO] [stdout] warning: unused import: `eyre::WrapErr`
[INFO] [stdout]  --> src/libs/log.rs:6:5
[INFO] [stdout]   |
[INFO] [stdout] 6 | use eyre::WrapErr;
[INFO] [stdout]   |     ^^^^^^^^^^^^^
[INFO] [stdout] 
[INFO] [stdout] 
[INFO] [stdout] warning: unused import: `layer`
[INFO] [stdout]  --> src/libs/log.rs:9:37
[INFO] [stdout]   |
[INFO] [stdout] 9 | use tracing_subscriber::fmt::{self, layer};
[INFO] [stdout]   |                                     ^^^^^
[INFO] [stdout] 
[INFO] [stdout] 
[INFO] [stdout] warning: fields `ctx` and `stream_seq` are never read
[INFO] [stdout]   --> src/libs/ws/push.rs:11:9
[INFO] [stdout]    |
[INFO] [stdout] 10 | pub struct SubscriberContext {
[INFO] [stdout]    |            ----------------- fields in this struct
[INFO] [stdout] 11 |     pub ctx: RequestContext,
[INFO] [stdout]    |         ^^^
[INFO] [stdout] 12 |     pub stream_seq: u32,
[INFO] [stdout]    |         ^^^^^^^^^^
[INFO] [stdout]    |
[INFO] [stdout]    = note: `#[warn(dead_code)]` on by default
[INFO] [stdout] 
[INFO] [stdout] 
[INFO] [stdout] warning: field `subscribers` is never read
[INFO] [stdout]   --> src/libs/ws/push.rs:17:9
[INFO] [stdout]    |
[INFO] [stdout] 16 | pub struct Subscribers {
[INFO] [stdout]    |            ----------- field in this struct
[INFO] [stdout] 17 |     pub subscribers: HashMap<ConnectionId, SubscriberContext>,
[INFO] [stdout]    |         ^^^^^^^^^^^
[INFO] [stdout] 
[INFO] [stdout] 
[INFO] [stdout] warning: field `topics` is never read
[INFO] [stdout]   --> src/libs/ws/push.rs:21:9
[INFO] [stdout]    |
[INFO] [stdout] 20 | pub struct SubscribeManager<Key: Eq + Hash> {
[INFO] [stdout]    |            ---------------- field in this struct
[INFO] [stdout] 21 |     pub topics: DashMap<Key, Subscribers>,
[INFO] [stdout]    |         ^^^^^^
[INFO] [stdout] 
[INFO] [stdout] 
[INFO] [stdout] warning: multiple methods are never used
[INFO] [stdout]   --> src/libs/ws/push.rs:37:12
[INFO] [stdout]    |
[INFO] [stdout] 30 | impl<Key: Hash + Eq + Into<u32>> SubscribeManager<Key> {
[INFO] [stdout]    | ------------------------------------------------------ methods in this implementation
[INFO] [stdout] ...
[INFO] [stdout] 37 |     pub fn add_topics(&self, topics: Vec<Key>) {
[INFO] [stdout]    |            ^^^^^^^^^^
[INFO] [stdout] ...
[INFO] [stdout] 42 |     pub fn add_topic(&self, topic: Key) {
[INFO] [stdout]    |            ^^^^^^^^^
[INFO] [stdout] ...
[INFO] [stdout] 45 |     pub fn subscribe_multi(&self, topics: Vec<Key>, ctx: RequestContext) {
[INFO] [stdout]    |            ^^^^^^^^^^^^^^^
[INFO] [stdout] ...
[INFO] [stdout] 50 |     pub fn subscribe(&self, topic: Key, ctx: RequestContext) {
[INFO] [stdout]    |            ^^^^^^^^^
[INFO] [stdout] ...
[INFO] [stdout] 56 |     pub fn unsubscribe_multi(&self, topics: Vec<Key>, connection_id: ConnectionId) {
[INFO] [stdout]    |            ^^^^^^^^^^^^^^^^^
[INFO] [stdout] ...
[INFO] [stdout] 61 |     pub fn unsubscribe(&self, topic: Key, connection_id: ConnectionId) {
[INFO] [stdout]    |            ^^^^^^^^^^^
[INFO] [stdout] ...
[INFO] [stdout] 66 |     pub fn publish_with_filter(
[INFO] [stdout]    |            ^^^^^^^^^^^^^^^^^^^
[INFO] [stdout] ...
[INFO] [stdout] 98 |     pub fn publish_to_all(&self, toolbox: &ArcToolbox, topic: Key, msg: &impl Serialize) {
[INFO] [stdout]    |            ^^^^^^^^^^^^^^
[INFO] [stdout] 
[INFO] [stdout] 
[INFO] [stdout] warning: unused import: `fs::OpenOptions`
[INFO] [stdout]  --> src/libs/log.rs:1:11
[INFO] [stdout]   |
[INFO] [stdout] 1 | use std::{fs::OpenOptions, path::PathBuf};
[INFO] [stdout]   |           ^^^^^^^^^^^^^^^
[INFO] [stdout]   |
[INFO] [stdout]   = note: `#[warn(unused_imports)]` on by default
[INFO] [stdout] 
[INFO] [stdout] 
[INFO] [stdout] warning: unused import: `eyre::WrapErr`
[INFO] [stdout]  --> src/libs/log.rs:6:5
[INFO] [stdout]   |
[INFO] [stdout] 6 | use eyre::WrapErr;
[INFO] [stdout]   |     ^^^^^^^^^^^^^
[INFO] [stdout] 
[INFO] [stdout] 
[INFO] [stdout] warning: unused import: `layer`
[INFO] [stdout]  --> src/libs/log.rs:9:37
[INFO] [stdout]   |
[INFO] [stdout] 9 | use tracing_subscriber::fmt::{self, layer};
[INFO] [stdout]   |                                     ^^^^^
[INFO] [stdout] 
[INFO] [stdout] 
[INFO] [stdout] warning: fields `ctx` and `stream_seq` are never read
[INFO] [stdout]   --> src/libs/ws/push.rs:11:9
[INFO] [stdout]    |
[INFO] [stdout] 10 | pub struct SubscriberContext {
[INFO] [stdout]    |            ----------------- fields in this struct
[INFO] [stdout] 11 |     pub ctx: RequestContext,
[INFO] [stdout]    |         ^^^
[INFO] [stdout] 12 |     pub stream_seq: u32,
[INFO] [stdout]    |         ^^^^^^^^^^
[INFO] [stdout]    |
[INFO] [stdout]    = note: `#[warn(dead_code)]` on by default
[INFO] [stdout] 
[INFO] [stdout] 
[INFO] [stdout] warning: field `subscribers` is never read
[INFO] [stdout]   --> src/libs/ws/push.rs:17:9
[INFO] [stdout]    |
[INFO] [stdout] 16 | pub struct Subscribers {
[INFO] [stdout]    |            ----------- field in this struct
[INFO] [stdout] 17 |     pub subscribers: HashMap<ConnectionId, SubscriberContext>,
[INFO] [stdout]    |         ^^^^^^^^^^^
[INFO] [stdout] 
[INFO] [stdout] 
[INFO] [stdout] warning: field `topics` is never read
[INFO] [stdout]   --> src/libs/ws/push.rs:21:9
[INFO] [stdout]    |
[INFO] [stdout] 20 | pub struct SubscribeManager<Key: Eq + Hash> {
[INFO] [stdout]    |            ---------------- field in this struct
[INFO] [stdout] 21 |     pub topics: DashMap<Key, Subscribers>,
[INFO] [stdout]    |         ^^^^^^
[INFO] [stdout] 
[INFO] [stdout] 
[INFO] [stdout] warning: multiple methods are never used
[INFO] [stdout]   --> src/libs/ws/push.rs:37:12
[INFO] [stdout]    |
[INFO] [stdout] 30 | impl<Key: Hash + Eq + Into<u32>> SubscribeManager<Key> {
[INFO] [stdout]    | ------------------------------------------------------ methods in this implementation
[INFO] [stdout] ...
[INFO] [stdout] 37 |     pub fn add_topics(&self, topics: Vec<Key>) {
[INFO] [stdout]    |            ^^^^^^^^^^
[INFO] [stdout] ...
[INFO] [stdout] 42 |     pub fn add_topic(&self, topic: Key) {
[INFO] [stdout]    |            ^^^^^^^^^
[INFO] [stdout] ...
[INFO] [stdout] 45 |     pub fn subscribe_multi(&self, topics: Vec<Key>, ctx: RequestContext) {
[INFO] [stdout]    |            ^^^^^^^^^^^^^^^
[INFO] [stdout] ...
[INFO] [stdout] 50 |     pub fn subscribe(&self, topic: Key, ctx: RequestContext) {
[INFO] [stdout]    |            ^^^^^^^^^
[INFO] [stdout] ...
[INFO] [stdout] 56 |     pub fn unsubscribe_multi(&self, topics: Vec<Key>, connection_id: ConnectionId) {
[INFO] [stdout]    |            ^^^^^^^^^^^^^^^^^
[INFO] [stdout] ...
[INFO] [stdout] 61 |     pub fn unsubscribe(&self, topic: Key, connection_id: ConnectionId) {
[INFO] [stdout]    |            ^^^^^^^^^^^
[INFO] [stdout] ...
[INFO] [stdout] 66 |     pub fn publish_with_filter(
[INFO] [stdout]    |            ^^^^^^^^^^^^^^^^^^^
[INFO] [stdout] ...
[INFO] [stdout] 98 |     pub fn publish_to_all(&self, toolbox: &ArcToolbox, topic: Key, msg: &impl Serialize) {
[INFO] [stdout]    |            ^^^^^^^^^^^^^^
[INFO] [stdout] 
[INFO] [stdout] 
[INFO] [stderr]     Finished `test` profile [unoptimized + debuginfo] target(s) in 9.22s
[INFO] running `Command { std: "docker" "inspect" "eb6196c0eeecac8ab8ab47d7cef495f7ea42c4f228de22fee26b15cd538f0f25", kill_on_drop: false }`
[INFO] running `Command { std: "docker" "rm" "-f" "eb6196c0eeecac8ab8ab47d7cef495f7ea42c4f228de22fee26b15cd538f0f25", kill_on_drop: false }`
[INFO] [stdout] eb6196c0eeecac8ab8ab47d7cef495f7ea42c4f228de22fee26b15cd538f0f25
[INFO] running `Command { std: "docker" "create" "-v" "/var/lib/crater-agent-workspace/builds/worker-7-tc1/target:/opt/rustwide/target:rw,Z" "-v" "/var/lib/crater-agent-workspace/builds/worker-7-tc1/source:/opt/rustwide/workdir:ro,Z" "-v" "/var/lib/crater-agent-workspace/cargo-home:/opt/rustwide/cargo-home:ro,Z" "-v" "/var/lib/crater-agent-workspace/rustup-home:/opt/rustwide/rustup-home:ro,Z" "-e" "SOURCE_DIR=/opt/rustwide/workdir" "-e" "CARGO_TARGET_DIR=/opt/rustwide/target" "-e" "CARGO_INCREMENTAL=0" "-e" "RUST_BACKTRACE=full" "-e" "RUSTFLAGS=--cap-lints=forbid" "-e" "RUSTDOCFLAGS=--cap-lints=forbid" "-e" "CARGO_HOME=/opt/rustwide/cargo-home" "-e" "RUSTUP_HOME=/opt/rustwide/rustup-home" "-w" "/opt/rustwide/workdir" "-m" "1610612736" "--user" "0:0" "--network" "none" "ghcr.io/rust-lang/crates-build-env/linux@sha256:819108c5571ea2e421544af4d832f968d213c87fbe3707a016657f43d2f853bc" "/opt/rustwide/cargo-home/bin/cargo" "+nightly-2025-01-18" "test" "--frozen", kill_on_drop: false }`
[INFO] [stdout] 63772b7eb85d8f4d8042f5aad766e7dd52102a099730e397083d59bb0120879a
[INFO] running `Command { std: "docker" "start" "-a" "63772b7eb85d8f4d8042f5aad766e7dd52102a099730e397083d59bb0120879a", kill_on_drop: false }`
[INFO] [stderr] warning: unused import: `fs::OpenOptions`
[INFO] [stderr]  --> src/libs/log.rs:1:11
[INFO] [stderr]   |
[INFO] [stderr] 1 | use std::{fs::OpenOptions, path::PathBuf};
[INFO] [stderr]   |           ^^^^^^^^^^^^^^^
[INFO] [stderr]   |
[INFO] [stderr]   = note: `#[warn(unused_imports)]` on by default
[INFO] [stderr] 
[INFO] [stderr] warning: unused import: `eyre::WrapErr`
[INFO] [stderr]  --> src/libs/log.rs:6:5
[INFO] [stderr]   |
[INFO] [stderr] 6 | use eyre::WrapErr;
[INFO] [stderr]   |     ^^^^^^^^^^^^^
[INFO] [stderr] 
[INFO] [stderr] warning: unused import: `layer`
[INFO] [stderr]  --> src/libs/log.rs:9:37
[INFO] [stderr]   |
[INFO] [stderr] 9 | use tracing_subscriber::fmt::{self, layer};
[INFO] [stderr]   |                                     ^^^^^
[INFO] [stderr] 
[INFO] [stderr] warning: fields `ctx` and `stream_seq` are never read
[INFO] [stderr]   --> src/libs/ws/push.rs:11:9
[INFO] [stderr]    |
[INFO] [stderr] 10 | pub struct SubscriberContext {
[INFO] [stderr]    |            ----------------- fields in this struct
[INFO] [stderr] 11 |     pub ctx: RequestContext,
[INFO] [stderr]    |         ^^^
[INFO] [stderr] 12 |     pub stream_seq: u32,
[INFO] [stderr]    |         ^^^^^^^^^^
[INFO] [stderr]    |
[INFO] [stderr]    = note: `#[warn(dead_code)]` on by default
[INFO] [stderr] 
[INFO] [stderr] warning: field `subscribers` is never read
[INFO] [stderr]   --> src/libs/ws/push.rs:17:9
[INFO] [stderr]    |
[INFO] [stderr] 16 | pub struct Subscribers {
[INFO] [stderr]    |            ----------- field in this struct
[INFO] [stderr] 17 |     pub subscribers: HashMap<ConnectionId, SubscriberContext>,
[INFO] [stderr]    |         ^^^^^^^^^^^
[INFO] [stderr] 
[INFO] [stderr] warning: field `topics` is never read
[INFO] [stderr]   --> src/libs/ws/push.rs:21:9
[INFO] [stderr]    |
[INFO] [stderr] 20 | pub struct SubscribeManager<Key: Eq + Hash> {
[INFO] [stderr]    |            ---------------- field in this struct
[INFO] [stderr] 21 |     pub topics: DashMap<Key, Subscribers>,
[INFO] [stderr]    |         ^^^^^^
[INFO] [stderr] 
[INFO] [stderr] warning: multiple methods are never used
[INFO] [stderr]   --> src/libs/ws/push.rs:37:12
[INFO] [stderr]    |
[INFO] [stderr] 30 | impl<Key: Hash + Eq + Into<u32>> SubscribeManager<Key> {
[INFO] [stderr]    | ------------------------------------------------------ methods in this implementation
[INFO] [stderr] ...
[INFO] [stderr] 37 |     pub fn add_topics(&self, topics: Vec<Key>) {
[INFO] [stderr]    |            ^^^^^^^^^^
[INFO] [stderr] ...
[INFO] [stderr] 42 |     pub fn add_topic(&self, topic: Key) {
[INFO] [stderr]    |            ^^^^^^^^^
[INFO] [stderr] ...
[INFO] [stderr] 45 |     pub fn subscribe_multi(&self, topics: Vec<Key>, ctx: RequestContext) {
[INFO] [stderr]    |            ^^^^^^^^^^^^^^^
[INFO] [stderr] ...
[INFO] [stderr] 50 |     pub fn subscribe(&self, topic: Key, ctx: RequestContext) {
[INFO] [stderr]    |            ^^^^^^^^^
[INFO] [stderr] ...
[INFO] [stderr] 56 |     pub fn unsubscribe_multi(&self, topics: Vec<Key>, connection_id: ConnectionId) {
[INFO] [stderr]    |            ^^^^^^^^^^^^^^^^^
[INFO] [stderr] ...
[INFO] [stderr] 61 |     pub fn unsubscribe(&self, topic: Key, connection_id: ConnectionId) {
[INFO] [stderr]    |            ^^^^^^^^^^^
[INFO] [stderr] ...
[INFO] [stderr] 66 |     pub fn publish_with_filter(
[INFO] [stderr]    |            ^^^^^^^^^^^^^^^^^^^
[INFO] [stderr] ...
[INFO] [stderr] 98 |     pub fn publish_to_all(&self, toolbox: &ArcToolbox, topic: Key, msg: &impl Serialize) {
[INFO] [stderr]    |            ^^^^^^^^^^^^^^
[INFO] [stderr] 
[INFO] [stderr] warning: `endpoint-libs` (lib) generated 7 warnings (run `cargo fix --lib -p endpoint-libs` to apply 3 suggestions)
[INFO] [stderr] warning: `endpoint-libs` (lib test) generated 7 warnings (7 duplicates)
[INFO] [stderr]     Finished `test` profile [unoptimized + debuginfo] target(s) in 0.39s
[INFO] [stderr]      Running unittests src/lib.rs (/opt/rustwide/target/debug/deps/endpoint_libs-cb049e39cc1ba57b)
[INFO] [stdout] 
[INFO] [stdout] running 5 tests
[INFO] [stdout] test libs::deserializer_wrapper::tests::test_wrapper ... ok
[INFO] [stdout] test libs::ws::subs::tests::test_subscribe ... ok
[INFO] [stdout] test libs::log_reader::tests::log_entry_from_line ... ok
[INFO] [stdout] test libs::log_reader::tests::log_entry_from_line_control_sequence ... ok
[INFO] [stdout] test libs::log_reader::tests::log_entry_from_file ... FAILED
[INFO] [stdout] 
[INFO] [stdout] failures:
[INFO] [stdout] 
[INFO] [stdout] ---- libs::log_reader::tests::log_entry_from_file stdout ----
[INFO] [stdout] 
[INFO] [stdout] thread 'libs::log_reader::tests::log_entry_from_file' panicked at src/libs/log_reader.rs:137:55:
[INFO] [stdout] called `Result::unwrap()` on an `Err` value: No such file or directory (os error 2)
[INFO] [stdout] 
[INFO] [stdout] Location:
[INFO] [stdout]     src/libs/log_reader.rs:54:16
[INFO] [stdout] stack backtrace:
[INFO] [stdout]    0:     0x5ea99d2e11fa - std::backtrace_rs::backtrace::libunwind::trace::hb059275cfc8d6126
[INFO] [stdout]                                at /rustc/6067b36314ab5eb2eb47cecc464545ba58e1ad24/library/std/src/../../backtrace/src/backtrace/libunwind.rs:116:5
[INFO] [stdout]    1:     0x5ea99d2e11fa - std::backtrace_rs::backtrace::trace_unsynchronized::h2da071e4327ce3ee
[INFO] [stdout]                                at /rustc/6067b36314ab5eb2eb47cecc464545ba58e1ad24/library/std/src/../../backtrace/src/backtrace/mod.rs:66:5
[INFO] [stdout]    2:     0x5ea99d2e11fa - std::sys::backtrace::_print_fmt::h842a1474e6f8d23f
[INFO] [stdout]                                at /rustc/6067b36314ab5eb2eb47cecc464545ba58e1ad24/library/std/src/sys/backtrace.rs:66:9
[INFO] [stdout]    3:     0x5ea99d2e11fa - <std::sys::backtrace::BacktraceLock::print::DisplayBacktrace as core::fmt::Display>::fmt::h71a62eb3b9696b12
[INFO] [stdout]                                at /rustc/6067b36314ab5eb2eb47cecc464545ba58e1ad24/library/std/src/sys/backtrace.rs:39:26
[INFO] [stdout]    4:     0x5ea99d309893 - core::fmt::rt::Argument::fmt::hdb6b616786b41dc1
[INFO] [stdout]                                at /rustc/6067b36314ab5eb2eb47cecc464545ba58e1ad24/library/core/src/fmt/rt.rs:177:76
[INFO] [stdout]    5:     0x5ea99d309893 - core::fmt::write::h2cc1698af7e2d686
[INFO] [stdout]                                at /rustc/6067b36314ab5eb2eb47cecc464545ba58e1ad24/library/core/src/fmt/mod.rs:1440:21
[INFO] [stdout]    6:     0x5ea99d2ddb73 - std::io::Write::write_fmt::hab1b4cd059a79022
[INFO] [stdout]                                at /rustc/6067b36314ab5eb2eb47cecc464545ba58e1ad24/library/std/src/io/mod.rs:1887:15
[INFO] [stdout]    7:     0x5ea99d2e1042 - std::sys::backtrace::BacktraceLock::print::h147fe35b4ea13b08
[INFO] [stdout]                                at /rustc/6067b36314ab5eb2eb47cecc464545ba58e1ad24/library/std/src/sys/backtrace.rs:42:9
[INFO] [stdout]    8:     0x5ea99d2e261f - std::panicking::default_hook::{{closure}}::hbd44223dbdc0d208
[INFO] [stdout]                                at /rustc/6067b36314ab5eb2eb47cecc464545ba58e1ad24/library/std/src/panicking.rs:298:22
[INFO] [stdout]    9:     0x5ea99d2e2438 - std::panicking::default_hook::h20f81eb0576efcec
[INFO] [stdout]                                at /rustc/6067b36314ab5eb2eb47cecc464545ba58e1ad24/library/std/src/panicking.rs:322:9
[INFO] [stdout]   10:     0x5ea99cf3d503 - <alloc::boxed::Box<F,A> as core::ops::function::Fn<Args>>::call::hdb53814c496a4d34
[INFO] [stdout]                                at /rustc/6067b36314ab5eb2eb47cecc464545ba58e1ad24/library/alloc/src/boxed.rs:2027:9
[INFO] [stdout]   11:     0x5ea99cf3d503 - test::test_main::{{closure}}::hc0a4963c59427c24
[INFO] [stdout]                                at /rustc/6067b36314ab5eb2eb47cecc464545ba58e1ad24/library/test/src/lib.rs:134:21
[INFO] [stdout]   12:     0x5ea99d2e3113 - <alloc::boxed::Box<F,A> as core::ops::function::Fn<Args>>::call::h591b2225413a77e9
[INFO] [stdout]                                at /rustc/6067b36314ab5eb2eb47cecc464545ba58e1ad24/library/alloc/src/boxed.rs:2027:9
[INFO] [stdout]   13:     0x5ea99d2e3113 - std::panicking::rust_panic_with_hook::h625eea43051b2edc
[INFO] [stdout]                                at /rustc/6067b36314ab5eb2eb47cecc464545ba58e1ad24/library/std/src/panicking.rs:839:13
[INFO] [stdout]   14:     0x5ea99d2e2dca - std::panicking::begin_panic_handler::{{closure}}::h4f9159cfbc3f6bd3
[INFO] [stdout]                                at /rustc/6067b36314ab5eb2eb47cecc464545ba58e1ad24/library/std/src/panicking.rs:704:13
[INFO] [stdout]   15:     0x5ea99d2e16f9 - std::sys::backtrace::__rust_end_short_backtrace::h0390abce48353151
[INFO] [stdout]                                at /rustc/6067b36314ab5eb2eb47cecc464545ba58e1ad24/library/std/src/sys/backtrace.rs:168:18
[INFO] [stdout]   16:     0x5ea99d2e2a5d - rust_begin_unwind
[INFO] [stdout]                                at /rustc/6067b36314ab5eb2eb47cecc464545ba58e1ad24/library/std/src/panicking.rs:695:5
[INFO] [stdout]   17:     0x5ea99d307ea0 - core::panicking::panic_fmt::h9e7c637e9e5f29c9
[INFO] [stdout]                                at /rustc/6067b36314ab5eb2eb47cecc464545ba58e1ad24/library/core/src/panicking.rs:75:14
[INFO] [stdout]   18:     0x5ea99d308376 - core::result::unwrap_failed::h7979f09313fe1849
[INFO] [stdout]                                at /rustc/6067b36314ab5eb2eb47cecc464545ba58e1ad24/library/core/src/result.rs:1704:5
[INFO] [stdout]   19:     0x5ea99cefcc45 - core::result::Result<T,E>::unwrap::ha4e032b6bea8c213
[INFO] [stdout]                                at /rustc/6067b36314ab5eb2eb47cecc464545ba58e1ad24/library/core/src/result.rs:1109:23
[INFO] [stdout]   20:     0x5ea99cefcc45 - endpoint_libs::libs::log_reader::tests::log_entry_from_file::{{closure}}::hee1fc4957a0dc805
[INFO] [stdout]                                at /opt/rustwide/workdir/src/libs/log_reader.rs:137:23
[INFO] [stdout]   21:     0x5ea99cedd1d2 - <core::pin::Pin<P> as core::future::future::Future>::poll::hf59706827034f2a5
[INFO] [stdout]                                at /rustc/6067b36314ab5eb2eb47cecc464545ba58e1ad24/library/core/src/future/future.rs:124:9
[INFO] [stdout]   22:     0x5ea99cedd14d - <core::pin::Pin<P> as core::future::future::Future>::poll::h525a87288d1403f0
[INFO] [stdout]                                at /rustc/6067b36314ab5eb2eb47cecc464545ba58e1ad24/library/core/src/future/future.rs:124:9
[INFO] [stdout]   23:     0x5ea99cedc49f - tokio::runtime::scheduler::current_thread::CoreGuard::block_on::{{closure}}::{{closure}}::{{closure}}::ha7cfe05abbaf3e24
[INFO] [stdout]                                at /opt/rustwide/cargo-home/registry/src/index.crates.io-1949cf8c6b5b557f/tokio-1.40.0/src/runtime/scheduler/current_thread/mod.rs:696:57
[INFO] [stdout]   24:     0x5ea99cedc3a5 - tokio::runtime::coop::with_budget::h9a102a757b2a91d2
[INFO] [stdout]                                at /opt/rustwide/cargo-home/registry/src/index.crates.io-1949cf8c6b5b557f/tokio-1.40.0/src/runtime/coop.rs:107:5
[INFO] [stdout]   25:     0x5ea99cedc3a5 - tokio::runtime::coop::budget::h15a276600cc94dbb
[INFO] [stdout]                                at /opt/rustwide/cargo-home/registry/src/index.crates.io-1949cf8c6b5b557f/tokio-1.40.0/src/runtime/coop.rs:73:5
[INFO] [stdout]   26:     0x5ea99cedc3a5 - tokio::runtime::scheduler::current_thread::CoreGuard::block_on::{{closure}}::{{closure}}::h6401f610b2a95b80
[INFO] [stdout]                                at /opt/rustwide/cargo-home/registry/src/index.crates.io-1949cf8c6b5b557f/tokio-1.40.0/src/runtime/scheduler/current_thread/mod.rs:696:25
[INFO] [stdout]   27:     0x5ea99ced99c0 - tokio::runtime::scheduler::current_thread::Context::enter::h4e91d57252856f76
[INFO] [stdout]                                at /opt/rustwide/cargo-home/registry/src/index.crates.io-1949cf8c6b5b557f/tokio-1.40.0/src/runtime/scheduler/current_thread/mod.rs:423:19
[INFO] [stdout]   28:     0x5ea99cedba4e - tokio::runtime::scheduler::current_thread::CoreGuard::block_on::{{closure}}::hf1c72e92a0ba02a2
[INFO] [stdout]                                at /opt/rustwide/cargo-home/registry/src/index.crates.io-1949cf8c6b5b557f/tokio-1.40.0/src/runtime/scheduler/current_thread/mod.rs:695:36
[INFO] [stdout]   29:     0x5ea99cedaec4 - tokio::runtime::scheduler::current_thread::CoreGuard::enter::{{closure}}::h4bfc8ded6be674b2
[INFO] [stdout]                                at /opt/rustwide/cargo-home/registry/src/index.crates.io-1949cf8c6b5b557f/tokio-1.40.0/src/runtime/scheduler/current_thread/mod.rs:774:68
[INFO] [stdout]   30:     0x5ea99cefafbb - tokio::runtime::context::scoped::Scoped<T>::set::hed7148fd1091bd80
[INFO] [stdout]                                at /opt/rustwide/cargo-home/registry/src/index.crates.io-1949cf8c6b5b557f/tokio-1.40.0/src/runtime/context/scoped.rs:40:9
[INFO] [stdout]   31:     0x5ea99cefab69 - tokio::runtime::context::set_scheduler::{{closure}}::h1950bcc69d67bd86
[INFO] [stdout]                                at /opt/rustwide/cargo-home/registry/src/index.crates.io-1949cf8c6b5b557f/tokio-1.40.0/src/runtime/context.rs:180:26
[INFO] [stdout]   32:     0x5ea99cef77e2 - std::thread::local::LocalKey<T>::try_with::h5a5f3c4a63912a9c
[INFO] [stdout]                                at /rustc/6067b36314ab5eb2eb47cecc464545ba58e1ad24/library/std/src/thread/local.rs:308:12
[INFO] [stdout]   33:     0x5ea99cef6faa - std::thread::local::LocalKey<T>::with::h149c957d2f190898
[INFO] [stdout]                                at /rustc/6067b36314ab5eb2eb47cecc464545ba58e1ad24/library/std/src/thread/local.rs:272:9
[INFO] [stdout]   34:     0x5ea99cefaadd - tokio::runtime::context::set_scheduler::hc2755037e5acff54
[INFO] [stdout]                                at /opt/rustwide/cargo-home/registry/src/index.crates.io-1949cf8c6b5b557f/tokio-1.40.0/src/runtime/context.rs:180:9
[INFO] [stdout]   35:     0x5ea99ceda830 - tokio::runtime::scheduler::current_thread::CoreGuard::enter::h7d03a7626e14ea53
[INFO] [stdout]                                at /opt/rustwide/cargo-home/registry/src/index.crates.io-1949cf8c6b5b557f/tokio-1.40.0/src/runtime/scheduler/current_thread/mod.rs:774:27
[INFO] [stdout]   36:     0x5ea99cedaee3 - tokio::runtime::scheduler::current_thread::CoreGuard::block_on::h9d2d9fe87e4c8f93
[INFO] [stdout]                                at /opt/rustwide/cargo-home/registry/src/index.crates.io-1949cf8c6b5b557f/tokio-1.40.0/src/runtime/scheduler/current_thread/mod.rs:683:19
[INFO] [stdout]   37:     0x5ea99ced915a - tokio::runtime::scheduler::current_thread::CurrentThread::block_on::{{closure}}::he00ff61f30004729
[INFO] [stdout]                                at /opt/rustwide/cargo-home/registry/src/index.crates.io-1949cf8c6b5b557f/tokio-1.40.0/src/runtime/scheduler/current_thread/mod.rs:191:28
[INFO] [stdout]   38:     0x5ea99cee8476 - tokio::runtime::context::runtime::enter_runtime::h07d5cb6e576b2f03
[INFO] [stdout]                                at /opt/rustwide/cargo-home/registry/src/index.crates.io-1949cf8c6b5b557f/tokio-1.40.0/src/runtime/context/runtime.rs:65:16
[INFO] [stdout]   39:     0x5ea99ced89d1 - tokio::runtime::scheduler::current_thread::CurrentThread::block_on::h11cc2e21c0cf77d7
[INFO] [stdout]                                at /opt/rustwide/cargo-home/registry/src/index.crates.io-1949cf8c6b5b557f/tokio-1.40.0/src/runtime/scheduler/current_thread/mod.rs:179:9
[INFO] [stdout]   40:     0x5ea99ceffdad - tokio::runtime::runtime::Runtime::block_on_inner::h6519c3b8ba339a09
[INFO] [stdout]                                at /opt/rustwide/cargo-home/registry/src/index.crates.io-1949cf8c6b5b557f/tokio-1.40.0/src/runtime/runtime.rs:361:47
[INFO] [stdout]   41:     0x5ea99cefffd5 - tokio::runtime::runtime::Runtime::block_on::hbdd3d0bbbc9970e9
[INFO] [stdout]                                at /opt/rustwide/cargo-home/registry/src/index.crates.io-1949cf8c6b5b557f/tokio-1.40.0/src/runtime/runtime.rs:335:13
[INFO] [stdout]   42:     0x5ea99cefc96f - endpoint_libs::libs::log_reader::tests::log_entry_from_file::h12bd76da4dbe0750
[INFO] [stdout]                                at /opt/rustwide/workdir/src/libs/log_reader.rs:139:9
[INFO] [stdout]   43:     0x5ea99cefc827 - endpoint_libs::libs::log_reader::tests::log_entry_from_file::{{closure}}::h2f0d78dca5c658f3
[INFO] [stdout]                                at /opt/rustwide/workdir/src/libs/log_reader.rs:134:35
[INFO] [stdout]   44:     0x5ea99cef2716 - core::ops::function::FnOnce::call_once::heb080505d8f80639
[INFO] [stdout]                                at /rustc/6067b36314ab5eb2eb47cecc464545ba58e1ad24/library/core/src/ops/function.rs:250:5
[INFO] [stdout]   45:     0x5ea99cf42c5b - core::ops::function::FnOnce::call_once::he27718dfdd183f43
[INFO] [stdout]                                at /rustc/6067b36314ab5eb2eb47cecc464545ba58e1ad24/library/core/src/ops/function.rs:250:5
[INFO] [stdout]   46:     0x5ea99cf42c5b - test::__rust_begin_short_backtrace::h4e84902998457a5d
[INFO] [stdout]                                at /rustc/6067b36314ab5eb2eb47cecc464545ba58e1ad24/library/test/src/lib.rs:632:18
[INFO] [stdout]   47:     0x5ea99cf41b93 - test::run_test_in_process::{{closure}}::h7176fd18fc1feca0
[INFO] [stdout]                                at /rustc/6067b36314ab5eb2eb47cecc464545ba58e1ad24/library/test/src/lib.rs:655:60
[INFO] [stdout]   48:     0x5ea99cf41b93 - <core::panic::unwind_safe::AssertUnwindSafe<F> as core::ops::function::FnOnce<()>>::call_once::hf79cff2a624d8cf7
[INFO] [stdout]                                at /rustc/6067b36314ab5eb2eb47cecc464545ba58e1ad24/library/core/src/panic/unwind_safe.rs:272:9
[INFO] [stdout]   49:     0x5ea99cf41b93 - std::panicking::try::do_call::h3da0561d9ab99c25
[INFO] [stdout]                                at /rustc/6067b36314ab5eb2eb47cecc464545ba58e1ad24/library/std/src/panicking.rs:587:40
[INFO] [stdout]   50:     0x5ea99cf41b93 - std::panicking::try::h41c9fa508bc61df6
[INFO] [stdout]                                at /rustc/6067b36314ab5eb2eb47cecc464545ba58e1ad24/library/std/src/panicking.rs:550:19
[INFO] [stdout]   51:     0x5ea99cf41b93 - std::panic::catch_unwind::h6b3ff07bb5afad93
[INFO] [stdout]                                at /rustc/6067b36314ab5eb2eb47cecc464545ba58e1ad24/library/std/src/panic.rs:358:14
[INFO] [stdout]   52:     0x5ea99cf41b93 - test::run_test_in_process::hc7253dd11b39b9f4
[INFO] [stdout]                                at /rustc/6067b36314ab5eb2eb47cecc464545ba58e1ad24/library/test/src/lib.rs:655:27
[INFO] [stdout]   53:     0x5ea99cf41b93 - test::run_test::{{closure}}::hfb2007f8649c30bb
[INFO] [stdout]                                at /rustc/6067b36314ab5eb2eb47cecc464545ba58e1ad24/library/test/src/lib.rs:576:43
[INFO] [stdout]   54:     0x5ea99cf04c75 - test::run_test::{{closure}}::h56a17aa7a282a9f4
[INFO] [stdout]                                at /rustc/6067b36314ab5eb2eb47cecc464545ba58e1ad24/library/test/src/lib.rs:606:41
[INFO] [stdout]   55:     0x5ea99cf04c75 - std::sys::backtrace::__rust_begin_short_backtrace::hd2d2d2fb8e8c6aac
[INFO] [stdout]                                at /rustc/6067b36314ab5eb2eb47cecc464545ba58e1ad24/library/std/src/sys/backtrace.rs:152:18
[INFO] [stdout]   56:     0x5ea99cf0855a - std::thread::Builder::spawn_unchecked_::{{closure}}::{{closure}}::h4faa3f9db6133423
[INFO] [stdout]                                at /rustc/6067b36314ab5eb2eb47cecc464545ba58e1ad24/library/std/src/thread/mod.rs:559:17
[INFO] [stdout]   57:     0x5ea99cf0855a - <core::panic::unwind_safe::AssertUnwindSafe<F> as core::ops::function::FnOnce<()>>::call_once::hf2e855a36a4ea846
[INFO] [stdout]                                at /rustc/6067b36314ab5eb2eb47cecc464545ba58e1ad24/library/core/src/panic/unwind_safe.rs:272:9
[INFO] [stdout]   58:     0x5ea99cf0855a - std::panicking::try::do_call::h2f73af3616c35465
[INFO] [stdout]                                at /rustc/6067b36314ab5eb2eb47cecc464545ba58e1ad24/library/std/src/panicking.rs:587:40
[INFO] [stdout]   59:     0x5ea99cf0855a - std::panicking::try::hd1660ce9efadef5a
[INFO] [stdout]                                at /rustc/6067b36314ab5eb2eb47cecc464545ba58e1ad24/library/std/src/panicking.rs:550:19
[INFO] [stdout]   60:     0x5ea99cf0855a - std::panic::catch_unwind::h5ee8d7823b8ca744
[INFO] [stdout]                                at /rustc/6067b36314ab5eb2eb47cecc464545ba58e1ad24/library/std/src/panic.rs:358:14
[INFO] [stdout]   61:     0x5ea99cf0855a - std::thread::Builder::spawn_unchecked_::{{closure}}::h53c3a1894dce8407
[INFO] [stdout]                                at /rustc/6067b36314ab5eb2eb47cecc464545ba58e1ad24/library/std/src/thread/mod.rs:557:30
[INFO] [stdout]   62:     0x5ea99cf0855a - core::ops::function::FnOnce::call_once{{vtable.shim}}::h048ce291ad4f62bf
[INFO] [stdout]                                at /rustc/6067b36314ab5eb2eb47cecc464545ba58e1ad24/library/core/src/ops/function.rs:250:5
[INFO] [stdout]   63:     0x5ea99d2e72db - <alloc::boxed::Box<F,A> as core::ops::function::FnOnce<Args>>::call_once::ha52bedf99a3b4981
[INFO] [stdout]                                at /rustc/6067b36314ab5eb2eb47cecc464545ba58e1ad24/library/alloc/src/boxed.rs:2013:9
[INFO] [stdout]   64:     0x5ea99d2e72db - <alloc::boxed::Box<F,A> as core::ops::function::FnOnce<Args>>::call_once::h567748934d80ccf8
[INFO] [stdout]                                at /rustc/6067b36314ab5eb2eb47cecc464545ba58e1ad24/library/alloc/src/boxed.rs:2013:9
[INFO] [stdout]   65:     0x5ea99d2e72db - std::sys::pal::unix::thread::Thread::new::thread_start::h2d970728ae887adc
[INFO] [stdout]                                at /rustc/6067b36314ab5eb2eb47cecc464545ba58e1ad24/library/std/src/sys/pal/unix/thread.rs:106:17
[INFO] [stdout]   66:     0x7c61e9888ac3 - <unknown>
[INFO] [stdout]   67:     0x7c61e9919a04 - clone
[INFO] [stdout]   68:                0x0 - <unknown>
[INFO] [stdout] 
[INFO] [stdout] 
[INFO] [stdout] failures:
[INFO] [stdout]     libs::log_reader::tests::log_entry_from_file
[INFO] [stdout] 
[INFO] [stdout] test result: FAILED. 4 passed; 1 failed; 0 ignored; 0 measured; 0 filtered out; finished in 0.19s
[INFO] [stdout] 
[INFO] [stderr] error: test failed, to rerun pass `--lib`
[INFO] running `Command { std: "docker" "inspect" "63772b7eb85d8f4d8042f5aad766e7dd52102a099730e397083d59bb0120879a", kill_on_drop: false }`
[INFO] running `Command { std: "docker" "rm" "-f" "63772b7eb85d8f4d8042f5aad766e7dd52102a099730e397083d59bb0120879a", kill_on_drop: false }`
[INFO] [stdout] 63772b7eb85d8f4d8042f5aad766e7dd52102a099730e397083d59bb0120879a
