[INFO] cloning repository https://github.com/pasqal-io/qlafoutea
[INFO] running `Command { std: "git" "-c" "credential.helper=" "-c" "credential.helper=/workspace/cargo-home/bin/git-credential-null" "clone" "--bare" "https://github.com/pasqal-io/qlafoutea" "/workspace/cache/git-repos/https%3A%2F%2Fgithub.com%2Fpasqal-io%2Fqlafoutea", kill_on_drop: false }`
[INFO] [stderr] Cloning into bare repository '/workspace/cache/git-repos/https%3A%2F%2Fgithub.com%2Fpasqal-io%2Fqlafoutea'...
[INFO] running `Command { std: "git" "rev-parse" "HEAD", kill_on_drop: false }`
[INFO] [stdout] 399a3794bfedf4c9e337b197f531d545b7072674
[INFO] testing pasqal-io/qlafoutea against nightly-2025-01-18 for randomize-layout-2
[INFO] running `Command { std: "git" "clone" "/workspace/cache/git-repos/https%3A%2F%2Fgithub.com%2Fpasqal-io%2Fqlafoutea" "/workspace/builds/worker-2-tc1/source", kill_on_drop: false }`
[INFO] [stderr] Cloning into '/workspace/builds/worker-2-tc1/source'...
[INFO] [stderr] done.
[INFO] validating manifest of git repo https://github.com/pasqal-io/qlafoutea on toolchain nightly-2025-01-18
[INFO] running `Command { std: CARGO_HOME="/workspace/cargo-home" RUSTUP_HOME="/workspace/rustup-home" "/workspace/cargo-home/bin/cargo" "+nightly-2025-01-18" "metadata" "--manifest-path" "Cargo.toml" "--no-deps", kill_on_drop: false }`
[INFO] started tweaking git repo https://github.com/pasqal-io/qlafoutea
[INFO] finished tweaking git repo https://github.com/pasqal-io/qlafoutea
[INFO] tweaked toml for git repo https://github.com/pasqal-io/qlafoutea written to /workspace/builds/worker-2-tc1/source/Cargo.toml
[INFO] crate git repo https://github.com/pasqal-io/qlafoutea already has a lockfile, it will not be regenerated
[INFO] running `Command { std: CARGO_HOME="/workspace/cargo-home" RUSTUP_HOME="/workspace/rustup-home" "/workspace/cargo-home/bin/cargo" "+nightly-2025-01-18" "fetch" "--manifest-path" "Cargo.toml", kill_on_drop: false }`
[INFO] [stderr]     Updating crates.io index
[INFO] [stderr]  Downloading crates ...
[INFO] [stderr]   Downloaded wasmtime-winch v21.0.1
[INFO] [stderr]   Downloaded unindent v0.2.3
[INFO] [stderr]   Downloaded wasmtime-versioned-export-macros v21.0.1
[INFO] [stderr]   Downloaded wasmtime-asm-macros v21.0.1
[INFO] [stderr]   Downloaded wasmtime-slab v21.0.1
[INFO] [stderr]   Downloaded wasmtime-jit-icache-coherence v21.0.1
[INFO] [stderr]   Downloaded ittapi v0.4.0
[INFO] [stderr]   Downloaded wasmtime-jit-debug v21.0.1
[INFO] [stderr]   Downloaded cranelift-control v0.108.1
[INFO] [stderr]   Downloaded indoc v2.0.5
[INFO] [stderr]   Downloaded medians v3.0.10
[INFO] [stderr]   Downloaded pyo3-build-config v0.21.2
[INFO] [stderr]   Downloaded argmin-math v0.4.0
[INFO] [stderr]   Downloaded fxprof-processed-profile v0.6.0
[INFO] [stderr]   Downloaded pyo3-macros-backend v0.21.2
[INFO] [stderr]   Downloaded pyo3-ffi v0.21.2
[INFO] [stderr]   Downloaded argmin v0.10.0
[INFO] [stderr]   Downloaded toml_edit v0.22.14
[INFO] [stderr]   Downloaded ittapi-sys v0.4.0
[INFO] [stderr]   Downloaded regalloc2 v0.9.3
[INFO] [stderr]   Downloaded zerocopy v0.7.34
[INFO] [stderr]   Downloaded wasmparser v0.207.0
[INFO] [stderr]   Downloaded wasmtime-environ v21.0.1
[INFO] [stderr]   Downloaded wit-parser v0.207.0
[INFO] [stderr]   Downloaded wasmtime-cranelift v21.0.1
[INFO] [stderr]   Downloaded wast v209.0.1
[INFO] [stderr]   Downloaded cc v1.0.99
[INFO] [stderr]   Downloaded cranelift-codegen-meta v0.108.1
[INFO] [stderr]   Downloaded object v0.33.0
[INFO] [stderr]   Downloaded cranelift-isle v0.108.1
[INFO] [stderr]   Downloaded cpp_demangle v0.4.3
[INFO] [stderr]   Downloaded serde v1.0.201
[INFO] [stderr]   Downloaded cranelift-wasm v0.108.1
[INFO] [stderr]   Downloaded zerocopy-derive v0.7.34
[INFO] [stderr]   Downloaded winch-codegen v0.19.1
[INFO] [stderr]   Downloaded wasmtime-fiber v21.0.1
[INFO] [stderr]   Downloaded wasm-encoder v0.207.0
[INFO] [stderr]   Downloaded pyo3 v0.21.2
[INFO] [stderr]   Downloaded wasmprinter v0.207.0
[INFO] [stderr]   Downloaded cranelift-entity v0.108.1
[INFO] [stderr]   Downloaded indxvec v1.9.0
[INFO] [stderr]   Downloaded wasmtime-cache v21.0.1
[INFO] [stderr]   Downloaded serde_derive v1.0.201
[INFO] [stderr]   Downloaded memfd v0.6.4
[INFO] [stderr]   Downloaded wasmtime-wit-bindgen v21.0.1
[INFO] [stderr]   Downloaded wasmtime-component-macro v21.0.1
[INFO] [stderr]   Downloaded wasmtime v21.0.1
[INFO] [stderr]   Downloaded cranelift-bforest v0.108.1
[INFO] [stderr]   Downloaded cranelift-frontend v0.108.1
[INFO] [stderr]   Downloaded pyo3-macros v0.21.2
[INFO] [stderr]   Downloaded cranelift-native v0.108.1
[INFO] [stderr]   Downloaded wat v1.209.1
[INFO] [stderr]   Downloaded wasmtime-types v21.0.1
[INFO] [stderr]   Downloaded wasm-encoder v0.209.1
[INFO] [stderr]   Downloaded cranelift-codegen-shared v0.108.1
[INFO] [stderr]   Downloaded wasmtime-component-util v21.0.1
[INFO] [stderr]   Downloaded cranelift-codegen v0.108.1
[INFO] running `Command { std: "docker" "create" "-v" "/var/lib/crater-agent-workspace/builds/worker-2-tc1/target:/opt/rustwide/target:rw,Z" "-v" "/var/lib/crater-agent-workspace/builds/worker-2-tc1/source:/opt/rustwide/workdir:ro,Z" "-v" "/var/lib/crater-agent-workspace/cargo-home:/opt/rustwide/cargo-home:ro,Z" "-v" "/var/lib/crater-agent-workspace/rustup-home:/opt/rustwide/rustup-home:ro,Z" "-e" "SOURCE_DIR=/opt/rustwide/workdir" "-e" "CARGO_TARGET_DIR=/opt/rustwide/target" "-e" "CARGO_HOME=/opt/rustwide/cargo-home" "-e" "RUSTUP_HOME=/opt/rustwide/rustup-home" "-w" "/opt/rustwide/workdir" "-m" "1610612736" "--user" "0:0" "--network" "none" "ghcr.io/rust-lang/crates-build-env/linux@sha256:819108c5571ea2e421544af4d832f968d213c87fbe3707a016657f43d2f853bc" "/opt/rustwide/cargo-home/bin/cargo" "+nightly-2025-01-18" "metadata" "--no-deps" "--format-version=1", kill_on_drop: false }`
[INFO] [stdout] cc15a3e36b1179eeb86662341e916ff4e115620065240db1fce2e519f453d192
[INFO] running `Command { std: "docker" "start" "-a" "cc15a3e36b1179eeb86662341e916ff4e115620065240db1fce2e519f453d192", kill_on_drop: false }`
[INFO] running `Command { std: "docker" "inspect" "cc15a3e36b1179eeb86662341e916ff4e115620065240db1fce2e519f453d192", kill_on_drop: false }`
[INFO] running `Command { std: "docker" "rm" "-f" "cc15a3e36b1179eeb86662341e916ff4e115620065240db1fce2e519f453d192", kill_on_drop: false }`
[INFO] [stdout] cc15a3e36b1179eeb86662341e916ff4e115620065240db1fce2e519f453d192
[INFO] running `Command { std: "docker" "create" "-v" "/var/lib/crater-agent-workspace/builds/worker-2-tc1/target:/opt/rustwide/target:rw,Z" "-v" "/var/lib/crater-agent-workspace/builds/worker-2-tc1/source:/opt/rustwide/workdir:ro,Z" "-v" "/var/lib/crater-agent-workspace/cargo-home:/opt/rustwide/cargo-home:ro,Z" "-v" "/var/lib/crater-agent-workspace/rustup-home:/opt/rustwide/rustup-home:ro,Z" "-e" "SOURCE_DIR=/opt/rustwide/workdir" "-e" "CARGO_TARGET_DIR=/opt/rustwide/target" "-e" "CARGO_INCREMENTAL=0" "-e" "RUST_BACKTRACE=full" "-e" "RUSTFLAGS=--cap-lints=forbid" "-e" "RUSTDOCFLAGS=--cap-lints=forbid" "-e" "CARGO_HOME=/opt/rustwide/cargo-home" "-e" "RUSTUP_HOME=/opt/rustwide/rustup-home" "-w" "/opt/rustwide/workdir" "-m" "1610612736" "--user" "0:0" "--network" "none" "ghcr.io/rust-lang/crates-build-env/linux@sha256:819108c5571ea2e421544af4d832f968d213c87fbe3707a016657f43d2f853bc" "/opt/rustwide/cargo-home/bin/cargo" "+nightly-2025-01-18" "build" "--frozen" "--message-format=json", kill_on_drop: false }`
[INFO] [stdout] 77ff5f6362fa72f7e2b43c637cd5e31e1f59fe8ffa03d3438150c1b287943b3b
[INFO] running `Command { std: "docker" "start" "-a" "77ff5f6362fa72f7e2b43c637cd5e31e1f59fe8ffa03d3438150c1b287943b3b", kill_on_drop: false }`
[INFO] [stderr]    Compiling proc-macro2 v1.0.79
[INFO] [stderr]    Compiling unicode-ident v1.0.12
[INFO] [stderr]    Compiling once_cell v1.19.0
[INFO] [stderr]    Compiling cfg-if v1.0.0
[INFO] [stderr]    Compiling version_check v0.9.4
[INFO] [stderr]    Compiling serde v1.0.201
[INFO] [stderr]    Compiling libc v0.2.153
[INFO] [stderr]    Compiling zerocopy v0.7.34
[INFO] [stderr]    Compiling equivalent v1.0.1
[INFO] [stderr]    Compiling target-lexicon v0.12.14
[INFO] [stderr]    Compiling autocfg v1.2.0
[INFO] [stderr]    Compiling anyhow v1.0.81
[INFO] [stderr]    Compiling log v0.4.21
[INFO] [stderr]    Compiling bitflags v2.5.0
[INFO] [stderr]    Compiling cranelift-isle v0.108.1
[INFO] [stderr]    Compiling itoa v1.0.11
[INFO] [stderr]    Compiling typenum v1.17.0
[INFO] [stderr]    Compiling cranelift-codegen-shared v0.108.1
[INFO] [stderr]    Compiling ryu v1.0.17
[INFO] [stderr]    Compiling semver v1.0.22
[INFO] [stderr]    Compiling memchr v2.7.2
[INFO] [stderr]    Compiling cranelift-codegen-meta v0.108.1
[INFO] [stderr]    Compiling bumpalo v3.16.0
[INFO] [stderr]    Compiling serde_json v1.0.115
[INFO] [stderr]    Compiling crossbeam-utils v0.8.19
[INFO] [stderr]    Compiling pkg-config v0.3.30
[INFO] [stderr]    Compiling ahash v0.8.11
[INFO] [stderr]    Compiling generic-array v0.14.7
[INFO] [stderr]    Compiling num-traits v0.2.18
[INFO] [stderr]    Compiling rustc-hash v1.1.0
[INFO] [stderr]    Compiling arbitrary v1.3.2
[INFO] [stderr]    Compiling rustix v0.38.34
[INFO] [stderr]    Compiling leb128 v0.2.5
[INFO] [stderr]    Compiling slice-group-by v0.3.1
[INFO] [stderr]    Compiling hashbrown v0.14.5
[INFO] [stderr]    Compiling hashbrown v0.13.2
[INFO] [stderr]    Compiling either v1.10.0
[INFO] [stderr]    Compiling pyo3-build-config v0.21.2
[INFO] [stderr]    Compiling quote v1.0.35
[INFO] [stderr]    Compiling jobserver v0.1.31
[INFO] [stderr]    Compiling getrandom v0.2.12
[INFO] [stderr]    Compiling thiserror v1.0.58
[INFO] [stderr]    Compiling heck v0.4.1
[INFO] [stderr]    Compiling syn v2.0.55
[INFO] [stderr]    Compiling cranelift-control v0.108.1
[INFO] [stderr]    Compiling linux-raw-sys v0.4.14
[INFO] [stderr]    Compiling crossbeam-epoch v0.9.18
[INFO] [stderr]    Compiling cc v1.0.99
[INFO] [stderr]    Compiling rand_core v0.6.4
[INFO] [stderr]    Compiling crc32fast v1.4.2
[INFO] [stderr]    Compiling zstd-safe v7.1.0
[INFO] [stderr]    Compiling cobs v0.2.3
[INFO] [stderr]    Compiling embedded-io v0.4.0
[INFO] [stderr]    Compiling cpp_demangle v0.4.3
[INFO] [stderr]    Compiling rayon-core v1.12.1
[INFO] [stderr]    Compiling block-buffer v0.10.4
[INFO] [stderr]    Compiling crypto-common v0.1.6
[INFO] [stderr]    Compiling crossbeam-deque v0.8.5
[INFO] [stderr]    Compiling memoffset v0.9.1
[INFO] [stderr]    Compiling lock_api v0.4.12
[INFO] [stderr]    Compiling unicode-xid v0.2.4
[INFO] [stderr]    Compiling ppv-lite86 v0.2.17
[INFO] [stderr]    Compiling wasmtime-component-util v21.0.1
[INFO] [stderr]    Compiling parking_lot_core v0.9.10
[INFO] [stderr]    Compiling paste v1.0.14
[INFO] [stderr]    Compiling utf8parse v0.2.1
[INFO] [stderr]    Compiling id-arena v2.2.1
[INFO] [stderr]    Compiling winnow v0.6.13
[INFO] [stderr]    Compiling anstyle-parse v0.2.3
[INFO] [stderr]    Compiling digest v0.10.7
[INFO] [stderr]    Compiling dirs-sys-next v0.1.2
[INFO] [stderr]    Compiling itertools v0.12.1
[INFO] [stderr]    Compiling wasm-encoder v0.209.1
[INFO] [stderr]    Compiling wasm-encoder v0.207.0
[INFO] [stderr]    Compiling rand_chacha v0.3.1
[INFO] [stderr]    Compiling num-integer v0.1.46
[INFO] [stderr]    Compiling num-complex v0.4.5
[INFO] [stderr]    Compiling matrixmultiply v0.3.8
[INFO] [stderr]    Compiling colorchoice v1.0.0
[INFO] [stderr]    Compiling wasmtime-cache v21.0.1
[INFO] [stderr]    Compiling anstyle v1.0.6
[INFO] [stderr]    Compiling portable-atomic v1.6.0
[INFO] [stderr]    Compiling byteorder v1.5.0
[INFO] [stderr]    Compiling anstyle-query v1.0.2
[INFO] [stderr]    Compiling syn v1.0.109
[INFO] [stderr]    Compiling uuid v1.8.0
[INFO] [stderr]    Compiling cpufeatures v0.2.12
[INFO] [stderr]    Compiling scopeguard v1.2.0
[INFO] [stderr]    Compiling rustc-demangle v0.1.24
[INFO] [stderr]    Compiling unicode-width v0.1.13
[INFO] [stderr]    Compiling wasmtime-component-macro v21.0.1
[INFO] [stderr]    Compiling libm v0.2.8
[INFO] [stderr]    Compiling debugid v0.8.0
[INFO] [stderr]    Compiling wast v209.0.1
[INFO] [stderr]    Compiling sha2 v0.10.8
[INFO] [stderr]    Compiling fxhash v0.2.1
[INFO] [stderr]    Compiling anstream v0.6.13
[INFO] [stderr]    Compiling indexmap v2.2.6
[INFO] [stderr]    Compiling rayon v1.10.0
[INFO] [stderr]    Compiling rand v0.8.5
[INFO] [stderr]    Compiling directories-next v2.0.0
[INFO] [stderr]    Compiling zstd-sys v2.0.10+zstd.1.5.6
[INFO] [stderr]    Compiling ittapi-sys v0.4.0
[INFO] [stderr]    Compiling wasmparser v0.207.0
[INFO] [stderr]    Compiling pyo3-ffi v0.21.2
[INFO] [stderr]    Compiling pyo3 v0.21.2
[INFO] [stderr]    Compiling wasmtime-asm-macros v21.0.1
[INFO] [stderr]    Compiling strsim v0.11.1
[INFO] [stderr]    Compiling rawpointer v0.2.1
[INFO] [stderr]    Compiling cranelift-codegen v0.108.1
[INFO] [stderr]    Compiling heck v0.5.0
[INFO] [stderr]    Compiling base64 v0.21.7
[INFO] [stderr]    Compiling clap_lex v0.7.0
[INFO] [stderr]    Compiling clap_builder v4.5.2
[INFO] [stderr]    Compiling rand_xoshiro v0.6.0
[INFO] [stderr]    Compiling wasmtime-jit-icache-coherence v21.0.1
[INFO] [stderr]    Compiling csv-core v0.1.11
[INFO] [stderr]    Compiling pyo3-macros-backend v0.21.2
[INFO] [stderr]    Compiling ittapi v0.4.0
[INFO] [stderr]    Compiling instant v0.1.12
[INFO] [stderr]    Compiling encoding_rs v0.8.34
[INFO] [stderr]    Compiling unsafe-libyaml v0.2.11
[INFO] [stderr]    Compiling indoc v2.0.5
[INFO] [stderr]    Compiling unindent v0.2.3
[INFO] [stderr]    Compiling indxvec v1.9.0
[INFO] [stderr]    Compiling wasmtime-slab v21.0.1
[INFO] [stderr]    Compiling sptr v0.3.2
[INFO] [stderr]    Compiling convert_case v0.4.0
[INFO] [stderr]    Compiling ndarray v0.15.6
[INFO] [stderr]    Compiling medians v3.0.10
[INFO] [stderr]    Compiling memfd v0.6.4
[INFO] [stderr]    Compiling serde_derive v1.0.201
[INFO] [stderr]    Compiling wasmtime-versioned-export-macros v21.0.1
[INFO] [stderr]    Compiling thiserror-impl v1.0.58
[INFO] [stderr]    Compiling wasmtime-fiber v21.0.1
[INFO] [stderr]    Compiling wasmtime v21.0.1
[INFO] [stderr]    Compiling clap_derive v4.5.4
[INFO] [stderr]    Compiling async-trait v0.1.80
[INFO] [stderr]    Compiling derive_more v0.99.17
[INFO] [stderr]    Compiling argmin-math v0.4.0
[INFO] [stderr]    Compiling wat v1.209.1
[INFO] [stderr]    Compiling pyo3-macros v0.21.2
[INFO] [stderr]    Compiling clap v4.5.4
[INFO] [stderr]    Compiling wit-parser v0.207.0
[INFO] [stderr]    Compiling zstd v0.13.1
[INFO] [stderr]    Compiling wasmtime-wit-bindgen v21.0.1
[INFO] [stderr]    Compiling smallvec v1.13.2
[INFO] [stderr]    Compiling cranelift-entity v0.108.1
[INFO] [stderr]    Compiling serde_spanned v0.6.6
[INFO] [stderr]    Compiling postcard v1.0.8
[INFO] [stderr]    Compiling toml_datetime v0.6.6
[INFO] [stderr]    Compiling argmin v0.10.0
[INFO] [stderr]    Compiling csv v1.3.0
[INFO] [stderr]    Compiling regalloc2 v0.9.3
[INFO] [stderr]    Compiling cranelift-bforest v0.108.1
[INFO] [stderr]    Compiling gimli v0.28.1
[INFO] [stderr]    Compiling object v0.33.0
[INFO] [stderr]    Compiling toml_edit v0.22.14
[INFO] [stderr]    Compiling serde_yaml v0.9.34+deprecated
[INFO] [stderr]    Compiling parking_lot v0.12.2
[INFO] [stderr]    Compiling fxprof-processed-profile v0.6.0
[INFO] [stderr]    Compiling toml v0.8.14
[INFO] [stderr]    Compiling addr2line v0.21.0
[INFO] [stderr]    Compiling wasmtime-jit-debug v21.0.1
[INFO] [stderr]    Compiling wasmtime-types v21.0.1
[INFO] [stderr]    Compiling wasmprinter v0.207.0
[INFO] [stderr]    Compiling wasmtime-environ v21.0.1
[INFO] [stderr]    Compiling cranelift-frontend v0.108.1
[INFO] [stderr]    Compiling cranelift-native v0.108.1
[INFO] [stderr]    Compiling cranelift-wasm v0.108.1
[INFO] [stderr]    Compiling wasmtime-cranelift v21.0.1
[INFO] [stderr]    Compiling qlafoutea v0.1.0 (/opt/rustwide/workdir)
[INFO] [stderr]     Finished `dev` profile [unoptimized + debuginfo] target(s) in 1m 54s
[INFO] running `Command { std: "docker" "inspect" "77ff5f6362fa72f7e2b43c637cd5e31e1f59fe8ffa03d3438150c1b287943b3b", kill_on_drop: false }`
[INFO] running `Command { std: "docker" "rm" "-f" "77ff5f6362fa72f7e2b43c637cd5e31e1f59fe8ffa03d3438150c1b287943b3b", kill_on_drop: false }`
[INFO] [stdout] 77ff5f6362fa72f7e2b43c637cd5e31e1f59fe8ffa03d3438150c1b287943b3b
[INFO] running `Command { std: "docker" "create" "-v" "/var/lib/crater-agent-workspace/builds/worker-2-tc1/target:/opt/rustwide/target:rw,Z" "-v" "/var/lib/crater-agent-workspace/builds/worker-2-tc1/source:/opt/rustwide/workdir:ro,Z" "-v" "/var/lib/crater-agent-workspace/cargo-home:/opt/rustwide/cargo-home:ro,Z" "-v" "/var/lib/crater-agent-workspace/rustup-home:/opt/rustwide/rustup-home:ro,Z" "-e" "SOURCE_DIR=/opt/rustwide/workdir" "-e" "CARGO_TARGET_DIR=/opt/rustwide/target" "-e" "CARGO_INCREMENTAL=0" "-e" "RUST_BACKTRACE=full" "-e" "RUSTFLAGS=--cap-lints=forbid" "-e" "RUSTDOCFLAGS=--cap-lints=forbid" "-e" "CARGO_HOME=/opt/rustwide/cargo-home" "-e" "RUSTUP_HOME=/opt/rustwide/rustup-home" "-w" "/opt/rustwide/workdir" "-m" "1610612736" "--user" "0:0" "--network" "none" "ghcr.io/rust-lang/crates-build-env/linux@sha256:819108c5571ea2e421544af4d832f968d213c87fbe3707a016657f43d2f853bc" "/opt/rustwide/cargo-home/bin/cargo" "+nightly-2025-01-18" "test" "--frozen" "--no-run" "--message-format=json", kill_on_drop: false }`
[INFO] [stdout] ba553faa04a8f89a460e0f152adefced858914ca608e5ee9c558adafe05541dd
[INFO] running `Command { std: "docker" "start" "-a" "ba553faa04a8f89a460e0f152adefced858914ca608e5ee9c558adafe05541dd", kill_on_drop: false }`
[INFO] [stderr]    Compiling qlafoutea v0.1.0 (/opt/rustwide/workdir)
[INFO] [stderr]     Finished `test` profile [unoptimized + debuginfo] target(s) in 5.82s
[INFO] running `Command { std: "docker" "inspect" "ba553faa04a8f89a460e0f152adefced858914ca608e5ee9c558adafe05541dd", kill_on_drop: false }`
[INFO] running `Command { std: "docker" "rm" "-f" "ba553faa04a8f89a460e0f152adefced858914ca608e5ee9c558adafe05541dd", kill_on_drop: false }`
[INFO] [stdout] ba553faa04a8f89a460e0f152adefced858914ca608e5ee9c558adafe05541dd
[INFO] running `Command { std: "docker" "create" "-v" "/var/lib/crater-agent-workspace/builds/worker-2-tc1/target:/opt/rustwide/target:rw,Z" "-v" "/var/lib/crater-agent-workspace/builds/worker-2-tc1/source:/opt/rustwide/workdir:ro,Z" "-v" "/var/lib/crater-agent-workspace/cargo-home:/opt/rustwide/cargo-home:ro,Z" "-v" "/var/lib/crater-agent-workspace/rustup-home:/opt/rustwide/rustup-home:ro,Z" "-e" "SOURCE_DIR=/opt/rustwide/workdir" "-e" "CARGO_TARGET_DIR=/opt/rustwide/target" "-e" "CARGO_INCREMENTAL=0" "-e" "RUST_BACKTRACE=full" "-e" "RUSTFLAGS=--cap-lints=forbid" "-e" "RUSTDOCFLAGS=--cap-lints=forbid" "-e" "CARGO_HOME=/opt/rustwide/cargo-home" "-e" "RUSTUP_HOME=/opt/rustwide/rustup-home" "-w" "/opt/rustwide/workdir" "-m" "1610612736" "--user" "0:0" "--network" "none" "ghcr.io/rust-lang/crates-build-env/linux@sha256:819108c5571ea2e421544af4d832f968d213c87fbe3707a016657f43d2f853bc" "/opt/rustwide/cargo-home/bin/cargo" "+nightly-2025-01-18" "test" "--frozen", kill_on_drop: false }`
[INFO] [stdout] 43f6e761a02279ea8c15c75c5e91b600ccb882d5b2f4b28b6ed34a6a7fecbe74
[INFO] running `Command { std: "docker" "start" "-a" "43f6e761a02279ea8c15c75c5e91b600ccb882d5b2f4b28b6ed34a6a7fecbe74", kill_on_drop: false }`
[INFO] [stderr]     Finished `test` profile [unoptimized + debuginfo] target(s) in 0.92s
[INFO] [stderr]      Running unittests src/lib.rs (/opt/rustwide/target/debug/deps/qlafoutea-a920d30b07d72390)
[INFO] [stdout] 
[INFO] [stdout] running 2 tests
[INFO] [stdout] test backend::qubo::test_cost_function_vs_python ... ok
[INFO] [stdout] test frontend::max3sat::test_to_qubo ... ok
[INFO] [stdout] 
[INFO] [stdout] test result: ok. 2 passed; 0 failed; 0 ignored; 0 measured; 0 filtered out; finished in 0.00s
[INFO] [stderr]      Running unittests src/main.rs (/opt/rustwide/target/debug/deps/qlafoutea-de7c3834577d0cc3)
[INFO] [stdout] 
[INFO] [stdout] 
[INFO] [stdout] running 0 tests
[INFO] [stdout] 
[INFO] [stdout] test result: ok. 0 passed; 0 failed; 0 ignored; 0 measured; 0 filtered out; finished in 0.00s
[INFO] [stdout] 
[INFO] [stderr]      Running tests/test.rs (/opt/rustwide/target/debug/deps/test-69d1006a2bad27e5)
[INFO] [stdout] 
[INFO] [stdout] running 2 tests
[INFO] [stdout] test test_qubo_compile ... ok
[INFO] [stderr] /usr/bin/python3: No module named pip
[INFO] [stdout] test test_qubo_compile_and_run_python ... FAILED
[INFO] [stdout] 
[INFO] [stdout] failures:
[INFO] [stdout] 
[INFO] [stdout] ---- test_qubo_compile_and_run_python stdout ----
[INFO] [stdout] ...testing seed 6917529027641081930 => insufficient quality 2%
[INFO] [stdout] ...testing seed 2882303761517117514 => insufficient quality 2%
[INFO] [stdout] ...testing seed 4611686018427387978 => insufficient quality 2%
[INFO] [stdout] ...testing seed 9223372036854775882 => insufficient quality 2%
[INFO] [stdout] ...testing seed 4611686018427387978 => insufficient quality 2%
[INFO] [stdout] ...testing seed 1152921504606847050 => insufficient quality 2%
[INFO] [stdout] ...testing seed 3891110078048108618 => insufficient quality 2%
[INFO] [stdout] ...testing seed 4035225266123964490 => insufficient quality 8%
[INFO] [stdout] ...testing seed 4611686018427387979 => insufficient quality 1%
[INFO] [stdout] ...testing seed 13835058055282163786 => insufficient quality 2%
[INFO] [stdout] ...testing seed 9223372036854775883 => insufficient quality 8%
[INFO] [stdout] ...testing seed 5764607523034234954 => insufficient quality 2%
[INFO] [stdout] ...testing seed 4611686018427387979 => insufficient quality 1%
[INFO] [stdout] ...testing seed 3746994889972252746 => insufficient quality 2%
[INFO] [stdout] ...testing seed 3458764513820541002 => insufficient quality 7%
[INFO] [stdout] ...testing seed 9223372036854775884 => insufficient quality 2%
[INFO] [stdout] ...testing seed 2305843009213694026 => insufficient quality 2%
[INFO] [stdout] ...testing seed 4035225266123964491 => insufficient quality 2%
[INFO] [stdout] ...testing seed 1441151880758558794 => insufficient quality 2%
[INFO] [stdout] ...testing seed 1152921504606847051 => insufficient quality 2%
[INFO] [stdout] ...testing seed 13835058055282163787 => insufficient quality 2%
[INFO] [stdout] ...testing seed 2882303761517117515 => insufficient quality 3%
[INFO] [stdout] ...testing seed 1729382256910270538 => insufficient quality 7%
[INFO] [stdout] ...testing seed 9223372036854775882 => insufficient quality 2%
[INFO] [stdout] ...compiled to 5 qubits with a quality of 13%
[INFO] [stdout] ...testing seed 5764607523034234955 => insufficient quality 2%
[INFO] [stdout] ...testing seed 3746994889972252747 => insufficient quality 6%
[INFO] [stdout] ...testing seed 3891110078048108619 => insufficient quality 2%
[INFO] [stdout] ...testing seed 4611686018427387980 => insufficient quality 7%
[INFO] [stdout] ...testing seed 6917529027641081931 => insufficient quality 2%
[INFO] [stdout] ...testing seed 3458764513820541003 => insufficient quality 2%
[INFO] [stdout] 
[INFO] [stdout] thread 'test_qubo_compile_and_run_python' panicked at tests/test.rs:89:37:
[INFO] [stdout] called `Result::unwrap()` on an `Err` value: Failed to run simulator
[INFO] [stdout] 
[INFO] [stdout] Caused by:
[INFO] [stdout]     ModuleNotFoundError: No module named 'pulser'
[INFO] [stdout] 
[INFO] [stdout] Stack backtrace:
[INFO] [stdout]    0: <E as anyhow::context::ext::StdError>::ext_context
[INFO] [stdout]              at /opt/rustwide/cargo-home/registry/src/index.crates.io-1949cf8c6b5b557f/anyhow-1.0.81/src/backtrace.rs:27:14
[INFO] [stdout]    1: anyhow::context::<impl anyhow::Context<T,E> for core::result::Result<T,E>>::context
[INFO] [stdout]              at /opt/rustwide/cargo-home/registry/src/index.crates.io-1949cf8c6b5b557f/anyhow-1.0.81/src/context.rs:54:31
[INFO] [stdout]    2: qlafoutea::runtime::run::run_python
[INFO] [stdout]              at ./src/runtime/run.rs:76:19
[INFO] [stdout]    3: test::test_qubo_compile_and_run_python
[INFO] [stdout]              at ./tests/test.rs:89:19
[INFO] [stdout]    4: test::test_qubo_compile_and_run_python::{{closure}}
[INFO] [stdout]              at ./tests/test.rs:87:38
[INFO] [stdout]    5: core::ops::function::FnOnce::call_once
[INFO] [stdout]              at /rustc/6067b36314ab5eb2eb47cecc464545ba58e1ad24/library/core/src/ops/function.rs:250:5
[INFO] [stdout]    6: core::ops::function::FnOnce::call_once
[INFO] [stdout]              at /rustc/6067b36314ab5eb2eb47cecc464545ba58e1ad24/library/core/src/ops/function.rs:250:5
[INFO] [stdout]    7: test::__rust_begin_short_backtrace
[INFO] [stdout]              at /rustc/6067b36314ab5eb2eb47cecc464545ba58e1ad24/library/test/src/lib.rs:632:18
[INFO] [stdout]    8: test::run_test_in_process::{{closure}}
[INFO] [stdout]              at /rustc/6067b36314ab5eb2eb47cecc464545ba58e1ad24/library/test/src/lib.rs:655:60
[INFO] [stdout]    9: <core::panic::unwind_safe::AssertUnwindSafe<F> as core::ops::function::FnOnce<()>>::call_once
[INFO] [stdout]              at /rustc/6067b36314ab5eb2eb47cecc464545ba58e1ad24/library/core/src/panic/unwind_safe.rs:272:9
[INFO] [stdout]   10: std::panicking::try::do_call
[INFO] [stdout]              at /rustc/6067b36314ab5eb2eb47cecc464545ba58e1ad24/library/std/src/panicking.rs:587:40
[INFO] [stdout]   11: std::panicking::try
[INFO] [stdout]              at /rustc/6067b36314ab5eb2eb47cecc464545ba58e1ad24/library/std/src/panicking.rs:550:19
[INFO] [stdout]   12: std::panic::catch_unwind
[INFO] [stdout]              at /rustc/6067b36314ab5eb2eb47cecc464545ba58e1ad24/library/std/src/panic.rs:358:14
[INFO] [stdout]   13: test::run_test_in_process
[INFO] [stdout]              at /rustc/6067b36314ab5eb2eb47cecc464545ba58e1ad24/library/test/src/lib.rs:655:27
[INFO] [stdout]   14: test::run_test::{{closure}}
[INFO] [stdout]              at /rustc/6067b36314ab5eb2eb47cecc464545ba58e1ad24/library/test/src/lib.rs:576:43
[INFO] [stdout]   15: test::run_test::{{closure}}
[INFO] [stdout]              at /rustc/6067b36314ab5eb2eb47cecc464545ba58e1ad24/library/test/src/lib.rs:606:41
[INFO] [stdout]   16: std::sys::backtrace::__rust_begin_short_backtrace
[INFO] [stdout]              at /rustc/6067b36314ab5eb2eb47cecc464545ba58e1ad24/library/std/src/sys/backtrace.rs:152:18
[INFO] [stdout]   17: std::thread::Builder::spawn_unchecked_::{{closure}}::{{closure}}
[INFO] [stdout]              at /rustc/6067b36314ab5eb2eb47cecc464545ba58e1ad24/library/std/src/thread/mod.rs:559:17
[INFO] [stdout]   18: <core::panic::unwind_safe::AssertUnwindSafe<F> as core::ops::function::FnOnce<()>>::call_once
[INFO] [stdout]              at /rustc/6067b36314ab5eb2eb47cecc464545ba58e1ad24/library/core/src/panic/unwind_safe.rs:272:9
[INFO] [stdout]   19: std::panicking::try::do_call
[INFO] [stdout]              at /rustc/6067b36314ab5eb2eb47cecc464545ba58e1ad24/library/std/src/panicking.rs:587:40
[INFO] [stdout]   20: std::panicking::try
[INFO] [stdout]              at /rustc/6067b36314ab5eb2eb47cecc464545ba58e1ad24/library/std/src/panicking.rs:550:19
[INFO] [stdout]   21: std::panic::catch_unwind
[INFO] [stdout]              at /rustc/6067b36314ab5eb2eb47cecc464545ba58e1ad24/library/std/src/panic.rs:358:14
[INFO] [stdout]   22: std::thread::Builder::spawn_unchecked_::{{closure}}
[INFO] [stdout]              at /rustc/6067b36314ab5eb2eb47cecc464545ba58e1ad24/library/std/src/thread/mod.rs:557:30
[INFO] [stdout]   23: core::ops::function::FnOnce::call_once{{vtable.shim}}
[INFO] [stdout]              at /rustc/6067b36314ab5eb2eb47cecc464545ba58e1ad24/library/core/src/ops/function.rs:250:5
[INFO] [stdout]   24: <alloc::boxed::Box<F,A> as core::ops::function::FnOnce<Args>>::call_once
[INFO] [stdout]              at /rustc/6067b36314ab5eb2eb47cecc464545ba58e1ad24/library/alloc/src/boxed.rs:2013:9
[INFO] [stdout]   25: <alloc::boxed::Box<F,A> as core::ops::function::FnOnce<Args>>::call_once
[INFO] [stdout]              at /rustc/6067b36314ab5eb2eb47cecc464545ba58e1ad24/library/alloc/src/boxed.rs:2013:9
[INFO] [stdout]   26: std::sys::pal::unix::thread::Thread::new::thread_start
[INFO] [stdout]              at /rustc/6067b36314ab5eb2eb47cecc464545ba58e1ad24/library/std/src/sys/pal/unix/thread.rs:106:17
[INFO] [stdout]   27: <unknown>
[INFO] [stdout]   28: clone
[INFO] [stdout] stack backtrace:
[INFO] [stdout]    0:     0x5a70a3c5cf4a - std::backtrace_rs::backtrace::libunwind::trace::hb059275cfc8d6126
[INFO] [stdout]                                at /rustc/6067b36314ab5eb2eb47cecc464545ba58e1ad24/library/std/src/../../backtrace/src/backtrace/libunwind.rs:116:5
[INFO] [stdout]    1:     0x5a70a3c5cf4a - std::backtrace_rs::backtrace::trace_unsynchronized::h2da071e4327ce3ee
[INFO] [stdout]                                at /rustc/6067b36314ab5eb2eb47cecc464545ba58e1ad24/library/std/src/../../backtrace/src/backtrace/mod.rs:66:5
[INFO] [stdout]    2:     0x5a70a3c5cf4a - std::sys::backtrace::_print_fmt::h842a1474e6f8d23f
[INFO] [stdout]                                at /rustc/6067b36314ab5eb2eb47cecc464545ba58e1ad24/library/std/src/sys/backtrace.rs:66:9
[INFO] [stdout]    3:     0x5a70a3c5cf4a - <std::sys::backtrace::BacktraceLock::print::DisplayBacktrace as core::fmt::Display>::fmt::h71a62eb3b9696b12
[INFO] [stdout]                                at /rustc/6067b36314ab5eb2eb47cecc464545ba58e1ad24/library/std/src/sys/backtrace.rs:39:26
[INFO] [stdout]    4:     0x5a70a3c851d3 - core::fmt::rt::Argument::fmt::hdb6b616786b41dc1
[INFO] [stdout]                                at /rustc/6067b36314ab5eb2eb47cecc464545ba58e1ad24/library/core/src/fmt/rt.rs:177:76
[INFO] [stdout]    5:     0x5a70a3c851d3 - core::fmt::write::h2cc1698af7e2d686
[INFO] [stdout]                                at /rustc/6067b36314ab5eb2eb47cecc464545ba58e1ad24/library/core/src/fmt/mod.rs:1440:21
[INFO] [stdout]    6:     0x5a70a3c59763 - std::io::Write::write_fmt::hab1b4cd059a79022
[INFO] [stdout]                                at /rustc/6067b36314ab5eb2eb47cecc464545ba58e1ad24/library/std/src/io/mod.rs:1887:15
[INFO] [stdout]    7:     0x5a70a3c5cd92 - std::sys::backtrace::BacktraceLock::print::h147fe35b4ea13b08
[INFO] [stdout]                                at /rustc/6067b36314ab5eb2eb47cecc464545ba58e1ad24/library/std/src/sys/backtrace.rs:42:9
[INFO] [stdout]    8:     0x5a70a3c5e36f - std::panicking::default_hook::{{closure}}::hbd44223dbdc0d208
[INFO] [stdout]                                at /rustc/6067b36314ab5eb2eb47cecc464545ba58e1ad24/library/std/src/panicking.rs:298:22
[INFO] [stdout]    9:     0x5a70a3c5e188 - std::panicking::default_hook::h20f81eb0576efcec
[INFO] [stdout]                                at /rustc/6067b36314ab5eb2eb47cecc464545ba58e1ad24/library/std/src/panicking.rs:322:9
[INFO] [stdout]   10:     0x5a70a3af94d3 - <alloc::boxed::Box<F,A> as core::ops::function::Fn<Args>>::call::hdb53814c496a4d34
[INFO] [stdout]                                at /rustc/6067b36314ab5eb2eb47cecc464545ba58e1ad24/library/alloc/src/boxed.rs:2027:9
[INFO] [stdout]   11:     0x5a70a3af94d3 - test::test_main::{{closure}}::hc0a4963c59427c24
[INFO] [stdout]                                at /rustc/6067b36314ab5eb2eb47cecc464545ba58e1ad24/library/test/src/lib.rs:134:21
[INFO] [stdout]   12:     0x5a70a3c5ee63 - <alloc::boxed::Box<F,A> as core::ops::function::Fn<Args>>::call::h591b2225413a77e9
[INFO] [stdout]                                at /rustc/6067b36314ab5eb2eb47cecc464545ba58e1ad24/library/alloc/src/boxed.rs:2027:9
[INFO] [stdout]   13:     0x5a70a3c5ee63 - std::panicking::rust_panic_with_hook::h625eea43051b2edc
[INFO] [stdout]                                at /rustc/6067b36314ab5eb2eb47cecc464545ba58e1ad24/library/std/src/panicking.rs:839:13
[INFO] [stdout]   14:     0x5a70a3c5eb1a - std::panicking::begin_panic_handler::{{closure}}::h4f9159cfbc3f6bd3
[INFO] [stdout]                                at /rustc/6067b36314ab5eb2eb47cecc464545ba58e1ad24/library/std/src/panicking.rs:704:13
[INFO] [stdout]   15:     0x5a70a3c5d449 - std::sys::backtrace::__rust_end_short_backtrace::h0390abce48353151
[INFO] [stdout]                                at /rustc/6067b36314ab5eb2eb47cecc464545ba58e1ad24/library/std/src/sys/backtrace.rs:168:18
[INFO] [stdout]   16:     0x5a70a3c5e7ad - rust_begin_unwind
[INFO] [stdout]                                at /rustc/6067b36314ab5eb2eb47cecc464545ba58e1ad24/library/std/src/panicking.rs:695:5
[INFO] [stdout]   17:     0x5a70a3c83b70 - core::panicking::panic_fmt::h9e7c637e9e5f29c9
[INFO] [stdout]                                at /rustc/6067b36314ab5eb2eb47cecc464545ba58e1ad24/library/core/src/panicking.rs:75:14
[INFO] [stdout]   18:     0x5a70a3c83fe6 - core::result::unwrap_failed::h7979f09313fe1849
[INFO] [stdout]                                at /rustc/6067b36314ab5eb2eb47cecc464545ba58e1ad24/library/core/src/result.rs:1704:5
[INFO] [stdout]   19:     0x5a70a3abf088 - core::result::Result<T,E>::unwrap::h5ada368fa7ec48e2
[INFO] [stdout]                                at /rustc/6067b36314ab5eb2eb47cecc464545ba58e1ad24/library/core/src/result.rs:1109:23
[INFO] [stdout]   20:     0x5a70a3abf088 - test::test_qubo_compile_and_run_python::h8d40a4e46b5591cb
[INFO] [stdout]                                at /opt/rustwide/workdir/tests/test.rs:89:19
[INFO] [stdout]   21:     0x5a70a3abef87 - test::test_qubo_compile_and_run_python::{{closure}}::h8ba7a2d2baf9b495
[INFO] [stdout]                                at /opt/rustwide/workdir/tests/test.rs:87:38
[INFO] [stdout]   22:     0x5a70a3abbdc6 - core::ops::function::FnOnce::call_once::he67ba2fcc6d8ebae
[INFO] [stdout]                                at /rustc/6067b36314ab5eb2eb47cecc464545ba58e1ad24/library/core/src/ops/function.rs:250:5
[INFO] [stdout]   23:     0x5a70a3afec2b - core::ops::function::FnOnce::call_once::he27718dfdd183f43
[INFO] [stdout]                                at /rustc/6067b36314ab5eb2eb47cecc464545ba58e1ad24/library/core/src/ops/function.rs:250:5
[INFO] [stdout]   24:     0x5a70a3afec2b - test::__rust_begin_short_backtrace::h4e84902998457a5d
[INFO] [stdout]                                at /rustc/6067b36314ab5eb2eb47cecc464545ba58e1ad24/library/test/src/lib.rs:632:18
[INFO] [stdout]   25:     0x5a70a3afdb63 - test::run_test_in_process::{{closure}}::h7176fd18fc1feca0
[INFO] [stdout]                                at /rustc/6067b36314ab5eb2eb47cecc464545ba58e1ad24/library/test/src/lib.rs:655:60
[INFO] [stdout]   26:     0x5a70a3afdb63 - <core::panic::unwind_safe::AssertUnwindSafe<F> as core::ops::function::FnOnce<()>>::call_once::hf79cff2a624d8cf7
[INFO] [stdout]                                at /rustc/6067b36314ab5eb2eb47cecc464545ba58e1ad24/library/core/src/panic/unwind_safe.rs:272:9
[INFO] [stdout]   27:     0x5a70a3afdb63 - std::panicking::try::do_call::h3da0561d9ab99c25
[INFO] [stdout]                                at /rustc/6067b36314ab5eb2eb47cecc464545ba58e1ad24/library/std/src/panicking.rs:587:40
[INFO] [stdout]   28:     0x5a70a3afdb63 - std::panicking::try::h41c9fa508bc61df6
[INFO] [stdout]                                at /rustc/6067b36314ab5eb2eb47cecc464545ba58e1ad24/library/std/src/panicking.rs:550:19
[INFO] [stdout]   29:     0x5a70a3afdb63 - std::panic::catch_unwind::h6b3ff07bb5afad93
[INFO] [stdout]                                at /rustc/6067b36314ab5eb2eb47cecc464545ba58e1ad24/library/std/src/panic.rs:358:14
[INFO] [stdout]   30:     0x5a70a3afdb63 - test::run_test_in_process::hc7253dd11b39b9f4
[INFO] [stdout]                                at /rustc/6067b36314ab5eb2eb47cecc464545ba58e1ad24/library/test/src/lib.rs:655:27
[INFO] [stdout]   31:     0x5a70a3afdb63 - test::run_test::{{closure}}::hfb2007f8649c30bb
[INFO] [stdout]                                at /rustc/6067b36314ab5eb2eb47cecc464545ba58e1ad24/library/test/src/lib.rs:576:43
[INFO] [stdout]   32:     0x5a70a3ac0c45 - test::run_test::{{closure}}::h56a17aa7a282a9f4
[INFO] [stdout]                                at /rustc/6067b36314ab5eb2eb47cecc464545ba58e1ad24/library/test/src/lib.rs:606:41
[INFO] [stdout]   33:     0x5a70a3ac0c45 - std::sys::backtrace::__rust_begin_short_backtrace::hd2d2d2fb8e8c6aac
[INFO] [stdout]                                at /rustc/6067b36314ab5eb2eb47cecc464545ba58e1ad24/library/std/src/sys/backtrace.rs:152:18
[INFO] [stdout]   34:     0x5a70a3ac452a - std::thread::Builder::spawn_unchecked_::{{closure}}::{{closure}}::h4faa3f9db6133423
[INFO] [stdout]                                at /rustc/6067b36314ab5eb2eb47cecc464545ba58e1ad24/library/std/src/thread/mod.rs:559:17
[INFO] [stdout]   35:     0x5a70a3ac452a - <core::panic::unwind_safe::AssertUnwindSafe<F> as core::ops::function::FnOnce<()>>::call_once::hf2e855a36a4ea846
[INFO] [stdout]                                at /rustc/6067b36314ab5eb2eb47cecc464545ba58e1ad24/library/core/src/panic/unwind_safe.rs:272:9
[INFO] [stdout]   36:     0x5a70a3ac452a - std::panicking::try::do_call::h2f73af3616c35465
[INFO] [stdout]                                at /rustc/6067b36314ab5eb2eb47cecc464545ba58e1ad24/library/std/src/panicking.rs:587:40
[INFO] [stdout]   37:     0x5a70a3ac452a - std::panicking::try::hd1660ce9efadef5a
[INFO] [stdout]                                at /rustc/6067b36314ab5eb2eb47cecc464545ba58e1ad24/library/std/src/panicking.rs:550:19
[INFO] [stdout]   38:     0x5a70a3ac452a - std::panic::catch_unwind::h5ee8d7823b8ca744
[INFO] [stdout]                                at /rustc/6067b36314ab5eb2eb47cecc464545ba58e1ad24/library/std/src/panic.rs:358:14
[INFO] [stdout]   39:     0x5a70a3ac452a - std::thread::Builder::spawn_unchecked_::{{closure}}::h53c3a1894dce8407
[INFO] [stdout]                                at /rustc/6067b36314ab5eb2eb47cecc464545ba58e1ad24/library/std/src/thread/mod.rs:557:30
[INFO] [stdout]   40:     0x5a70a3ac452a - core::ops::function::FnOnce::call_once{{vtable.shim}}::h048ce291ad4f62bf
[INFO] [stdout]                                at /rustc/6067b36314ab5eb2eb47cecc464545ba58e1ad24/library/core/src/ops/function.rs:250:5
[INFO] [stdout]   41:     0x5a70a3c62feb - <alloc::boxed::Box<F,A> as core::ops::function::FnOnce<Args>>::call_once::ha52bedf99a3b4981
[INFO] [stdout]                                at /rustc/6067b36314ab5eb2eb47cecc464545ba58e1ad24/library/alloc/src/boxed.rs:2013:9
[INFO] [stdout]   42:     0x5a70a3c62feb - <alloc::boxed::Box<F,A> as core::ops::function::FnOnce<Args>>::call_once::h567748934d80ccf8
[INFO] [stdout]                                at /rustc/6067b36314ab5eb2eb47cecc464545ba58e1ad24/library/alloc/src/boxed.rs:2013:9
[INFO] [stdout]   43:     0x5a70a3c62feb - std::sys::pal::unix::thread::Thread::new::thread_start::h2d970728ae887adc
[INFO] [stdout]                                at /rustc/6067b36314ab5eb2eb47cecc464545ba58e1ad24/library/std/src/sys/pal/unix/thread.rs:106:17
[INFO] [stdout]   44:     0x775c72aa9ac3 - <unknown>
[INFO] [stdout]   45:     0x775c72b3aa04 - clone
[INFO] [stdout]   46:                0x0 - <unknown>
[INFO] [stdout] 
[INFO] [stdout] 
[INFO] [stdout] failures:
[INFO] [stdout]     test_qubo_compile_and_run_python
[INFO] [stdout] 
[INFO] [stdout] test result: FAILED. 1 passed; 1 failed; 0 ignored; 0 measured; 0 filtered out; finished in 0.63s
[INFO] [stdout] 
[INFO] [stderr] error: test failed, to rerun pass `--test test`
[INFO] running `Command { std: "docker" "inspect" "43f6e761a02279ea8c15c75c5e91b600ccb882d5b2f4b28b6ed34a6a7fecbe74", kill_on_drop: false }`
[INFO] running `Command { std: "docker" "rm" "-f" "43f6e761a02279ea8c15c75c5e91b600ccb882d5b2f4b28b6ed34a6a7fecbe74", kill_on_drop: false }`
[INFO] [stdout] 43f6e761a02279ea8c15c75c5e91b600ccb882d5b2f4b28b6ed34a6a7fecbe74
