[INFO] cloning repository https://github.com/pandas-id/rust-rake-algoritm
[INFO] running `Command { std: "git" "-c" "credential.helper=" "-c" "credential.helper=/workspace/cargo-home/bin/git-credential-null" "clone" "--bare" "https://github.com/pandas-id/rust-rake-algoritm" "/workspace/cache/git-repos/https%3A%2F%2Fgithub.com%2Fpandas-id%2Frust-rake-algoritm", kill_on_drop: false }`
[INFO] [stderr] Cloning into bare repository '/workspace/cache/git-repos/https%3A%2F%2Fgithub.com%2Fpandas-id%2Frust-rake-algoritm'...
[INFO] running `Command { std: "git" "rev-parse" "HEAD", kill_on_drop: false }`
[INFO] [stdout] 67a9295b62cd2108f17efeb15884ea5df4e551ec
[INFO] testing pandas-id/rust-rake-algoritm against nightly-2025-01-18+rustflags=-Zrandomize-layout for randomize-layout-2
[INFO] running `Command { std: "git" "clone" "/workspace/cache/git-repos/https%3A%2F%2Fgithub.com%2Fpandas-id%2Frust-rake-algoritm" "/workspace/builds/worker-6-tc2/source", kill_on_drop: false }`
[INFO] [stderr] Cloning into '/workspace/builds/worker-6-tc2/source'...
[INFO] [stderr] done.
[INFO] validating manifest of git repo https://github.com/pandas-id/rust-rake-algoritm on toolchain nightly-2025-01-18
[INFO] running `Command { std: CARGO_HOME="/workspace/cargo-home" RUSTUP_HOME="/workspace/rustup-home" "/workspace/cargo-home/bin/cargo" "+nightly-2025-01-18" "metadata" "--manifest-path" "Cargo.toml" "--no-deps", kill_on_drop: false }`
[INFO] started tweaking git repo https://github.com/pandas-id/rust-rake-algoritm
[INFO] finished tweaking git repo https://github.com/pandas-id/rust-rake-algoritm
[INFO] tweaked toml for git repo https://github.com/pandas-id/rust-rake-algoritm written to /workspace/builds/worker-6-tc2/source/Cargo.toml
[INFO] crate git repo https://github.com/pandas-id/rust-rake-algoritm already has a lockfile, it will not be regenerated
[INFO] running `Command { std: CARGO_HOME="/workspace/cargo-home" RUSTUP_HOME="/workspace/rustup-home" "/workspace/cargo-home/bin/cargo" "+nightly-2025-01-18" "fetch" "--manifest-path" "Cargo.toml", kill_on_drop: false }`
[INFO] running `Command { std: "docker" "create" "-v" "/var/lib/crater-agent-workspace/builds/worker-6-tc2/target:/opt/rustwide/target:rw,Z" "-v" "/var/lib/crater-agent-workspace/builds/worker-6-tc2/source:/opt/rustwide/workdir:ro,Z" "-v" "/var/lib/crater-agent-workspace/cargo-home:/opt/rustwide/cargo-home:ro,Z" "-v" "/var/lib/crater-agent-workspace/rustup-home:/opt/rustwide/rustup-home:ro,Z" "-e" "SOURCE_DIR=/opt/rustwide/workdir" "-e" "CARGO_TARGET_DIR=/opt/rustwide/target" "-e" "CARGO_HOME=/opt/rustwide/cargo-home" "-e" "RUSTUP_HOME=/opt/rustwide/rustup-home" "-w" "/opt/rustwide/workdir" "-m" "1610612736" "--user" "0:0" "--network" "none" "ghcr.io/rust-lang/crates-build-env/linux@sha256:819108c5571ea2e421544af4d832f968d213c87fbe3707a016657f43d2f853bc" "/opt/rustwide/cargo-home/bin/cargo" "+nightly-2025-01-18" "metadata" "--no-deps" "--format-version=1", kill_on_drop: false }`
[INFO] [stdout] 8fb5d7100ab7c3b669b80d950af26e38c599a9105ed964e4089e8e9ea230e7f3
[INFO] running `Command { std: "docker" "start" "-a" "8fb5d7100ab7c3b669b80d950af26e38c599a9105ed964e4089e8e9ea230e7f3", kill_on_drop: false }`
[INFO] running `Command { std: "docker" "inspect" "8fb5d7100ab7c3b669b80d950af26e38c599a9105ed964e4089e8e9ea230e7f3", kill_on_drop: false }`
[INFO] running `Command { std: "docker" "rm" "-f" "8fb5d7100ab7c3b669b80d950af26e38c599a9105ed964e4089e8e9ea230e7f3", kill_on_drop: false }`
[INFO] [stdout] 8fb5d7100ab7c3b669b80d950af26e38c599a9105ed964e4089e8e9ea230e7f3
[INFO] running `Command { std: "docker" "create" "-v" "/var/lib/crater-agent-workspace/builds/worker-6-tc2/target:/opt/rustwide/target:rw,Z" "-v" "/var/lib/crater-agent-workspace/builds/worker-6-tc2/source:/opt/rustwide/workdir:ro,Z" "-v" "/var/lib/crater-agent-workspace/cargo-home:/opt/rustwide/cargo-home:ro,Z" "-v" "/var/lib/crater-agent-workspace/rustup-home:/opt/rustwide/rustup-home:ro,Z" "-e" "SOURCE_DIR=/opt/rustwide/workdir" "-e" "CARGO_TARGET_DIR=/opt/rustwide/target" "-e" "CARGO_INCREMENTAL=0" "-e" "RUST_BACKTRACE=full" "-e" "RUSTFLAGS=--cap-lints=forbid -Zrandomize-layout" "-e" "RUSTDOCFLAGS=--cap-lints=forbid" "-e" "CARGO_HOME=/opt/rustwide/cargo-home" "-e" "RUSTUP_HOME=/opt/rustwide/rustup-home" "-w" "/opt/rustwide/workdir" "-m" "1610612736" "--user" "0:0" "--network" "none" "ghcr.io/rust-lang/crates-build-env/linux@sha256:819108c5571ea2e421544af4d832f968d213c87fbe3707a016657f43d2f853bc" "/opt/rustwide/cargo-home/bin/cargo" "+nightly-2025-01-18" "build" "--frozen" "--message-format=json", kill_on_drop: false }`
[INFO] [stdout] 54df91213d0c913b87dc50d03ae940db2b2253f2123880f336d408e7cc260433
[INFO] running `Command { std: "docker" "start" "-a" "54df91213d0c913b87dc50d03ae940db2b2253f2123880f336d408e7cc260433", kill_on_drop: false }`
[INFO] [stderr]    Compiling serde v1.0.204
[INFO] [stderr]    Compiling serde_json v1.0.120
[INFO] [stderr]    Compiling itoa v1.0.11
[INFO] [stderr]    Compiling ryu v1.0.18
[INFO] [stderr]    Compiling stop-words v0.8.0
[INFO] [stderr]    Compiling srake v0.1.1 (/opt/rustwide/workdir)
[INFO] [stderr]     Finished `dev` profile [unoptimized + debuginfo] target(s) in 6.76s
[INFO] running `Command { std: "docker" "inspect" "54df91213d0c913b87dc50d03ae940db2b2253f2123880f336d408e7cc260433", kill_on_drop: false }`
[INFO] running `Command { std: "docker" "rm" "-f" "54df91213d0c913b87dc50d03ae940db2b2253f2123880f336d408e7cc260433", kill_on_drop: false }`
[INFO] [stdout] 54df91213d0c913b87dc50d03ae940db2b2253f2123880f336d408e7cc260433
[INFO] running `Command { std: "docker" "create" "-v" "/var/lib/crater-agent-workspace/builds/worker-6-tc2/target:/opt/rustwide/target:rw,Z" "-v" "/var/lib/crater-agent-workspace/builds/worker-6-tc2/source:/opt/rustwide/workdir:ro,Z" "-v" "/var/lib/crater-agent-workspace/cargo-home:/opt/rustwide/cargo-home:ro,Z" "-v" "/var/lib/crater-agent-workspace/rustup-home:/opt/rustwide/rustup-home:ro,Z" "-e" "SOURCE_DIR=/opt/rustwide/workdir" "-e" "CARGO_TARGET_DIR=/opt/rustwide/target" "-e" "CARGO_INCREMENTAL=0" "-e" "RUST_BACKTRACE=full" "-e" "RUSTFLAGS=--cap-lints=forbid -Zrandomize-layout" "-e" "RUSTDOCFLAGS=--cap-lints=forbid" "-e" "CARGO_HOME=/opt/rustwide/cargo-home" "-e" "RUSTUP_HOME=/opt/rustwide/rustup-home" "-w" "/opt/rustwide/workdir" "-m" "1610612736" "--user" "0:0" "--network" "none" "ghcr.io/rust-lang/crates-build-env/linux@sha256:819108c5571ea2e421544af4d832f968d213c87fbe3707a016657f43d2f853bc" "/opt/rustwide/cargo-home/bin/cargo" "+nightly-2025-01-18" "test" "--frozen" "--no-run" "--message-format=json", kill_on_drop: false }`
[INFO] [stdout] 976c3ea3fde6cecc7a684a4c93e28133540de56978cea8164e1e176add9c5a5a
[INFO] running `Command { std: "docker" "start" "-a" "976c3ea3fde6cecc7a684a4c93e28133540de56978cea8164e1e176add9c5a5a", kill_on_drop: false }`
[INFO] [stderr]    Compiling srake v0.1.1 (/opt/rustwide/workdir)
[INFO] [stderr]     Finished `test` profile [unoptimized + debuginfo] target(s) in 0.37s
[INFO] running `Command { std: "docker" "inspect" "976c3ea3fde6cecc7a684a4c93e28133540de56978cea8164e1e176add9c5a5a", kill_on_drop: false }`
[INFO] running `Command { std: "docker" "rm" "-f" "976c3ea3fde6cecc7a684a4c93e28133540de56978cea8164e1e176add9c5a5a", kill_on_drop: false }`
[INFO] [stdout] 976c3ea3fde6cecc7a684a4c93e28133540de56978cea8164e1e176add9c5a5a
[INFO] running `Command { std: "docker" "create" "-v" "/var/lib/crater-agent-workspace/builds/worker-6-tc2/target:/opt/rustwide/target:rw,Z" "-v" "/var/lib/crater-agent-workspace/builds/worker-6-tc2/source:/opt/rustwide/workdir:ro,Z" "-v" "/var/lib/crater-agent-workspace/cargo-home:/opt/rustwide/cargo-home:ro,Z" "-v" "/var/lib/crater-agent-workspace/rustup-home:/opt/rustwide/rustup-home:ro,Z" "-e" "SOURCE_DIR=/opt/rustwide/workdir" "-e" "CARGO_TARGET_DIR=/opt/rustwide/target" "-e" "CARGO_INCREMENTAL=0" "-e" "RUST_BACKTRACE=full" "-e" "RUSTFLAGS=--cap-lints=forbid -Zrandomize-layout" "-e" "RUSTDOCFLAGS=--cap-lints=forbid" "-e" "CARGO_HOME=/opt/rustwide/cargo-home" "-e" "RUSTUP_HOME=/opt/rustwide/rustup-home" "-w" "/opt/rustwide/workdir" "-m" "1610612736" "--user" "0:0" "--network" "none" "ghcr.io/rust-lang/crates-build-env/linux@sha256:819108c5571ea2e421544af4d832f968d213c87fbe3707a016657f43d2f853bc" "/opt/rustwide/cargo-home/bin/cargo" "+nightly-2025-01-18" "test" "--frozen", kill_on_drop: false }`
[INFO] [stdout] 9c3773c005bcd509c9590011ad94ff948e50885f9708d14b5342b75cb3a57768
[INFO] running `Command { std: "docker" "start" "-a" "9c3773c005bcd509c9590011ad94ff948e50885f9708d14b5342b75cb3a57768", kill_on_drop: false }`
[INFO] [stderr]     Finished `test` profile [unoptimized + debuginfo] target(s) in 0.04s
[INFO] [stderr]      Running unittests src/lib.rs (/opt/rustwide/target/debug/deps/srake-1a807f200caf2f43)
[INFO] [stdout] 
[INFO] [stdout] running 0 tests
[INFO] [stdout] 
[INFO] [stdout] test result: ok. 0 passed; 0 failed; 0 ignored; 0 measured; 0 filtered out; finished in 0.00s
[INFO] [stdout] 
[INFO] [stderr]    Doc-tests srake
[INFO] [stdout] 
[INFO] [stdout] running 6 tests
[INFO] [stdout] test src/rake.rs - rake::Rake::process (line 46) ... FAILED
[INFO] [stdout] test src/rake.rs - rake::Rake::keyphrase_scores_descending (line 171) ... FAILED
[INFO] [stdout] test src/rake.rs - rake::Rake::set_stopwords (line 63) ... FAILED
[INFO] [stdout] test src/rake.rs - rake::Rake::keyphrase_scores_ascending (line 188) ... FAILED
[INFO] [stdout] test src/rake.rs - rake::Rake::set_stopwords_from_file (line 75) ... FAILED
[INFO] [stdout] test src/rake.rs - rake::Rake::new (line 27) ... FAILED
[INFO] [stdout] 
[INFO] [stdout] failures:
[INFO] [stdout] 
[INFO] [stdout] ---- src/rake.rs - rake::Rake::process (line 46) stdout ----
[INFO] [stdout] error[E0433]: failed to resolve: use of undeclared type `Rake`
[INFO] [stdout]  --> src/rake.rs:47:12
[INFO] [stdout]   |
[INFO] [stdout] 3 | let rake = Rake::new(String::from("AI is a branch of Computer Science."));
[INFO] [stdout]   |            ^^^^ use of undeclared type `Rake`
[INFO] [stdout]   |
[INFO] [stdout] help: consider importing this struct
[INFO] [stdout]   |
[INFO] [stdout] 2 + use srake::Rake;
[INFO] [stdout]   |
[INFO] [stdout] 
[INFO] [stdout] error: aborting due to 1 previous error
[INFO] [stdout] 
[INFO] [stdout] For more information about this error, try `rustc --explain E0433`.
[INFO] [stdout] Couldn't compile the test.
[INFO] [stdout] ---- src/rake.rs - rake::Rake::keyphrase_scores_descending (line 171) stdout ----
[INFO] [stdout] error[E0425]: cannot find value `rake` in this scope
[INFO] [stdout]  --> src/rake.rs:172:18
[INFO] [stdout]   |
[INFO] [stdout] 3 | let keyphrases = rake.keyphrase_scores_descending();
[INFO] [stdout]   |                  ^^^^ not found in this scope
[INFO] [stdout] 
[INFO] [stdout] error: aborting due to 1 previous error
[INFO] [stdout] 
[INFO] [stdout] For more information about this error, try `rustc --explain E0425`.
[INFO] [stdout] Couldn't compile the test.
[INFO] [stdout] ---- src/rake.rs - rake::Rake::set_stopwords (line 63) stdout ----
[INFO] [stdout] error[E0433]: failed to resolve: use of undeclared type `Rake`
[INFO] [stdout]  --> src/rake.rs:64:12
[INFO] [stdout]   |
[INFO] [stdout] 3 | let rake = Rake::new(String::from("RAKE adalah algoritma untuk mengekstraksi kata kunci dari teks"));
[INFO] [stdout]   |            ^^^^ use of undeclared type `Rake`
[INFO] [stdout]   |
[INFO] [stdout] help: consider importing this struct
[INFO] [stdout]   |
[INFO] [stdout] 2 + use srake::Rake;
[INFO] [stdout]   |
[INFO] [stdout] 
[INFO] [stdout] error: aborting due to 1 previous error
[INFO] [stdout] 
[INFO] [stdout] For more information about this error, try `rustc --explain E0433`.
[INFO] [stdout] Couldn't compile the test.
[INFO] [stdout] ---- src/rake.rs - rake::Rake::keyphrase_scores_ascending (line 188) stdout ----
[INFO] [stdout] error[E0425]: cannot find value `rake` in this scope
[INFO] [stdout]  --> src/rake.rs:189:18
[INFO] [stdout]   |
[INFO] [stdout] 3 | let keyphrases = rake.keyphrase_scores_ascending();
[INFO] [stdout]   |                  ^^^^ not found in this scope
[INFO] [stdout] 
[INFO] [stdout] error: aborting due to 1 previous error
[INFO] [stdout] 
[INFO] [stdout] For more information about this error, try `rustc --explain E0425`.
[INFO] [stdout] Couldn't compile the test.
[INFO] [stdout] ---- src/rake.rs - rake::Rake::set_stopwords_from_file (line 75) stdout ----
[INFO] [stdout] error[E0433]: failed to resolve: use of undeclared type `Rake`
[INFO] [stdout]  --> src/rake.rs:76:16
[INFO] [stdout]   |
[INFO] [stdout] 3 | let mut rake = Rake::new(String::from("Text with custom stopwords."));
[INFO] [stdout]   |                ^^^^ use of undeclared type `Rake`
[INFO] [stdout]   |
[INFO] [stdout] help: consider importing this struct
[INFO] [stdout]   |
[INFO] [stdout] 2 + use srake::Rake;
[INFO] [stdout]   |
[INFO] [stdout] 
[INFO] [stdout] error: aborting due to 1 previous error
[INFO] [stdout] 
[INFO] [stdout] For more information about this error, try `rustc --explain E0433`.
[INFO] [stdout] Couldn't compile the test.
[INFO] [stdout] ---- src/rake.rs - rake::Rake::new (line 27) stdout ----
[INFO] [stdout] error[E0433]: failed to resolve: use of undeclared type `Rake`
[INFO] [stdout]  --> src/rake.rs:28:12
[INFO] [stdout]   |
[INFO] [stdout] 3 | let rake = Rake::new(String::from("Natural Language Processing is amazing!"));
[INFO] [stdout]   |            ^^^^ use of undeclared type `Rake`
[INFO] [stdout]   |
[INFO] [stdout] help: consider importing this struct
[INFO] [stdout]   |
[INFO] [stdout] 2 + use srake::Rake;
[INFO] [stdout]   |
[INFO] [stdout] 
[INFO] [stdout] error: aborting due to 1 previous error
[INFO] [stdout] 
[INFO] [stdout] For more information about this error, try `rustc --explain E0433`.
[INFO] [stdout] Couldn't compile the test.
[INFO] [stdout] 
[INFO] [stdout] failures:
[INFO] [stdout]     src/rake.rs - rake::Rake::keyphrase_scores_ascending (line 188)
[INFO] [stdout]     src/rake.rs - rake::Rake::keyphrase_scores_descending (line 171)
[INFO] [stdout]     src/rake.rs - rake::Rake::new (line 27)
[INFO] [stdout]     src/rake.rs - rake::Rake::process (line 46)
[INFO] [stdout]     src/rake.rs - rake::Rake::set_stopwords (line 63)
[INFO] [stdout]     src/rake.rs - rake::Rake::set_stopwords_from_file (line 75)
[INFO] [stdout] 
[INFO] [stdout] test result: FAILED. 0 passed; 6 failed; 0 ignored; 0 measured; 0 filtered out; finished in 0.29s
[INFO] [stdout] 
[INFO] [stderr] error: doctest failed, to rerun pass `--doc`
[INFO] running `Command { std: "docker" "inspect" "9c3773c005bcd509c9590011ad94ff948e50885f9708d14b5342b75cb3a57768", kill_on_drop: false }`
[INFO] running `Command { std: "docker" "rm" "-f" "9c3773c005bcd509c9590011ad94ff948e50885f9708d14b5342b75cb3a57768", kill_on_drop: false }`
[INFO] [stdout] 9c3773c005bcd509c9590011ad94ff948e50885f9708d14b5342b75cb3a57768
