[INFO] cloning repository https://github.com/palform/prefixed-tsid
[INFO] running `Command { std: "git" "-c" "credential.helper=" "-c" "credential.helper=/workspace/cargo-home/bin/git-credential-null" "clone" "--bare" "https://github.com/palform/prefixed-tsid" "/workspace/cache/git-repos/https%3A%2F%2Fgithub.com%2Fpalform%2Fprefixed-tsid", kill_on_drop: false }`
[INFO] [stderr] Cloning into bare repository '/workspace/cache/git-repos/https%3A%2F%2Fgithub.com%2Fpalform%2Fprefixed-tsid'...
[INFO] running `Command { std: "git" "rev-parse" "HEAD", kill_on_drop: false }`
[INFO] [stdout] 0b2c868d09516b90272042179061de48c6af8be8
[INFO] testing palform/prefixed-tsid against nightly-2025-01-18 for randomize-layout-2
[INFO] running `Command { std: "git" "clone" "/workspace/cache/git-repos/https%3A%2F%2Fgithub.com%2Fpalform%2Fprefixed-tsid" "/workspace/builds/worker-3-tc1/source", kill_on_drop: false }`
[INFO] [stderr] Cloning into '/workspace/builds/worker-3-tc1/source'...
[INFO] [stderr] done.
[INFO] validating manifest of git repo https://github.com/palform/prefixed-tsid on toolchain nightly-2025-01-18
[INFO] running `Command { std: CARGO_HOME="/workspace/cargo-home" RUSTUP_HOME="/workspace/rustup-home" "/workspace/cargo-home/bin/cargo" "+nightly-2025-01-18" "metadata" "--manifest-path" "Cargo.toml" "--no-deps", kill_on_drop: false }`
[INFO] started tweaking git repo https://github.com/palform/prefixed-tsid
[INFO] finished tweaking git repo https://github.com/palform/prefixed-tsid
[INFO] tweaked toml for git repo https://github.com/palform/prefixed-tsid written to /workspace/builds/worker-3-tc1/source/Cargo.toml
[INFO] crate git repo https://github.com/palform/prefixed-tsid already has a lockfile, it will not be regenerated
[INFO] running `Command { std: CARGO_HOME="/workspace/cargo-home" RUSTUP_HOME="/workspace/rustup-home" "/workspace/cargo-home/bin/cargo" "+nightly-2025-01-18" "fetch" "--manifest-path" "Cargo.toml", kill_on_drop: false }`
[INFO] [stderr]     Blocking waiting for file lock on package cache
[INFO] [stderr]     Updating crates.io index
[INFO] [stderr]     Blocking waiting for file lock on package cache
[INFO] [stderr]  Downloading crates ...
[INFO] [stderr]   Downloaded enum-ordinalize v4.3.0
[INFO] [stderr]   Downloaded inherent v1.0.11
[INFO] [stderr]   Downloaded ts-rs v10.0.0
[INFO] [stderr]   Downloaded devise_codegen v0.4.2
[INFO] [stderr]   Downloaded devise v0.4.2
[INFO] [stderr]   Downloaded enum-ordinalize-derive v4.3.1
[INFO] [stderr]   Downloaded ts-rs-macros v10.0.0
[INFO] [stderr]   Downloaded figment v0.10.19
[INFO] [stderr]   Downloaded devise_core v0.4.2
[INFO] [stderr]   Downloaded pear v0.2.9
[INFO] [stderr]   Downloaded educe v0.5.11
[INFO] [stderr]   Downloaded sea-orm-macros v1.0.1
[INFO] [stderr]   Downloaded uncased v0.9.10
[INFO] [stderr]   Downloaded rocket_http v0.5.1
[INFO] [stderr]   Downloaded tsid v0.3.1
[INFO] [stderr]   Downloaded pear_codegen v0.2.9
[INFO] [stderr]   Downloaded rocket_codegen v0.5.1
[INFO] [stderr]   Downloaded sea-query v0.31.0
[INFO] [stderr]   Downloaded rocket v0.5.1
[INFO] [stderr]   Downloaded diesel v2.2.5
[INFO] [stderr]   Downloaded rustix v0.38.36
[INFO] [stderr]   Downloaded sea-orm v1.0.1
[INFO] running `Command { std: "docker" "create" "-v" "/var/lib/crater-agent-workspace/builds/worker-3-tc1/target:/opt/rustwide/target:rw,Z" "-v" "/var/lib/crater-agent-workspace/builds/worker-3-tc1/source:/opt/rustwide/workdir:ro,Z" "-v" "/var/lib/crater-agent-workspace/cargo-home:/opt/rustwide/cargo-home:ro,Z" "-v" "/var/lib/crater-agent-workspace/rustup-home:/opt/rustwide/rustup-home:ro,Z" "-e" "SOURCE_DIR=/opt/rustwide/workdir" "-e" "CARGO_TARGET_DIR=/opt/rustwide/target" "-e" "CARGO_HOME=/opt/rustwide/cargo-home" "-e" "RUSTUP_HOME=/opt/rustwide/rustup-home" "-w" "/opt/rustwide/workdir" "-m" "1610612736" "--user" "0:0" "--network" "none" "ghcr.io/rust-lang/crates-build-env/linux@sha256:819108c5571ea2e421544af4d832f968d213c87fbe3707a016657f43d2f853bc" "/opt/rustwide/cargo-home/bin/cargo" "+nightly-2025-01-18" "metadata" "--no-deps" "--format-version=1", kill_on_drop: false }`
[INFO] [stdout] 506373e056923853cc687e8b8930304c9e6bd89b91488d252518636dd4f57070
[INFO] running `Command { std: "docker" "start" "-a" "506373e056923853cc687e8b8930304c9e6bd89b91488d252518636dd4f57070", kill_on_drop: false }`
[INFO] running `Command { std: "docker" "inspect" "506373e056923853cc687e8b8930304c9e6bd89b91488d252518636dd4f57070", kill_on_drop: false }`
[INFO] running `Command { std: "docker" "rm" "-f" "506373e056923853cc687e8b8930304c9e6bd89b91488d252518636dd4f57070", kill_on_drop: false }`
[INFO] [stdout] 506373e056923853cc687e8b8930304c9e6bd89b91488d252518636dd4f57070
[INFO] running `Command { std: "docker" "create" "-v" "/var/lib/crater-agent-workspace/builds/worker-3-tc1/target:/opt/rustwide/target:rw,Z" "-v" "/var/lib/crater-agent-workspace/builds/worker-3-tc1/source:/opt/rustwide/workdir:ro,Z" "-v" "/var/lib/crater-agent-workspace/cargo-home:/opt/rustwide/cargo-home:ro,Z" "-v" "/var/lib/crater-agent-workspace/rustup-home:/opt/rustwide/rustup-home:ro,Z" "-e" "SOURCE_DIR=/opt/rustwide/workdir" "-e" "CARGO_TARGET_DIR=/opt/rustwide/target" "-e" "CARGO_INCREMENTAL=0" "-e" "RUST_BACKTRACE=full" "-e" "RUSTFLAGS=--cap-lints=forbid" "-e" "RUSTDOCFLAGS=--cap-lints=forbid" "-e" "CARGO_HOME=/opt/rustwide/cargo-home" "-e" "RUSTUP_HOME=/opt/rustwide/rustup-home" "-w" "/opt/rustwide/workdir" "-m" "1610612736" "--user" "0:0" "--network" "none" "ghcr.io/rust-lang/crates-build-env/linux@sha256:819108c5571ea2e421544af4d832f968d213c87fbe3707a016657f43d2f853bc" "/opt/rustwide/cargo-home/bin/cargo" "+nightly-2025-01-18" "build" "--frozen" "--message-format=json", kill_on_drop: false }`
[INFO] [stdout] ab022cf73c59ba76809462b68744813eb89af27151662e5abc4c0da128994d48
[INFO] running `Command { std: "docker" "start" "-a" "ab022cf73c59ba76809462b68744813eb89af27151662e5abc4c0da128994d48", kill_on_drop: false }`
[INFO] [stderr]    Compiling unicode-ident v1.0.13
[INFO] [stderr]    Compiling libc v0.2.158
[INFO] [stderr]    Compiling strsim v0.11.1
[INFO] [stderr]    Compiling fnv v1.0.7
[INFO] [stderr]    Compiling siphasher v0.3.11
[INFO] [stderr]    Compiling ident_case v1.0.1
[INFO] [stderr]    Compiling rand_core v0.6.4
[INFO] [stderr]    Compiling either v1.13.0
[INFO] [stderr]    Compiling heck v0.5.0
[INFO] [stderr]    Compiling anyhow v1.0.87
[INFO] [stderr]    Compiling serde v1.0.210
[INFO] [stderr]    Compiling bitflags v2.6.0
[INFO] [stderr]    Compiling rand v0.8.5
[INFO] [stderr]    Compiling proc-macro2 v1.0.86
[INFO] [stderr]    Compiling phf_shared v0.11.2
[INFO] [stderr]    Compiling quote v1.0.37
[INFO] [stderr]    Compiling syn v2.0.77
[INFO] [stderr]    Compiling phf_generator v0.11.2
[INFO] [stderr]    Compiling getrandom v0.2.15
[INFO] [stderr]    Compiling darling_core v0.20.10
[INFO] [stderr]    Compiling diesel_table_macro_syntax v0.2.0
[INFO] [stderr]    Compiling zerocopy-derive v0.7.35
[INFO] [stderr]    Compiling phf_macros v0.11.2
[INFO] [stderr]    Compiling serde_derive v1.0.210
[INFO] [stderr]    Compiling phf v0.11.2
[INFO] [stderr]    Compiling zerocopy v0.7.35
[INFO] [stderr]    Compiling ppv-lite86 v0.2.20
[INFO] [stderr]    Compiling darling_macro v0.20.10
[INFO] [stderr]    Compiling rand_chacha v0.3.1
[INFO] [stderr]    Compiling darling v0.20.10
[INFO] [stderr]    Compiling dsl_auto_type v0.1.2
[INFO] [stderr]    Compiling diesel_derives v2.2.3
[INFO] [stderr]    Compiling tsid v0.3.1
[INFO] [stderr]    Compiling diesel v2.2.5
[INFO] [stderr]    Compiling prefixed-tsid v0.4.3 (/opt/rustwide/workdir)
[INFO] [stderr]     Finished `dev` profile [unoptimized + debuginfo] target(s) in 43.40s
[INFO] running `Command { std: "docker" "inspect" "ab022cf73c59ba76809462b68744813eb89af27151662e5abc4c0da128994d48", kill_on_drop: false }`
[INFO] running `Command { std: "docker" "rm" "-f" "ab022cf73c59ba76809462b68744813eb89af27151662e5abc4c0da128994d48", kill_on_drop: false }`
[INFO] [stdout] ab022cf73c59ba76809462b68744813eb89af27151662e5abc4c0da128994d48
[INFO] running `Command { std: "docker" "create" "-v" "/var/lib/crater-agent-workspace/builds/worker-3-tc1/target:/opt/rustwide/target:rw,Z" "-v" "/var/lib/crater-agent-workspace/builds/worker-3-tc1/source:/opt/rustwide/workdir:ro,Z" "-v" "/var/lib/crater-agent-workspace/cargo-home:/opt/rustwide/cargo-home:ro,Z" "-v" "/var/lib/crater-agent-workspace/rustup-home:/opt/rustwide/rustup-home:ro,Z" "-e" "SOURCE_DIR=/opt/rustwide/workdir" "-e" "CARGO_TARGET_DIR=/opt/rustwide/target" "-e" "CARGO_INCREMENTAL=0" "-e" "RUST_BACKTRACE=full" "-e" "RUSTFLAGS=--cap-lints=forbid" "-e" "RUSTDOCFLAGS=--cap-lints=forbid" "-e" "CARGO_HOME=/opt/rustwide/cargo-home" "-e" "RUSTUP_HOME=/opt/rustwide/rustup-home" "-w" "/opt/rustwide/workdir" "-m" "1610612736" "--user" "0:0" "--network" "none" "ghcr.io/rust-lang/crates-build-env/linux@sha256:819108c5571ea2e421544af4d832f968d213c87fbe3707a016657f43d2f853bc" "/opt/rustwide/cargo-home/bin/cargo" "+nightly-2025-01-18" "test" "--frozen" "--no-run" "--message-format=json", kill_on_drop: false }`
[INFO] [stdout] c9f9385b23105b05a02b4c42a746c11e4832fbd5df30d948fa086ee3cd58bb35
[INFO] running `Command { std: "docker" "start" "-a" "c9f9385b23105b05a02b4c42a746c11e4832fbd5df30d948fa086ee3cd58bb35", kill_on_drop: false }`
[INFO] [stderr]    Compiling prefixed-tsid v0.4.3 (/opt/rustwide/workdir)
[INFO] [stderr]     Finished `test` profile [unoptimized + debuginfo] target(s) in 0.48s
[INFO] running `Command { std: "docker" "inspect" "c9f9385b23105b05a02b4c42a746c11e4832fbd5df30d948fa086ee3cd58bb35", kill_on_drop: false }`
[INFO] running `Command { std: "docker" "rm" "-f" "c9f9385b23105b05a02b4c42a746c11e4832fbd5df30d948fa086ee3cd58bb35", kill_on_drop: false }`
[INFO] [stdout] c9f9385b23105b05a02b4c42a746c11e4832fbd5df30d948fa086ee3cd58bb35
[INFO] running `Command { std: "docker" "create" "-v" "/var/lib/crater-agent-workspace/builds/worker-3-tc1/target:/opt/rustwide/target:rw,Z" "-v" "/var/lib/crater-agent-workspace/builds/worker-3-tc1/source:/opt/rustwide/workdir:ro,Z" "-v" "/var/lib/crater-agent-workspace/cargo-home:/opt/rustwide/cargo-home:ro,Z" "-v" "/var/lib/crater-agent-workspace/rustup-home:/opt/rustwide/rustup-home:ro,Z" "-e" "SOURCE_DIR=/opt/rustwide/workdir" "-e" "CARGO_TARGET_DIR=/opt/rustwide/target" "-e" "CARGO_INCREMENTAL=0" "-e" "RUST_BACKTRACE=full" "-e" "RUSTFLAGS=--cap-lints=forbid" "-e" "RUSTDOCFLAGS=--cap-lints=forbid" "-e" "CARGO_HOME=/opt/rustwide/cargo-home" "-e" "RUSTUP_HOME=/opt/rustwide/rustup-home" "-w" "/opt/rustwide/workdir" "-m" "1610612736" "--user" "0:0" "--network" "none" "ghcr.io/rust-lang/crates-build-env/linux@sha256:819108c5571ea2e421544af4d832f968d213c87fbe3707a016657f43d2f853bc" "/opt/rustwide/cargo-home/bin/cargo" "+nightly-2025-01-18" "test" "--frozen", kill_on_drop: false }`
[INFO] [stdout] 498a713711e048e0c3983d3ffea2d87130897d7c8cb0d8d732f0a58f823bf586
[INFO] running `Command { std: "docker" "start" "-a" "498a713711e048e0c3983d3ffea2d87130897d7c8cb0d8d732f0a58f823bf586", kill_on_drop: false }`
[INFO] [stderr]     Finished `test` profile [unoptimized + debuginfo] target(s) in 0.12s
[INFO] [stderr]      Running unittests src/lib.rs (/opt/rustwide/target/debug/deps/prefixed_tsid-96bdbdeb237aee29)
[INFO] [stdout] 
[INFO] [stdout] running 0 tests
[INFO] [stdout] 
[INFO] [stdout] test result: ok. 0 passed; 0 failed; 0 ignored; 0 measured; 0 filtered out; finished in 0.00s
[INFO] [stdout] 
[INFO] [stderr]    Doc-tests prefixed_tsid
[INFO] [stdout] 
[INFO] [stdout] running 3 tests
[INFO] [stdout] test src/lib.rs - (line 7) ... FAILED
[INFO] [stdout] test src/lib.rs - (line 29) ... FAILED
[INFO] [stdout] test src/lib.rs - (line 13) ... FAILED
[INFO] [stdout] 
[INFO] [stdout] failures:
[INFO] [stdout] 
[INFO] [stdout] ---- src/lib.rs - (line 7) stdout ----
[INFO] [stdout] error[E0425]: cannot find value `org_0GTM2MERJJE1T` in this scope
[INFO] [stdout]  --> src/lib.rs:8:1
[INFO] [stdout]   |
[INFO] [stdout] 3 | org_0GTM2MERJJE1T
[INFO] [stdout]   | ^^^^^^^^^^^^^^^^^ not found in this scope
[INFO] [stdout] 
[INFO] [stdout] error: aborting due to 1 previous error
[INFO] [stdout] 
[INFO] [stdout] For more information about this error, try `rustc --explain E0425`.
[INFO] [stdout] Couldn't compile the test.
[INFO] [stdout] ---- src/lib.rs - (line 29) stdout ----
[INFO] [stdout] error[E0433]: failed to resolve: use of undeclared type `TSIDDatabaseID`
[INFO] [stdout]  --> src/lib.rs:30:14
[INFO] [stdout]   |
[INFO] [stdout] 3 | let org_id = TSIDDatabaseID::<IDOrganisation>::random();
[INFO] [stdout]   |              ^^^^^^^^^^^^^^ use of undeclared type `TSIDDatabaseID`
[INFO] [stdout]   |
[INFO] [stdout] help: consider importing this struct
[INFO] [stdout]   |
[INFO] [stdout] 2 + use prefixed_tsid::tsid::TSIDDatabaseID;
[INFO] [stdout]   |
[INFO] [stdout] 
[INFO] [stdout] error[E0412]: cannot find type `IDOrganisation` in this scope
[INFO] [stdout]  --> src/lib.rs:30:31
[INFO] [stdout]   |
[INFO] [stdout] 3 | let org_id = TSIDDatabaseID::<IDOrganisation>::random();
[INFO] [stdout]   |                               ^^^^^^^^^^^^^^ not found in this scope
[INFO] [stdout]   |
[INFO] [stdout] help: you might be missing a type parameter
[INFO] [stdout]   |
[INFO] [stdout] 2 | fn main() { #[allow(non_snake_case)] fn _doctest_main_src_lib_rs_29_0<IDOrganisation>() {
[INFO] [stdout]   |                                                                      ++++++++++++++++
[INFO] [stdout] 
[INFO] [stdout] error: aborting due to 2 previous errors
[INFO] [stdout] 
[INFO] [stdout] Some errors have detailed explanations: E0412, E0433.
[INFO] [stdout] For more information about an error, try `rustc --explain E0412`.
[INFO] [stdout] Couldn't compile the test.
[INFO] [stdout] ---- src/lib.rs - (line 13) stdout ----
[INFO] [stdout] error: cannot find macro `id_resource_type` in this scope
[INFO] [stdout]  --> src/lib.rs:14:1
[INFO] [stdout]   |
[INFO] [stdout] 3 | id_resource_type!(IDOrganisation, "org");
[INFO] [stdout]   | ^^^^^^^^^^^^^^^^
[INFO] [stdout]   |
[INFO] [stdout] help: consider importing this macro
[INFO] [stdout]   |
[INFO] [stdout] 2 + use prefixed_tsid::id_resource_type;
[INFO] [stdout]   |
[INFO] [stdout] 
[INFO] [stdout] error[E0405]: cannot find trait `TSIDResource` in this scope
[INFO] [stdout]  --> src/lib.rs:20:6
[INFO] [stdout]   |
[INFO] [stdout] 9 | impl TSIDResource for IDOrganisation {
[INFO] [stdout]   |      ^^^^^^^^^^^^ not found in this scope
[INFO] [stdout]   |
[INFO] [stdout] help: consider importing this trait
[INFO] [stdout]   |
[INFO] [stdout] 2 + use prefixed_tsid::resources::TSIDResource;
[INFO] [stdout]   |
[INFO] [stdout] 
[INFO] [stdout] error: aborting due to 2 previous errors
[INFO] [stdout] 
[INFO] [stdout] For more information about this error, try `rustc --explain E0405`.
[INFO] [stdout] Couldn't compile the test.
[INFO] [stdout] 
[INFO] [stdout] failures:
[INFO] [stdout]     src/lib.rs - (line 13)
[INFO] [stdout]     src/lib.rs - (line 29)
[INFO] [stdout]     src/lib.rs - (line 7)
[INFO] [stdout] 
[INFO] [stdout] test result: FAILED. 0 passed; 3 failed; 0 ignored; 0 measured; 0 filtered out; finished in 0.22s
[INFO] [stdout] 
[INFO] [stderr] error: doctest failed, to rerun pass `--doc`
[INFO] running `Command { std: "docker" "inspect" "498a713711e048e0c3983d3ffea2d87130897d7c8cb0d8d732f0a58f823bf586", kill_on_drop: false }`
[INFO] running `Command { std: "docker" "rm" "-f" "498a713711e048e0c3983d3ffea2d87130897d7c8cb0d8d732f0a58f823bf586", kill_on_drop: false }`
[INFO] [stdout] 498a713711e048e0c3983d3ffea2d87130897d7c8cb0d8d732f0a58f823bf586
