[INFO] cloning repository https://github.com/paddison/rust_sorts
[INFO] running `Command { std: "git" "-c" "credential.helper=" "-c" "credential.helper=/workspace/cargo-home/bin/git-credential-null" "clone" "--bare" "https://github.com/paddison/rust_sorts" "/workspace/cache/git-repos/https%3A%2F%2Fgithub.com%2Fpaddison%2Frust_sorts", kill_on_drop: false }`
[INFO] [stderr] Cloning into bare repository '/workspace/cache/git-repos/https%3A%2F%2Fgithub.com%2Fpaddison%2Frust_sorts'...
[INFO] running `Command { std: "git" "rev-parse" "HEAD", kill_on_drop: false }`
[INFO] [stdout] a5391aa23b89f784d299a4a2b7e6f356436e7ccc
[INFO] testing paddison/rust_sorts against nightly-2025-01-18 for randomize-layout-2
[INFO] running `Command { std: "git" "clone" "/workspace/cache/git-repos/https%3A%2F%2Fgithub.com%2Fpaddison%2Frust_sorts" "/workspace/builds/worker-0-tc1/source", kill_on_drop: false }`
[INFO] [stderr] Cloning into '/workspace/builds/worker-0-tc1/source'...
[INFO] [stderr] done.
[INFO] validating manifest of git repo https://github.com/paddison/rust_sorts on toolchain nightly-2025-01-18
[INFO] running `Command { std: CARGO_HOME="/workspace/cargo-home" RUSTUP_HOME="/workspace/rustup-home" "/workspace/cargo-home/bin/cargo" "+nightly-2025-01-18" "metadata" "--manifest-path" "Cargo.toml" "--no-deps", kill_on_drop: false }`
[INFO] started tweaking git repo https://github.com/paddison/rust_sorts
[INFO] finished tweaking git repo https://github.com/paddison/rust_sorts
[INFO] tweaked toml for git repo https://github.com/paddison/rust_sorts written to /workspace/builds/worker-0-tc1/source/Cargo.toml
[INFO] crate git repo https://github.com/paddison/rust_sorts already has a lockfile, it will not be regenerated
[INFO] running `Command { std: CARGO_HOME="/workspace/cargo-home" RUSTUP_HOME="/workspace/rustup-home" "/workspace/cargo-home/bin/cargo" "+nightly-2025-01-18" "fetch" "--manifest-path" "Cargo.toml", kill_on_drop: false }`
[INFO] [stderr]     Blocking waiting for file lock on package cache
[INFO] running `Command { std: "docker" "create" "-v" "/var/lib/crater-agent-workspace/builds/worker-0-tc1/target:/opt/rustwide/target:rw,Z" "-v" "/var/lib/crater-agent-workspace/builds/worker-0-tc1/source:/opt/rustwide/workdir:ro,Z" "-v" "/var/lib/crater-agent-workspace/cargo-home:/opt/rustwide/cargo-home:ro,Z" "-v" "/var/lib/crater-agent-workspace/rustup-home:/opt/rustwide/rustup-home:ro,Z" "-e" "SOURCE_DIR=/opt/rustwide/workdir" "-e" "CARGO_TARGET_DIR=/opt/rustwide/target" "-e" "CARGO_HOME=/opt/rustwide/cargo-home" "-e" "RUSTUP_HOME=/opt/rustwide/rustup-home" "-w" "/opt/rustwide/workdir" "-m" "1610612736" "--user" "0:0" "--network" "none" "ghcr.io/rust-lang/crates-build-env/linux@sha256:819108c5571ea2e421544af4d832f968d213c87fbe3707a016657f43d2f853bc" "/opt/rustwide/cargo-home/bin/cargo" "+nightly-2025-01-18" "metadata" "--no-deps" "--format-version=1", kill_on_drop: false }`
[INFO] [stdout] 8ff26d75b38c40126e63faa5071f810f95e02b240702659b3f58767d95d76892
[INFO] running `Command { std: "docker" "start" "-a" "8ff26d75b38c40126e63faa5071f810f95e02b240702659b3f58767d95d76892", kill_on_drop: false }`
[INFO] running `Command { std: "docker" "inspect" "8ff26d75b38c40126e63faa5071f810f95e02b240702659b3f58767d95d76892", kill_on_drop: false }`
[INFO] running `Command { std: "docker" "rm" "-f" "8ff26d75b38c40126e63faa5071f810f95e02b240702659b3f58767d95d76892", kill_on_drop: false }`
[INFO] [stdout] 8ff26d75b38c40126e63faa5071f810f95e02b240702659b3f58767d95d76892
[INFO] running `Command { std: "docker" "create" "-v" "/var/lib/crater-agent-workspace/builds/worker-0-tc1/target:/opt/rustwide/target:rw,Z" "-v" "/var/lib/crater-agent-workspace/builds/worker-0-tc1/source:/opt/rustwide/workdir:ro,Z" "-v" "/var/lib/crater-agent-workspace/cargo-home:/opt/rustwide/cargo-home:ro,Z" "-v" "/var/lib/crater-agent-workspace/rustup-home:/opt/rustwide/rustup-home:ro,Z" "-e" "SOURCE_DIR=/opt/rustwide/workdir" "-e" "CARGO_TARGET_DIR=/opt/rustwide/target" "-e" "CARGO_INCREMENTAL=0" "-e" "RUST_BACKTRACE=full" "-e" "RUSTFLAGS=--cap-lints=forbid" "-e" "RUSTDOCFLAGS=--cap-lints=forbid" "-e" "CARGO_HOME=/opt/rustwide/cargo-home" "-e" "RUSTUP_HOME=/opt/rustwide/rustup-home" "-w" "/opt/rustwide/workdir" "-m" "1610612736" "--user" "0:0" "--network" "none" "ghcr.io/rust-lang/crates-build-env/linux@sha256:819108c5571ea2e421544af4d832f968d213c87fbe3707a016657f43d2f853bc" "/opt/rustwide/cargo-home/bin/cargo" "+nightly-2025-01-18" "build" "--frozen" "--message-format=json", kill_on_drop: false }`
[INFO] [stdout] 0c9a7475211b82c535d9f5d24ee8f1a43d0110122f70303fdd4bafade155bd08
[INFO] running `Command { std: "docker" "start" "-a" "0c9a7475211b82c535d9f5d24ee8f1a43d0110122f70303fdd4bafade155bd08", kill_on_drop: false }`
[INFO] [stderr]    Compiling libc v0.2.126
[INFO] [stderr]    Compiling autocfg v1.1.0
[INFO] [stderr]    Compiling cfg-if v1.0.0
[INFO] [stderr]    Compiling ppv-lite86 v0.2.16
[INFO] [stderr]    Compiling num-traits v0.2.15
[INFO] [stderr]    Compiling num-integer v0.1.45
[INFO] [stderr]    Compiling getrandom v0.2.6
[INFO] [stderr]    Compiling time v0.1.44
[INFO] [stderr]    Compiling rand_core v0.6.3
[INFO] [stderr]    Compiling rand_chacha v0.3.1
[INFO] [stderr]    Compiling chrono v0.4.19
[INFO] [stderr]    Compiling rand v0.8.5
[INFO] [stderr]    Compiling sorts v0.1.0 (/opt/rustwide/workdir)
[INFO] [stderr]     Finished `dev` profile [optimized + debuginfo] target(s) in 4.51s
[INFO] running `Command { std: "docker" "inspect" "0c9a7475211b82c535d9f5d24ee8f1a43d0110122f70303fdd4bafade155bd08", kill_on_drop: false }`
[INFO] running `Command { std: "docker" "rm" "-f" "0c9a7475211b82c535d9f5d24ee8f1a43d0110122f70303fdd4bafade155bd08", kill_on_drop: false }`
[INFO] [stdout] 0c9a7475211b82c535d9f5d24ee8f1a43d0110122f70303fdd4bafade155bd08
[INFO] running `Command { std: "docker" "create" "-v" "/var/lib/crater-agent-workspace/builds/worker-0-tc1/target:/opt/rustwide/target:rw,Z" "-v" "/var/lib/crater-agent-workspace/builds/worker-0-tc1/source:/opt/rustwide/workdir:ro,Z" "-v" "/var/lib/crater-agent-workspace/cargo-home:/opt/rustwide/cargo-home:ro,Z" "-v" "/var/lib/crater-agent-workspace/rustup-home:/opt/rustwide/rustup-home:ro,Z" "-e" "SOURCE_DIR=/opt/rustwide/workdir" "-e" "CARGO_TARGET_DIR=/opt/rustwide/target" "-e" "CARGO_INCREMENTAL=0" "-e" "RUST_BACKTRACE=full" "-e" "RUSTFLAGS=--cap-lints=forbid" "-e" "RUSTDOCFLAGS=--cap-lints=forbid" "-e" "CARGO_HOME=/opt/rustwide/cargo-home" "-e" "RUSTUP_HOME=/opt/rustwide/rustup-home" "-w" "/opt/rustwide/workdir" "-m" "1610612736" "--user" "0:0" "--network" "none" "ghcr.io/rust-lang/crates-build-env/linux@sha256:819108c5571ea2e421544af4d832f968d213c87fbe3707a016657f43d2f853bc" "/opt/rustwide/cargo-home/bin/cargo" "+nightly-2025-01-18" "test" "--frozen" "--no-run" "--message-format=json", kill_on_drop: false }`
[INFO] [stdout] 0380320c20cb5ec110eff6f9a60577a89f28d74d36be69a2d83a283a319086e5
[INFO] running `Command { std: "docker" "start" "-a" "0380320c20cb5ec110eff6f9a60577a89f28d74d36be69a2d83a283a319086e5", kill_on_drop: false }`
[INFO] [stderr]    Compiling sorts v0.1.0 (/opt/rustwide/workdir)
[INFO] [stderr]     Finished `test` profile [optimized + debuginfo] target(s) in 0.55s
[INFO] running `Command { std: "docker" "inspect" "0380320c20cb5ec110eff6f9a60577a89f28d74d36be69a2d83a283a319086e5", kill_on_drop: false }`
[INFO] running `Command { std: "docker" "rm" "-f" "0380320c20cb5ec110eff6f9a60577a89f28d74d36be69a2d83a283a319086e5", kill_on_drop: false }`
[INFO] [stdout] 0380320c20cb5ec110eff6f9a60577a89f28d74d36be69a2d83a283a319086e5
[INFO] running `Command { std: "docker" "create" "-v" "/var/lib/crater-agent-workspace/builds/worker-0-tc1/target:/opt/rustwide/target:rw,Z" "-v" "/var/lib/crater-agent-workspace/builds/worker-0-tc1/source:/opt/rustwide/workdir:ro,Z" "-v" "/var/lib/crater-agent-workspace/cargo-home:/opt/rustwide/cargo-home:ro,Z" "-v" "/var/lib/crater-agent-workspace/rustup-home:/opt/rustwide/rustup-home:ro,Z" "-e" "SOURCE_DIR=/opt/rustwide/workdir" "-e" "CARGO_TARGET_DIR=/opt/rustwide/target" "-e" "CARGO_INCREMENTAL=0" "-e" "RUST_BACKTRACE=full" "-e" "RUSTFLAGS=--cap-lints=forbid" "-e" "RUSTDOCFLAGS=--cap-lints=forbid" "-e" "CARGO_HOME=/opt/rustwide/cargo-home" "-e" "RUSTUP_HOME=/opt/rustwide/rustup-home" "-w" "/opt/rustwide/workdir" "-m" "1610612736" "--user" "0:0" "--network" "none" "ghcr.io/rust-lang/crates-build-env/linux@sha256:819108c5571ea2e421544af4d832f968d213c87fbe3707a016657f43d2f853bc" "/opt/rustwide/cargo-home/bin/cargo" "+nightly-2025-01-18" "test" "--frozen", kill_on_drop: false }`
[INFO] [stdout] 52d2c2aab0f172482b2379083b7b0cac17fcde16585b854e53935db8b223b866
[INFO] running `Command { std: "docker" "start" "-a" "52d2c2aab0f172482b2379083b7b0cac17fcde16585b854e53935db8b223b866", kill_on_drop: false }`
[INFO] [stderr]     Finished `test` profile [optimized + debuginfo] target(s) in 0.02s
[INFO] [stderr]      Running unittests src/lib.rs (/opt/rustwide/target/debug/deps/sorts-b59f123a82a25103)
[INFO] [stdout] 
[INFO] [stdout] running 9 tests
[INFO] [stdout] test tests::insertion_sort_long ... ok
[INFO] [stdout] test insertion_sort::test_n ... ok
[INFO] [stdout] test quick_sort::iterative::tests::test_quick_iter_n ... ok
[INFO] [stdout] test tests::test_four_number_vector_bubble ... ok
[INFO] [stdout] test tests::test_four_number_vector ... ok
[INFO] [stdout] test tests::insertion_sort ... ok
[INFO] [stdout] test tests::test_four_number_vector_quick ... ok
[INFO] [stdout] test merge_sort::tests::test_bottom_up_n_ele ... ok
[INFO] [stdout] test merge_sort::tests::test_bottom_up_8_ele ... ok
[INFO] [stdout] 
[INFO] [stdout] test result: ok. 9 passed; 0 failed; 0 ignored; 0 measured; 0 filtered out; finished in 0.00s
[INFO] [stdout] 
[INFO] [stderr]      Running unittests src/main.rs (/opt/rustwide/target/debug/deps/sorts-27d9a092231698c4)
[INFO] [stdout] 
[INFO] [stdout] running 0 tests
[INFO] [stdout] 
[INFO] [stdout] test result: ok. 0 passed; 0 failed; 0 ignored; 0 measured; 0 filtered out; finished in 0.00s
[INFO] [stdout] 
[INFO] [stderr]    Doc-tests sorts
[INFO] [stdout] 
[INFO] [stdout] running 1 test
[INFO] [stdout] test src/merge_sort.rs - merge_sort::unoptimized (line 5) ... FAILED
[INFO] [stdout] 
[INFO] [stdout] failures:
[INFO] [stdout] 
[INFO] [stdout] ---- src/merge_sort.rs - merge_sort::unoptimized (line 5) stdout ----
[INFO] [stdout] error[E0423]: expected function, found module `merge_sort`
[INFO] [stdout]  --> src/merge_sort.rs:9:14
[INFO] [stdout]   |
[INFO] [stdout] 7 | let sorted = merge_sort(&unsorted);
[INFO] [stdout]   |              ^^^^^^^^^^ not a function
[INFO] [stdout] 
[INFO] [stdout] error: aborting due to 1 previous error
[INFO] [stdout] 
[INFO] [stdout] For more information about this error, try `rustc --explain E0423`.
[INFO] [stdout] Couldn't compile the test.
[INFO] [stdout] 
[INFO] [stdout] failures:
[INFO] [stdout]     src/merge_sort.rs - merge_sort::unoptimized (line 5)
[INFO] [stdout] 
[INFO] [stdout] test result: FAILED. 0 passed; 1 failed; 0 ignored; 0 measured; 0 filtered out; finished in 0.19s
[INFO] [stdout] 
[INFO] [stderr] error: doctest failed, to rerun pass `--doc`
[INFO] running `Command { std: "docker" "inspect" "52d2c2aab0f172482b2379083b7b0cac17fcde16585b854e53935db8b223b866", kill_on_drop: false }`
[INFO] running `Command { std: "docker" "rm" "-f" "52d2c2aab0f172482b2379083b7b0cac17fcde16585b854e53935db8b223b866", kill_on_drop: false }`
[INFO] [stdout] 52d2c2aab0f172482b2379083b7b0cac17fcde16585b854e53935db8b223b866
