[INFO] cloning repository https://github.com/overtrue-xyz/json-parser
[INFO] running `Command { std: "git" "-c" "credential.helper=" "-c" "credential.helper=/workspace/cargo-home/bin/git-credential-null" "clone" "--bare" "https://github.com/overtrue-xyz/json-parser" "/workspace/cache/git-repos/https%3A%2F%2Fgithub.com%2Fovertrue-xyz%2Fjson-parser", kill_on_drop: false }`
[INFO] [stderr] Cloning into bare repository '/workspace/cache/git-repos/https%3A%2F%2Fgithub.com%2Fovertrue-xyz%2Fjson-parser'...
[INFO] running `Command { std: "git" "rev-parse" "HEAD", kill_on_drop: false }`
[INFO] [stdout] 64f1d8324694e4df30fa2e126f4ff93cd4c9003f
[INFO] testing overtrue-xyz/json-parser against nightly-2025-01-18+rustflags=-Zrandomize-layout for randomize-layout-2
[INFO] running `Command { std: "git" "clone" "/workspace/cache/git-repos/https%3A%2F%2Fgithub.com%2Fovertrue-xyz%2Fjson-parser" "/workspace/builds/worker-2-tc2/source", kill_on_drop: false }`
[INFO] [stderr] Cloning into '/workspace/builds/worker-2-tc2/source'...
[INFO] [stderr] done.
[INFO] validating manifest of git repo https://github.com/overtrue-xyz/json-parser on toolchain nightly-2025-01-18
[INFO] running `Command { std: CARGO_HOME="/workspace/cargo-home" RUSTUP_HOME="/workspace/rustup-home" "/workspace/cargo-home/bin/cargo" "+nightly-2025-01-18" "metadata" "--manifest-path" "Cargo.toml" "--no-deps", kill_on_drop: false }`
[INFO] started tweaking git repo https://github.com/overtrue-xyz/json-parser
[INFO] finished tweaking git repo https://github.com/overtrue-xyz/json-parser
[INFO] tweaked toml for git repo https://github.com/overtrue-xyz/json-parser written to /workspace/builds/worker-2-tc2/source/Cargo.toml
[INFO] crate git repo https://github.com/overtrue-xyz/json-parser already has a lockfile, it will not be regenerated
[INFO] running `Command { std: CARGO_HOME="/workspace/cargo-home" RUSTUP_HOME="/workspace/rustup-home" "/workspace/cargo-home/bin/cargo" "+nightly-2025-01-18" "fetch" "--manifest-path" "Cargo.toml", kill_on_drop: false }`
[INFO] running `Command { std: "docker" "create" "-v" "/var/lib/crater-agent-workspace/builds/worker-2-tc2/target:/opt/rustwide/target:rw,Z" "-v" "/var/lib/crater-agent-workspace/builds/worker-2-tc2/source:/opt/rustwide/workdir:ro,Z" "-v" "/var/lib/crater-agent-workspace/cargo-home:/opt/rustwide/cargo-home:ro,Z" "-v" "/var/lib/crater-agent-workspace/rustup-home:/opt/rustwide/rustup-home:ro,Z" "-e" "SOURCE_DIR=/opt/rustwide/workdir" "-e" "CARGO_TARGET_DIR=/opt/rustwide/target" "-e" "CARGO_HOME=/opt/rustwide/cargo-home" "-e" "RUSTUP_HOME=/opt/rustwide/rustup-home" "-w" "/opt/rustwide/workdir" "-m" "1610612736" "--user" "0:0" "--network" "none" "ghcr.io/rust-lang/crates-build-env/linux@sha256:819108c5571ea2e421544af4d832f968d213c87fbe3707a016657f43d2f853bc" "/opt/rustwide/cargo-home/bin/cargo" "+nightly-2025-01-18" "metadata" "--no-deps" "--format-version=1", kill_on_drop: false }`
[INFO] [stdout] 1ab3d7bce6397024ddb3fb9cb7c16e7549c45ee6b8056b184c1058ac263087b1
[INFO] running `Command { std: "docker" "start" "-a" "1ab3d7bce6397024ddb3fb9cb7c16e7549c45ee6b8056b184c1058ac263087b1", kill_on_drop: false }`
[INFO] running `Command { std: "docker" "inspect" "1ab3d7bce6397024ddb3fb9cb7c16e7549c45ee6b8056b184c1058ac263087b1", kill_on_drop: false }`
[INFO] running `Command { std: "docker" "rm" "-f" "1ab3d7bce6397024ddb3fb9cb7c16e7549c45ee6b8056b184c1058ac263087b1", kill_on_drop: false }`
[INFO] [stdout] 1ab3d7bce6397024ddb3fb9cb7c16e7549c45ee6b8056b184c1058ac263087b1
[INFO] running `Command { std: "docker" "create" "-v" "/var/lib/crater-agent-workspace/builds/worker-2-tc2/target:/opt/rustwide/target:rw,Z" "-v" "/var/lib/crater-agent-workspace/builds/worker-2-tc2/source:/opt/rustwide/workdir:ro,Z" "-v" "/var/lib/crater-agent-workspace/cargo-home:/opt/rustwide/cargo-home:ro,Z" "-v" "/var/lib/crater-agent-workspace/rustup-home:/opt/rustwide/rustup-home:ro,Z" "-e" "SOURCE_DIR=/opt/rustwide/workdir" "-e" "CARGO_TARGET_DIR=/opt/rustwide/target" "-e" "CARGO_INCREMENTAL=0" "-e" "RUST_BACKTRACE=full" "-e" "RUSTFLAGS=--cap-lints=forbid -Zrandomize-layout" "-e" "RUSTDOCFLAGS=--cap-lints=forbid" "-e" "CARGO_HOME=/opt/rustwide/cargo-home" "-e" "RUSTUP_HOME=/opt/rustwide/rustup-home" "-w" "/opt/rustwide/workdir" "-m" "1610612736" "--user" "0:0" "--network" "none" "ghcr.io/rust-lang/crates-build-env/linux@sha256:819108c5571ea2e421544af4d832f968d213c87fbe3707a016657f43d2f853bc" "/opt/rustwide/cargo-home/bin/cargo" "+nightly-2025-01-18" "build" "--frozen" "--message-format=json", kill_on_drop: false }`
[INFO] [stdout] 29676db4551174fc724df579b8a9f33dc0fb23a7e7519dffbc495b5dbd07e350
[INFO] running `Command { std: "docker" "start" "-a" "29676db4551174fc724df579b8a9f33dc0fb23a7e7519dffbc495b5dbd07e350", kill_on_drop: false }`
[INFO] [stderr]    Compiling json-parser v0.1.0 (/opt/rustwide/workdir)
[INFO] [stdout] warning: multiple variants are never constructed
[INFO] [stdout]   --> src/tokenize.rs:6:5
[INFO] [stdout]    |
[INFO] [stdout] 4  | pub enum Token {
[INFO] [stdout]    |          ----- variants in this enum
[INFO] [stdout] 5  |     /// `{`
[INFO] [stdout] 6  |     LeftBrace,
[INFO] [stdout]    |     ^^^^^^^^^
[INFO] [stdout] 7  |     /// `}`
[INFO] [stdout] 8  |     RightBrace,
[INFO] [stdout]    |     ^^^^^^^^^^
[INFO] [stdout] 9  |     /// `[`
[INFO] [stdout] 10 |     LeftBracket,
[INFO] [stdout]    |     ^^^^^^^^^^^
[INFO] [stdout] 11 |     /// `]`
[INFO] [stdout] 12 |     RightBracket,
[INFO] [stdout]    |     ^^^^^^^^^^^^
[INFO] [stdout] 13 |     /// `:`
[INFO] [stdout] 14 |     Colon,
[INFO] [stdout]    |     ^^^^^
[INFO] [stdout] 15 |     /// `,`
[INFO] [stdout] 16 |     Comma,
[INFO] [stdout]    |     ^^^^^
[INFO] [stdout] 17 |     /// `null`
[INFO] [stdout] 18 |     Null,
[INFO] [stdout]    |     ^^^^
[INFO] [stdout] 19 |     /// `false`
[INFO] [stdout] 20 |     False,
[INFO] [stdout]    |     ^^^^^
[INFO] [stdout] 21 |     /// `true`
[INFO] [stdout] 22 |     True,
[INFO] [stdout]    |     ^^^^
[INFO] [stdout] 23 |     /// Any number literal
[INFO] [stdout] 24 |     Number(f64),
[INFO] [stdout]    |     ^^^^^^
[INFO] [stdout] 25 |     /// Key of the key/value pair or a string value
[INFO] [stdout] 26 |     String(String),
[INFO] [stdout]    |     ^^^^^^
[INFO] [stdout]    |
[INFO] [stdout]    = note: `Token` has a derived impl for the trait `Debug`, but this is intentionally ignored during dead code analysis
[INFO] [stdout]    = note: `#[warn(dead_code)]` on by default
[INFO] [stdout] 
[INFO] [stdout] 
[INFO] [stdout] warning: variants `UnfinishedLiteralValue`, `UnclosedQuotes`, `UnexpectedEof`, `CharNotRecognized`, and `ParseNumberError` are never constructed
[INFO] [stdout]   --> src/tokenize.rs:31:5
[INFO] [stdout]    |
[INFO] [stdout] 30 | pub enum TokenizeError {
[INFO] [stdout]    |          ------------- variants in this enum
[INFO] [stdout] 31 |     UnfinishedLiteralValue,
[INFO] [stdout]    |     ^^^^^^^^^^^^^^^^^^^^^^
[INFO] [stdout] 32 |     UnclosedQuotes,
[INFO] [stdout]    |     ^^^^^^^^^^^^^^
[INFO] [stdout] 33 |     UnexpectedEof,
[INFO] [stdout]    |     ^^^^^^^^^^^^^
[INFO] [stdout] 34 |     CharNotRecognized(char),
[INFO] [stdout]    |     ^^^^^^^^^^^^^^^^^
[INFO] [stdout] 35 |     ParseNumberError(ParseFloatError),
[INFO] [stdout]    |     ^^^^^^^^^^^^^^^^
[INFO] [stdout]    |
[INFO] [stdout]    = note: `TokenizeError` has a derived impl for the trait `Debug`, but this is intentionally ignored during dead code analysis
[INFO] [stdout] 
[INFO] [stdout] 
[INFO] [stdout] warning: function `tokenize` is never used
[INFO] [stdout]   --> src/tokenize.rs:38:8
[INFO] [stdout]    |
[INFO] [stdout] 38 | pub fn tokenize(input: String) -> Result<Vec<Token>, TokenizeError> {
[INFO] [stdout]    |        ^^^^^^^^
[INFO] [stdout] 
[INFO] [stdout] 
[INFO] [stdout] warning: function `make_token` is never used
[INFO] [stdout]   --> src/tokenize.rs:53:4
[INFO] [stdout]    |
[INFO] [stdout] 53 | fn make_token(chars: &Vec<char>, index: &mut usize) -> Result<Token, TokenizeError> {
[INFO] [stdout]    |    ^^^^^^^^^^
[INFO] [stdout] 
[INFO] [stdout] 
[INFO] [stdout] warning: function `tokenize_float` is never used
[INFO] [stdout]   --> src/tokenize.rs:81:4
[INFO] [stdout]    |
[INFO] [stdout] 81 | fn tokenize_float(chars: &Vec<char>, index: &mut usize) -> Result<Token, TokenizeError> {
[INFO] [stdout]    |    ^^^^^^^^^^^^^^
[INFO] [stdout] 
[INFO] [stdout] 
[INFO] [stdout] warning: function `tokenize_literal` is never used
[INFO] [stdout]    --> src/tokenize.rs:106:4
[INFO] [stdout]     |
[INFO] [stdout] 106 | fn tokenize_literal(str: String, chars: &Vec<char>, index: &mut usize) -> Result<Token, TokenizeError> {
[INFO] [stdout]     |    ^^^^^^^^^^^^^^^^
[INFO] [stdout] 
[INFO] [stdout] 
[INFO] [stdout] warning: function `tokenize_string` is never used
[INFO] [stdout]    --> src/tokenize.rs:123:4
[INFO] [stdout]     |
[INFO] [stdout] 123 | fn tokenize_string(chars: &Vec<char>, index: &mut usize) -> Result<Token, TokenizeError> {
[INFO] [stdout]     |    ^^^^^^^^^^^^^^^
[INFO] [stdout] 
[INFO] [stdout] 
[INFO] [stdout] warning: function `parse` is never used
[INFO] [stdout]  --> src/parse.rs:6:8
[INFO] [stdout]   |
[INFO] [stdout] 6 | pub fn parse(input: String) -> Result<Value, ParseError> {
[INFO] [stdout]   |        ^^^^^
[INFO] [stdout] 
[INFO] [stdout] 
[INFO] [stdout] warning: multiple variants are never constructed
[INFO] [stdout]   --> src/parse.rs:34:5
[INFO] [stdout]    |
[INFO] [stdout] 32 | pub enum TokenParseError {
[INFO] [stdout]    |          --------------- variants in this enum
[INFO] [stdout] 33 |     /// An escape sequence was started without 4 hexadecimal digits afterward
[INFO] [stdout] 34 |     UnfinishedEscape,
[INFO] [stdout]    |     ^^^^^^^^^^^^^^^^
[INFO] [stdout] 35 |     /// A character in an escape sequence was not valid hexadecimal
[INFO] [stdout] 36 |     InvalidHexValue,
[INFO] [stdout]    |     ^^^^^^^^^^^^^^^
[INFO] [stdout] 37 |     /// Invalid unicode value
[INFO] [stdout] 38 |     InvalidCodePointValue,
[INFO] [stdout]    |     ^^^^^^^^^^^^^^^^^^^^^
[INFO] [stdout] 39 |     ExpectedComma,
[INFO] [stdout]    |     ^^^^^^^^^^^^^
[INFO] [stdout] 40 |     ExpectedProperty,
[INFO] [stdout]    |     ^^^^^^^^^^^^^^^^
[INFO] [stdout] 41 |     ExpectedColon,
[INFO] [stdout]    |     ^^^^^^^^^^^^^
[INFO] [stdout] 42 |     ExpectedValue,
[INFO] [stdout]    |     ^^^^^^^^^^^^^
[INFO] [stdout]    |
[INFO] [stdout]    = note: `TokenParseError` has a derived impl for the trait `Debug`, but this is intentionally ignored during dead code analysis
[INFO] [stdout] 
[INFO] [stdout] 
[INFO] [stdout] warning: type alias `ParseResult` is never used
[INFO] [stdout]   --> src/parse.rs:45:6
[INFO] [stdout]    |
[INFO] [stdout] 45 | type ParseResult = Result<Value, TokenParseError>;
[INFO] [stdout]    |      ^^^^^^^^^^^
[INFO] [stdout] 
[INFO] [stdout] 
[INFO] [stdout] warning: function `parse_tokens` is never used
[INFO] [stdout]   --> src/parse.rs:47:4
[INFO] [stdout]    |
[INFO] [stdout] 47 | fn parse_tokens(tokens: &Vec<Token>, index: &mut usize) -> ParseResult {
[INFO] [stdout]    |    ^^^^^^^^^^^^
[INFO] [stdout] 
[INFO] [stdout] 
[INFO] [stdout] warning: function `parse_string` is never used
[INFO] [stdout]   --> src/parse.rs:69:4
[INFO] [stdout]    |
[INFO] [stdout] 69 | fn parse_string(input: &str) -> ParseResult {
[INFO] [stdout]    |    ^^^^^^^^^^^^
[INFO] [stdout] 
[INFO] [stdout] 
[INFO] [stdout] warning: function `parse_array` is never used
[INFO] [stdout]    --> src/parse.rs:113:4
[INFO] [stdout]     |
[INFO] [stdout] 113 | fn parse_array(tokens: &Vec<Token>, index: &mut usize) -> ParseResult {
[INFO] [stdout]     |    ^^^^^^^^^^^
[INFO] [stdout] 
[INFO] [stdout] 
[INFO] [stdout] warning: function `parse_object` is never used
[INFO] [stdout]    --> src/parse.rs:138:4
[INFO] [stdout]     |
[INFO] [stdout] 138 | fn parse_object(tokens: &Vec<Token>, index: &mut usize) -> ParseResult {
[INFO] [stdout]     |    ^^^^^^^^^^^^
[INFO] [stdout] 
[INFO] [stdout] 
[INFO] [stderr]     Finished `dev` profile [unoptimized + debuginfo] target(s) in 0.16s
[INFO] running `Command { std: "docker" "inspect" "29676db4551174fc724df579b8a9f33dc0fb23a7e7519dffbc495b5dbd07e350", kill_on_drop: false }`
[INFO] running `Command { std: "docker" "rm" "-f" "29676db4551174fc724df579b8a9f33dc0fb23a7e7519dffbc495b5dbd07e350", kill_on_drop: false }`
[INFO] [stdout] 29676db4551174fc724df579b8a9f33dc0fb23a7e7519dffbc495b5dbd07e350
[INFO] running `Command { std: "docker" "create" "-v" "/var/lib/crater-agent-workspace/builds/worker-2-tc2/target:/opt/rustwide/target:rw,Z" "-v" "/var/lib/crater-agent-workspace/builds/worker-2-tc2/source:/opt/rustwide/workdir:ro,Z" "-v" "/var/lib/crater-agent-workspace/cargo-home:/opt/rustwide/cargo-home:ro,Z" "-v" "/var/lib/crater-agent-workspace/rustup-home:/opt/rustwide/rustup-home:ro,Z" "-e" "SOURCE_DIR=/opt/rustwide/workdir" "-e" "CARGO_TARGET_DIR=/opt/rustwide/target" "-e" "CARGO_INCREMENTAL=0" "-e" "RUST_BACKTRACE=full" "-e" "RUSTFLAGS=--cap-lints=forbid -Zrandomize-layout" "-e" "RUSTDOCFLAGS=--cap-lints=forbid" "-e" "CARGO_HOME=/opt/rustwide/cargo-home" "-e" "RUSTUP_HOME=/opt/rustwide/rustup-home" "-w" "/opt/rustwide/workdir" "-m" "1610612736" "--user" "0:0" "--network" "none" "ghcr.io/rust-lang/crates-build-env/linux@sha256:819108c5571ea2e421544af4d832f968d213c87fbe3707a016657f43d2f853bc" "/opt/rustwide/cargo-home/bin/cargo" "+nightly-2025-01-18" "test" "--frozen" "--no-run" "--message-format=json", kill_on_drop: false }`
[INFO] [stdout] 25da1aa7121fcb97f5c4e7c65f70940c209c09b99ac7103ac867bfc8c4c54256
[INFO] running `Command { std: "docker" "start" "-a" "25da1aa7121fcb97f5c4e7c65f70940c209c09b99ac7103ac867bfc8c4c54256", kill_on_drop: false }`
[INFO] [stdout] warning: multiple variants are never constructed
[INFO] [stdout]   --> src/tokenize.rs:6:5
[INFO] [stdout]    |
[INFO] [stdout] 4  | pub enum Token {
[INFO] [stdout]    |          ----- variants in this enum
[INFO] [stdout] 5  |     /// `{`
[INFO] [stdout] 6  |     LeftBrace,
[INFO] [stdout]    |     ^^^^^^^^^
[INFO] [stdout] 7  |     /// `}`
[INFO] [stdout] 8  |     RightBrace,
[INFO] [stdout]    |     ^^^^^^^^^^
[INFO] [stdout] 9  |     /// `[`
[INFO] [stdout] 10 |     LeftBracket,
[INFO] [stdout]    |     ^^^^^^^^^^^
[INFO] [stdout] 11 |     /// `]`
[INFO] [stdout] 12 |     RightBracket,
[INFO] [stdout]    |     ^^^^^^^^^^^^
[INFO] [stdout] 13 |     /// `:`
[INFO] [stdout] 14 |     Colon,
[INFO] [stdout]    |     ^^^^^
[INFO] [stdout] 15 |     /// `,`
[INFO] [stdout] 16 |     Comma,
[INFO] [stdout]    |     ^^^^^
[INFO] [stdout] 17 |     /// `null`
[INFO] [stdout] 18 |     Null,
[INFO] [stdout]    |     ^^^^
[INFO] [stdout] 19 |     /// `false`
[INFO] [stdout] 20 |     False,
[INFO] [stdout]    |     ^^^^^
[INFO] [stdout] 21 |     /// `true`
[INFO] [stdout] 22 |     True,
[INFO] [stdout]    |     ^^^^
[INFO] [stdout] 23 |     /// Any number literal
[INFO] [stdout] 24 |     Number(f64),
[INFO] [stdout]    |     ^^^^^^
[INFO] [stdout] 25 |     /// Key of the key/value pair or a string value
[INFO] [stdout] 26 |     String(String),
[INFO] [stdout]    |     ^^^^^^
[INFO] [stdout]    |
[INFO] [stdout]    = note: `Token` has a derived impl for the trait `Debug`, but this is intentionally ignored during dead code analysis
[INFO] [stdout]    = note: `#[warn(dead_code)]` on by default
[INFO] [stdout] 
[INFO] [stdout] 
[INFO] [stdout] warning: variants `UnfinishedLiteralValue`, `UnclosedQuotes`, `UnexpectedEof`, `CharNotRecognized`, and `ParseNumberError` are never constructed
[INFO] [stdout]   --> src/tokenize.rs:31:5
[INFO] [stdout]    |
[INFO] [stdout] 30 | pub enum TokenizeError {
[INFO] [stdout]    |          ------------- variants in this enum
[INFO] [stdout] 31 |     UnfinishedLiteralValue,
[INFO] [stdout]    |     ^^^^^^^^^^^^^^^^^^^^^^
[INFO] [stdout] 32 |     UnclosedQuotes,
[INFO] [stdout]    |     ^^^^^^^^^^^^^^
[INFO] [stdout] 33 |     UnexpectedEof,
[INFO] [stdout]    |     ^^^^^^^^^^^^^
[INFO] [stdout] 34 |     CharNotRecognized(char),
[INFO] [stdout]    |     ^^^^^^^^^^^^^^^^^
[INFO] [stdout] 35 |     ParseNumberError(ParseFloatError),
[INFO] [stdout]    |     ^^^^^^^^^^^^^^^^
[INFO] [stdout]    |
[INFO] [stdout]    = note: `TokenizeError` has a derived impl for the trait `Debug`, but this is intentionally ignored during dead code analysis
[INFO] [stdout] 
[INFO] [stdout] 
[INFO] [stdout] warning: function `tokenize` is never used
[INFO] [stdout]   --> src/tokenize.rs:38:8
[INFO] [stdout]    |
[INFO] [stdout] 38 | pub fn tokenize(input: String) -> Result<Vec<Token>, TokenizeError> {
[INFO] [stdout]    |        ^^^^^^^^
[INFO] [stdout] 
[INFO] [stdout] 
[INFO] [stdout] warning: function `make_token` is never used
[INFO] [stdout]   --> src/tokenize.rs:53:4
[INFO] [stdout]    |
[INFO] [stdout] 53 | fn make_token(chars: &Vec<char>, index: &mut usize) -> Result<Token, TokenizeError> {
[INFO] [stdout]    |    ^^^^^^^^^^
[INFO] [stdout] 
[INFO] [stdout] 
[INFO] [stdout] warning: function `tokenize_float` is never used
[INFO] [stdout]   --> src/tokenize.rs:81:4
[INFO] [stdout]    |
[INFO] [stdout] 81 | fn tokenize_float(chars: &Vec<char>, index: &mut usize) -> Result<Token, TokenizeError> {
[INFO] [stdout]    |    ^^^^^^^^^^^^^^
[INFO] [stdout] 
[INFO] [stdout] 
[INFO] [stdout] warning: function `tokenize_literal` is never used
[INFO] [stdout]    --> src/tokenize.rs:106:4
[INFO] [stdout]     |
[INFO] [stdout] 106 | fn tokenize_literal(str: String, chars: &Vec<char>, index: &mut usize) -> Result<Token, TokenizeError> {
[INFO] [stdout]     |    ^^^^^^^^^^^^^^^^
[INFO] [stdout] 
[INFO] [stdout] 
[INFO] [stdout] warning: function `tokenize_string` is never used
[INFO] [stdout]    --> src/tokenize.rs:123:4
[INFO] [stdout]     |
[INFO] [stdout] 123 | fn tokenize_string(chars: &Vec<char>, index: &mut usize) -> Result<Token, TokenizeError> {
[INFO] [stdout]     |    ^^^^^^^^^^^^^^^
[INFO] [stdout] 
[INFO] [stdout] 
[INFO] [stdout] warning: function `parse` is never used
[INFO] [stdout]  --> src/parse.rs:6:8
[INFO] [stdout]   |
[INFO] [stdout] 6 | pub fn parse(input: String) -> Result<Value, ParseError> {
[INFO] [stdout]   |        ^^^^^
[INFO] [stdout] 
[INFO] [stdout] 
[INFO] [stdout] warning: multiple variants are never constructed
[INFO] [stdout]   --> src/parse.rs:34:5
[INFO] [stdout]    |
[INFO] [stdout] 32 | pub enum TokenParseError {
[INFO] [stdout]    |          --------------- variants in this enum
[INFO] [stdout] 33 |     /// An escape sequence was started without 4 hexadecimal digits afterward
[INFO] [stdout] 34 |     UnfinishedEscape,
[INFO] [stdout]    |     ^^^^^^^^^^^^^^^^
[INFO] [stdout] 35 |     /// A character in an escape sequence was not valid hexadecimal
[INFO] [stdout] 36 |     InvalidHexValue,
[INFO] [stdout]    |     ^^^^^^^^^^^^^^^
[INFO] [stdout] 37 |     /// Invalid unicode value
[INFO] [stdout] 38 |     InvalidCodePointValue,
[INFO] [stdout]    |     ^^^^^^^^^^^^^^^^^^^^^
[INFO] [stdout] 39 |     ExpectedComma,
[INFO] [stdout]    |     ^^^^^^^^^^^^^
[INFO] [stdout] 40 |     ExpectedProperty,
[INFO] [stdout]    |     ^^^^^^^^^^^^^^^^
[INFO] [stdout] 41 |     ExpectedColon,
[INFO] [stdout]    |     ^^^^^^^^^^^^^
[INFO] [stdout] 42 |     ExpectedValue,
[INFO] [stdout]    |     ^^^^^^^^^^^^^
[INFO] [stdout]    |
[INFO] [stdout]    = note: `TokenParseError` has a derived impl for the trait `Debug`, but this is intentionally ignored during dead code analysis
[INFO] [stdout] 
[INFO] [stdout] 
[INFO] [stdout] warning: type alias `ParseResult` is never used
[INFO] [stdout]   --> src/parse.rs:45:6
[INFO] [stdout]    |
[INFO] [stdout] 45 | type ParseResult = Result<Value, TokenParseError>;
[INFO] [stdout]    |      ^^^^^^^^^^^
[INFO] [stdout] 
[INFO] [stdout] 
[INFO] [stdout] warning: function `parse_tokens` is never used
[INFO] [stdout]   --> src/parse.rs:47:4
[INFO] [stdout]    |
[INFO] [stdout] 47 | fn parse_tokens(tokens: &Vec<Token>, index: &mut usize) -> ParseResult {
[INFO] [stdout]    |    ^^^^^^^^^^^^
[INFO] [stdout] 
[INFO] [stdout] 
[INFO] [stdout] warning: function `parse_string` is never used
[INFO] [stdout]   --> src/parse.rs:69:4
[INFO] [stdout]    |
[INFO] [stdout] 69 | fn parse_string(input: &str) -> ParseResult {
[INFO] [stdout]    |    ^^^^^^^^^^^^
[INFO] [stdout] 
[INFO] [stdout] 
[INFO] [stdout] warning: function `parse_array` is never used
[INFO] [stdout]    --> src/parse.rs:113:4
[INFO] [stdout]     |
[INFO] [stdout] 113 | fn parse_array(tokens: &Vec<Token>, index: &mut usize) -> ParseResult {
[INFO] [stdout]     |    ^^^^^^^^^^^
[INFO] [stdout] 
[INFO] [stdout] 
[INFO] [stdout] warning: function `parse_object` is never used
[INFO] [stdout]    --> src/parse.rs:138:4
[INFO] [stdout]     |
[INFO] [stdout] 138 | fn parse_object(tokens: &Vec<Token>, index: &mut usize) -> ParseResult {
[INFO] [stdout]     |    ^^^^^^^^^^^^
[INFO] [stdout] 
[INFO] [stdout] 
[INFO] [stderr]    Compiling json-parser v0.1.0 (/opt/rustwide/workdir)
[INFO] [stderr]     Finished `test` profile [unoptimized + debuginfo] target(s) in 0.50s
[INFO] running `Command { std: "docker" "inspect" "25da1aa7121fcb97f5c4e7c65f70940c209c09b99ac7103ac867bfc8c4c54256", kill_on_drop: false }`
[INFO] running `Command { std: "docker" "rm" "-f" "25da1aa7121fcb97f5c4e7c65f70940c209c09b99ac7103ac867bfc8c4c54256", kill_on_drop: false }`
[INFO] [stdout] 25da1aa7121fcb97f5c4e7c65f70940c209c09b99ac7103ac867bfc8c4c54256
[INFO] running `Command { std: "docker" "create" "-v" "/var/lib/crater-agent-workspace/builds/worker-2-tc2/target:/opt/rustwide/target:rw,Z" "-v" "/var/lib/crater-agent-workspace/builds/worker-2-tc2/source:/opt/rustwide/workdir:ro,Z" "-v" "/var/lib/crater-agent-workspace/cargo-home:/opt/rustwide/cargo-home:ro,Z" "-v" "/var/lib/crater-agent-workspace/rustup-home:/opt/rustwide/rustup-home:ro,Z" "-e" "SOURCE_DIR=/opt/rustwide/workdir" "-e" "CARGO_TARGET_DIR=/opt/rustwide/target" "-e" "CARGO_INCREMENTAL=0" "-e" "RUST_BACKTRACE=full" "-e" "RUSTFLAGS=--cap-lints=forbid -Zrandomize-layout" "-e" "RUSTDOCFLAGS=--cap-lints=forbid" "-e" "CARGO_HOME=/opt/rustwide/cargo-home" "-e" "RUSTUP_HOME=/opt/rustwide/rustup-home" "-w" "/opt/rustwide/workdir" "-m" "1610612736" "--user" "0:0" "--network" "none" "ghcr.io/rust-lang/crates-build-env/linux@sha256:819108c5571ea2e421544af4d832f968d213c87fbe3707a016657f43d2f853bc" "/opt/rustwide/cargo-home/bin/cargo" "+nightly-2025-01-18" "test" "--frozen", kill_on_drop: false }`
[INFO] [stdout] cb231dceb9ca7f5dc73f51500696ca17c48091260a0e893b168e1a806c49ea8a
[INFO] running `Command { std: "docker" "start" "-a" "cb231dceb9ca7f5dc73f51500696ca17c48091260a0e893b168e1a806c49ea8a", kill_on_drop: false }`
[INFO] [stderr] warning: multiple variants are never constructed
[INFO] [stderr]   --> src/tokenize.rs:6:5
[INFO] [stderr]    |
[INFO] [stderr] 4  | pub enum Token {
[INFO] [stderr]    |          ----- variants in this enum
[INFO] [stderr] 5  |     /// `{`
[INFO] [stderr] 6  |     LeftBrace,
[INFO] [stderr]    |     ^^^^^^^^^
[INFO] [stderr] 7  |     /// `}`
[INFO] [stderr] 8  |     RightBrace,
[INFO] [stderr]    |     ^^^^^^^^^^
[INFO] [stderr] 9  |     /// `[`
[INFO] [stderr] 10 |     LeftBracket,
[INFO] [stderr]    |     ^^^^^^^^^^^
[INFO] [stderr] 11 |     /// `]`
[INFO] [stderr] 12 |     RightBracket,
[INFO] [stderr]    |     ^^^^^^^^^^^^
[INFO] [stderr] 13 |     /// `:`
[INFO] [stderr] 14 |     Colon,
[INFO] [stderr]    |     ^^^^^
[INFO] [stderr] 15 |     /// `,`
[INFO] [stderr] 16 |     Comma,
[INFO] [stderr]    |     ^^^^^
[INFO] [stderr] 17 |     /// `null`
[INFO] [stderr] 18 |     Null,
[INFO] [stderr]    |     ^^^^
[INFO] [stderr] 19 |     /// `false`
[INFO] [stderr] 20 |     False,
[INFO] [stderr]    |     ^^^^^
[INFO] [stderr] 21 |     /// `true`
[INFO] [stderr] 22 |     True,
[INFO] [stderr]    |     ^^^^
[INFO] [stderr] 23 |     /// Any number literal
[INFO] [stderr] 24 |     Number(f64),
[INFO] [stderr]    |     ^^^^^^
[INFO] [stderr] 25 |     /// Key of the key/value pair or a string value
[INFO] [stderr] 26 |     String(String),
[INFO] [stderr]    |     ^^^^^^
[INFO] [stderr]    |
[INFO] [stderr]    = note: `Token` has a derived impl for the trait `Debug`, but this is intentionally ignored during dead code analysis
[INFO] [stderr]    = note: `#[warn(dead_code)]` on by default
[INFO] [stderr] 
[INFO] [stderr] warning: variants `UnfinishedLiteralValue`, `UnclosedQuotes`, `UnexpectedEof`, `CharNotRecognized`, and `ParseNumberError` are never constructed
[INFO] [stderr]   --> src/tokenize.rs:31:5
[INFO] [stderr]    |
[INFO] [stderr] 30 | pub enum TokenizeError {
[INFO] [stderr]    |          ------------- variants in this enum
[INFO] [stderr] 31 |     UnfinishedLiteralValue,
[INFO] [stderr]    |     ^^^^^^^^^^^^^^^^^^^^^^
[INFO] [stderr] 32 |     UnclosedQuotes,
[INFO] [stderr]    |     ^^^^^^^^^^^^^^
[INFO] [stderr] 33 |     UnexpectedEof,
[INFO] [stderr]    |     ^^^^^^^^^^^^^
[INFO] [stderr] 34 |     CharNotRecognized(char),
[INFO] [stderr]    |     ^^^^^^^^^^^^^^^^^
[INFO] [stderr] 35 |     ParseNumberError(ParseFloatError),
[INFO] [stderr]    |     ^^^^^^^^^^^^^^^^
[INFO] [stderr]    |
[INFO] [stderr]    = note: `TokenizeError` has a derived impl for the trait `Debug`, but this is intentionally ignored during dead code analysis
[INFO] [stderr] 
[INFO] [stderr] warning: function `tokenize` is never used
[INFO] [stderr]   --> src/tokenize.rs:38:8
[INFO] [stderr]    |
[INFO] [stderr] 38 | pub fn tokenize(input: String) -> Result<Vec<Token>, TokenizeError> {
[INFO] [stderr]    |        ^^^^^^^^
[INFO] [stderr] 
[INFO] [stderr] warning: function `make_token` is never used
[INFO] [stderr]   --> src/tokenize.rs:53:4
[INFO] [stderr]    |
[INFO] [stderr] 53 | fn make_token(chars: &Vec<char>, index: &mut usize) -> Result<Token, TokenizeError> {
[INFO] [stderr]    |    ^^^^^^^^^^
[INFO] [stderr] 
[INFO] [stderr] warning: function `tokenize_float` is never used
[INFO] [stderr]   --> src/tokenize.rs:81:4
[INFO] [stderr]    |
[INFO] [stderr] 81 | fn tokenize_float(chars: &Vec<char>, index: &mut usize) -> Result<Token, TokenizeError> {
[INFO] [stderr]    |    ^^^^^^^^^^^^^^
[INFO] [stderr] 
[INFO] [stderr] warning: function `tokenize_literal` is never used
[INFO] [stderr]    --> src/tokenize.rs:106:4
[INFO] [stderr]     |
[INFO] [stderr] 106 | fn tokenize_literal(str: String, chars: &Vec<char>, index: &mut usize) -> Result<Token, TokenizeError> {
[INFO] [stderr]     |    ^^^^^^^^^^^^^^^^
[INFO] [stderr] 
[INFO] [stderr] warning: function `tokenize_string` is never used
[INFO] [stderr]    --> src/tokenize.rs:123:4
[INFO] [stderr]     |
[INFO] [stderr] 123 | fn tokenize_string(chars: &Vec<char>, index: &mut usize) -> Result<Token, TokenizeError> {
[INFO] [stderr]     |    ^^^^^^^^^^^^^^^
[INFO] [stderr] 
[INFO] [stderr] warning: function `parse` is never used
[INFO] [stderr]  --> src/parse.rs:6:8
[INFO] [stderr]   |
[INFO] [stderr] 6 | pub fn parse(input: String) -> Result<Value, ParseError> {
[INFO] [stderr]   |        ^^^^^
[INFO] [stderr] 
[INFO] [stderr] warning: multiple variants are never constructed
[INFO] [stderr]   --> src/parse.rs:34:5
[INFO] [stderr]    |
[INFO] [stderr] 32 | pub enum TokenParseError {
[INFO] [stderr]    |          --------------- variants in this enum
[INFO] [stderr] 33 |     /// An escape sequence was started without 4 hexadecimal digits afterward
[INFO] [stderr] 34 |     UnfinishedEscape,
[INFO] [stderr]    |     ^^^^^^^^^^^^^^^^
[INFO] [stderr] 35 |     /// A character in an escape sequence was not valid hexadecimal
[INFO] [stderr] 36 |     InvalidHexValue,
[INFO] [stderr]    |     ^^^^^^^^^^^^^^^
[INFO] [stderr] 37 |     /// Invalid unicode value
[INFO] [stderr] 38 |     InvalidCodePointValue,
[INFO] [stderr]    |     ^^^^^^^^^^^^^^^^^^^^^
[INFO] [stderr] 39 |     ExpectedComma,
[INFO] [stderr]    |     ^^^^^^^^^^^^^
[INFO] [stderr] 40 |     ExpectedProperty,
[INFO] [stderr]    |     ^^^^^^^^^^^^^^^^
[INFO] [stderr] 41 |     ExpectedColon,
[INFO] [stderr]    |     ^^^^^^^^^^^^^
[INFO] [stderr] 42 |     ExpectedValue,
[INFO] [stderr]    |     ^^^^^^^^^^^^^
[INFO] [stderr]    |
[INFO] [stderr]    = note: `TokenParseError` has a derived impl for the trait `Debug`, but this is intentionally ignored during dead code analysis
[INFO] [stderr] 
[INFO] [stderr] warning: type alias `ParseResult` is never used
[INFO] [stderr]   --> src/parse.rs:45:6
[INFO] [stderr]    |
[INFO] [stderr] 45 | type ParseResult = Result<Value, TokenParseError>;
[INFO] [stderr]    |      ^^^^^^^^^^^
[INFO] [stderr] 
[INFO] [stderr] warning: function `parse_tokens` is never used
[INFO] [stderr]   --> src/parse.rs:47:4
[INFO] [stderr]    |
[INFO] [stderr] 47 | fn parse_tokens(tokens: &Vec<Token>, index: &mut usize) -> ParseResult {
[INFO] [stderr]    |    ^^^^^^^^^^^^
[INFO] [stderr] 
[INFO] [stderr] warning: function `parse_string` is never used
[INFO] [stderr]   --> src/parse.rs:69:4
[INFO] [stderr]    |
[INFO] [stderr] 69 | fn parse_string(input: &str) -> ParseResult {
[INFO] [stderr]    |    ^^^^^^^^^^^^
[INFO] [stderr] 
[INFO] [stderr] warning: function `parse_array` is never used
[INFO] [stderr]    --> src/parse.rs:113:4
[INFO] [stderr]     |
[INFO] [stderr] 113 | fn parse_array(tokens: &Vec<Token>, index: &mut usize) -> ParseResult {
[INFO] [stderr]     |    ^^^^^^^^^^^
[INFO] [stderr] 
[INFO] [stderr] warning: function `parse_object` is never used
[INFO] [stderr]    --> src/parse.rs:138:4
[INFO] [stderr]     |
[INFO] [stderr] 138 | fn parse_object(tokens: &Vec<Token>, index: &mut usize) -> ParseResult {
[INFO] [stderr]     |    ^^^^^^^^^^^^
[INFO] [stderr] 
[INFO] [stderr] warning: `json-parser` (lib) generated 14 warnings
[INFO] [stderr]     Finished `test` profile [unoptimized + debuginfo] target(s) in 0.01s
[INFO] [stderr]      Running unittests src/lib.rs (/opt/rustwide/target/debug/deps/json_parser-da2776bc0fc1da9a)
[INFO] [stdout] 
[INFO] [stdout] running 22 tests
[INFO] [stdout] test parse::tests::parses_array_two_elements ... ok
[INFO] [stdout] test parse::tests::parses_nested_array ... ok
[INFO] [stdout] test parse::tests::parses_array_one_element ... ok
[INFO] [stdout] test parse::tests::parses_empty_array ... ok
[INFO] [stdout] test parse::tests::parses_string_non_ascii ... ok
[INFO] [stdout] test parse::tests::parses_string_with_emoji ... ok
[INFO] [stdout] test parse::tests::parses_string_unescape_backslash ... ok
[INFO] [stdout] test parse::tests::test_parse ... ok
[INFO] [stdout] test tokenize::tests::test_all_punctuation ... ok
[INFO] [stdout] test tokenize::tests::test_comma ... ok
[INFO] [stdout] test tokenize::tests::test_escape_quotes ... ok
[INFO] [stdout] test tokenize::tests::test_false ... ok
[INFO] [stdout] test parse::tests::test_parse_null ... ok
[INFO] [stdout] test tokenize::tests::test_null ... ok
[INFO] [stdout] test tokenize::tests::test_string ... ok
[INFO] [stdout] test tokenize::tests::test_tokenize ... ok
[INFO] [stdout] test tokenize::tests::test_true ... ok
[INFO] [stdout] test tokenize::tests::test_integer ... ok
[INFO] [stdout] test parse::tests::parses_string_no_escapes ... ok
[INFO] [stdout] test tokenize::tests::test_float ... FAILED
[INFO] [stdout] test tokenize::tests::test_negative_integer ... FAILED
[INFO] [stdout] test tokenize::tests::test_unclosed_quotes ... FAILED
[INFO] [stdout] 
[INFO] [stdout] failures:
[INFO] [stdout] 
[INFO] [stdout] ---- tokenize::tests::test_float stdout ----
[INFO] [stdout] 
[INFO] [stdout] thread 'tokenize::tests::test_float' panicked at src/tokenize.rs:219:36:
[INFO] [stdout] called `Result::unwrap()` on an `Err` value: ParseNumberError(ParseFloatError { kind: Empty })
[INFO] [stdout] stack backtrace:
[INFO] [stdout]    0:     0x590ee484bf9a - std::backtrace_rs::backtrace::libunwind::trace::hb059275cfc8d6126
[INFO] [stdout]                                at /rustc/6067b36314ab5eb2eb47cecc464545ba58e1ad24/library/std/src/../../backtrace/src/backtrace/libunwind.rs:116:5
[INFO] [stdout]    1:     0x590ee484bf9a - std::backtrace_rs::backtrace::trace_unsynchronized::h2da071e4327ce3ee
[INFO] [stdout]                                at /rustc/6067b36314ab5eb2eb47cecc464545ba58e1ad24/library/std/src/../../backtrace/src/backtrace/mod.rs:66:5
[INFO] [stdout]    2:     0x590ee484bf9a - std::sys::backtrace::_print_fmt::h842a1474e6f8d23f
[INFO] [stdout]                                at /rustc/6067b36314ab5eb2eb47cecc464545ba58e1ad24/library/std/src/sys/backtrace.rs:66:9
[INFO] [stdout]    3:     0x590ee484bf9a - <std::sys::backtrace::BacktraceLock::print::DisplayBacktrace as core::fmt::Display>::fmt::h71a62eb3b9696b12
[INFO] [stdout]                                at /rustc/6067b36314ab5eb2eb47cecc464545ba58e1ad24/library/std/src/sys/backtrace.rs:39:26
[INFO] [stdout]    4:     0x590ee4874ca3 - core::fmt::rt::Argument::fmt::hdb6b616786b41dc1
[INFO] [stdout]                                at /rustc/6067b36314ab5eb2eb47cecc464545ba58e1ad24/library/core/src/fmt/rt.rs:177:76
[INFO] [stdout]    5:     0x590ee4874ca3 - core::fmt::write::h2cc1698af7e2d686
[INFO] [stdout]                                at /rustc/6067b36314ab5eb2eb47cecc464545ba58e1ad24/library/core/src/fmt/mod.rs:1440:21
[INFO] [stdout]    6:     0x590ee4848af3 - std::io::Write::write_fmt::hab1b4cd059a79022
[INFO] [stdout]                                at /rustc/6067b36314ab5eb2eb47cecc464545ba58e1ad24/library/std/src/io/mod.rs:1887:15
[INFO] [stdout]    7:     0x590ee484bde2 - std::sys::backtrace::BacktraceLock::print::h147fe35b4ea13b08
[INFO] [stdout]                                at /rustc/6067b36314ab5eb2eb47cecc464545ba58e1ad24/library/std/src/sys/backtrace.rs:42:9
[INFO] [stdout]    8:     0x590ee484d3bf - std::panicking::default_hook::{{closure}}::hbd44223dbdc0d208
[INFO] [stdout]                                at /rustc/6067b36314ab5eb2eb47cecc464545ba58e1ad24/library/std/src/panicking.rs:298:22
[INFO] [stdout]    9:     0x590ee484d1d8 - std::panicking::default_hook::h20f81eb0576efcec
[INFO] [stdout]                                at /rustc/6067b36314ab5eb2eb47cecc464545ba58e1ad24/library/std/src/panicking.rs:322:9
[INFO] [stdout]   10:     0x590ee4815ff3 - <alloc::boxed::Box<F,A> as core::ops::function::Fn<Args>>::call::hdb53814c496a4d34
[INFO] [stdout]                                at /rustc/6067b36314ab5eb2eb47cecc464545ba58e1ad24/library/alloc/src/boxed.rs:2027:9
[INFO] [stdout]   11:     0x590ee4815ff3 - test::test_main::{{closure}}::hc0a4963c59427c24
[INFO] [stdout]                                at /rustc/6067b36314ab5eb2eb47cecc464545ba58e1ad24/library/test/src/lib.rs:134:21
[INFO] [stdout]   12:     0x590ee484deb3 - <alloc::boxed::Box<F,A> as core::ops::function::Fn<Args>>::call::h591b2225413a77e9
[INFO] [stdout]                                at /rustc/6067b36314ab5eb2eb47cecc464545ba58e1ad24/library/alloc/src/boxed.rs:2027:9
[INFO] [stdout]   13:     0x590ee484deb3 - std::panicking::rust_panic_with_hook::h625eea43051b2edc
[INFO] [stdout]                                at /rustc/6067b36314ab5eb2eb47cecc464545ba58e1ad24/library/std/src/panicking.rs:839:13
[INFO] [stdout]   14:     0x590ee484db6a - std::panicking::begin_panic_handler::{{closure}}::h4f9159cfbc3f6bd3
[INFO] [stdout]                                at /rustc/6067b36314ab5eb2eb47cecc464545ba58e1ad24/library/std/src/panicking.rs:704:13
[INFO] [stdout]   15:     0x590ee484c499 - std::sys::backtrace::__rust_end_short_backtrace::h0390abce48353151
[INFO] [stdout]                                at /rustc/6067b36314ab5eb2eb47cecc464545ba58e1ad24/library/std/src/sys/backtrace.rs:168:18
[INFO] [stdout]   16:     0x590ee484d7fd - rust_begin_unwind
[INFO] [stdout]                                at /rustc/6067b36314ab5eb2eb47cecc464545ba58e1ad24/library/std/src/panicking.rs:695:5
[INFO] [stdout]   17:     0x590ee4872ff0 - core::panicking::panic_fmt::h9e7c637e9e5f29c9
[INFO] [stdout]                                at /rustc/6067b36314ab5eb2eb47cecc464545ba58e1ad24/library/core/src/panicking.rs:75:14
[INFO] [stdout]   18:     0x590ee4873436 - core::result::unwrap_failed::h7979f09313fe1849
[INFO] [stdout]                                at /rustc/6067b36314ab5eb2eb47cecc464545ba58e1ad24/library/core/src/result.rs:1704:5
[INFO] [stdout]   19:     0x590ee47ce6cd - core::result::Result<T,E>::unwrap::h00c73d9be9333bd0
[INFO] [stdout]                                at /rustc/6067b36314ab5eb2eb47cecc464545ba58e1ad24/library/core/src/result.rs:1109:23
[INFO] [stdout]   20:     0x590ee47ce6cd - json_parser::tokenize::tests::test_float::h5da0292f067f21db
[INFO] [stdout]                                at /opt/rustwide/workdir/src/tokenize.rs:219:20
[INFO] [stdout]   21:     0x590ee47ce237 - json_parser::tokenize::tests::test_float::{{closure}}::hdb96d94969309d39
[INFO] [stdout]                                at /opt/rustwide/workdir/src/tokenize.rs:212:20
[INFO] [stdout]   22:     0x590ee47d5a66 - core::ops::function::FnOnce::call_once::h26e99b951bdae813
[INFO] [stdout]                                at /rustc/6067b36314ab5eb2eb47cecc464545ba58e1ad24/library/core/src/ops/function.rs:250:5
[INFO] [stdout]   23:     0x590ee481b74b - core::ops::function::FnOnce::call_once::he27718dfdd183f43
[INFO] [stdout]                                at /rustc/6067b36314ab5eb2eb47cecc464545ba58e1ad24/library/core/src/ops/function.rs:250:5
[INFO] [stdout]   24:     0x590ee481b74b - test::__rust_begin_short_backtrace::h4e84902998457a5d
[INFO] [stdout]                                at /rustc/6067b36314ab5eb2eb47cecc464545ba58e1ad24/library/test/src/lib.rs:632:18
[INFO] [stdout]   25:     0x590ee481a683 - test::run_test_in_process::{{closure}}::h7176fd18fc1feca0
[INFO] [stdout]                                at /rustc/6067b36314ab5eb2eb47cecc464545ba58e1ad24/library/test/src/lib.rs:655:60
[INFO] [stdout]   26:     0x590ee481a683 - <core::panic::unwind_safe::AssertUnwindSafe<F> as core::ops::function::FnOnce<()>>::call_once::hf79cff2a624d8cf7
[INFO] [stdout]                                at /rustc/6067b36314ab5eb2eb47cecc464545ba58e1ad24/library/core/src/panic/unwind_safe.rs:272:9
[INFO] [stdout]   27:     0x590ee481a683 - std::panicking::try::do_call::h3da0561d9ab99c25
[INFO] [stdout]                                at /rustc/6067b36314ab5eb2eb47cecc464545ba58e1ad24/library/std/src/panicking.rs:587:40
[INFO] [stdout]   28:     0x590ee481a683 - std::panicking::try::h41c9fa508bc61df6
[INFO] [stdout]                                at /rustc/6067b36314ab5eb2eb47cecc464545ba58e1ad24/library/std/src/panicking.rs:550:19
[INFO] [stdout]   29:     0x590ee481a683 - std::panic::catch_unwind::h6b3ff07bb5afad93
[INFO] [stdout]                                at /rustc/6067b36314ab5eb2eb47cecc464545ba58e1ad24/library/std/src/panic.rs:358:14
[INFO] [stdout]   30:     0x590ee481a683 - test::run_test_in_process::hc7253dd11b39b9f4
[INFO] [stdout]                                at /rustc/6067b36314ab5eb2eb47cecc464545ba58e1ad24/library/test/src/lib.rs:655:27
[INFO] [stdout]   31:     0x590ee481a683 - test::run_test::{{closure}}::hfb2007f8649c30bb
[INFO] [stdout]                                at /rustc/6067b36314ab5eb2eb47cecc464545ba58e1ad24/library/test/src/lib.rs:576:43
[INFO] [stdout]   32:     0x590ee47dd765 - test::run_test::{{closure}}::h56a17aa7a282a9f4
[INFO] [stdout]                                at /rustc/6067b36314ab5eb2eb47cecc464545ba58e1ad24/library/test/src/lib.rs:606:41
[INFO] [stdout]   33:     0x590ee47dd765 - std::sys::backtrace::__rust_begin_short_backtrace::hd2d2d2fb8e8c6aac
[INFO] [stdout]                                at /rustc/6067b36314ab5eb2eb47cecc464545ba58e1ad24/library/std/src/sys/backtrace.rs:152:18
[INFO] [stdout]   34:     0x590ee47e104a - std::thread::Builder::spawn_unchecked_::{{closure}}::{{closure}}::h4faa3f9db6133423
[INFO] [stdout]                                at /rustc/6067b36314ab5eb2eb47cecc464545ba58e1ad24/library/std/src/thread/mod.rs:559:17
[INFO] [stdout]   35:     0x590ee47e104a - <core::panic::unwind_safe::AssertUnwindSafe<F> as core::ops::function::FnOnce<()>>::call_once::hf2e855a36a4ea846
[INFO] [stdout]                                at /rustc/6067b36314ab5eb2eb47cecc464545ba58e1ad24/library/core/src/panic/unwind_safe.rs:272:9
[INFO] [stdout]   36:     0x590ee47e104a - std::panicking::try::do_call::h2f73af3616c35465
[INFO] [stdout]                                at /rustc/6067b36314ab5eb2eb47cecc464545ba58e1ad24/library/std/src/panicking.rs:587:40
[INFO] [stdout]   37:     0x590ee47e104a - std::panicking::try::hd1660ce9efadef5a
[INFO] [stdout]                                at /rustc/6067b36314ab5eb2eb47cecc464545ba58e1ad24/library/std/src/panicking.rs:550:19
[INFO] [stdout]   38:     0x590ee47e104a - std::panic::catch_unwind::h5ee8d7823b8ca744
[INFO] [stdout]                                at /rustc/6067b36314ab5eb2eb47cecc464545ba58e1ad24/library/std/src/panic.rs:358:14
[INFO] [stdout]   39:     0x590ee47e104a - std::thread::Builder::spawn_unchecked_::{{closure}}::h53c3a1894dce8407
[INFO] [stdout]                                at /rustc/6067b36314ab5eb2eb47cecc464545ba58e1ad24/library/std/src/thread/mod.rs:557:30
[INFO] [stdout]   40:     0x590ee47e104a - core::ops::function::FnOnce::call_once{{vtable.shim}}::h048ce291ad4f62bf
[INFO] [stdout]                                at /rustc/6067b36314ab5eb2eb47cecc464545ba58e1ad24/library/core/src/ops/function.rs:250:5
[INFO] [stdout]   41:     0x590ee4851deb - <alloc::boxed::Box<F,A> as core::ops::function::FnOnce<Args>>::call_once::ha52bedf99a3b4981
[INFO] [stdout]                                at /rustc/6067b36314ab5eb2eb47cecc464545ba58e1ad24/library/alloc/src/boxed.rs:2013:9
[INFO] [stdout]   42:     0x590ee4851deb - <alloc::boxed::Box<F,A> as core::ops::function::FnOnce<Args>>::call_once::h567748934d80ccf8
[INFO] [stdout]                                at /rustc/6067b36314ab5eb2eb47cecc464545ba58e1ad24/library/alloc/src/boxed.rs:2013:9
[INFO] [stdout]   43:     0x590ee4851deb - std::sys::pal::unix::thread::Thread::new::thread_start::h2d970728ae887adc
[INFO] [stdout]                                at /rustc/6067b36314ab5eb2eb47cecc464545ba58e1ad24/library/std/src/sys/pal/unix/thread.rs:106:17
[INFO] [stdout]   44:     0x77385dfe4ac3 - <unknown>
[INFO] [stdout]   45:     0x77385e075a04 - clone
[INFO] [stdout]   46:                0x0 - <unknown>
[INFO] [stdout] 
[INFO] [stdout] ---- tokenize::tests::test_negative_integer stdout ----
[INFO] [stdout] 
[INFO] [stdout] thread 'tokenize::tests::test_negative_integer' panicked at src/tokenize.rs:188:36:
[INFO] [stdout] called `Result::unwrap()` on an `Err` value: ParseNumberError(ParseFloatError { kind: Empty })
[INFO] [stdout] stack backtrace:
[INFO] [stdout]    0:     0x590ee484bf9a - std::backtrace_rs::backtrace::libunwind::trace::hb059275cfc8d6126
[INFO] [stdout]                                at /rustc/6067b36314ab5eb2eb47cecc464545ba58e1ad24/library/std/src/../../backtrace/src/backtrace/libunwind.rs:116:5
[INFO] [stdout]    1:     0x590ee484bf9a - std::backtrace_rs::backtrace::trace_unsynchronized::h2da071e4327ce3ee
[INFO] [stdout]                                at /rustc/6067b36314ab5eb2eb47cecc464545ba58e1ad24/library/std/src/../../backtrace/src/backtrace/mod.rs:66:5
[INFO] [stdout]    2:     0x590ee484bf9a - std::sys::backtrace::_print_fmt::h842a1474e6f8d23f
[INFO] [stdout]                                at /rustc/6067b36314ab5eb2eb47cecc464545ba58e1ad24/library/std/src/sys/backtrace.rs:66:9
[INFO] [stdout]    3:     0x590ee484bf9a - <std::sys::backtrace::BacktraceLock::print::DisplayBacktrace as core::fmt::Display>::fmt::h71a62eb3b9696b12
[INFO] [stdout]                                at /rustc/6067b36314ab5eb2eb47cecc464545ba58e1ad24/library/std/src/sys/backtrace.rs:39:26
[INFO] [stdout]    4:     0x590ee4874ca3 - core::fmt::rt::Argument::fmt::hdb6b616786b41dc1
[INFO] [stdout]                                at /rustc/6067b36314ab5eb2eb47cecc464545ba58e1ad24/library/core/src/fmt/rt.rs:177:76
[INFO] [stdout]    5:     0x590ee4874ca3 - core::fmt::write::h2cc1698af7e2d686
[INFO] [stdout]                                at /rustc/6067b36314ab5eb2eb47cecc464545ba58e1ad24/library/core/src/fmt/mod.rs:1440:21
[INFO] [stdout]    6:     0x590ee4848af3 - std::io::Write::write_fmt::hab1b4cd059a79022
[INFO] [stdout]                                at /rustc/6067b36314ab5eb2eb47cecc464545ba58e1ad24/library/std/src/io/mod.rs:1887:15
[INFO] [stdout]    7:     0x590ee484bde2 - std::sys::backtrace::BacktraceLock::print::h147fe35b4ea13b08
[INFO] [stdout]                                at /rustc/6067b36314ab5eb2eb47cecc464545ba58e1ad24/library/std/src/sys/backtrace.rs:42:9
[INFO] [stdout]    8:     0x590ee484d3bf - std::panicking::default_hook::{{closure}}::hbd44223dbdc0d208
[INFO] [stdout]                                at /rustc/6067b36314ab5eb2eb47cecc464545ba58e1ad24/library/std/src/panicking.rs:298:22
[INFO] [stdout]    9:     0x590ee484d1d8 - std::panicking::default_hook::h20f81eb0576efcec
[INFO] [stdout]                                at /rustc/6067b36314ab5eb2eb47cecc464545ba58e1ad24/library/std/src/panicking.rs:322:9
[INFO] [stdout]   10:     0x590ee4815ff3 - <alloc::boxed::Box<F,A> as core::ops::function::Fn<Args>>::call::hdb53814c496a4d34
[INFO] [stdout]                                at /rustc/6067b36314ab5eb2eb47cecc464545ba58e1ad24/library/alloc/src/boxed.rs:2027:9
[INFO] [stdout]   11:     0x590ee4815ff3 - test::test_main::{{closure}}::hc0a4963c59427c24
[INFO] [stdout]                                at /rustc/6067b36314ab5eb2eb47cecc464545ba58e1ad24/library/test/src/lib.rs:134:21
[INFO] [stdout]   12:     0x590ee484deb3 - <alloc::boxed::Box<F,A> as core::ops::function::Fn<Args>>::call::h591b2225413a77e9
[INFO] [stdout]                                at /rustc/6067b36314ab5eb2eb47cecc464545ba58e1ad24/library/alloc/src/boxed.rs:2027:9
[INFO] [stdout]   13:     0x590ee484deb3 - std::panicking::rust_panic_with_hook::h625eea43051b2edc
[INFO] [stdout]                                at /rustc/6067b36314ab5eb2eb47cecc464545ba58e1ad24/library/std/src/panicking.rs:839:13
[INFO] [stdout]   14:     0x590ee484db6a - std::panicking::begin_panic_handler::{{closure}}::h4f9159cfbc3f6bd3
[INFO] [stdout]                                at /rustc/6067b36314ab5eb2eb47cecc464545ba58e1ad24/library/std/src/panicking.rs:704:13
[INFO] [stdout]   15:     0x590ee484c499 - std::sys::backtrace::__rust_end_short_backtrace::h0390abce48353151
[INFO] [stdout]                                at /rustc/6067b36314ab5eb2eb47cecc464545ba58e1ad24/library/std/src/sys/backtrace.rs:168:18
[INFO] [stdout]   16:     0x590ee484d7fd - rust_begin_unwind
[INFO] [stdout]                                at /rustc/6067b36314ab5eb2eb47cecc464545ba58e1ad24/library/std/src/panicking.rs:695:5
[INFO] [stdout]   17:     0x590ee4872ff0 - core::panicking::panic_fmt::h9e7c637e9e5f29c9
[INFO] [stdout]                                at /rustc/6067b36314ab5eb2eb47cecc464545ba58e1ad24/library/core/src/panicking.rs:75:14
[INFO] [stdout]   18:     0x590ee4873436 - core::result::unwrap_failed::h7979f09313fe1849
[INFO] [stdout]                                at /rustc/6067b36314ab5eb2eb47cecc464545ba58e1ad24/library/core/src/result.rs:1704:5
[INFO] [stdout]   19:     0x590ee47cd899 - core::result::Result<T,E>::unwrap::h00c73d9be9333bd0
[INFO] [stdout]                                at /rustc/6067b36314ab5eb2eb47cecc464545ba58e1ad24/library/core/src/result.rs:1109:23
[INFO] [stdout]   20:     0x590ee47cd899 - json_parser::tokenize::tests::test_negative_integer::h1a50957eadf8451b
[INFO] [stdout]                                at /opt/rustwide/workdir/src/tokenize.rs:188:20
[INFO] [stdout]   21:     0x590ee47cd6d7 - json_parser::tokenize::tests::test_negative_integer::{{closure}}::h042935abdd852bcd
[INFO] [stdout]                                at /opt/rustwide/workdir/src/tokenize.rs:185:31
[INFO] [stdout]   22:     0x590ee47d5c56 - core::ops::function::FnOnce::call_once::h59528e8d9d97e307
[INFO] [stdout]                                at /rustc/6067b36314ab5eb2eb47cecc464545ba58e1ad24/library/core/src/ops/function.rs:250:5
[INFO] [stdout]   23:     0x590ee481b74b - core::ops::function::FnOnce::call_once::he27718dfdd183f43
[INFO] [stdout]                                at /rustc/6067b36314ab5eb2eb47cecc464545ba58e1ad24/library/core/src/ops/function.rs:250:5
[INFO] [stdout]   24:     0x590ee481b74b - test::__rust_begin_short_backtrace::h4e84902998457a5d
[INFO] [stdout]                                at /rustc/6067b36314ab5eb2eb47cecc464545ba58e1ad24/library/test/src/lib.rs:632:18
[INFO] [stdout]   25:     0x590ee481a683 - test::run_test_in_process::{{closure}}::h7176fd18fc1feca0
[INFO] [stdout]                                at /rustc/6067b36314ab5eb2eb47cecc464545ba58e1ad24/library/test/src/lib.rs:655:60
[INFO] [stdout]   26:     0x590ee481a683 - <core::panic::unwind_safe::AssertUnwindSafe<F> as core::ops::function::FnOnce<()>>::call_once::hf79cff2a624d8cf7
[INFO] [stdout]                                at /rustc/6067b36314ab5eb2eb47cecc464545ba58e1ad24/library/core/src/panic/unwind_safe.rs:272:9
[INFO] [stdout]   27:     0x590ee481a683 - std::panicking::try::do_call::h3da0561d9ab99c25
[INFO] [stdout]                                at /rustc/6067b36314ab5eb2eb47cecc464545ba58e1ad24/library/std/src/panicking.rs:587:40
[INFO] [stdout]   28:     0x590ee481a683 - std::panicking::try::h41c9fa508bc61df6
[INFO] [stdout]                                at /rustc/6067b36314ab5eb2eb47cecc464545ba58e1ad24/library/std/src/panicking.rs:550:19
[INFO] [stdout]   29:     0x590ee481a683 - std::panic::catch_unwind::h6b3ff07bb5afad93
[INFO] [stdout]                                at /rustc/6067b36314ab5eb2eb47cecc464545ba58e1ad24/library/std/src/panic.rs:358:14
[INFO] [stdout]   30:     0x590ee481a683 - test::run_test_in_process::hc7253dd11b39b9f4
[INFO] [stdout]                                at /rustc/6067b36314ab5eb2eb47cecc464545ba58e1ad24/library/test/src/lib.rs:655:27
[INFO] [stdout]   31:     0x590ee481a683 - test::run_test::{{closure}}::hfb2007f8649c30bb
[INFO] [stdout]                                at /rustc/6067b36314ab5eb2eb47cecc464545ba58e1ad24/library/test/src/lib.rs:576:43
[INFO] [stdout]   32:     0x590ee47dd765 - test::run_test::{{closure}}::h56a17aa7a282a9f4
[INFO] [stdout]                                at /rustc/6067b36314ab5eb2eb47cecc464545ba58e1ad24/library/test/src/lib.rs:606:41
[INFO] [stdout]   33:     0x590ee47dd765 - std::sys::backtrace::__rust_begin_short_backtrace::hd2d2d2fb8e8c6aac
[INFO] [stdout]                                at /rustc/6067b36314ab5eb2eb47cecc464545ba58e1ad24/library/std/src/sys/backtrace.rs:152:18
[INFO] [stdout]   34:     0x590ee47e104a - std::thread::Builder::spawn_unchecked_::{{closure}}::{{closure}}::h4faa3f9db6133423
[INFO] [stdout]                                at /rustc/6067b36314ab5eb2eb47cecc464545ba58e1ad24/library/std/src/thread/mod.rs:559:17
[INFO] [stdout]   35:     0x590ee47e104a - <core::panic::unwind_safe::AssertUnwindSafe<F> as core::ops::function::FnOnce<()>>::call_once::hf2e855a36a4ea846
[INFO] [stdout]                                at /rustc/6067b36314ab5eb2eb47cecc464545ba58e1ad24/library/core/src/panic/unwind_safe.rs:272:9
[INFO] [stdout]   36:     0x590ee47e104a - std::panicking::try::do_call::h2f73af3616c35465
[INFO] [stdout]                                at /rustc/6067b36314ab5eb2eb47cecc464545ba58e1ad24/library/std/src/panicking.rs:587:40
[INFO] [stdout]   37:     0x590ee47e104a - std::panicking::try::hd1660ce9efadef5a
[INFO] [stdout]                                at /rustc/6067b36314ab5eb2eb47cecc464545ba58e1ad24/library/std/src/panicking.rs:550:19
[INFO] [stdout]   38:     0x590ee47e104a - std::panic::catch_unwind::h5ee8d7823b8ca744
[INFO] [stdout]                                at /rustc/6067b36314ab5eb2eb47cecc464545ba58e1ad24/library/std/src/panic.rs:358:14
[INFO] [stdout]   39:     0x590ee47e104a - std::thread::Builder::spawn_unchecked_::{{closure}}::h53c3a1894dce8407
[INFO] [stdout]                                at /rustc/6067b36314ab5eb2eb47cecc464545ba58e1ad24/library/std/src/thread/mod.rs:557:30
[INFO] [stdout]   40:     0x590ee47e104a - core::ops::function::FnOnce::call_once{{vtable.shim}}::h048ce291ad4f62bf
[INFO] [stdout]                                at /rustc/6067b36314ab5eb2eb47cecc464545ba58e1ad24/library/core/src/ops/function.rs:250:5
[INFO] [stdout]   41:     0x590ee4851deb - <alloc::boxed::Box<F,A> as core::ops::function::FnOnce<Args>>::call_once::ha52bedf99a3b4981
[INFO] [stdout]                                at /rustc/6067b36314ab5eb2eb47cecc464545ba58e1ad24/library/alloc/src/boxed.rs:2013:9
[INFO] [stdout]   42:     0x590ee4851deb - <alloc::boxed::Box<F,A> as core::ops::function::FnOnce<Args>>::call_once::h567748934d80ccf8
[INFO] [stdout]                                at /rustc/6067b36314ab5eb2eb47cecc464545ba58e1ad24/library/alloc/src/boxed.rs:2013:9
[INFO] [stdout]   43:     0x590ee4851deb - std::sys::pal::unix::thread::Thread::new::thread_start::h2d970728ae887adc
[INFO] [stdout]                                at /rustc/6067b36314ab5eb2eb47cecc464545ba58e1ad24/library/std/src/sys/pal/unix/thread.rs:106:17
[INFO] [stdout]   44:     0x77385dfe4ac3 - <unknown>
[INFO] [stdout]   45:     0x77385e075a04 - clone
[INFO] [stdout]   46:                0x0 - <unknown>
[INFO] [stdout] 
[INFO] [stdout] ---- tokenize::tests::test_unclosed_quotes stdout ----
[INFO] [stdout] 
[INFO] [stdout] thread 'tokenize::tests::test_unclosed_quotes' panicked at src/tokenize.rs:133:23:
[INFO] [stdout] index out of bounds: the len is 16 but the index is 16
[INFO] [stdout] stack backtrace:
[INFO] [stdout]    0:     0x590ee484bf9a - std::backtrace_rs::backtrace::libunwind::trace::hb059275cfc8d6126
[INFO] [stdout]                                at /rustc/6067b36314ab5eb2eb47cecc464545ba58e1ad24/library/std/src/../../backtrace/src/backtrace/libunwind.rs:116:5
[INFO] [stdout]    1:     0x590ee484bf9a - std::backtrace_rs::backtrace::trace_unsynchronized::h2da071e4327ce3ee
[INFO] [stdout]                                at /rustc/6067b36314ab5eb2eb47cecc464545ba58e1ad24/library/std/src/../../backtrace/src/backtrace/mod.rs:66:5
[INFO] [stdout]    2:     0x590ee484bf9a - std::sys::backtrace::_print_fmt::h842a1474e6f8d23f
[INFO] [stdout]                                at /rustc/6067b36314ab5eb2eb47cecc464545ba58e1ad24/library/std/src/sys/backtrace.rs:66:9
[INFO] [stdout]    3:     0x590ee484bf9a - <std::sys::backtrace::BacktraceLock::print::DisplayBacktrace as core::fmt::Display>::fmt::h71a62eb3b9696b12
[INFO] [stdout]                                at /rustc/6067b36314ab5eb2eb47cecc464545ba58e1ad24/library/std/src/sys/backtrace.rs:39:26
[INFO] [stdout]    4:     0x590ee4874ca3 - core::fmt::rt::Argument::fmt::hdb6b616786b41dc1
[INFO] [stdout]                                at /rustc/6067b36314ab5eb2eb47cecc464545ba58e1ad24/library/core/src/fmt/rt.rs:177:76
[INFO] [stdout]    5:     0x590ee4874ca3 - core::fmt::write::h2cc1698af7e2d686
[INFO] [stdout]                                at /rustc/6067b36314ab5eb2eb47cecc464545ba58e1ad24/library/core/src/fmt/mod.rs:1440:21
[INFO] [stdout]    6:     0x590ee4848af3 - std::io::Write::write_fmt::hab1b4cd059a79022
[INFO] [stdout]                                at /rustc/6067b36314ab5eb2eb47cecc464545ba58e1ad24/library/std/src/io/mod.rs:1887:15
[INFO] [stdout]    7:     0x590ee484bde2 - std::sys::backtrace::BacktraceLock::print::h147fe35b4ea13b08
[INFO] [stdout]                                at /rustc/6067b36314ab5eb2eb47cecc464545ba58e1ad24/library/std/src/sys/backtrace.rs:42:9
[INFO] [stdout]    8:     0x590ee484d3bf - std::panicking::default_hook::{{closure}}::hbd44223dbdc0d208
[INFO] [stdout]                                at /rustc/6067b36314ab5eb2eb47cecc464545ba58e1ad24/library/std/src/panicking.rs:298:22
[INFO] [stdout]    9:     0x590ee484d1d8 - std::panicking::default_hook::h20f81eb0576efcec
[INFO] [stdout]                                at /rustc/6067b36314ab5eb2eb47cecc464545ba58e1ad24/library/std/src/panicking.rs:322:9
[INFO] [stdout]   10:     0x590ee4815ff3 - <alloc::boxed::Box<F,A> as core::ops::function::Fn<Args>>::call::hdb53814c496a4d34
[INFO] [stdout]                                at /rustc/6067b36314ab5eb2eb47cecc464545ba58e1ad24/library/alloc/src/boxed.rs:2027:9
[INFO] [stdout]   11:     0x590ee4815ff3 - test::test_main::{{closure}}::hc0a4963c59427c24
[INFO] [stdout]                                at /rustc/6067b36314ab5eb2eb47cecc464545ba58e1ad24/library/test/src/lib.rs:134:21
[INFO] [stdout]   12:     0x590ee484deb3 - <alloc::boxed::Box<F,A> as core::ops::function::Fn<Args>>::call::h591b2225413a77e9
[INFO] [stdout]                                at /rustc/6067b36314ab5eb2eb47cecc464545ba58e1ad24/library/alloc/src/boxed.rs:2027:9
[INFO] [stdout]   13:     0x590ee484deb3 - std::panicking::rust_panic_with_hook::h625eea43051b2edc
[INFO] [stdout]                                at /rustc/6067b36314ab5eb2eb47cecc464545ba58e1ad24/library/std/src/panicking.rs:839:13
[INFO] [stdout]   14:     0x590ee484db6a - std::panicking::begin_panic_handler::{{closure}}::h4f9159cfbc3f6bd3
[INFO] [stdout]                                at /rustc/6067b36314ab5eb2eb47cecc464545ba58e1ad24/library/std/src/panicking.rs:704:13
[INFO] [stdout]   15:     0x590ee484c499 - std::sys::backtrace::__rust_end_short_backtrace::h0390abce48353151
[INFO] [stdout]                                at /rustc/6067b36314ab5eb2eb47cecc464545ba58e1ad24/library/std/src/sys/backtrace.rs:168:18
[INFO] [stdout]   16:     0x590ee484d7fd - rust_begin_unwind
[INFO] [stdout]                                at /rustc/6067b36314ab5eb2eb47cecc464545ba58e1ad24/library/std/src/panicking.rs:695:5
[INFO] [stdout]   17:     0x590ee4872ff0 - core::panicking::panic_fmt::h9e7c637e9e5f29c9
[INFO] [stdout]                                at /rustc/6067b36314ab5eb2eb47cecc464545ba58e1ad24/library/core/src/panicking.rs:75:14
[INFO] [stdout]   18:     0x590ee4873171 - core::panicking::panic_bounds_check::hab62625bddb22ea0
[INFO] [stdout]                                at /rustc/6067b36314ab5eb2eb47cecc464545ba58e1ad24/library/core/src/panicking.rs:273:5
[INFO] [stdout]   19:     0x590ee47d2db7 - <usize as core::slice::index::SliceIndex<[T]>>::index::hd29e6d549736fd16
[INFO] [stdout]                                at /rustc/6067b36314ab5eb2eb47cecc464545ba58e1ad24/library/core/src/slice/index.rs:274:10
[INFO] [stdout]   20:     0x590ee47db99e - core::slice::index::<impl core::ops::index::Index<I> for [T]>::index::h05b3510840f2d283
[INFO] [stdout]                                at /rustc/6067b36314ab5eb2eb47cecc464545ba58e1ad24/library/core/src/slice/index.rs:16:9
[INFO] [stdout]   21:     0x590ee47db99e - <alloc::vec::Vec<T,A> as core::ops::index::Index<I>>::index::hb853ff277150e5a8
[INFO] [stdout]                                at /rustc/6067b36314ab5eb2eb47cecc464545ba58e1ad24/library/alloc/src/vec/mod.rs:3361:9
[INFO] [stdout]   22:     0x590ee47d90b7 - json_parser::tokenize::tokenize_string::hd37a40d3ca36e0a7
[INFO] [stdout]                                at /opt/rustwide/workdir/src/tokenize.rs:133:23
[INFO] [stdout]   23:     0x590ee47d8525 - json_parser::tokenize::make_token::h6fa6f01f3042bb29
[INFO] [stdout]                                at /opt/rustwide/workdir/src/tokenize.rs:73:16
[INFO] [stdout]   24:     0x590ee47d808e - json_parser::tokenize::tokenize::ha89c622323ffd2aa
[INFO] [stdout]                                at /opt/rustwide/workdir/src/tokenize.rs:45:21
[INFO] [stdout]   25:     0x590ee47cddd6 - json_parser::tokenize::tests::test_unclosed_quotes::h0f8b2f0fec5f5eb8
[INFO] [stdout]                                at /opt/rustwide/workdir/src/tokenize.rs:201:20
[INFO] [stdout]   26:     0x590ee47cdd87 - json_parser::tokenize::tests::test_unclosed_quotes::{{closure}}::h281362b4a25f0fd7
[INFO] [stdout]                                at /opt/rustwide/workdir/src/tokenize.rs:199:30
[INFO] [stdout]   27:     0x590ee47d5da6 - core::ops::function::FnOnce::call_once::h84905601d9fd1adf
[INFO] [stdout]                                at /rustc/6067b36314ab5eb2eb47cecc464545ba58e1ad24/library/core/src/ops/function.rs:250:5
[INFO] [stdout]   28:     0x590ee481b74b - core::ops::function::FnOnce::call_once::he27718dfdd183f43
[INFO] [stdout]                                at /rustc/6067b36314ab5eb2eb47cecc464545ba58e1ad24/library/core/src/ops/function.rs:250:5
[INFO] [stdout]   29:     0x590ee481b74b - test::__rust_begin_short_backtrace::h4e84902998457a5d
[INFO] [stdout]                                at /rustc/6067b36314ab5eb2eb47cecc464545ba58e1ad24/library/test/src/lib.rs:632:18
[INFO] [stdout]   30:     0x590ee481a683 - test::run_test_in_process::{{closure}}::h7176fd18fc1feca0
[INFO] [stdout]                                at /rustc/6067b36314ab5eb2eb47cecc464545ba58e1ad24/library/test/src/lib.rs:655:60
[INFO] [stdout]   31:     0x590ee481a683 - <core::panic::unwind_safe::AssertUnwindSafe<F> as core::ops::function::FnOnce<()>>::call_once::hf79cff2a624d8cf7
[INFO] [stdout]                                at /rustc/6067b36314ab5eb2eb47cecc464545ba58e1ad24/library/core/src/panic/unwind_safe.rs:272:9
[INFO] [stdout]   32:     0x590ee481a683 - std::panicking::try::do_call::h3da0561d9ab99c25
[INFO] [stdout]                                at /rustc/6067b36314ab5eb2eb47cecc464545ba58e1ad24/library/std/src/panicking.rs:587:40
[INFO] [stdout]   33:     0x590ee481a683 - std::panicking::try::h41c9fa508bc61df6
[INFO] [stdout]                                at /rustc/6067b36314ab5eb2eb47cecc464545ba58e1ad24/library/std/src/panicking.rs:550:19
[INFO] [stdout]   34:     0x590ee481a683 - std::panic::catch_unwind::h6b3ff07bb5afad93
[INFO] [stdout]                                at /rustc/6067b36314ab5eb2eb47cecc464545ba58e1ad24/library/std/src/panic.rs:358:14
[INFO] [stdout]   35:     0x590ee481a683 - test::run_test_in_process::hc7253dd11b39b9f4
[INFO] [stdout]                                at /rustc/6067b36314ab5eb2eb47cecc464545ba58e1ad24/library/test/src/lib.rs:655:27
[INFO] [stdout]   36:     0x590ee481a683 - test::run_test::{{closure}}::hfb2007f8649c30bb
[INFO] [stdout]                                at /rustc/6067b36314ab5eb2eb47cecc464545ba58e1ad24/library/test/src/lib.rs:576:43
[INFO] [stdout]   37:     0x590ee47dd765 - test::run_test::{{closure}}::h56a17aa7a282a9f4
[INFO] [stdout]                                at /rustc/6067b36314ab5eb2eb47cecc464545ba58e1ad24/library/test/src/lib.rs:606:41
[INFO] [stdout]   38:     0x590ee47dd765 - std::sys::backtrace::__rust_begin_short_backtrace::hd2d2d2fb8e8c6aac
[INFO] [stdout]                                at /rustc/6067b36314ab5eb2eb47cecc464545ba58e1ad24/library/std/src/sys/backtrace.rs:152:18
[INFO] [stdout]   39:     0x590ee47e104a - std::thread::Builder::spawn_unchecked_::{{closure}}::{{closure}}::h4faa3f9db6133423
[INFO] [stdout]                                at /rustc/6067b36314ab5eb2eb47cecc464545ba58e1ad24/library/std/src/thread/mod.rs:559:17
[INFO] [stdout]   40:     0x590ee47e104a - <core::panic::unwind_safe::AssertUnwindSafe<F> as core::ops::function::FnOnce<()>>::call_once::hf2e855a36a4ea846
[INFO] [stdout]                                at /rustc/6067b36314ab5eb2eb47cecc464545ba58e1ad24/library/core/src/panic/unwind_safe.rs:272:9
[INFO] [stdout]   41:     0x590ee47e104a - std::panicking::try::do_call::h2f73af3616c35465
[INFO] [stdout]                                at /rustc/6067b36314ab5eb2eb47cecc464545ba58e1ad24/library/std/src/panicking.rs:587:40
[INFO] [stdout]   42:     0x590ee47e104a - std::panicking::try::hd1660ce9efadef5a
[INFO] [stdout]                                at /rustc/6067b36314ab5eb2eb47cecc464545ba58e1ad24/library/std/src/panicking.rs:550:19
[INFO] [stdout]   43:     0x590ee47e104a - std::panic::catch_unwind::h5ee8d7823b8ca744
[INFO] [stdout]                                at /rustc/6067b36314ab5eb2eb47cecc464545ba58e1ad24/library/std/src/panic.rs:358:14
[INFO] [stdout]   44:     0x590ee47e104a - std::thread::Builder::spawn_unchecked_::{{closure}}::h53c3a1894dce8407
[INFO] [stdout]                                at /rustc/6067b36314ab5eb2eb47cecc464545ba58e1ad24/library/std/src/thread/mod.rs:557:30
[INFO] [stdout]   45:     0x590ee47e104a - core::ops::function::FnOnce::call_once{{vtable.shim}}::h048ce291ad4f62bf
[INFO] [stdout]                                at /rustc/6067b36314ab5eb2eb47cecc464545ba58e1ad24/library/core/src/ops/function.rs:250:5
[INFO] [stdout]   46:     0x590ee4851deb - <alloc::boxed::Box<F,A> as core::ops::function::FnOnce<Args>>::call_once::ha52bedf99a3b4981
[INFO] [stdout]                                at /rustc/6067b36314ab5eb2eb47cecc464545ba58e1ad24/library/alloc/src/boxed.rs:2013:9
[INFO] [stdout]   47:     0x590ee4851deb - <alloc::boxed::Box<F,A> as core::ops::function::FnOnce<Args>>::call_once::h567748934d80ccf8
[INFO] [stdout]                                at /rustc/6067b36314ab5eb2eb47cecc464545ba58e1ad24/library/alloc/src/boxed.rs:2013:9
[INFO] [stdout]   48:     0x590ee4851deb - std::sys::pal::unix::thread::Thread::new::thread_start::h2d970728ae887adc
[INFO] [stdout]                                at /rustc/6067b36314ab5eb2eb47cecc464545ba58e1ad24/library/std/src/sys/pal/unix/thread.rs:106:17
[INFO] [stdout]   49:     0x77385dfe4ac3 - <unknown>
[INFO] [stdout]   50:     0x77385e075a04 - clone
[INFO] [stdout]   51:                0x0 - <unknown>
[INFO] [stdout] 
[INFO] [stdout] 
[INFO] [stdout] failures:
[INFO] [stdout]     tokenize::tests::test_float
[INFO] [stdout]     tokenize::tests::test_negative_integer
[INFO] [stdout]     tokenize::tests::test_unclosed_quotes
[INFO] [stdout] 
[INFO] [stdout] test result: FAILED. 19 passed; 3 failed; 0 ignored; 0 measured; 0 filtered out; finished in 0.04s
[INFO] [stdout] 
[INFO] [stderr] error: test failed, to rerun pass `--lib`
[INFO] running `Command { std: "docker" "inspect" "cb231dceb9ca7f5dc73f51500696ca17c48091260a0e893b168e1a806c49ea8a", kill_on_drop: false }`
[INFO] running `Command { std: "docker" "rm" "-f" "cb231dceb9ca7f5dc73f51500696ca17c48091260a0e893b168e1a806c49ea8a", kill_on_drop: false }`
[INFO] [stdout] cb231dceb9ca7f5dc73f51500696ca17c48091260a0e893b168e1a806c49ea8a
