[INFO] cloning repository https://github.com/orph3usLyre/chartr
[INFO] running `Command { std: "git" "-c" "credential.helper=" "-c" "credential.helper=/workspace/cargo-home/bin/git-credential-null" "clone" "--bare" "https://github.com/orph3usLyre/chartr" "/workspace/cache/git-repos/https%3A%2F%2Fgithub.com%2Forph3usLyre%2Fchartr", kill_on_drop: false }`
[INFO] [stderr] Cloning into bare repository '/workspace/cache/git-repos/https%3A%2F%2Fgithub.com%2Forph3usLyre%2Fchartr'...
[INFO] running `Command { std: "git" "rev-parse" "HEAD", kill_on_drop: false }`
[INFO] [stdout] fb2a364833290334670687500ede85fc01490a66
[INFO] testing orph3usLyre/chartr against nightly-2025-01-18+rustflags=-Zrandomize-layout for randomize-layout-2
[INFO] running `Command { std: "git" "clone" "/workspace/cache/git-repos/https%3A%2F%2Fgithub.com%2Forph3usLyre%2Fchartr" "/workspace/builds/worker-0-tc2/source", kill_on_drop: false }`
[INFO] [stderr] Cloning into '/workspace/builds/worker-0-tc2/source'...
[INFO] [stderr] done.
[INFO] validating manifest of git repo https://github.com/orph3usLyre/chartr on toolchain nightly-2025-01-18
[INFO] running `Command { std: CARGO_HOME="/workspace/cargo-home" RUSTUP_HOME="/workspace/rustup-home" "/workspace/cargo-home/bin/cargo" "+nightly-2025-01-18" "metadata" "--manifest-path" "Cargo.toml" "--no-deps", kill_on_drop: false }`
[INFO] started tweaking git repo https://github.com/orph3usLyre/chartr
[INFO] finished tweaking git repo https://github.com/orph3usLyre/chartr
[INFO] tweaked toml for git repo https://github.com/orph3usLyre/chartr written to /workspace/builds/worker-0-tc2/source/Cargo.toml
[INFO] crate git repo https://github.com/orph3usLyre/chartr already has a lockfile, it will not be regenerated
[INFO] running `Command { std: CARGO_HOME="/workspace/cargo-home" RUSTUP_HOME="/workspace/rustup-home" "/workspace/cargo-home/bin/cargo" "+nightly-2025-01-18" "fetch" "--manifest-path" "Cargo.toml", kill_on_drop: false }`
[INFO] [stderr]     Blocking waiting for file lock on package cache
[INFO] running `Command { std: "docker" "create" "-v" "/var/lib/crater-agent-workspace/builds/worker-0-tc2/target:/opt/rustwide/target:rw,Z" "-v" "/var/lib/crater-agent-workspace/builds/worker-0-tc2/source:/opt/rustwide/workdir:ro,Z" "-v" "/var/lib/crater-agent-workspace/cargo-home:/opt/rustwide/cargo-home:ro,Z" "-v" "/var/lib/crater-agent-workspace/rustup-home:/opt/rustwide/rustup-home:ro,Z" "-e" "SOURCE_DIR=/opt/rustwide/workdir" "-e" "CARGO_TARGET_DIR=/opt/rustwide/target" "-e" "CARGO_HOME=/opt/rustwide/cargo-home" "-e" "RUSTUP_HOME=/opt/rustwide/rustup-home" "-w" "/opt/rustwide/workdir" "-m" "1610612736" "--user" "0:0" "--network" "none" "ghcr.io/rust-lang/crates-build-env/linux@sha256:819108c5571ea2e421544af4d832f968d213c87fbe3707a016657f43d2f853bc" "/opt/rustwide/cargo-home/bin/cargo" "+nightly-2025-01-18" "metadata" "--no-deps" "--format-version=1", kill_on_drop: false }`
[INFO] [stdout] e495c15dc80f7969ca171525ac48669ad818fd22005c900860ce7e1280951d8b
[INFO] running `Command { std: "docker" "start" "-a" "e495c15dc80f7969ca171525ac48669ad818fd22005c900860ce7e1280951d8b", kill_on_drop: false }`
[INFO] running `Command { std: "docker" "inspect" "e495c15dc80f7969ca171525ac48669ad818fd22005c900860ce7e1280951d8b", kill_on_drop: false }`
[INFO] running `Command { std: "docker" "rm" "-f" "e495c15dc80f7969ca171525ac48669ad818fd22005c900860ce7e1280951d8b", kill_on_drop: false }`
[INFO] [stdout] e495c15dc80f7969ca171525ac48669ad818fd22005c900860ce7e1280951d8b
[INFO] running `Command { std: "docker" "create" "-v" "/var/lib/crater-agent-workspace/builds/worker-0-tc2/target:/opt/rustwide/target:rw,Z" "-v" "/var/lib/crater-agent-workspace/builds/worker-0-tc2/source:/opt/rustwide/workdir:ro,Z" "-v" "/var/lib/crater-agent-workspace/cargo-home:/opt/rustwide/cargo-home:ro,Z" "-v" "/var/lib/crater-agent-workspace/rustup-home:/opt/rustwide/rustup-home:ro,Z" "-e" "SOURCE_DIR=/opt/rustwide/workdir" "-e" "CARGO_TARGET_DIR=/opt/rustwide/target" "-e" "CARGO_INCREMENTAL=0" "-e" "RUST_BACKTRACE=full" "-e" "RUSTFLAGS=--cap-lints=forbid -Zrandomize-layout" "-e" "RUSTDOCFLAGS=--cap-lints=forbid" "-e" "CARGO_HOME=/opt/rustwide/cargo-home" "-e" "RUSTUP_HOME=/opt/rustwide/rustup-home" "-w" "/opt/rustwide/workdir" "-m" "1610612736" "--user" "0:0" "--network" "none" "ghcr.io/rust-lang/crates-build-env/linux@sha256:819108c5571ea2e421544af4d832f968d213c87fbe3707a016657f43d2f853bc" "/opt/rustwide/cargo-home/bin/cargo" "+nightly-2025-01-18" "build" "--frozen" "--message-format=json", kill_on_drop: false }`
[INFO] [stdout] bd4e1c39154ab8e9005a45ec378dbb165ca52026a5e7c0067822d5ce3c57cbf6
[INFO] running `Command { std: "docker" "start" "-a" "bd4e1c39154ab8e9005a45ec378dbb165ca52026a5e7c0067822d5ce3c57cbf6", kill_on_drop: false }`
[INFO] [stderr]    Compiling autocfg v1.4.0
[INFO] [stderr]    Compiling memchr v2.7.4
[INFO] [stderr]    Compiling simd-adler32 v0.3.7
[INFO] [stderr]    Compiling once_cell v1.20.1
[INFO] [stderr]    Compiling anyhow v1.0.89
[INFO] [stderr]    Compiling minimal-lexical v0.2.1
[INFO] [stderr]    Compiling either v1.13.0
[INFO] [stderr]    Compiling arrayvec v0.7.6
[INFO] [stderr]    Compiling libc v0.2.159
[INFO] [stderr]    Compiling adler2 v2.0.0
[INFO] [stderr]    Compiling thiserror v1.0.64
[INFO] [stderr]    Compiling fnv v1.0.7
[INFO] [stderr]    Compiling aligned-vec v0.5.0
[INFO] [stderr]    Compiling syn v2.0.79
[INFO] [stderr]    Compiling built v0.7.4
[INFO] [stderr]    Compiling crc32fast v1.4.2
[INFO] [stderr]    Compiling bytemuck v1.18.0
[INFO] [stderr]    Compiling simd_helpers v0.1.0
[INFO] [stderr]    Compiling miniz_oxide v0.8.0
[INFO] [stderr]    Compiling tracing-core v0.1.32
[INFO] [stderr]    Compiling itertools v0.12.1
[INFO] [stderr]    Compiling maybe-rayon v0.1.1
[INFO] [stderr]    Compiling smallvec v1.13.2
[INFO] [stderr]    Compiling adler v1.0.2
[INFO] [stderr]    Compiling new_debug_unreachable v1.0.6
[INFO] [stderr]    Compiling bitstream-io v2.5.3
[INFO] [stderr]    Compiling imgref v1.10.1
[INFO] [stderr]    Compiling weezl v0.1.8
[INFO] [stderr]    Compiling noop_proc_macro v0.3.0
[INFO] [stderr]    Compiling quick-error v2.0.1
[INFO] [stderr]    Compiling miniz_oxide v0.7.4
[INFO] [stderr]    Compiling rgb v0.8.50
[INFO] [stderr]    Compiling avif-serialize v0.8.1
[INFO] [stderr]    Compiling loop9 v0.1.5
[INFO] [stderr]    Compiling flate2 v1.0.34
[INFO] [stderr]    Compiling rav1e v0.7.1
[INFO] [stderr]    Compiling num-traits v0.2.19
[INFO] [stderr]    Compiling lock_api v0.4.12
[INFO] [stderr]    Compiling nom v7.1.3
[INFO] [stderr]    Compiling aho-corasick v1.1.3
[INFO] [stderr]    Compiling fdeflate v0.3.5
[INFO] [stderr]    Compiling zune-inflate v0.2.54
[INFO] [stderr]    Compiling half v2.4.1
[INFO] [stderr]    Compiling bitflags v1.3.2
[INFO] [stderr]    Compiling zune-core v0.4.12
[INFO] [stderr]    Compiling bit_field v0.10.2
[INFO] [stderr]    Compiling byteorder-lite v0.1.0
[INFO] [stderr]    Compiling regex-syntax v0.6.29
[INFO] [stderr]    Compiling spin v0.9.8
[INFO] [stderr]    Compiling jpeg-decoder v0.3.1
[INFO] [stderr]    Compiling lebe v0.5.2
[INFO] [stderr]    Compiling clap_lex v0.7.2
[INFO] [stderr]    Compiling zune-jpeg v0.4.13
[INFO] [stderr]    Compiling png v0.17.14
[INFO] [stderr]    Compiling image-webp v0.1.3
[INFO] [stderr]    Compiling gif v0.13.1
[INFO] [stderr]    Compiling flume v0.11.0
[INFO] [stderr]    Compiling qoi v0.4.1
[INFO] [stderr]    Compiling clap_builder v4.5.18
[INFO] [stderr]    Compiling rayon v1.10.0
[INFO] [stderr]    Compiling iana-time-zone v0.1.61
[INFO] [stderr]    Compiling tracing-log v0.2.0
[INFO] [stderr]    Compiling exr v1.72.0
[INFO] [stderr]    Compiling thread_local v1.1.8
[INFO] [stderr]    Compiling num-integer v0.1.46
[INFO] [stderr]    Compiling v_frame v0.3.8
[INFO] [stderr]    Compiling regex-automata v0.4.8
[INFO] [stderr]    Compiling tiff v0.9.1
[INFO] [stderr]    Compiling chrono v0.4.38
[INFO] [stderr]    Compiling num-bigint v0.4.6
[INFO] [stderr]    Compiling regex-automata v0.1.10
[INFO] [stderr]    Compiling num-rational v0.4.2
[INFO] [stderr]    Compiling matchers v0.1.0
[INFO] [stderr]    Compiling av1-grain v0.2.3
[INFO] [stderr]    Compiling darling_core v0.20.10
[INFO] [stderr]    Compiling profiling-procmacros v1.0.15
[INFO] [stderr]    Compiling thiserror-impl v1.0.64
[INFO] [stderr]    Compiling num-derive v0.4.2
[INFO] [stderr]    Compiling arg_enum_proc_macro v0.3.4
[INFO] [stderr]    Compiling tracing-attributes v0.1.27
[INFO] [stderr]    Compiling clap_derive v4.5.18
[INFO] [stderr]    Compiling strum_macros v0.26.4
[INFO] [stderr]    Compiling regex v1.11.0
[INFO] [stderr]    Compiling profiling v1.0.15
[INFO] [stderr]    Compiling nom-regex v0.2.0
[INFO] [stderr]    Compiling tracing v0.1.40
[INFO] [stderr]    Compiling tracing-subscriber v0.3.18
[INFO] [stderr]    Compiling darling_macro v0.20.10
[INFO] [stderr]    Compiling darling v0.20.10
[INFO] [stderr]    Compiling strum v0.26.3
[INFO] [stderr]    Compiling bon-macros v2.3.0
[INFO] [stderr]    Compiling clap v4.5.18
[INFO] [stderr]    Compiling clap-verbosity-flag v2.2.2
[INFO] [stderr]    Compiling bon v2.3.0
[INFO] [stderr]    Compiling ravif v0.11.10
[INFO] [stderr]    Compiling image v0.25.2
[INFO] [stderr]    Compiling libbsb v0.1.0 (/opt/rustwide/workdir/libbsb)
[INFO] [stderr]    Compiling chartr v0.1.0 (/opt/rustwide/workdir/chartr)
[INFO] [stderr]     Finished `dev` profile [unoptimized + debuginfo] target(s) in 26.58s
[INFO] running `Command { std: "docker" "inspect" "bd4e1c39154ab8e9005a45ec378dbb165ca52026a5e7c0067822d5ce3c57cbf6", kill_on_drop: false }`
[INFO] running `Command { std: "docker" "rm" "-f" "bd4e1c39154ab8e9005a45ec378dbb165ca52026a5e7c0067822d5ce3c57cbf6", kill_on_drop: false }`
[INFO] [stdout] bd4e1c39154ab8e9005a45ec378dbb165ca52026a5e7c0067822d5ce3c57cbf6
[INFO] running `Command { std: "docker" "create" "-v" "/var/lib/crater-agent-workspace/builds/worker-0-tc2/target:/opt/rustwide/target:rw,Z" "-v" "/var/lib/crater-agent-workspace/builds/worker-0-tc2/source:/opt/rustwide/workdir:ro,Z" "-v" "/var/lib/crater-agent-workspace/cargo-home:/opt/rustwide/cargo-home:ro,Z" "-v" "/var/lib/crater-agent-workspace/rustup-home:/opt/rustwide/rustup-home:ro,Z" "-e" "SOURCE_DIR=/opt/rustwide/workdir" "-e" "CARGO_TARGET_DIR=/opt/rustwide/target" "-e" "CARGO_INCREMENTAL=0" "-e" "RUST_BACKTRACE=full" "-e" "RUSTFLAGS=--cap-lints=forbid -Zrandomize-layout" "-e" "RUSTDOCFLAGS=--cap-lints=forbid" "-e" "CARGO_HOME=/opt/rustwide/cargo-home" "-e" "RUSTUP_HOME=/opt/rustwide/rustup-home" "-w" "/opt/rustwide/workdir" "-m" "1610612736" "--user" "0:0" "--network" "none" "ghcr.io/rust-lang/crates-build-env/linux@sha256:819108c5571ea2e421544af4d832f968d213c87fbe3707a016657f43d2f853bc" "/opt/rustwide/cargo-home/bin/cargo" "+nightly-2025-01-18" "test" "--frozen" "--no-run" "--message-format=json", kill_on_drop: false }`
[INFO] [stdout] 4df552a276051ba7adc6a2c45f6d72eba155c6720ec193b680ea9550d5a71b97
[INFO] running `Command { std: "docker" "start" "-a" "4df552a276051ba7adc6a2c45f6d72eba155c6720ec193b680ea9550d5a71b97", kill_on_drop: false }`
[INFO] [stderr]    Compiling getrandom v0.2.15
[INFO] [stderr]    Compiling crypto-common v0.1.6
[INFO] [stderr]    Compiling bytes v1.7.2
[INFO] [stderr]    Compiling async-trait v0.1.83
[INFO] [stderr]    Compiling chartr v0.1.0 (/opt/rustwide/workdir/chartr)
[INFO] [stderr]    Compiling digest v0.10.7
[INFO] [stderr]    Compiling uuid v1.4.1
[INFO] [stderr]    Compiling sha2 v0.10.8
[INFO] [stderr]    Compiling mktemp v0.5.1
[INFO] [stderr]    Compiling tokio v1.40.0
[INFO] [stderr]    Compiling sha256 v1.5.0
[INFO] [stderr]    Compiling libbsb v0.1.0 (/opt/rustwide/workdir/libbsb)
[INFO] [stderr]     Finished `test` profile [unoptimized + debuginfo] target(s) in 4.14s
[INFO] running `Command { std: "docker" "inspect" "4df552a276051ba7adc6a2c45f6d72eba155c6720ec193b680ea9550d5a71b97", kill_on_drop: false }`
[INFO] running `Command { std: "docker" "rm" "-f" "4df552a276051ba7adc6a2c45f6d72eba155c6720ec193b680ea9550d5a71b97", kill_on_drop: false }`
[INFO] [stdout] 4df552a276051ba7adc6a2c45f6d72eba155c6720ec193b680ea9550d5a71b97
[INFO] running `Command { std: "docker" "create" "-v" "/var/lib/crater-agent-workspace/builds/worker-0-tc2/target:/opt/rustwide/target:rw,Z" "-v" "/var/lib/crater-agent-workspace/builds/worker-0-tc2/source:/opt/rustwide/workdir:ro,Z" "-v" "/var/lib/crater-agent-workspace/cargo-home:/opt/rustwide/cargo-home:ro,Z" "-v" "/var/lib/crater-agent-workspace/rustup-home:/opt/rustwide/rustup-home:ro,Z" "-e" "SOURCE_DIR=/opt/rustwide/workdir" "-e" "CARGO_TARGET_DIR=/opt/rustwide/target" "-e" "CARGO_INCREMENTAL=0" "-e" "RUST_BACKTRACE=full" "-e" "RUSTFLAGS=--cap-lints=forbid -Zrandomize-layout" "-e" "RUSTDOCFLAGS=--cap-lints=forbid" "-e" "CARGO_HOME=/opt/rustwide/cargo-home" "-e" "RUSTUP_HOME=/opt/rustwide/rustup-home" "-w" "/opt/rustwide/workdir" "-m" "1610612736" "--user" "0:0" "--network" "none" "ghcr.io/rust-lang/crates-build-env/linux@sha256:819108c5571ea2e421544af4d832f968d213c87fbe3707a016657f43d2f853bc" "/opt/rustwide/cargo-home/bin/cargo" "+nightly-2025-01-18" "test" "--frozen", kill_on_drop: false }`
[INFO] [stdout] 5c63013d5d61a42c4f165698fcb4d804cc0bf38a4ea1b1b0d348dc3e23191961
[INFO] running `Command { std: "docker" "start" "-a" "5c63013d5d61a42c4f165698fcb4d804cc0bf38a4ea1b1b0d348dc3e23191961", kill_on_drop: false }`
[INFO] [stderr]     Finished `test` profile [unoptimized + debuginfo] target(s) in 0.17s
[INFO] [stderr]      Running unittests src/lib.rs (/opt/rustwide/target/debug/deps/chartr-7742be218b1b4abd)
[INFO] [stdout] 
[INFO] [stdout] running 0 tests
[INFO] [stdout] 
[INFO] [stdout] test result: ok. 0 passed; 0 failed; 0 ignored; 0 measured; 0 filtered out; finished in 0.00s
[INFO] [stdout] 
[INFO] [stderr]      Running unittests src/main.rs (/opt/rustwide/target/debug/deps/chartr-5a312c6a6629e44a)
[INFO] [stdout] 
[INFO] [stdout] running 0 tests
[INFO] [stdout] 
[INFO] [stdout] test result: ok. 0 passed; 0 failed; 0 ignored; 0 measured; 0 filtered out; finished in 0.00s
[INFO] [stdout] 
[INFO] [stderr]      Running unittests src/lib.rs (/opt/rustwide/target/debug/deps/libbsb-32651c113f04b5bc)
[INFO] [stdout] 
[INFO] [stdout] running 1 test
[INFO] [stdout] test serde::tests::parse_header_works ... ok
[INFO] [stdout] 
[INFO] [stdout] test result: ok. 1 passed; 0 failed; 0 ignored; 0 measured; 0 filtered out; finished in 0.01s
[INFO] [stdout] 
[INFO] [stderr]      Running tests/conversion.rs (/opt/rustwide/target/debug/deps/conversion-e85ab5bd072fb394)
[INFO] [stdout] 
[INFO] [stdout] running 3 tests
[INFO] [stdout] test create_bsb_from_converted_png has been running for over 60 seconds
[INFO] [stdout] test create_png_from_reserialized_bsb has been running for over 60 seconds
[INFO] [stdout] test recreate_png_from_converted_png has been running for over 60 seconds
[INFO] [stdout] test create_png_from_reserialized_bsb ... ok
[INFO] [stdout] test create_bsb_from_converted_png ... ok
[INFO] [stdout] test recreate_png_from_converted_png ... ok
[INFO] [stdout] 
[INFO] [stdout] test result: ok. 3 passed; 0 failed; 0 ignored; 0 measured; 0 filtered out; finished in 281.57s
[INFO] [stdout] 
[INFO] [stderr]      Running tests/serde.rs (/opt/rustwide/target/debug/deps/serde-8c47ca7b12dc1565)
[INFO] [stdout] 
[INFO] [stdout] running 3 tests
[INFO] [stdout] test parse_works ... ok
[INFO] [stdout] test reserialized_header_matches ... ok
[INFO] [stdout] test parse_serialize_works ... ok
[INFO] [stdout] 
[INFO] [stdout] test result: ok. 3 passed; 0 failed; 0 ignored; 0 measured; 0 filtered out; finished in 4.51s
[INFO] [stdout] 
[INFO] [stderr]    Doc-tests chartr
[INFO] [stdout] 
[INFO] [stdout] running 0 tests
[INFO] [stdout] 
[INFO] [stdout] test result: ok. 0 passed; 0 failed; 0 ignored; 0 measured; 0 filtered out; finished in 0.00s
[INFO] [stdout] 
[INFO] [stderr]    Doc-tests libbsb
[INFO] [stdout] 
[INFO] [stdout] running 2 tests
[INFO] [stdout] test libbsb/src/lib.rs - (line 78) ... FAILED
[INFO] [stdout] test libbsb/src/lib.rs - (line 36) ... FAILED
[INFO] [stdout] 
[INFO] [stdout] failures:
[INFO] [stdout] 
[INFO] [stdout] ---- libbsb/src/lib.rs - (line 78) stdout ----
[INFO] [stdout] Test executable failed (exit status: 1).
[INFO] [stdout] 
[INFO] [stdout] stderr:
[INFO] [stdout] Error: I/O error
[INFO] [stdout] 
[INFO] [stdout] Caused by:
[INFO] [stdout]     Read-only file system (os error 30)
[INFO] [stdout] 
[INFO] [stdout] Stack backtrace:
[INFO] [stdout]    0: anyhow::error::<impl core::convert::From<E> for anyhow::Error>::from
[INFO] [stdout]    1: <core::result::Result<T,F> as core::ops::try_trait::FromResidual<core::result::Result<core::convert::Infallible,E>>>::from_residual
[INFO] [stdout]    2: rust_out::main
[INFO] [stdout]    3: core::ops::function::FnOnce::call_once
[INFO] [stdout]    4: std::sys::backtrace::__rust_begin_short_backtrace
[INFO] [stdout]    5: std::rt::lang_start::{{closure}}
[INFO] [stdout]    6: core::ops::function::impls::<impl core::ops::function::FnOnce<A> for &F>::call_once
[INFO] [stdout]              at /rustc/6067b36314ab5eb2eb47cecc464545ba58e1ad24/library/core/src/ops/function.rs:284:13
[INFO] [stdout]    7: std::panicking::try::do_call
[INFO] [stdout]              at /rustc/6067b36314ab5eb2eb47cecc464545ba58e1ad24/library/std/src/panicking.rs:587:40
[INFO] [stdout]    8: std::panicking::try
[INFO] [stdout]              at /rustc/6067b36314ab5eb2eb47cecc464545ba58e1ad24/library/std/src/panicking.rs:550:19
[INFO] [stdout]    9: std::panic::catch_unwind
[INFO] [stdout]              at /rustc/6067b36314ab5eb2eb47cecc464545ba58e1ad24/library/std/src/panic.rs:358:14
[INFO] [stdout]   10: std::rt::lang_start_internal::{{closure}}
[INFO] [stdout]              at /rustc/6067b36314ab5eb2eb47cecc464545ba58e1ad24/library/std/src/rt.rs:163:24
[INFO] [stdout]   11: std::panicking::try::do_call
[INFO] [stdout]              at /rustc/6067b36314ab5eb2eb47cecc464545ba58e1ad24/library/std/src/panicking.rs:587:40
[INFO] [stdout]   12: std::panicking::try
[INFO] [stdout]              at /rustc/6067b36314ab5eb2eb47cecc464545ba58e1ad24/library/std/src/panicking.rs:550:19
[INFO] [stdout]   13: std::panic::catch_unwind
[INFO] [stdout]              at /rustc/6067b36314ab5eb2eb47cecc464545ba58e1ad24/library/std/src/panic.rs:358:14
[INFO] [stdout]   14: std::rt::lang_start_internal
[INFO] [stdout]              at /rustc/6067b36314ab5eb2eb47cecc464545ba58e1ad24/library/std/src/rt.rs:159:5
[INFO] [stdout]   15: std::rt::lang_start
[INFO] [stdout]   16: main
[INFO] [stdout]   17: <unknown>
[INFO] [stdout]   18: __libc_start_main
[INFO] [stdout]   19: _start
[INFO] [stdout] 
[INFO] [stdout] 
[INFO] [stdout] ---- libbsb/src/lib.rs - (line 36) stdout ----
[INFO] [stdout] Test executable failed (exit status: 1).
[INFO] [stdout] 
[INFO] [stdout] stderr:
[INFO] [stdout] Error: Read-only file system (os error 30)
[INFO] [stdout] 
[INFO] [stdout] Stack backtrace:
[INFO] [stdout]    0: anyhow::error::<impl core::convert::From<E> for anyhow::Error>::from
[INFO] [stdout]              at /opt/rustwide/cargo-home/registry/src/index.crates.io-1949cf8c6b5b557f/anyhow-1.0.89/src/backtrace.rs:27:14
[INFO] [stdout]    1: <core::result::Result<T,F> as core::ops::try_trait::FromResidual<core::result::Result<core::convert::Infallible,E>>>::from_residual
[INFO] [stdout]              at /rustc/6067b36314ab5eb2eb47cecc464545ba58e1ad24/library/core/src/result.rs:2014:27
[INFO] [stdout]    2: rust_out::main
[INFO] [stdout]    3: core::ops::function::FnOnce::call_once
[INFO] [stdout]    4: std::sys::backtrace::__rust_begin_short_backtrace
[INFO] [stdout]    5: std::rt::lang_start::{{closure}}
[INFO] [stdout]    6: core::ops::function::impls::<impl core::ops::function::FnOnce<A> for &F>::call_once
[INFO] [stdout]              at /rustc/6067b36314ab5eb2eb47cecc464545ba58e1ad24/library/core/src/ops/function.rs:284:13
[INFO] [stdout]    7: std::panicking::try::do_call
[INFO] [stdout]              at /rustc/6067b36314ab5eb2eb47cecc464545ba58e1ad24/library/std/src/panicking.rs:587:40
[INFO] [stdout]    8: std::panicking::try
[INFO] [stdout]              at /rustc/6067b36314ab5eb2eb47cecc464545ba58e1ad24/library/std/src/panicking.rs:550:19
[INFO] [stdout]    9: std::panic::catch_unwind
[INFO] [stdout]              at /rustc/6067b36314ab5eb2eb47cecc464545ba58e1ad24/library/std/src/panic.rs:358:14
[INFO] [stdout]   10: std::rt::lang_start_internal::{{closure}}
[INFO] [stdout]              at /rustc/6067b36314ab5eb2eb47cecc464545ba58e1ad24/library/std/src/rt.rs:163:24
[INFO] [stdout]   11: std::panicking::try::do_call
[INFO] [stdout]              at /rustc/6067b36314ab5eb2eb47cecc464545ba58e1ad24/library/std/src/panicking.rs:587:40
[INFO] [stdout]   12: std::panicking::try
[INFO] [stdout]              at /rustc/6067b36314ab5eb2eb47cecc464545ba58e1ad24/library/std/src/panicking.rs:550:19
[INFO] [stdout]   13: std::panic::catch_unwind
[INFO] [stdout]              at /rustc/6067b36314ab5eb2eb47cecc464545ba58e1ad24/library/std/src/panic.rs:358:14
[INFO] [stdout]   14: std::rt::lang_start_internal
[INFO] [stdout]              at /rustc/6067b36314ab5eb2eb47cecc464545ba58e1ad24/library/std/src/rt.rs:159:5
[INFO] [stdout]   15: std::rt::lang_start
[INFO] [stdout]   16: main
[INFO] [stdout]   17: <unknown>
[INFO] [stdout]   18: __libc_start_main
[INFO] [stdout]   19: _start
[INFO] [stdout] 
[INFO] [stdout] 
[INFO] [stdout] 
[INFO] [stdout] failures:
[INFO] [stdout]     libbsb/src/lib.rs - (line 36)
[INFO] [stdout]     libbsb/src/lib.rs - (line 78)
[INFO] [stdout] 
[INFO] [stdout] test result: FAILED. 0 passed; 2 failed; 0 ignored; 0 measured; 0 filtered out; finished in 26.98s
[INFO] [stdout] 
[INFO] [stderr] error: doctest failed, to rerun pass `-p libbsb --doc`
[INFO] running `Command { std: "docker" "inspect" "5c63013d5d61a42c4f165698fcb4d804cc0bf38a4ea1b1b0d348dc3e23191961", kill_on_drop: false }`
[INFO] running `Command { std: "docker" "rm" "-f" "5c63013d5d61a42c4f165698fcb4d804cc0bf38a4ea1b1b0d348dc3e23191961", kill_on_drop: false }`
[INFO] [stdout] 5c63013d5d61a42c4f165698fcb4d804cc0bf38a4ea1b1b0d348dc3e23191961
