[INFO] cloning repository https://github.com/onenewcode/mini_redis
[INFO] running `Command { std: "git" "-c" "credential.helper=" "-c" "credential.helper=/workspace/cargo-home/bin/git-credential-null" "clone" "--bare" "https://github.com/onenewcode/mini_redis" "/workspace/cache/git-repos/https%3A%2F%2Fgithub.com%2Fonenewcode%2Fmini_redis", kill_on_drop: false }`
[INFO] [stderr] Cloning into bare repository '/workspace/cache/git-repos/https%3A%2F%2Fgithub.com%2Fonenewcode%2Fmini_redis'...
[INFO] running `Command { std: "git" "rev-parse" "HEAD", kill_on_drop: false }`
[INFO] [stdout] ad1e5f0f86fdda95da72d5c0c89ce0c8d258d514
[INFO] testing onenewcode/mini_redis against nightly-2025-01-18 for randomize-layout-2
[INFO] running `Command { std: "git" "clone" "/workspace/cache/git-repos/https%3A%2F%2Fgithub.com%2Fonenewcode%2Fmini_redis" "/workspace/builds/worker-5-tc1/source", kill_on_drop: false }`
[INFO] [stderr] Cloning into '/workspace/builds/worker-5-tc1/source'...
[INFO] [stderr] done.
[INFO] validating manifest of git repo https://github.com/onenewcode/mini_redis on toolchain nightly-2025-01-18
[INFO] running `Command { std: CARGO_HOME="/workspace/cargo-home" RUSTUP_HOME="/workspace/rustup-home" "/workspace/cargo-home/bin/cargo" "+nightly-2025-01-18" "metadata" "--manifest-path" "Cargo.toml" "--no-deps", kill_on_drop: false }`
[INFO] started tweaking git repo https://github.com/onenewcode/mini_redis
[INFO] finished tweaking git repo https://github.com/onenewcode/mini_redis
[INFO] tweaked toml for git repo https://github.com/onenewcode/mini_redis written to /workspace/builds/worker-5-tc1/source/Cargo.toml
[INFO] crate git repo https://github.com/onenewcode/mini_redis already has a lockfile, it will not be regenerated
[INFO] running `Command { std: CARGO_HOME="/workspace/cargo-home" RUSTUP_HOME="/workspace/rustup-home" "/workspace/cargo-home/bin/cargo" "+nightly-2025-01-18" "fetch" "--manifest-path" "Cargo.toml", kill_on_drop: false }`
[INFO] [stderr]     Updating crates.io index
[INFO] [stderr]  Downloading crates ...
[INFO] [stderr]   Downloaded tonic v0.11.0
[INFO] [stderr]   Downloaded ordered-float v4.2.1
[INFO] [stderr]   Downloaded opentelemetry-aws v0.11.0
[INFO] [stderr]   Downloaded opentelemetry-otlp v0.16.0
[INFO] [stderr]   Downloaded clap v4.5.8
[INFO] [stderr]   Downloaded opentelemetry v0.23.0
[INFO] [stderr]   Downloaded opentelemetry_sdk v0.23.0
[INFO] [stderr]   Downloaded opentelemetry-proto v0.6.0
[INFO] [stderr]   Downloaded clap_builder v4.5.8
[INFO] [stderr]   Downloaded tracing-opentelemetry v0.24.0
[INFO] [stderr]   Downloaded hyper v0.14.29
[INFO] running `Command { std: "docker" "create" "-v" "/var/lib/crater-agent-workspace/builds/worker-5-tc1/target:/opt/rustwide/target:rw,Z" "-v" "/var/lib/crater-agent-workspace/builds/worker-5-tc1/source:/opt/rustwide/workdir:ro,Z" "-v" "/var/lib/crater-agent-workspace/cargo-home:/opt/rustwide/cargo-home:ro,Z" "-v" "/var/lib/crater-agent-workspace/rustup-home:/opt/rustwide/rustup-home:ro,Z" "-e" "SOURCE_DIR=/opt/rustwide/workdir" "-e" "CARGO_TARGET_DIR=/opt/rustwide/target" "-e" "CARGO_HOME=/opt/rustwide/cargo-home" "-e" "RUSTUP_HOME=/opt/rustwide/rustup-home" "-w" "/opt/rustwide/workdir" "-m" "1610612736" "--user" "0:0" "--network" "none" "ghcr.io/rust-lang/crates-build-env/linux@sha256:819108c5571ea2e421544af4d832f968d213c87fbe3707a016657f43d2f853bc" "/opt/rustwide/cargo-home/bin/cargo" "+nightly-2025-01-18" "metadata" "--no-deps" "--format-version=1", kill_on_drop: false }`
[INFO] [stdout] 224eaf078477fdc3ace6f9730956e71f03ec9bf5b30507fc71c8b8d4d770f2b4
[INFO] running `Command { std: "docker" "start" "-a" "224eaf078477fdc3ace6f9730956e71f03ec9bf5b30507fc71c8b8d4d770f2b4", kill_on_drop: false }`
[INFO] running `Command { std: "docker" "inspect" "224eaf078477fdc3ace6f9730956e71f03ec9bf5b30507fc71c8b8d4d770f2b4", kill_on_drop: false }`
[INFO] running `Command { std: "docker" "rm" "-f" "224eaf078477fdc3ace6f9730956e71f03ec9bf5b30507fc71c8b8d4d770f2b4", kill_on_drop: false }`
[INFO] [stdout] 224eaf078477fdc3ace6f9730956e71f03ec9bf5b30507fc71c8b8d4d770f2b4
[INFO] running `Command { std: "docker" "create" "-v" "/var/lib/crater-agent-workspace/builds/worker-5-tc1/target:/opt/rustwide/target:rw,Z" "-v" "/var/lib/crater-agent-workspace/builds/worker-5-tc1/source:/opt/rustwide/workdir:ro,Z" "-v" "/var/lib/crater-agent-workspace/cargo-home:/opt/rustwide/cargo-home:ro,Z" "-v" "/var/lib/crater-agent-workspace/rustup-home:/opt/rustwide/rustup-home:ro,Z" "-e" "SOURCE_DIR=/opt/rustwide/workdir" "-e" "CARGO_TARGET_DIR=/opt/rustwide/target" "-e" "CARGO_INCREMENTAL=0" "-e" "RUST_BACKTRACE=full" "-e" "RUSTFLAGS=--cap-lints=forbid" "-e" "RUSTDOCFLAGS=--cap-lints=forbid" "-e" "CARGO_HOME=/opt/rustwide/cargo-home" "-e" "RUSTUP_HOME=/opt/rustwide/rustup-home" "-w" "/opt/rustwide/workdir" "-m" "1610612736" "--user" "0:0" "--network" "none" "ghcr.io/rust-lang/crates-build-env/linux@sha256:819108c5571ea2e421544af4d832f968d213c87fbe3707a016657f43d2f853bc" "/opt/rustwide/cargo-home/bin/cargo" "+nightly-2025-01-18" "build" "--frozen" "--message-format=json", kill_on_drop: false }`
[INFO] [stdout] e32440020b473b7c9239933a93bc3080e0d4af4247475d42f53a287bc81a723f
[INFO] running `Command { std: "docker" "start" "-a" "e32440020b473b7c9239933a93bc3080e0d4af4247475d42f53a287bc81a723f", kill_on_drop: false }`
[INFO] [stderr]    Compiling proc-macro2 v1.0.86
[INFO] [stderr]    Compiling autocfg v1.3.0
[INFO] [stderr]    Compiling smallvec v1.13.2
[INFO] [stderr]    Compiling pin-project-lite v0.2.14
[INFO] [stderr]    Compiling syn v1.0.109
[INFO] [stderr]    Compiling unicode-segmentation v1.11.0
[INFO] [stderr]    Compiling proc-macro-error v1.0.4
[INFO] [stderr]    Compiling tracing-core v0.1.32
[INFO] [stderr]    Compiling textwrap v0.11.0
[INFO] [stderr]    Compiling ansi_term v0.12.1
[INFO] [stderr]    Compiling futures-core v0.3.30
[INFO] [stderr]    Compiling mio v0.8.11
[INFO] [stderr]    Compiling atty v0.2.14
[INFO] [stderr]    Compiling num_cpus v1.16.0
[INFO] [stderr]    Compiling socket2 v0.5.7
[INFO] [stderr]    Compiling signal-hook-registry v1.4.2
[INFO] [stderr]    Compiling log v0.4.21
[INFO] [stderr]    Compiling vec_map v0.8.2
[INFO] [stderr]    Compiling bytes v1.6.0
[INFO] [stderr]    Compiling strsim v0.8.0
[INFO] [stderr]    Compiling tracing-log v0.2.0
[INFO] [stderr]    Compiling clap_builder v4.5.8
[INFO] [stderr]    Compiling lock_api v0.4.12
[INFO] [stderr]    Compiling num-traits v0.2.19
[INFO] [stderr]    Compiling parking_lot_core v0.9.10
[INFO] [stderr]    Compiling clap v2.34.0
[INFO] [stderr]    Compiling thread_local v1.1.8
[INFO] [stderr]    Compiling heck v0.3.3
[INFO] [stderr]    Compiling parking_lot v0.12.3
[INFO] [stderr]    Compiling tracing-subscriber v0.3.18
[INFO] [stderr]    Compiling quote v1.0.36
[INFO] [stderr]    Compiling atoi v2.0.0
[INFO] [stderr]    Compiling syn v2.0.68
[INFO] [stderr]    Compiling proc-macro-error-attr v1.0.4
[INFO] [stderr]    Compiling structopt-derive v0.4.18
[INFO] [stderr]    Compiling structopt v0.3.26
[INFO] [stderr]    Compiling tokio-macros v2.3.0
[INFO] [stderr]    Compiling tracing-attributes v0.1.27
[INFO] [stderr]    Compiling pin-project-internal v1.1.5
[INFO] [stderr]    Compiling async-stream-impl v0.3.5
[INFO] [stderr]    Compiling clap_derive v4.5.8
[INFO] [stderr]    Compiling async-stream v0.3.5
[INFO] [stderr]    Compiling tokio v1.38.0
[INFO] [stderr]    Compiling pin-project v1.1.5
[INFO] [stderr]    Compiling tracing v0.1.40
[INFO] [stderr]    Compiling tracing-futures v0.2.5
[INFO] [stderr]    Compiling clap v4.5.8
[INFO] [stderr]    Compiling tokio-stream v0.1.15
[INFO] [stderr]    Compiling mini_redis v0.1.0 (/opt/rustwide/workdir)
[INFO] [stderr]     Finished `dev` profile [unoptimized + debuginfo] target(s) in 30.34s
[INFO] running `Command { std: "docker" "inspect" "e32440020b473b7c9239933a93bc3080e0d4af4247475d42f53a287bc81a723f", kill_on_drop: false }`
[INFO] running `Command { std: "docker" "rm" "-f" "e32440020b473b7c9239933a93bc3080e0d4af4247475d42f53a287bc81a723f", kill_on_drop: false }`
[INFO] [stdout] e32440020b473b7c9239933a93bc3080e0d4af4247475d42f53a287bc81a723f
[INFO] running `Command { std: "docker" "create" "-v" "/var/lib/crater-agent-workspace/builds/worker-5-tc1/target:/opt/rustwide/target:rw,Z" "-v" "/var/lib/crater-agent-workspace/builds/worker-5-tc1/source:/opt/rustwide/workdir:ro,Z" "-v" "/var/lib/crater-agent-workspace/cargo-home:/opt/rustwide/cargo-home:ro,Z" "-v" "/var/lib/crater-agent-workspace/rustup-home:/opt/rustwide/rustup-home:ro,Z" "-e" "SOURCE_DIR=/opt/rustwide/workdir" "-e" "CARGO_TARGET_DIR=/opt/rustwide/target" "-e" "CARGO_INCREMENTAL=0" "-e" "RUST_BACKTRACE=full" "-e" "RUSTFLAGS=--cap-lints=forbid" "-e" "RUSTDOCFLAGS=--cap-lints=forbid" "-e" "CARGO_HOME=/opt/rustwide/cargo-home" "-e" "RUSTUP_HOME=/opt/rustwide/rustup-home" "-w" "/opt/rustwide/workdir" "-m" "1610612736" "--user" "0:0" "--network" "none" "ghcr.io/rust-lang/crates-build-env/linux@sha256:819108c5571ea2e421544af4d832f968d213c87fbe3707a016657f43d2f853bc" "/opt/rustwide/cargo-home/bin/cargo" "+nightly-2025-01-18" "test" "--frozen" "--no-run" "--message-format=json", kill_on_drop: false }`
[INFO] [stdout] 089bf1eda750d10b38fc26b678de9aac175428043c4bb93440d8c0c2a9496ad6
[INFO] running `Command { std: "docker" "start" "-a" "089bf1eda750d10b38fc26b678de9aac175428043c4bb93440d8c0c2a9496ad6", kill_on_drop: false }`
[INFO] [stderr]    Compiling mini_redis v0.1.0 (/opt/rustwide/workdir)
[INFO] [stderr]     Finished `test` profile [unoptimized + debuginfo] target(s) in 2.11s
[INFO] running `Command { std: "docker" "inspect" "089bf1eda750d10b38fc26b678de9aac175428043c4bb93440d8c0c2a9496ad6", kill_on_drop: false }`
[INFO] running `Command { std: "docker" "rm" "-f" "089bf1eda750d10b38fc26b678de9aac175428043c4bb93440d8c0c2a9496ad6", kill_on_drop: false }`
[INFO] [stdout] 089bf1eda750d10b38fc26b678de9aac175428043c4bb93440d8c0c2a9496ad6
[INFO] running `Command { std: "docker" "create" "-v" "/var/lib/crater-agent-workspace/builds/worker-5-tc1/target:/opt/rustwide/target:rw,Z" "-v" "/var/lib/crater-agent-workspace/builds/worker-5-tc1/source:/opt/rustwide/workdir:ro,Z" "-v" "/var/lib/crater-agent-workspace/cargo-home:/opt/rustwide/cargo-home:ro,Z" "-v" "/var/lib/crater-agent-workspace/rustup-home:/opt/rustwide/rustup-home:ro,Z" "-e" "SOURCE_DIR=/opt/rustwide/workdir" "-e" "CARGO_TARGET_DIR=/opt/rustwide/target" "-e" "CARGO_INCREMENTAL=0" "-e" "RUST_BACKTRACE=full" "-e" "RUSTFLAGS=--cap-lints=forbid" "-e" "RUSTDOCFLAGS=--cap-lints=forbid" "-e" "CARGO_HOME=/opt/rustwide/cargo-home" "-e" "RUSTUP_HOME=/opt/rustwide/rustup-home" "-w" "/opt/rustwide/workdir" "-m" "1610612736" "--user" "0:0" "--network" "none" "ghcr.io/rust-lang/crates-build-env/linux@sha256:819108c5571ea2e421544af4d832f968d213c87fbe3707a016657f43d2f853bc" "/opt/rustwide/cargo-home/bin/cargo" "+nightly-2025-01-18" "test" "--frozen", kill_on_drop: false }`
[INFO] [stdout] 5a7ced97e34ce79095110958e60769ba76cebdbf762285de328c33d889e07385
[INFO] running `Command { std: "docker" "start" "-a" "5a7ced97e34ce79095110958e60769ba76cebdbf762285de328c33d889e07385", kill_on_drop: false }`
[INFO] [stderr]     Finished `test` profile [unoptimized + debuginfo] target(s) in 0.14s
[INFO] [stderr]      Running unittests src/lib.rs (/opt/rustwide/target/debug/deps/mini_redis-386bf25c20f26496)
[INFO] [stderr]      Running unittests src/bin/cli.rs (/opt/rustwide/target/debug/deps/mini_redis_cli-90dc976a6cd461ba)
[INFO] [stdout] 
[INFO] [stdout] running 0 tests
[INFO] [stdout] 
[INFO] [stdout] test result: ok. 0 passed; 0 failed; 0 ignored; 0 measured; 0 filtered out; finished in 0.00s
[INFO] [stdout] 
[INFO] [stdout] 
[INFO] [stdout] running 0 tests
[INFO] [stdout] 
[INFO] [stdout] test result: ok. 0 passed; 0 failed; 0 ignored; 0 measured; 0 filtered out; finished in 0.00s
[INFO] [stdout] 
[INFO] [stderr]      Running unittests src/bin/server.rs (/opt/rustwide/target/debug/deps/mini_redis_server-66bd5ba4da591227)
[INFO] [stdout] 
[INFO] [stdout] running 0 tests
[INFO] [stdout] 
[INFO] [stdout] test result: ok. 0 passed; 0 failed; 0 ignored; 0 measured; 0 filtered out; finished in 0.00s
[INFO] [stdout] 
[INFO] [stderr]    Doc-tests mini_redis
[INFO] [stdout] 
[INFO] [stdout] running 12 tests
[INFO] [stdout] test src/clients/blocking_client.rs - clients::blocking_client::BlockingClient::publish (line 195) - compile ... ok
[INFO] [stdout] test src/clients/client.rs - clients::client::Client::connect (line 64) - compile ... ok
[INFO] [stdout] test src/clients/blocking_client.rs - clients::blocking_client::BlockingClient::connect (line 62) - compile ... ok
[INFO] [stdout] test src/clients/client.rs - clients::client::Client::get (line 134) - compile ... ok
[INFO] [stdout] test src/clients/client.rs - clients::client::Client::ping (line 102) - compile ... ok
[INFO] [stdout] test src/clients/client.rs - clients::client::Client::set_expires (line 219) - compile ... ok
[INFO] [stdout] test src/clients/blocking_client.rs - clients::blocking_client::BlockingClient::get (line 93) - compile ... ok
[INFO] [stdout] test src/clients/blocking_client.rs - clients::blocking_client::BlockingClient::set (line 119) - compile ... ok
[INFO] [stdout] test src/clients/client.rs - clients::client::Client::publish (line 284) - compile ... ok
[INFO] [stdout] test src/clients/client.rs - clients::client::Client::set (line 180) - compile ... ok
[INFO] [stdout] test src/db.rs - db::Db::get (line 141) ... FAILED
[INFO] [stdout] test src/clients/blocking_client.rs - clients::blocking_client::BlockingClient::set_expires (line 153) - compile ... ok
[INFO] [stdout] 
[INFO] [stdout] failures:
[INFO] [stdout] 
[INFO] [stdout] ---- src/db.rs - db::Db::get (line 141) stdout ----
[INFO] [stdout] error[E0425]: cannot find value `相关` in this scope
[INFO] [stdout]  --> src/db.rs:142:1
[INFO] [stdout]   |
[INFO] [stdout] 3 | 相关
[INFO] [stdout]   | ^^^^ not found in this scope
[INFO] [stdout] 
[INFO] [stdout] error: aborting due to 1 previous error
[INFO] [stdout] 
[INFO] [stdout] For more information about this error, try `rustc --explain E0425`.
[INFO] [stdout] Couldn't compile the test.
[INFO] [stdout] 
[INFO] [stdout] failures:
[INFO] [stdout]     src/db.rs - db::Db::get (line 141)
[INFO] [stdout] 
[INFO] [stdout] test result: FAILED. 11 passed; 1 failed; 0 ignored; 0 measured; 0 filtered out; finished in 0.44s
[INFO] [stdout] 
[INFO] [stderr] error: doctest failed, to rerun pass `--doc`
[INFO] running `Command { std: "docker" "inspect" "5a7ced97e34ce79095110958e60769ba76cebdbf762285de328c33d889e07385", kill_on_drop: false }`
[INFO] running `Command { std: "docker" "rm" "-f" "5a7ced97e34ce79095110958e60769ba76cebdbf762285de328c33d889e07385", kill_on_drop: false }`
[INFO] [stdout] 5a7ced97e34ce79095110958e60769ba76cebdbf762285de328c33d889e07385
