[INFO] cloning repository https://github.com/omertuc/subsmerge
[INFO] running `Command { std: "git" "-c" "credential.helper=" "-c" "credential.helper=/workspace/cargo-home/bin/git-credential-null" "clone" "--bare" "https://github.com/omertuc/subsmerge" "/workspace/cache/git-repos/https%3A%2F%2Fgithub.com%2Fomertuc%2Fsubsmerge", kill_on_drop: false }`
[INFO] [stderr] Cloning into bare repository '/workspace/cache/git-repos/https%3A%2F%2Fgithub.com%2Fomertuc%2Fsubsmerge'...
[INFO] running `Command { std: "git" "rev-parse" "HEAD", kill_on_drop: false }`
[INFO] [stdout] 55b5e5719f64097840e1465eb4e256733a2107c2
[INFO] testing omertuc/subsmerge against nightly-2025-01-18+rustflags=-Zrandomize-layout for randomize-layout-2
[INFO] running `Command { std: "git" "clone" "/workspace/cache/git-repos/https%3A%2F%2Fgithub.com%2Fomertuc%2Fsubsmerge" "/workspace/builds/worker-2-tc2/source", kill_on_drop: false }`
[INFO] [stderr] Cloning into '/workspace/builds/worker-2-tc2/source'...
[INFO] [stderr] done.
[INFO] validating manifest of git repo https://github.com/omertuc/subsmerge on toolchain nightly-2025-01-18
[INFO] running `Command { std: CARGO_HOME="/workspace/cargo-home" RUSTUP_HOME="/workspace/rustup-home" "/workspace/cargo-home/bin/cargo" "+nightly-2025-01-18" "metadata" "--manifest-path" "Cargo.toml" "--no-deps", kill_on_drop: false }`
[INFO] started tweaking git repo https://github.com/omertuc/subsmerge
[INFO] finished tweaking git repo https://github.com/omertuc/subsmerge
[INFO] tweaked toml for git repo https://github.com/omertuc/subsmerge written to /workspace/builds/worker-2-tc2/source/Cargo.toml
[INFO] crate git repo https://github.com/omertuc/subsmerge already has a lockfile, it will not be regenerated
[INFO] running `Command { std: CARGO_HOME="/workspace/cargo-home" RUSTUP_HOME="/workspace/rustup-home" "/workspace/cargo-home/bin/cargo" "+nightly-2025-01-18" "fetch" "--manifest-path" "Cargo.toml", kill_on_drop: false }`
[INFO] running `Command { std: "docker" "create" "-v" "/var/lib/crater-agent-workspace/builds/worker-2-tc2/target:/opt/rustwide/target:rw,Z" "-v" "/var/lib/crater-agent-workspace/builds/worker-2-tc2/source:/opt/rustwide/workdir:ro,Z" "-v" "/var/lib/crater-agent-workspace/cargo-home:/opt/rustwide/cargo-home:ro,Z" "-v" "/var/lib/crater-agent-workspace/rustup-home:/opt/rustwide/rustup-home:ro,Z" "-e" "SOURCE_DIR=/opt/rustwide/workdir" "-e" "CARGO_TARGET_DIR=/opt/rustwide/target" "-e" "CARGO_HOME=/opt/rustwide/cargo-home" "-e" "RUSTUP_HOME=/opt/rustwide/rustup-home" "-w" "/opt/rustwide/workdir" "-m" "1610612736" "--user" "0:0" "--network" "none" "ghcr.io/rust-lang/crates-build-env/linux@sha256:819108c5571ea2e421544af4d832f968d213c87fbe3707a016657f43d2f853bc" "/opt/rustwide/cargo-home/bin/cargo" "+nightly-2025-01-18" "metadata" "--no-deps" "--format-version=1", kill_on_drop: false }`
[INFO] [stdout] 59c90c0f3d8b532eade0c75b79e01aede18124072774e2f57114edeeccbe1fd7
[INFO] running `Command { std: "docker" "start" "-a" "59c90c0f3d8b532eade0c75b79e01aede18124072774e2f57114edeeccbe1fd7", kill_on_drop: false }`
[INFO] running `Command { std: "docker" "inspect" "59c90c0f3d8b532eade0c75b79e01aede18124072774e2f57114edeeccbe1fd7", kill_on_drop: false }`
[INFO] running `Command { std: "docker" "rm" "-f" "59c90c0f3d8b532eade0c75b79e01aede18124072774e2f57114edeeccbe1fd7", kill_on_drop: false }`
[INFO] [stdout] 59c90c0f3d8b532eade0c75b79e01aede18124072774e2f57114edeeccbe1fd7
[INFO] running `Command { std: "docker" "create" "-v" "/var/lib/crater-agent-workspace/builds/worker-2-tc2/target:/opt/rustwide/target:rw,Z" "-v" "/var/lib/crater-agent-workspace/builds/worker-2-tc2/source:/opt/rustwide/workdir:ro,Z" "-v" "/var/lib/crater-agent-workspace/cargo-home:/opt/rustwide/cargo-home:ro,Z" "-v" "/var/lib/crater-agent-workspace/rustup-home:/opt/rustwide/rustup-home:ro,Z" "-e" "SOURCE_DIR=/opt/rustwide/workdir" "-e" "CARGO_TARGET_DIR=/opt/rustwide/target" "-e" "CARGO_INCREMENTAL=0" "-e" "RUST_BACKTRACE=full" "-e" "RUSTFLAGS=--cap-lints=forbid -Zrandomize-layout" "-e" "RUSTDOCFLAGS=--cap-lints=forbid" "-e" "CARGO_HOME=/opt/rustwide/cargo-home" "-e" "RUSTUP_HOME=/opt/rustwide/rustup-home" "-w" "/opt/rustwide/workdir" "-m" "1610612736" "--user" "0:0" "--network" "none" "ghcr.io/rust-lang/crates-build-env/linux@sha256:819108c5571ea2e421544af4d832f968d213c87fbe3707a016657f43d2f853bc" "/opt/rustwide/cargo-home/bin/cargo" "+nightly-2025-01-18" "build" "--frozen" "--message-format=json", kill_on_drop: false }`
[INFO] [stdout] c7873a33dacf0b6d46223803ed79f65b2987b17642dc41944b1fc59505d5095d
[INFO] running `Command { std: "docker" "start" "-a" "c7873a33dacf0b6d46223803ed79f65b2987b17642dc41944b1fc59505d5095d", kill_on_drop: false }`
[INFO] [stderr]    Compiling proc-macro2 v1.0.86
[INFO] [stderr]    Compiling crossbeam-utils v0.8.20
[INFO] [stderr]    Compiling anyhow v1.0.89
[INFO] [stderr]    Compiling memchr v2.7.4
[INFO] [stderr]    Compiling paste v1.0.15
[INFO] [stderr]    Compiling scopeguard v1.2.0
[INFO] [stderr]    Compiling built v0.7.4
[INFO] [stderr]    Compiling thiserror v1.0.64
[INFO] [stderr]    Compiling either v1.13.0
[INFO] [stderr]    Compiling aligned-vec v0.5.0
[INFO] [stderr]    Compiling num-traits v0.2.19
[INFO] [stderr]    Compiling lock_api v0.4.12
[INFO] [stderr]    Compiling rayon-core v1.12.1
[INFO] [stderr]    Compiling minimal-lexical v0.2.1
[INFO] [stderr]    Compiling utf8parse v0.2.2
[INFO] [stderr]    Compiling log v0.4.22
[INFO] [stderr]    Compiling maybe-rayon v0.1.1
[INFO] [stderr]    Compiling is_terminal_polyfill v1.70.1
[INFO] [stderr]    Compiling anstyle-parse v0.2.5
[INFO] [stderr]    Compiling weezl v0.1.8
[INFO] [stderr]    Compiling anstyle v1.0.8
[INFO] [stderr]    Compiling itertools v0.12.1
[INFO] [stderr]    Compiling syn v1.0.109
[INFO] [stderr]    Compiling new_debug_unreachable v1.0.6
[INFO] [stderr]    Compiling anstyle-query v1.1.1
[INFO] [stderr]    Compiling lexical-core v0.7.6
[INFO] [stderr]    Compiling colorchoice v1.0.2
[INFO] [stderr]    Compiling noop_proc_macro v0.3.0
[INFO] [stderr]    Compiling imgref v1.10.1
[INFO] [stderr]    Compiling bitstream-io v2.5.3
[INFO] [stderr]    Compiling adler v1.0.2
[INFO] [stderr]    Compiling quick-error v2.0.1
[INFO] [stderr]    Compiling nom v7.1.3
[INFO] [stderr]    Compiling rav1e v0.7.1
[INFO] [stderr]    Compiling spin v0.9.8
[INFO] [stderr]    Compiling miniz_oxide v0.7.4
[INFO] [stderr]    Compiling loop9 v0.1.5
[INFO] [stderr]    Compiling anstream v0.6.15
[INFO] [stderr]    Compiling nom v5.1.3
[INFO] [stderr]    Compiling rgb v0.8.50
[INFO] [stderr]    Compiling flume v0.11.0
[INFO] [stderr]    Compiling zune-inflate v0.2.54
[INFO] [stderr]    Compiling avif-serialize v0.8.1
[INFO] [stderr]    Compiling half v2.4.1
[INFO] [stderr]    Compiling zune-core v0.4.12
[INFO] [stderr]    Compiling quote v1.0.37
[INFO] [stderr]    Compiling crossbeam-epoch v0.9.18
[INFO] [stderr]    Compiling arrayvec v0.5.2
[INFO] [stderr]    Compiling ryu v1.0.18
[INFO] [stderr]    Compiling static_assertions v1.1.0
[INFO] [stderr]    Compiling strsim v0.11.1
[INFO] [stderr]    Compiling heck v0.5.0
[INFO] [stderr]    Compiling num-integer v0.1.46
[INFO] [stderr]    Compiling v_frame v0.3.8
[INFO] [stderr]    Compiling lebe v0.5.2
[INFO] [stderr]    Compiling syn v2.0.79
[INFO] [stderr]    Compiling bit_field v0.10.2
[INFO] [stderr]    Compiling crossbeam-deque v0.8.5
[INFO] [stderr]    Compiling clap_lex v0.7.2
[INFO] [stderr]    Compiling jpeg-decoder v0.3.1
[INFO] [stderr]    Compiling byteorder-lite v0.1.0
[INFO] [stderr]    Compiling gif v0.13.1
[INFO] [stderr]    Compiling simd_helpers v0.1.0
[INFO] [stderr]    Compiling zune-jpeg v0.4.13
[INFO] [stderr]    Compiling image-webp v0.1.3
[INFO] [stderr]    Compiling clap_builder v4.5.19
[INFO] [stderr]    Compiling num-bigint v0.4.6
[INFO] [stderr]    Compiling qoi v0.4.1
[INFO] [stderr]    Compiling exr v1.72.0
[INFO] [stderr]    Compiling rayon v1.10.0
[INFO] [stderr]    Compiling num-rational v0.4.2
[INFO] [stderr]    Compiling tiff v0.9.1
[INFO] [stderr]    Compiling av1-grain v0.2.3
[INFO] [stderr]    Compiling derivative v2.2.0
[INFO] [stderr]    Compiling profiling-procmacros v1.0.15
[INFO] [stderr]    Compiling thiserror-impl v1.0.64
[INFO] [stderr]    Compiling arg_enum_proc_macro v0.3.4
[INFO] [stderr]    Compiling num-derive v0.4.2
[INFO] [stderr]    Compiling clap_derive v4.5.18
[INFO] [stderr]    Compiling profiling v1.0.15
[INFO] [stderr]    Compiling clap v4.5.19
[INFO] [stderr]    Compiling ravif v0.11.10
[INFO] [stderr]    Compiling image v0.25.2
[INFO] [stderr]    Compiling subsmerge v0.1.0 (/opt/rustwide/workdir)
[INFO] [stdout] warning: unused variable: `collector`
[INFO] [stdout]    --> src/main.rs:247:13
[INFO] [stdout]     |
[INFO] [stdout] 247 |     let mut collector = DisplaySetCollector::new();
[INFO] [stdout]     |             ^^^^^^^^^ help: if this is intentional, prefix it with an underscore: `_collector`
[INFO] [stdout]     |
[INFO] [stdout]     = note: `#[warn(unused_variables)]` on by default
[INFO] [stdout] 
[INFO] [stdout] 
[INFO] [stdout] warning: unused variable: `pair_collector`
[INFO] [stdout]    --> src/main.rs:248:13
[INFO] [stdout]     |
[INFO] [stdout] 248 |     let mut pair_collector = DisplaySetPairCollector::new();
[INFO] [stdout]     |             ^^^^^^^^^^^^^^ help: if this is intentional, prefix it with an underscore: `_pair_collector`
[INFO] [stdout] 
[INFO] [stdout] 
[INFO] [stdout] warning: variable does not need to be mutable
[INFO] [stdout]    --> src/main.rs:247:9
[INFO] [stdout]     |
[INFO] [stdout] 247 |     let mut collector = DisplaySetCollector::new();
[INFO] [stdout]     |         ----^^^^^^^^^
[INFO] [stdout]     |         |
[INFO] [stdout]     |         help: remove this `mut`
[INFO] [stdout]     |
[INFO] [stdout]     = note: `#[warn(unused_mut)]` on by default
[INFO] [stdout] 
[INFO] [stdout] 
[INFO] [stdout] warning: variable does not need to be mutable
[INFO] [stdout]    --> src/main.rs:248:9
[INFO] [stdout]     |
[INFO] [stdout] 248 |     let mut pair_collector = DisplaySetPairCollector::new();
[INFO] [stdout]     |         ----^^^^^^^^^^^^^^
[INFO] [stdout]     |         |
[INFO] [stdout]     |         help: remove this `mut`
[INFO] [stdout] 
[INFO] [stdout] 
[INFO] [stderr]     Finished `dev` profile [unoptimized + debuginfo] target(s) in 42.28s
[INFO] running `Command { std: "docker" "inspect" "c7873a33dacf0b6d46223803ed79f65b2987b17642dc41944b1fc59505d5095d", kill_on_drop: false }`
[INFO] running `Command { std: "docker" "rm" "-f" "c7873a33dacf0b6d46223803ed79f65b2987b17642dc41944b1fc59505d5095d", kill_on_drop: false }`
[INFO] [stdout] c7873a33dacf0b6d46223803ed79f65b2987b17642dc41944b1fc59505d5095d
[INFO] running `Command { std: "docker" "create" "-v" "/var/lib/crater-agent-workspace/builds/worker-2-tc2/target:/opt/rustwide/target:rw,Z" "-v" "/var/lib/crater-agent-workspace/builds/worker-2-tc2/source:/opt/rustwide/workdir:ro,Z" "-v" "/var/lib/crater-agent-workspace/cargo-home:/opt/rustwide/cargo-home:ro,Z" "-v" "/var/lib/crater-agent-workspace/rustup-home:/opt/rustwide/rustup-home:ro,Z" "-e" "SOURCE_DIR=/opt/rustwide/workdir" "-e" "CARGO_TARGET_DIR=/opt/rustwide/target" "-e" "CARGO_INCREMENTAL=0" "-e" "RUST_BACKTRACE=full" "-e" "RUSTFLAGS=--cap-lints=forbid -Zrandomize-layout" "-e" "RUSTDOCFLAGS=--cap-lints=forbid" "-e" "CARGO_HOME=/opt/rustwide/cargo-home" "-e" "RUSTUP_HOME=/opt/rustwide/rustup-home" "-w" "/opt/rustwide/workdir" "-m" "1610612736" "--user" "0:0" "--network" "none" "ghcr.io/rust-lang/crates-build-env/linux@sha256:819108c5571ea2e421544af4d832f968d213c87fbe3707a016657f43d2f853bc" "/opt/rustwide/cargo-home/bin/cargo" "+nightly-2025-01-18" "test" "--frozen" "--no-run" "--message-format=json", kill_on_drop: false }`
[INFO] [stdout] c47855643e596ddb949dcd01cd645b56abf8b475d63a434eb36babeebd3fb8dd
[INFO] running `Command { std: "docker" "start" "-a" "c47855643e596ddb949dcd01cd645b56abf8b475d63a434eb36babeebd3fb8dd", kill_on_drop: false }`
[INFO] [stderr]    Compiling subsmerge v0.1.0 (/opt/rustwide/workdir)
[INFO] [stdout] warning: unused variable: `collector`
[INFO] [stdout]    --> src/main.rs:247:13
[INFO] [stdout]     |
[INFO] [stdout] 247 |     let mut collector = DisplaySetCollector::new();
[INFO] [stdout]     |             ^^^^^^^^^ help: if this is intentional, prefix it with an underscore: `_collector`
[INFO] [stdout]     |
[INFO] [stdout]     = note: `#[warn(unused_variables)]` on by default
[INFO] [stdout] 
[INFO] [stdout] 
[INFO] [stdout] warning: unused variable: `pair_collector`
[INFO] [stdout]    --> src/main.rs:248:13
[INFO] [stdout]     |
[INFO] [stdout] 248 |     let mut pair_collector = DisplaySetPairCollector::new();
[INFO] [stdout]     |             ^^^^^^^^^^^^^^ help: if this is intentional, prefix it with an underscore: `_pair_collector`
[INFO] [stdout] 
[INFO] [stdout] 
[INFO] [stdout] warning: variable does not need to be mutable
[INFO] [stdout]    --> src/main.rs:247:9
[INFO] [stdout]     |
[INFO] [stdout] 247 |     let mut collector = DisplaySetCollector::new();
[INFO] [stdout]     |         ----^^^^^^^^^
[INFO] [stdout]     |         |
[INFO] [stdout]     |         help: remove this `mut`
[INFO] [stdout]     |
[INFO] [stdout]     = note: `#[warn(unused_mut)]` on by default
[INFO] [stdout] 
[INFO] [stdout] 
[INFO] [stdout] warning: variable does not need to be mutable
[INFO] [stdout]    --> src/main.rs:248:9
[INFO] [stdout]     |
[INFO] [stdout] 248 |     let mut pair_collector = DisplaySetPairCollector::new();
[INFO] [stdout]     |         ----^^^^^^^^^^^^^^
[INFO] [stdout]     |         |
[INFO] [stdout]     |         help: remove this `mut`
[INFO] [stdout] 
[INFO] [stdout] 
[INFO] [stderr]     Finished `test` profile [unoptimized + debuginfo] target(s) in 0.94s
[INFO] running `Command { std: "docker" "inspect" "c47855643e596ddb949dcd01cd645b56abf8b475d63a434eb36babeebd3fb8dd", kill_on_drop: false }`
[INFO] running `Command { std: "docker" "rm" "-f" "c47855643e596ddb949dcd01cd645b56abf8b475d63a434eb36babeebd3fb8dd", kill_on_drop: false }`
[INFO] [stdout] c47855643e596ddb949dcd01cd645b56abf8b475d63a434eb36babeebd3fb8dd
[INFO] running `Command { std: "docker" "create" "-v" "/var/lib/crater-agent-workspace/builds/worker-2-tc2/target:/opt/rustwide/target:rw,Z" "-v" "/var/lib/crater-agent-workspace/builds/worker-2-tc2/source:/opt/rustwide/workdir:ro,Z" "-v" "/var/lib/crater-agent-workspace/cargo-home:/opt/rustwide/cargo-home:ro,Z" "-v" "/var/lib/crater-agent-workspace/rustup-home:/opt/rustwide/rustup-home:ro,Z" "-e" "SOURCE_DIR=/opt/rustwide/workdir" "-e" "CARGO_TARGET_DIR=/opt/rustwide/target" "-e" "CARGO_INCREMENTAL=0" "-e" "RUST_BACKTRACE=full" "-e" "RUSTFLAGS=--cap-lints=forbid -Zrandomize-layout" "-e" "RUSTDOCFLAGS=--cap-lints=forbid" "-e" "CARGO_HOME=/opt/rustwide/cargo-home" "-e" "RUSTUP_HOME=/opt/rustwide/rustup-home" "-w" "/opt/rustwide/workdir" "-m" "1610612736" "--user" "0:0" "--network" "none" "ghcr.io/rust-lang/crates-build-env/linux@sha256:819108c5571ea2e421544af4d832f968d213c87fbe3707a016657f43d2f853bc" "/opt/rustwide/cargo-home/bin/cargo" "+nightly-2025-01-18" "test" "--frozen", kill_on_drop: false }`
[INFO] [stdout] cd9930e36ced183770146babb15c10db5b606816e55d4a618ca16475a325eea2
[INFO] running `Command { std: "docker" "start" "-a" "cd9930e36ced183770146babb15c10db5b606816e55d4a618ca16475a325eea2", kill_on_drop: false }`
[INFO] [stderr] warning: unused variable: `collector`
[INFO] [stderr]    --> src/main.rs:247:13
[INFO] [stderr]     |
[INFO] [stderr] 247 |     let mut collector = DisplaySetCollector::new();
[INFO] [stderr]     |             ^^^^^^^^^ help: if this is intentional, prefix it with an underscore: `_collector`
[INFO] [stderr]     |
[INFO] [stderr]     = note: `#[warn(unused_variables)]` on by default
[INFO] [stderr] 
[INFO] [stderr] warning: unused variable: `pair_collector`
[INFO] [stderr]    --> src/main.rs:248:13
[INFO] [stderr]     |
[INFO] [stderr] 248 |     let mut pair_collector = DisplaySetPairCollector::new();
[INFO] [stderr]     |             ^^^^^^^^^^^^^^ help: if this is intentional, prefix it with an underscore: `_pair_collector`
[INFO] [stderr] 
[INFO] [stderr] warning: variable does not need to be mutable
[INFO] [stderr]    --> src/main.rs:247:9
[INFO] [stderr]     |
[INFO] [stderr] 247 |     let mut collector = DisplaySetCollector::new();
[INFO] [stderr]     |         ----^^^^^^^^^
[INFO] [stderr]     |         |
[INFO] [stderr]     |         help: remove this `mut`
[INFO] [stderr]     |
[INFO] [stderr]     = note: `#[warn(unused_mut)]` on by default
[INFO] [stderr] 
[INFO] [stderr] warning: variable does not need to be mutable
[INFO] [stderr]    --> src/main.rs:248:9
[INFO] [stderr]     |
[INFO] [stderr] 248 |     let mut pair_collector = DisplaySetPairCollector::new();
[INFO] [stderr]     |         ----^^^^^^^^^^^^^^
[INFO] [stderr]     |         |
[INFO] [stderr]     |         help: remove this `mut`
[INFO] [stderr] 
[INFO] [stderr] warning: `subsmerge` (bin "subsmerge" test) generated 4 warnings (run `cargo fix --bin "subsmerge" --tests` to apply 2 suggestions)
[INFO] [stderr]     Finished `test` profile [unoptimized + debuginfo] target(s) in 0.13s
[INFO] [stdout] 
[INFO] [stdout] running 1 test
[INFO] [stderr]      Running unittests src/main.rs (/opt/rustwide/target/debug/deps/subsmerge-122bc7a1c8553af6)
[INFO] [stdout] test tests::test_parse_file ... FAILED
[INFO] [stdout] 
[INFO] [stdout] failures:
[INFO] [stdout] 
[INFO] [stdout] ---- tests::test_parse_file stdout ----
[INFO] [stdout] 
[INFO] [stdout] thread 'tests::test_parse_file' panicked at src/main.rs:284:9:
[INFO] [stdout] assertion failed: parse_file(path).is_ok()
[INFO] [stdout] stack backtrace:
[INFO] [stdout]    0:     0x56da6fa80bfa - std::backtrace_rs::backtrace::libunwind::trace::hb059275cfc8d6126
[INFO] [stdout]                                at /rustc/6067b36314ab5eb2eb47cecc464545ba58e1ad24/library/std/src/../../backtrace/src/backtrace/libunwind.rs:116:5
[INFO] [stdout]    1:     0x56da6fa80bfa - std::backtrace_rs::backtrace::trace_unsynchronized::h2da071e4327ce3ee
[INFO] [stdout]                                at /rustc/6067b36314ab5eb2eb47cecc464545ba58e1ad24/library/std/src/../../backtrace/src/backtrace/mod.rs:66:5
[INFO] [stdout]    2:     0x56da6fa80bfa - std::sys::backtrace::_print_fmt::h842a1474e6f8d23f
[INFO] [stdout]                                at /rustc/6067b36314ab5eb2eb47cecc464545ba58e1ad24/library/std/src/sys/backtrace.rs:66:9
[INFO] [stdout]    3:     0x56da6fa80bfa - <std::sys::backtrace::BacktraceLock::print::DisplayBacktrace as core::fmt::Display>::fmt::h71a62eb3b9696b12
[INFO] [stdout]                                at /rustc/6067b36314ab5eb2eb47cecc464545ba58e1ad24/library/std/src/sys/backtrace.rs:39:26
[INFO] [stdout]    4:     0x56da6faa8313 - core::fmt::rt::Argument::fmt::hdb6b616786b41dc1
[INFO] [stdout]                                at /rustc/6067b36314ab5eb2eb47cecc464545ba58e1ad24/library/core/src/fmt/rt.rs:177:76
[INFO] [stdout]    5:     0x56da6faa8313 - core::fmt::write::h2cc1698af7e2d686
[INFO] [stdout]                                at /rustc/6067b36314ab5eb2eb47cecc464545ba58e1ad24/library/core/src/fmt/mod.rs:1440:21
[INFO] [stdout]    6:     0x56da6fa7d563 - std::io::Write::write_fmt::hab1b4cd059a79022
[INFO] [stdout]                                at /rustc/6067b36314ab5eb2eb47cecc464545ba58e1ad24/library/std/src/io/mod.rs:1887:15
[INFO] [stdout]    7:     0x56da6fa80a42 - std::sys::backtrace::BacktraceLock::print::h147fe35b4ea13b08
[INFO] [stdout]                                at /rustc/6067b36314ab5eb2eb47cecc464545ba58e1ad24/library/std/src/sys/backtrace.rs:42:9
[INFO] [stdout]    8:     0x56da6fa8201f - std::panicking::default_hook::{{closure}}::hbd44223dbdc0d208
[INFO] [stdout]                                at /rustc/6067b36314ab5eb2eb47cecc464545ba58e1ad24/library/std/src/panicking.rs:298:22
[INFO] [stdout]    9:     0x56da6fa81e38 - std::panicking::default_hook::h20f81eb0576efcec
[INFO] [stdout]                                at /rustc/6067b36314ab5eb2eb47cecc464545ba58e1ad24/library/std/src/panicking.rs:322:9
[INFO] [stdout]   10:     0x56da6fa3b923 - <alloc::boxed::Box<F,A> as core::ops::function::Fn<Args>>::call::hdb53814c496a4d34
[INFO] [stdout]                                at /rustc/6067b36314ab5eb2eb47cecc464545ba58e1ad24/library/alloc/src/boxed.rs:2027:9
[INFO] [stdout]   11:     0x56da6fa3b923 - test::test_main::{{closure}}::hc0a4963c59427c24
[INFO] [stdout]                                at /rustc/6067b36314ab5eb2eb47cecc464545ba58e1ad24/library/test/src/lib.rs:134:21
[INFO] [stdout]   12:     0x56da6fa82b13 - <alloc::boxed::Box<F,A> as core::ops::function::Fn<Args>>::call::h591b2225413a77e9
[INFO] [stdout]                                at /rustc/6067b36314ab5eb2eb47cecc464545ba58e1ad24/library/alloc/src/boxed.rs:2027:9
[INFO] [stdout]   13:     0x56da6fa82b13 - std::panicking::rust_panic_with_hook::h625eea43051b2edc
[INFO] [stdout]                                at /rustc/6067b36314ab5eb2eb47cecc464545ba58e1ad24/library/std/src/panicking.rs:839:13
[INFO] [stdout]   14:     0x56da6fa82796 - std::panicking::begin_panic_handler::{{closure}}::h4f9159cfbc3f6bd3
[INFO] [stdout]                                at /rustc/6067b36314ab5eb2eb47cecc464545ba58e1ad24/library/std/src/panicking.rs:697:13
[INFO] [stdout]   15:     0x56da6fa810f9 - std::sys::backtrace::__rust_end_short_backtrace::h0390abce48353151
[INFO] [stdout]                                at /rustc/6067b36314ab5eb2eb47cecc464545ba58e1ad24/library/std/src/sys/backtrace.rs:168:18
[INFO] [stdout]   16:     0x56da6fa8245d - rust_begin_unwind
[INFO] [stdout]                                at /rustc/6067b36314ab5eb2eb47cecc464545ba58e1ad24/library/std/src/panicking.rs:695:5
[INFO] [stdout]   17:     0x56da6faa6d20 - core::panicking::panic_fmt::h9e7c637e9e5f29c9
[INFO] [stdout]                                at /rustc/6067b36314ab5eb2eb47cecc464545ba58e1ad24/library/core/src/panicking.rs:75:14
[INFO] [stdout]   18:     0x56da6faa6dac - core::panicking::panic::haa3255ea20181a33
[INFO] [stdout]                                at /rustc/6067b36314ab5eb2eb47cecc464545ba58e1ad24/library/core/src/panicking.rs:145:5
[INFO] [stdout]   19:     0x56da6f9ef5a1 - subsmerge::tests::test_parse_file::h65a37549dded18c3
[INFO] [stdout]                                at /opt/rustwide/workdir/src/main.rs:284:9
[INFO] [stdout]   20:     0x56da6f9ef4f7 - subsmerge::tests::test_parse_file::{{closure}}::h6bb44be3efec0a34
[INFO] [stdout]                                at /opt/rustwide/workdir/src/main.rs:282:25
[INFO] [stdout]   21:     0x56da6f9e9b46 - core::ops::function::FnOnce::call_once::ha3d8c94d4deab853
[INFO] [stdout]                                at /rustc/6067b36314ab5eb2eb47cecc464545ba58e1ad24/library/core/src/ops/function.rs:250:5
[INFO] [stdout]   22:     0x56da6fa4107b - core::ops::function::FnOnce::call_once::he27718dfdd183f43
[INFO] [stdout]                                at /rustc/6067b36314ab5eb2eb47cecc464545ba58e1ad24/library/core/src/ops/function.rs:250:5
[INFO] [stdout]   23:     0x56da6fa4107b - test::__rust_begin_short_backtrace::h4e84902998457a5d
[INFO] [stdout]                                at /rustc/6067b36314ab5eb2eb47cecc464545ba58e1ad24/library/test/src/lib.rs:632:18
[INFO] [stdout]   24:     0x56da6fa3ffb3 - test::run_test_in_process::{{closure}}::h7176fd18fc1feca0
[INFO] [stdout]                                at /rustc/6067b36314ab5eb2eb47cecc464545ba58e1ad24/library/test/src/lib.rs:655:60
[INFO] [stdout]   25:     0x56da6fa3ffb3 - <core::panic::unwind_safe::AssertUnwindSafe<F> as core::ops::function::FnOnce<()>>::call_once::hf79cff2a624d8cf7
[INFO] [stdout]                                at /rustc/6067b36314ab5eb2eb47cecc464545ba58e1ad24/library/core/src/panic/unwind_safe.rs:272:9
[INFO] [stdout]   26:     0x56da6fa3ffb3 - std::panicking::try::do_call::h3da0561d9ab99c25
[INFO] [stdout]                                at /rustc/6067b36314ab5eb2eb47cecc464545ba58e1ad24/library/std/src/panicking.rs:587:40
[INFO] [stdout]   27:     0x56da6fa3ffb3 - std::panicking::try::h41c9fa508bc61df6
[INFO] [stdout]                                at /rustc/6067b36314ab5eb2eb47cecc464545ba58e1ad24/library/std/src/panicking.rs:550:19
[INFO] [stdout]   28:     0x56da6fa3ffb3 - std::panic::catch_unwind::h6b3ff07bb5afad93
[INFO] [stdout]                                at /rustc/6067b36314ab5eb2eb47cecc464545ba58e1ad24/library/std/src/panic.rs:358:14
[INFO] [stdout]   29:     0x56da6fa3ffb3 - test::run_test_in_process::hc7253dd11b39b9f4
[INFO] [stdout]                                at /rustc/6067b36314ab5eb2eb47cecc464545ba58e1ad24/library/test/src/lib.rs:655:27
[INFO] [stdout]   30:     0x56da6fa3ffb3 - test::run_test::{{closure}}::hfb2007f8649c30bb
[INFO] [stdout]                                at /rustc/6067b36314ab5eb2eb47cecc464545ba58e1ad24/library/test/src/lib.rs:576:43
[INFO] [stdout]   31:     0x56da6fa03095 - test::run_test::{{closure}}::h56a17aa7a282a9f4
[INFO] [stdout]                                at /rustc/6067b36314ab5eb2eb47cecc464545ba58e1ad24/library/test/src/lib.rs:606:41
[INFO] [stdout]   32:     0x56da6fa03095 - std::sys::backtrace::__rust_begin_short_backtrace::hd2d2d2fb8e8c6aac
[INFO] [stdout]                                at /rustc/6067b36314ab5eb2eb47cecc464545ba58e1ad24/library/std/src/sys/backtrace.rs:152:18
[INFO] [stdout]   33:     0x56da6fa0697a - std::thread::Builder::spawn_unchecked_::{{closure}}::{{closure}}::h4faa3f9db6133423
[INFO] [stdout]                                at /rustc/6067b36314ab5eb2eb47cecc464545ba58e1ad24/library/std/src/thread/mod.rs:559:17
[INFO] [stdout]   34:     0x56da6fa0697a - <core::panic::unwind_safe::AssertUnwindSafe<F> as core::ops::function::FnOnce<()>>::call_once::hf2e855a36a4ea846
[INFO] [stdout]                                at /rustc/6067b36314ab5eb2eb47cecc464545ba58e1ad24/library/core/src/panic/unwind_safe.rs:272:9
[INFO] [stdout]   35:     0x56da6fa0697a - std::panicking::try::do_call::h2f73af3616c35465
[INFO] [stdout]                                at /rustc/6067b36314ab5eb2eb47cecc464545ba58e1ad24/library/std/src/panicking.rs:587:40
[INFO] [stdout]   36:     0x56da6fa0697a - std::panicking::try::hd1660ce9efadef5a
[INFO] [stdout]                                at /rustc/6067b36314ab5eb2eb47cecc464545ba58e1ad24/library/std/src/panicking.rs:550:19
[INFO] [stdout]   37:     0x56da6fa0697a - std::panic::catch_unwind::h5ee8d7823b8ca744
[INFO] [stdout]                                at /rustc/6067b36314ab5eb2eb47cecc464545ba58e1ad24/library/std/src/panic.rs:358:14
[INFO] [stdout]   38:     0x56da6fa0697a - std::thread::Builder::spawn_unchecked_::{{closure}}::h53c3a1894dce8407
[INFO] [stdout]                                at /rustc/6067b36314ab5eb2eb47cecc464545ba58e1ad24/library/std/src/thread/mod.rs:557:30
[INFO] [stdout]   39:     0x56da6fa0697a - core::ops::function::FnOnce::call_once{{vtable.shim}}::h048ce291ad4f62bf
[INFO] [stdout]                                at /rustc/6067b36314ab5eb2eb47cecc464545ba58e1ad24/library/core/src/ops/function.rs:250:5
[INFO] [stdout]   40:     0x56da6fa86a5b - <alloc::boxed::Box<F,A> as core::ops::function::FnOnce<Args>>::call_once::ha52bedf99a3b4981
[INFO] [stdout]                                at /rustc/6067b36314ab5eb2eb47cecc464545ba58e1ad24/library/alloc/src/boxed.rs:2013:9
[INFO] [stdout]   41:     0x56da6fa86a5b - <alloc::boxed::Box<F,A> as core::ops::function::FnOnce<Args>>::call_once::h567748934d80ccf8
[INFO] [stdout]                                at /rustc/6067b36314ab5eb2eb47cecc464545ba58e1ad24/library/alloc/src/boxed.rs:2013:9
[INFO] [stdout]   42:     0x56da6fa86a5b - std::sys::pal::unix::thread::Thread::new::thread_start::h2d970728ae887adc
[INFO] [stdout]                                at /rustc/6067b36314ab5eb2eb47cecc464545ba58e1ad24/library/std/src/sys/pal/unix/thread.rs:106:17
[INFO] [stdout]   43:     0x7e296699cac3 - <unknown>
[INFO] [stdout]   44:     0x7e2966a2da04 - clone
[INFO] [stdout]   45:                0x0 - <unknown>
[INFO] [stdout] 
[INFO] [stdout] 
[INFO] [stdout] failures:
[INFO] [stdout]     tests::test_parse_file
[INFO] [stdout] 
[INFO] [stdout] test result: FAILED. 0 passed; 1 failed; 0 ignored; 0 measured; 0 filtered out; finished in 0.04s
[INFO] [stdout] 
[INFO] [stderr] error: test failed, to rerun pass `--bin subsmerge`
[INFO] running `Command { std: "docker" "inspect" "cd9930e36ced183770146babb15c10db5b606816e55d4a618ca16475a325eea2", kill_on_drop: false }`
[INFO] running `Command { std: "docker" "rm" "-f" "cd9930e36ced183770146babb15c10db5b606816e55d4a618ca16475a325eea2", kill_on_drop: false }`
[INFO] [stdout] cd9930e36ced183770146babb15c10db5b606816e55d4a618ca16475a325eea2
