[INFO] cloning repository https://github.com/olosso/washoe
[INFO] running `Command { std: "git" "-c" "credential.helper=" "-c" "credential.helper=/workspace/cargo-home/bin/git-credential-null" "clone" "--bare" "https://github.com/olosso/washoe" "/workspace/cache/git-repos/https%3A%2F%2Fgithub.com%2Folosso%2Fwashoe", kill_on_drop: false }`
[INFO] [stderr] Cloning into bare repository '/workspace/cache/git-repos/https%3A%2F%2Fgithub.com%2Folosso%2Fwashoe'...
[INFO] running `Command { std: "git" "rev-parse" "HEAD", kill_on_drop: false }`
[INFO] [stdout] 8c500584837b58c838ce772dec4765f9faf9cb0a
[INFO] testing olosso/washoe against nightly-2025-01-18 for randomize-layout-2
[INFO] running `Command { std: "git" "clone" "/workspace/cache/git-repos/https%3A%2F%2Fgithub.com%2Folosso%2Fwashoe" "/workspace/builds/worker-4-tc1/source", kill_on_drop: false }`
[INFO] [stderr] Cloning into '/workspace/builds/worker-4-tc1/source'...
[INFO] [stderr] done.
[INFO] validating manifest of git repo https://github.com/olosso/washoe on toolchain nightly-2025-01-18
[INFO] running `Command { std: CARGO_HOME="/workspace/cargo-home" RUSTUP_HOME="/workspace/rustup-home" "/workspace/cargo-home/bin/cargo" "+nightly-2025-01-18" "metadata" "--manifest-path" "Cargo.toml" "--no-deps", kill_on_drop: false }`
[INFO] started tweaking git repo https://github.com/olosso/washoe
[INFO] finished tweaking git repo https://github.com/olosso/washoe
[INFO] tweaked toml for git repo https://github.com/olosso/washoe written to /workspace/builds/worker-4-tc1/source/Cargo.toml
[INFO] crate git repo https://github.com/olosso/washoe already has a lockfile, it will not be regenerated
[INFO] running `Command { std: CARGO_HOME="/workspace/cargo-home" RUSTUP_HOME="/workspace/rustup-home" "/workspace/cargo-home/bin/cargo" "+nightly-2025-01-18" "fetch" "--manifest-path" "Cargo.toml", kill_on_drop: false }`
[INFO] running `Command { std: "docker" "create" "-v" "/var/lib/crater-agent-workspace/builds/worker-4-tc1/target:/opt/rustwide/target:rw,Z" "-v" "/var/lib/crater-agent-workspace/builds/worker-4-tc1/source:/opt/rustwide/workdir:ro,Z" "-v" "/var/lib/crater-agent-workspace/cargo-home:/opt/rustwide/cargo-home:ro,Z" "-v" "/var/lib/crater-agent-workspace/rustup-home:/opt/rustwide/rustup-home:ro,Z" "-e" "SOURCE_DIR=/opt/rustwide/workdir" "-e" "CARGO_TARGET_DIR=/opt/rustwide/target" "-e" "CARGO_HOME=/opt/rustwide/cargo-home" "-e" "RUSTUP_HOME=/opt/rustwide/rustup-home" "-w" "/opt/rustwide/workdir" "-m" "1610612736" "--user" "0:0" "--network" "none" "ghcr.io/rust-lang/crates-build-env/linux@sha256:819108c5571ea2e421544af4d832f968d213c87fbe3707a016657f43d2f853bc" "/opt/rustwide/cargo-home/bin/cargo" "+nightly-2025-01-18" "metadata" "--no-deps" "--format-version=1", kill_on_drop: false }`
[INFO] [stdout] d7d4aa57a093fb499c8c3061722ceffa817742463add5267abfeb267a8735b6d
[INFO] running `Command { std: "docker" "start" "-a" "d7d4aa57a093fb499c8c3061722ceffa817742463add5267abfeb267a8735b6d", kill_on_drop: false }`
[INFO] running `Command { std: "docker" "inspect" "d7d4aa57a093fb499c8c3061722ceffa817742463add5267abfeb267a8735b6d", kill_on_drop: false }`
[INFO] running `Command { std: "docker" "rm" "-f" "d7d4aa57a093fb499c8c3061722ceffa817742463add5267abfeb267a8735b6d", kill_on_drop: false }`
[INFO] [stdout] d7d4aa57a093fb499c8c3061722ceffa817742463add5267abfeb267a8735b6d
[INFO] running `Command { std: "docker" "create" "-v" "/var/lib/crater-agent-workspace/builds/worker-4-tc1/target:/opt/rustwide/target:rw,Z" "-v" "/var/lib/crater-agent-workspace/builds/worker-4-tc1/source:/opt/rustwide/workdir:ro,Z" "-v" "/var/lib/crater-agent-workspace/cargo-home:/opt/rustwide/cargo-home:ro,Z" "-v" "/var/lib/crater-agent-workspace/rustup-home:/opt/rustwide/rustup-home:ro,Z" "-e" "SOURCE_DIR=/opt/rustwide/workdir" "-e" "CARGO_TARGET_DIR=/opt/rustwide/target" "-e" "CARGO_INCREMENTAL=0" "-e" "RUST_BACKTRACE=full" "-e" "RUSTFLAGS=--cap-lints=forbid" "-e" "RUSTDOCFLAGS=--cap-lints=forbid" "-e" "CARGO_HOME=/opt/rustwide/cargo-home" "-e" "RUSTUP_HOME=/opt/rustwide/rustup-home" "-w" "/opt/rustwide/workdir" "-m" "1610612736" "--user" "0:0" "--network" "none" "ghcr.io/rust-lang/crates-build-env/linux@sha256:819108c5571ea2e421544af4d832f968d213c87fbe3707a016657f43d2f853bc" "/opt/rustwide/cargo-home/bin/cargo" "+nightly-2025-01-18" "build" "--frozen" "--message-format=json", kill_on_drop: false }`
[INFO] [stdout] caa65bb3356bb749707096b1dca4df952c2c5290ea66c990d372a846bc8f1ccd
[INFO] running `Command { std: "docker" "start" "-a" "caa65bb3356bb749707096b1dca4df952c2c5290ea66c990d372a846bc8f1ccd", kill_on_drop: false }`
[INFO] [stderr]    Compiling lazy_static v1.4.0
[INFO] [stderr]    Compiling parser v0.1.0 (/opt/rustwide/workdir)
[INFO] [stderr]     Finished `dev` profile [unoptimized + debuginfo] target(s) in 2.08s
[INFO] running `Command { std: "docker" "inspect" "caa65bb3356bb749707096b1dca4df952c2c5290ea66c990d372a846bc8f1ccd", kill_on_drop: false }`
[INFO] running `Command { std: "docker" "rm" "-f" "caa65bb3356bb749707096b1dca4df952c2c5290ea66c990d372a846bc8f1ccd", kill_on_drop: false }`
[INFO] [stdout] caa65bb3356bb749707096b1dca4df952c2c5290ea66c990d372a846bc8f1ccd
[INFO] running `Command { std: "docker" "create" "-v" "/var/lib/crater-agent-workspace/builds/worker-4-tc1/target:/opt/rustwide/target:rw,Z" "-v" "/var/lib/crater-agent-workspace/builds/worker-4-tc1/source:/opt/rustwide/workdir:ro,Z" "-v" "/var/lib/crater-agent-workspace/cargo-home:/opt/rustwide/cargo-home:ro,Z" "-v" "/var/lib/crater-agent-workspace/rustup-home:/opt/rustwide/rustup-home:ro,Z" "-e" "SOURCE_DIR=/opt/rustwide/workdir" "-e" "CARGO_TARGET_DIR=/opt/rustwide/target" "-e" "CARGO_INCREMENTAL=0" "-e" "RUST_BACKTRACE=full" "-e" "RUSTFLAGS=--cap-lints=forbid" "-e" "RUSTDOCFLAGS=--cap-lints=forbid" "-e" "CARGO_HOME=/opt/rustwide/cargo-home" "-e" "RUSTUP_HOME=/opt/rustwide/rustup-home" "-w" "/opt/rustwide/workdir" "-m" "1610612736" "--user" "0:0" "--network" "none" "ghcr.io/rust-lang/crates-build-env/linux@sha256:819108c5571ea2e421544af4d832f968d213c87fbe3707a016657f43d2f853bc" "/opt/rustwide/cargo-home/bin/cargo" "+nightly-2025-01-18" "test" "--frozen" "--no-run" "--message-format=json", kill_on_drop: false }`
[INFO] [stdout] 24ccf82211124434477bdff7b1d15683eac2894e81de2884ccb47450f48b1414
[INFO] running `Command { std: "docker" "start" "-a" "24ccf82211124434477bdff7b1d15683eac2894e81de2884ccb47450f48b1414", kill_on_drop: false }`
[INFO] [stderr]    Compiling parser v0.1.0 (/opt/rustwide/workdir)
[INFO] [stderr]     Finished `test` profile [unoptimized + debuginfo] target(s) in 3.29s
[INFO] running `Command { std: "docker" "inspect" "24ccf82211124434477bdff7b1d15683eac2894e81de2884ccb47450f48b1414", kill_on_drop: false }`
[INFO] running `Command { std: "docker" "rm" "-f" "24ccf82211124434477bdff7b1d15683eac2894e81de2884ccb47450f48b1414", kill_on_drop: false }`
[INFO] [stdout] 24ccf82211124434477bdff7b1d15683eac2894e81de2884ccb47450f48b1414
[INFO] running `Command { std: "docker" "create" "-v" "/var/lib/crater-agent-workspace/builds/worker-4-tc1/target:/opt/rustwide/target:rw,Z" "-v" "/var/lib/crater-agent-workspace/builds/worker-4-tc1/source:/opt/rustwide/workdir:ro,Z" "-v" "/var/lib/crater-agent-workspace/cargo-home:/opt/rustwide/cargo-home:ro,Z" "-v" "/var/lib/crater-agent-workspace/rustup-home:/opt/rustwide/rustup-home:ro,Z" "-e" "SOURCE_DIR=/opt/rustwide/workdir" "-e" "CARGO_TARGET_DIR=/opt/rustwide/target" "-e" "CARGO_INCREMENTAL=0" "-e" "RUST_BACKTRACE=full" "-e" "RUSTFLAGS=--cap-lints=forbid" "-e" "RUSTDOCFLAGS=--cap-lints=forbid" "-e" "CARGO_HOME=/opt/rustwide/cargo-home" "-e" "RUSTUP_HOME=/opt/rustwide/rustup-home" "-w" "/opt/rustwide/workdir" "-m" "1610612736" "--user" "0:0" "--network" "none" "ghcr.io/rust-lang/crates-build-env/linux@sha256:819108c5571ea2e421544af4d832f968d213c87fbe3707a016657f43d2f853bc" "/opt/rustwide/cargo-home/bin/cargo" "+nightly-2025-01-18" "test" "--frozen", kill_on_drop: false }`
[INFO] [stdout] 88936c3d211bee8641e89f6834c8512abf7cb930f0cb3a698930951ed0862151
[INFO] running `Command { std: "docker" "start" "-a" "88936c3d211bee8641e89f6834c8512abf7cb930f0cb3a698930951ed0862151", kill_on_drop: false }`
[INFO] [stderr]     Finished `test` profile [unoptimized + debuginfo] target(s) in 0.02s
[INFO] [stderr]      Running unittests src/main.rs (/opt/rustwide/target/debug/deps/parser-bd3716f76ce8dd14)
[INFO] [stdout] 
[INFO] [stdout] running 78 tests
[INFO] [stdout] test compiler::symbol_table::tests::local_bindings ... ignored
[INFO] [stdout] test code::tests::test_read_operands ... ok
[INFO] [stdout] test compiler::symbol_table::tests::test_define ... ok
[INFO] [stdout] test compiler::symbol_table::tests::test_resolve ... ok
[INFO] [stdout] test compiler::symbol_table::tests::local_nested_bindings ... ok
[INFO] [stdout] test compiler::tests::array_compilation ... ok
[INFO] [stdout] test compiler::tests::compile_builtins ... ok
[INFO] [stdout] test ast::ast_tests::test_program_string ... ok
[INFO] [stdout] test code::tests::test_make ... ok
[INFO] [stdout] test compiler::tests::compiler_scopes ... ignored
[INFO] [stdout] test compiler::tests::function_call_compilation ... ok
[INFO] [stdout] test compiler::tests::function_literal_compilation ... ok
[INFO] [stdout] test compiler::tests::hashmap_compilation ... ok
[INFO] [stdout] test compiler::tests::indexing_compilation ... ok
[INFO] [stdout] test compiler::tests::function_local_bindings_compilation ... ok
[INFO] [stdout] test code::tests::test_instruction_string ... ok
[INFO] [stdout] test compiler::tests::test_jump_instructions ... ok
[INFO] [stdout] test compiler::tests::test_integer_arithmetic ... ok
[INFO] [stdout] test evaluator::tests::evaluator_tests::test_builtin_len ... ok
[INFO] [stdout] test compiler::tests::test_let_statement ... ok
[INFO] [stdout] test evaluator::tests::evaluator_tests::test_eval_bang_expression ... ok
[INFO] [stdout] test evaluator::tests::evaluator_tests::test_eval_error_statements ... ok
[INFO] [stdout] test evaluator::tests::evaluator_tests::test_eval_bool_expression ... ok
[INFO] [stdout] test evaluator::tests::evaluator_tests::test_closure ... ok
[INFO] [stdout] test evaluator::tests::evaluator_tests::test_eval_ifelse_expression ... ok
[INFO] [stdout] test evaluator::tests::evaluator_tests::test_eval_let_statements ... ok
[INFO] [stdout] test evaluator::tests::evaluator_tests::test_eval_return_statements ... ok
[INFO] [stdout] test compiler::tests::test_string_literals ... ok
[INFO] [stdout] test evaluator::tests::evaluator_tests::pin ... ok
[INFO] [stdout] test evaluator::tests::evaluator_tests::test_eval_integer_expression ... ok
[INFO] [stdout] test evaluator::tests::evaluator_tests::test_func_call ... ok
[INFO] [stdout] test lexer::lexer_helper_tests::test_trim ... ok
[INFO] [stdout] test evaluator::tests::evaluator_tests::test_func_objects ... ok
[INFO] [stdout] test lexer::lexer_helper_tests::test_whitespace ... ok
[INFO] [stdout] test lexer::token_tests::test_lexing_hash ... ok
[INFO] [stdout] test lexer::token_tests::test_lexing_identifiers ... ok
[INFO] [stdout] test lexer::token_tests::test_lexing_let ... ok
[INFO] [stdout] test lexer::token_tests::test_lexing_keywords_let_and_func ... ok
[INFO] [stdout] test lexer::token_tests::test_lexing_math_operators ... ok
[INFO] [stdout] test lexer::token_tests::test_lexing_logical_operators ... ok
[INFO] [stdout] test lexer::token_tests::test_lexing_operators_and_delimiters ... ok
[INFO] [stdout] test lexer::token_tests::test_two_char_operators ... ok
[INFO] [stdout] test parser::tests::parser_tests::test_call_expression ... ok
[INFO] [stdout] test parser::tests::parser_tests::test_hashmap_parsing ... ok
[INFO] [stdout] test parser::tests::parser_tests::test_if_else_expression ... ok
[INFO] [stdout] test parser::tests::parser_tests::test_if_else_expression2 ... ok
[INFO] [stdout] test parser::tests::parser_tests::test_literal_expression ... ok
[INFO] [stdout] test parser::tests::parser_tests::test_longer_infix_operations ... ok
[INFO] [stdout] test parser::tests::parser_tests::test_infix_operations ... ok
[INFO] [stdout] test parser::tests::parser_tests::test_if_expression ... ok
[INFO] [stdout] test parser::tests::parser_tests::test_parse_let_statement ... ok
[INFO] [stdout] test parser::tests::parser_tests::test_parse_let_statement2 ... ok
[INFO] [stdout] test parser::tests::parser_tests::test_func_expression ... ok
[INFO] [stdout] test compiler::tests::builtint_variable_name_crash - should panic ... ok
[INFO] [stdout] test compiler::tests::compile_closures ... FAILED
[INFO] [stdout] test compiler::tests::non_function_call_crash - should panic ... ok
[INFO] [stdout] test parser::tests::parser_tests::test_parse_return_statements ... ok
[INFO] [stdout] test object::tests::size_of_obj ... FAILED
[INFO] [stdout] test vm::tests::vm_tests::tests::closures ... ignored
[INFO] [stdout] test parser::tests::parser_tests::test_program_parsing ... ok
[INFO] [stdout] test parser::tests::parser_tests::test_parenthesis_panic - should panic ... ok
[INFO] [stdout] test parser::tests::parser_tests::test_precedence_parsing ... ok
[INFO] [stdout] test vm::tests::vm_tests::tests::builtins ... ok
[INFO] [stdout] test vm::tests::vm_tests::tests::test_array_expressions ... ok
[INFO] [stdout] test parser::tests::parser_tests::test_parenthesis_panic2 - should panic ... ok
[INFO] [stdout] test parser::tests::parser_tests::test_parse_let_statement_without_assignment_should_panic - should panic ... ok
[INFO] [stdout] test parser::tests::parser_tests::test_parse_let_statement_without_identifier_should_panic - should panic ... ok
[INFO] [stdout] test vm::tests::vm_tests::tests::local_variables ... ok
[INFO] [stdout] test vm::tests::vm_tests::tests::globals_locals_and_params ... ok
[INFO] [stdout] test vm::tests::vm_tests::tests::test_function_calls_args ... ok
[INFO] [stdout] test vm::tests::vm_tests::tests::test_indexing_expressions ... ok
[INFO] [stdout] test vm::tests::vm_tests::tests::test_string_expressions ... ok
[INFO] [stdout] test vm::tests::vm_tests::tests::test_global_let ... ok
[INFO] [stdout] test vm::tests::vm_tests::tests::test_boolean_eval ... ok
[INFO] [stdout] test vm::tests::vm_tests::tests::test_hashmap_expressions ... ok
[INFO] [stdout] test vm::tests::vm_tests::tests::test_function_calls_no_args ... ok
[INFO] [stdout] test vm::tests::vm_tests::tests::test_if_eval ... ok
[INFO] [stdout] test vm::tests::vm_tests::tests::test_integer_arithmetic ... ok
[INFO] [stdout] 
[INFO] [stdout] failures:
[INFO] [stdout] 
[INFO] [stdout] ---- compiler::tests::compile_closures stdout ----
[INFO] [stdout] [src/compiler/mod.rs:1554:17] compiled.to_string() = "0000 OpGetFree 0\n0002 OpGetLocal 0\n0004 OpAdd\n0005 OpReturn\n"
[INFO] [stdout] [src/compiler/mod.rs:1555:17] expected.to_string() = "0000 OpGetFree 0\n0002 OpGetLocal 0\n0004 OpAdd\n0005 OpReturn\n"
[INFO] [stdout] [src/compiler/mod.rs:1562:17] compiled = Instructions(
[INFO] [stdout]     [
[INFO] [stdout]         28,
[INFO] [stdout]         0,
[INFO] [stdout]         25,
[INFO] [stdout]         0,
[INFO] [stdout]         2,
[INFO] [stdout]         22,
[INFO] [stdout]     ],
[INFO] [stdout] )
[INFO] [stdout] [src/compiler/mod.rs:1563:17] expected = Instructions(
[INFO] [stdout]     [
[INFO] [stdout]         28,
[INFO] [stdout]         0,
[INFO] [stdout]         25,
[INFO] [stdout]         0,
[INFO] [stdout]         2,
[INFO] [stdout]         22,
[INFO] [stdout]     ],
[INFO] [stdout] )
[INFO] [stdout] [src/compiler/mod.rs:1554:17] compiled.to_string() = "0000 OpGetLocal 0\n0002 OpClosure 0 1\n0006 OpReturn\n"
[INFO] [stdout] [src/compiler/mod.rs:1555:17] expected.to_string() = "0000 OpGetLocal 0\n0002 OpClosure 0 1\n0006 OpReturn\n"
[INFO] [stdout] [src/compiler/mod.rs:1562:17] compiled = Instructions(
[INFO] [stdout]     [
[INFO] [stdout]         25,
[INFO] [stdout]         0,
[INFO] [stdout]         27,
[INFO] [stdout]         0,
[INFO] [stdout]         0,
[INFO] [stdout]         1,
[INFO] [stdout]         22,
[INFO] [stdout]     ],
[INFO] [stdout] )
[INFO] [stdout] [src/compiler/mod.rs:1563:17] expected = Instructions(
[INFO] [stdout]     [
[INFO] [stdout]         25,
[INFO] [stdout]         0,
[INFO] [stdout]         27,
[INFO] [stdout]         0,
[INFO] [stdout]         0,
[INFO] [stdout]         1,
[INFO] [stdout]         22,
[INFO] [stdout]     ],
[INFO] [stdout] )
[INFO] [stdout] [src/compiler/mod.rs:1554:17] compiled.to_string() = "0000 OpGetFree 0\n0002 OpGetFree 1\n0004 OpAdd\n0005 OpGetLocal 0\n0007 OpAdd\n0008 OpReturn\n"
[INFO] [stdout] [src/compiler/mod.rs:1555:17] expected.to_string() = "0000 OpGetFree 0\n0002 OpGetFree 1\n0004 OpAdd\n0005 OpGetLocal 0\n0007 OpAdd\n0008 OpReturn\n"
[INFO] [stdout] [src/compiler/mod.rs:1562:17] compiled = Instructions(
[INFO] [stdout]     [
[INFO] [stdout]         28,
[INFO] [stdout]         0,
[INFO] [stdout]         28,
[INFO] [stdout]         1,
[INFO] [stdout]         2,
[INFO] [stdout]         25,
[INFO] [stdout]         0,
[INFO] [stdout]         2,
[INFO] [stdout]         22,
[INFO] [stdout]     ],
[INFO] [stdout] )
[INFO] [stdout] [src/compiler/mod.rs:1563:17] expected = Instructions(
[INFO] [stdout]     [
[INFO] [stdout]         28,
[INFO] [stdout]         0,
[INFO] [stdout]         28,
[INFO] [stdout]         1,
[INFO] [stdout]         2,
[INFO] [stdout]         25,
[INFO] [stdout]         0,
[INFO] [stdout]         2,
[INFO] [stdout]         22,
[INFO] [stdout]     ],
[INFO] [stdout] )
[INFO] [stdout] [src/compiler/mod.rs:1554:17] compiled.to_string() = "0000 OpGetLocal 1\n0002 OpClosure 0 2\n0006 OpReturn\n"
[INFO] [stdout] [src/compiler/mod.rs:1555:17] expected.to_string() = "0000 OpGetFree 0\n0002 OpGetLocal 0\n0004 OpClosure 0 2\n0008 OpReturn\n"
[INFO] [stdout] 
[INFO] [stdout] thread 'compiler::tests::compile_closures' panicked at src/compiler/mod.rs:1556:17:
[INFO] [stdout] assertion `left == right` failed: Instruction lengths in bytes not the same.
[INFO] [stdout]   left: 7
[INFO] [stdout]  right: 9
[INFO] [stdout] stack backtrace:
[INFO] [stdout]    0:     0x59798413f81a - std::backtrace_rs::backtrace::libunwind::trace::hb059275cfc8d6126
[INFO] [stdout]                                at /rustc/6067b36314ab5eb2eb47cecc464545ba58e1ad24/library/std/src/../../backtrace/src/backtrace/libunwind.rs:116:5
[INFO] [stdout]    1:     0x59798413f81a - std::backtrace_rs::backtrace::trace_unsynchronized::h2da071e4327ce3ee
[INFO] [stdout]                                at /rustc/6067b36314ab5eb2eb47cecc464545ba58e1ad24/library/std/src/../../backtrace/src/backtrace/mod.rs:66:5
[INFO] [stdout]    2:     0x59798413f81a - std::sys::backtrace::_print_fmt::h842a1474e6f8d23f
[INFO] [stdout]                                at /rustc/6067b36314ab5eb2eb47cecc464545ba58e1ad24/library/std/src/sys/backtrace.rs:66:9
[INFO] [stdout]    3:     0x59798413f81a - <std::sys::backtrace::BacktraceLock::print::DisplayBacktrace as core::fmt::Display>::fmt::h71a62eb3b9696b12
[INFO] [stdout]                                at /rustc/6067b36314ab5eb2eb47cecc464545ba58e1ad24/library/std/src/sys/backtrace.rs:39:26
[INFO] [stdout]    4:     0x597984167383 - core::fmt::rt::Argument::fmt::hdb6b616786b41dc1
[INFO] [stdout]                                at /rustc/6067b36314ab5eb2eb47cecc464545ba58e1ad24/library/core/src/fmt/rt.rs:177:76
[INFO] [stdout]    5:     0x597984167383 - core::fmt::write::h2cc1698af7e2d686
[INFO] [stdout]                                at /rustc/6067b36314ab5eb2eb47cecc464545ba58e1ad24/library/core/src/fmt/mod.rs:1440:21
[INFO] [stdout]    6:     0x59798413c373 - std::io::Write::write_fmt::hab1b4cd059a79022
[INFO] [stdout]                                at /rustc/6067b36314ab5eb2eb47cecc464545ba58e1ad24/library/std/src/io/mod.rs:1887:15
[INFO] [stdout]    7:     0x59798413f662 - std::sys::backtrace::BacktraceLock::print::h147fe35b4ea13b08
[INFO] [stdout]                                at /rustc/6067b36314ab5eb2eb47cecc464545ba58e1ad24/library/std/src/sys/backtrace.rs:42:9
[INFO] [stdout]    8:     0x597984140c3f - std::panicking::default_hook::{{closure}}::hbd44223dbdc0d208
[INFO] [stdout]                                at /rustc/6067b36314ab5eb2eb47cecc464545ba58e1ad24/library/std/src/panicking.rs:298:22
[INFO] [stdout]    9:     0x597984140a58 - std::panicking::default_hook::h20f81eb0576efcec
[INFO] [stdout]                                at /rustc/6067b36314ab5eb2eb47cecc464545ba58e1ad24/library/std/src/panicking.rs:322:9
[INFO] [stdout]   10:     0x597984109873 - <alloc::boxed::Box<F,A> as core::ops::function::Fn<Args>>::call::hdb53814c496a4d34
[INFO] [stdout]                                at /rustc/6067b36314ab5eb2eb47cecc464545ba58e1ad24/library/alloc/src/boxed.rs:2027:9
[INFO] [stdout]   11:     0x597984109873 - test::test_main::{{closure}}::hc0a4963c59427c24
[INFO] [stdout]                                at /rustc/6067b36314ab5eb2eb47cecc464545ba58e1ad24/library/test/src/lib.rs:134:21
[INFO] [stdout]   12:     0x597984141733 - <alloc::boxed::Box<F,A> as core::ops::function::Fn<Args>>::call::h591b2225413a77e9
[INFO] [stdout]                                at /rustc/6067b36314ab5eb2eb47cecc464545ba58e1ad24/library/alloc/src/boxed.rs:2027:9
[INFO] [stdout]   13:     0x597984141733 - std::panicking::rust_panic_with_hook::h625eea43051b2edc
[INFO] [stdout]                                at /rustc/6067b36314ab5eb2eb47cecc464545ba58e1ad24/library/std/src/panicking.rs:839:13
[INFO] [stdout]   14:     0x5979841413ea - std::panicking::begin_panic_handler::{{closure}}::h4f9159cfbc3f6bd3
[INFO] [stdout]                                at /rustc/6067b36314ab5eb2eb47cecc464545ba58e1ad24/library/std/src/panicking.rs:704:13
[INFO] [stdout]   15:     0x59798413fd19 - std::sys::backtrace::__rust_end_short_backtrace::h0390abce48353151
[INFO] [stdout]                                at /rustc/6067b36314ab5eb2eb47cecc464545ba58e1ad24/library/std/src/sys/backtrace.rs:168:18
[INFO] [stdout]   16:     0x59798414107d - rust_begin_unwind
[INFO] [stdout]                                at /rustc/6067b36314ab5eb2eb47cecc464545ba58e1ad24/library/std/src/panicking.rs:695:5
[INFO] [stdout]   17:     0x5979841659d0 - core::panicking::panic_fmt::h9e7c637e9e5f29c9
[INFO] [stdout]                                at /rustc/6067b36314ab5eb2eb47cecc464545ba58e1ad24/library/core/src/panicking.rs:75:14
[INFO] [stdout]   18:     0x597984165e23 - core::panicking::assert_failed_inner::h538bec7c1374cd9c
[INFO] [stdout]   19:     0x597984165cda - core::panicking::assert_failed::h7fe8c93d80615b71
[INFO] [stdout]                                at /rustc/6067b36314ab5eb2eb47cecc464545ba58e1ad24/library/core/src/panicking.rs:364:5
[INFO] [stdout]   20:     0x597984051898 - parser::compiler::tests::test_compiledfn_object::h3e10600876e05330
[INFO] [stdout]                                at /opt/rustwide/workdir/src/compiler/mod.rs:1556:17
[INFO] [stdout]   21:     0x597984051034 - parser::compiler::tests::test_constants::h96411174eb8c97a0
[INFO] [stdout]                                at /opt/rustwide/workdir/src/compiler/mod.rs:1526:35
[INFO] [stdout]   22:     0x597984050c67 - parser::compiler::tests::test_compiler_cases::hf101c86d20cbff02
[INFO] [stdout]                                at /opt/rustwide/workdir/src/compiler/mod.rs:1508:13
[INFO] [stdout]   23:     0x597984065c5a - parser::compiler::tests::compile_closures::h7f3da78349698d35
[INFO] [stdout]                                at /opt/rustwide/workdir/src/compiler/mod.rs:1444:9
[INFO] [stdout]   24:     0x597984064807 - parser::compiler::tests::compile_closures::{{closure}}::h60e5e74626b63934
[INFO] [stdout]                                at /opt/rustwide/workdir/src/compiler/mod.rs:1313:26
[INFO] [stdout]   25:     0x5979840c0396 - core::ops::function::FnOnce::call_once::hfd3de1babb826679
[INFO] [stdout]                                at /rustc/6067b36314ab5eb2eb47cecc464545ba58e1ad24/library/core/src/ops/function.rs:250:5
[INFO] [stdout]   26:     0x59798410efcb - core::ops::function::FnOnce::call_once::he27718dfdd183f43
[INFO] [stdout]                                at /rustc/6067b36314ab5eb2eb47cecc464545ba58e1ad24/library/core/src/ops/function.rs:250:5
[INFO] [stdout]   27:     0x59798410efcb - test::__rust_begin_short_backtrace::h4e84902998457a5d
[INFO] [stdout]                                at /rustc/6067b36314ab5eb2eb47cecc464545ba58e1ad24/library/test/src/lib.rs:632:18
[INFO] [stdout]   28:     0x59798410df03 - test::run_test_in_process::{{closure}}::h7176fd18fc1feca0
[INFO] [stdout]                                at /rustc/6067b36314ab5eb2eb47cecc464545ba58e1ad24/library/test/src/lib.rs:655:60
[INFO] [stdout]   29:     0x59798410df03 - <core::panic::unwind_safe::AssertUnwindSafe<F> as core::ops::function::FnOnce<()>>::call_once::hf79cff2a624d8cf7
[INFO] [stdout]                                at /rustc/6067b36314ab5eb2eb47cecc464545ba58e1ad24/library/core/src/panic/unwind_safe.rs:272:9
[INFO] [stdout]   30:     0x59798410df03 - std::panicking::try::do_call::h3da0561d9ab99c25
[INFO] [stdout]                                at /rustc/6067b36314ab5eb2eb47cecc464545ba58e1ad24/library/std/src/panicking.rs:587:40
[INFO] [stdout]   31:     0x59798410df03 - std::panicking::try::h41c9fa508bc61df6
[INFO] [stdout]                                at /rustc/6067b36314ab5eb2eb47cecc464545ba58e1ad24/library/std/src/panicking.rs:550:19
[INFO] [stdout]   32:     0x59798410df03 - std::panic::catch_unwind::h6b3ff07bb5afad93
[INFO] [stdout]                                at /rustc/6067b36314ab5eb2eb47cecc464545ba58e1ad24/library/std/src/panic.rs:358:14
[INFO] [stdout]   33:     0x59798410df03 - test::run_test_in_process::hc7253dd11b39b9f4
[INFO] [stdout]                                at /rustc/6067b36314ab5eb2eb47cecc464545ba58e1ad24/library/test/src/lib.rs:655:27
[INFO] [stdout]   34:     0x59798410df03 - test::run_test::{{closure}}::hfb2007f8649c30bb
[INFO] [stdout]                                at /rustc/6067b36314ab5eb2eb47cecc464545ba58e1ad24/library/test/src/lib.rs:576:43
[INFO] [stdout]   35:     0x5979840d0fe5 - test::run_test::{{closure}}::h56a17aa7a282a9f4
[INFO] [stdout]                                at /rustc/6067b36314ab5eb2eb47cecc464545ba58e1ad24/library/test/src/lib.rs:606:41
[INFO] [stdout]   36:     0x5979840d0fe5 - std::sys::backtrace::__rust_begin_short_backtrace::hd2d2d2fb8e8c6aac
[INFO] [stdout]                                at /rustc/6067b36314ab5eb2eb47cecc464545ba58e1ad24/library/std/src/sys/backtrace.rs:152:18
[INFO] [stdout]   37:     0x5979840d48ca - std::thread::Builder::spawn_unchecked_::{{closure}}::{{closure}}::h4faa3f9db6133423
[INFO] [stdout]                                at /rustc/6067b36314ab5eb2eb47cecc464545ba58e1ad24/library/std/src/thread/mod.rs:559:17
[INFO] [stdout]   38:     0x5979840d48ca - <core::panic::unwind_safe::AssertUnwindSafe<F> as core::ops::function::FnOnce<()>>::call_once::hf2e855a36a4ea846
[INFO] [stdout]                                at /rustc/6067b36314ab5eb2eb47cecc464545ba58e1ad24/library/core/src/panic/unwind_safe.rs:272:9
[INFO] [stdout]   39:     0x5979840d48ca - std::panicking::try::do_call::h2f73af3616c35465
[INFO] [stdout]                                at /rustc/6067b36314ab5eb2eb47cecc464545ba58e1ad24/library/std/src/panicking.rs:587:40
[INFO] [stdout]   40:     0x5979840d48ca - std::panicking::try::hd1660ce9efadef5a
[INFO] [stdout]                                at /rustc/6067b36314ab5eb2eb47cecc464545ba58e1ad24/library/std/src/panicking.rs:550:19
[INFO] [stdout]   41:     0x5979840d48ca - std::panic::catch_unwind::h5ee8d7823b8ca744
[INFO] [stdout]                                at /rustc/6067b36314ab5eb2eb47cecc464545ba58e1ad24/library/std/src/panic.rs:358:14
[INFO] [stdout]   42:     0x5979840d48ca - std::thread::Builder::spawn_unchecked_::{{closure}}::h53c3a1894dce8407
[INFO] [stdout]                                at /rustc/6067b36314ab5eb2eb47cecc464545ba58e1ad24/library/std/src/thread/mod.rs:557:30
[INFO] [stdout]   43:     0x5979840d48ca - core::ops::function::FnOnce::call_once{{vtable.shim}}::h048ce291ad4f62bf
[INFO] [stdout]                                at /rustc/6067b36314ab5eb2eb47cecc464545ba58e1ad24/library/core/src/ops/function.rs:250:5
[INFO] [stdout]   44:     0x59798414566b - <alloc::boxed::Box<F,A> as core::ops::function::FnOnce<Args>>::call_once::ha52bedf99a3b4981
[INFO] [stdout]                                at /rustc/6067b36314ab5eb2eb47cecc464545ba58e1ad24/library/alloc/src/boxed.rs:2013:9
[INFO] [stdout]   45:     0x59798414566b - <alloc::boxed::Box<F,A> as core::ops::function::FnOnce<Args>>::call_once::h567748934d80ccf8
[INFO] [stdout]                                at /rustc/6067b36314ab5eb2eb47cecc464545ba58e1ad24/library/alloc/src/boxed.rs:2013:9
[INFO] [stdout]   46:     0x59798414566b - std::sys::pal::unix::thread::Thread::new::thread_start::h2d970728ae887adc
[INFO] [stdout]                                at /rustc/6067b36314ab5eb2eb47cecc464545ba58e1ad24/library/std/src/sys/pal/unix/thread.rs:106:17
[INFO] [stdout]   47:     0x7e3f7c9a2ac3 - <unknown>
[INFO] [stdout]   48:     0x7e3f7ca33a04 - clone
[INFO] [stdout]   49:                0x0 - <unknown>
[INFO] [stdout] 
[INFO] [stdout] ---- object::tests::size_of_obj stdout ----
[INFO] [stdout] 
[INFO] [stdout] thread 'object::tests::size_of_obj' panicked at src/object/mod.rs:524:9:
[INFO] [stdout] assertion `left == right` failed
[INFO] [stdout]   left: 232
[INFO] [stdout]  right: 248
[INFO] [stdout] stack backtrace:
[INFO] [stdout]    0:     0x59798413f81a - std::backtrace_rs::backtrace::libunwind::trace::hb059275cfc8d6126
[INFO] [stdout]                                at /rustc/6067b36314ab5eb2eb47cecc464545ba58e1ad24/library/std/src/../../backtrace/src/backtrace/libunwind.rs:116:5
[INFO] [stdout]    1:     0x59798413f81a - std::backtrace_rs::backtrace::trace_unsynchronized::h2da071e4327ce3ee
[INFO] [stdout]                                at /rustc/6067b36314ab5eb2eb47cecc464545ba58e1ad24/library/std/src/../../backtrace/src/backtrace/mod.rs:66:5
[INFO] [stdout]    2:     0x59798413f81a - std::sys::backtrace::_print_fmt::h842a1474e6f8d23f
[INFO] [stdout]                                at /rustc/6067b36314ab5eb2eb47cecc464545ba58e1ad24/library/std/src/sys/backtrace.rs:66:9
[INFO] [stdout]    3:     0x59798413f81a - <std::sys::backtrace::BacktraceLock::print::DisplayBacktrace as core::fmt::Display>::fmt::h71a62eb3b9696b12
[INFO] [stdout]                                at /rustc/6067b36314ab5eb2eb47cecc464545ba58e1ad24/library/std/src/sys/backtrace.rs:39:26
[INFO] [stdout]    4:     0x597984167383 - core::fmt::rt::Argument::fmt::hdb6b616786b41dc1
[INFO] [stdout]                                at /rustc/6067b36314ab5eb2eb47cecc464545ba58e1ad24/library/core/src/fmt/rt.rs:177:76
[INFO] [stdout]    5:     0x597984167383 - core::fmt::write::h2cc1698af7e2d686
[INFO] [stdout]                                at /rustc/6067b36314ab5eb2eb47cecc464545ba58e1ad24/library/core/src/fmt/mod.rs:1440:21
[INFO] [stdout]    6:     0x59798413c373 - std::io::Write::write_fmt::hab1b4cd059a79022
[INFO] [stdout]                                at /rustc/6067b36314ab5eb2eb47cecc464545ba58e1ad24/library/std/src/io/mod.rs:1887:15
[INFO] [stdout]    7:     0x59798413f662 - std::sys::backtrace::BacktraceLock::print::h147fe35b4ea13b08
[INFO] [stdout]                                at /rustc/6067b36314ab5eb2eb47cecc464545ba58e1ad24/library/std/src/sys/backtrace.rs:42:9
[INFO] [stdout]    8:     0x597984140c3f - std::panicking::default_hook::{{closure}}::hbd44223dbdc0d208
[INFO] [stdout]                                at /rustc/6067b36314ab5eb2eb47cecc464545ba58e1ad24/library/std/src/panicking.rs:298:22
[INFO] [stdout]    9:     0x597984140a58 - std::panicking::default_hook::h20f81eb0576efcec
[INFO] [stdout]                                at /rustc/6067b36314ab5eb2eb47cecc464545ba58e1ad24/library/std/src/panicking.rs:322:9
[INFO] [stdout]   10:     0x597984109873 - <alloc::boxed::Box<F,A> as core::ops::function::Fn<Args>>::call::hdb53814c496a4d34
[INFO] [stdout]                                at /rustc/6067b36314ab5eb2eb47cecc464545ba58e1ad24/library/alloc/src/boxed.rs:2027:9
[INFO] [stdout]   11:     0x597984109873 - test::test_main::{{closure}}::hc0a4963c59427c24
[INFO] [stdout]                                at /rustc/6067b36314ab5eb2eb47cecc464545ba58e1ad24/library/test/src/lib.rs:134:21
[INFO] [stdout]   12:     0x597984141733 - <alloc::boxed::Box<F,A> as core::ops::function::Fn<Args>>::call::h591b2225413a77e9
[INFO] [stdout]                                at /rustc/6067b36314ab5eb2eb47cecc464545ba58e1ad24/library/alloc/src/boxed.rs:2027:9
[INFO] [stdout]   13:     0x597984141733 - std::panicking::rust_panic_with_hook::h625eea43051b2edc
[INFO] [stdout]                                at /rustc/6067b36314ab5eb2eb47cecc464545ba58e1ad24/library/std/src/panicking.rs:839:13
[INFO] [stdout]   14:     0x5979841413ea - std::panicking::begin_panic_handler::{{closure}}::h4f9159cfbc3f6bd3
[INFO] [stdout]                                at /rustc/6067b36314ab5eb2eb47cecc464545ba58e1ad24/library/std/src/panicking.rs:704:13
[INFO] [stdout]   15:     0x59798413fd19 - std::sys::backtrace::__rust_end_short_backtrace::h0390abce48353151
[INFO] [stdout]                                at /rustc/6067b36314ab5eb2eb47cecc464545ba58e1ad24/library/std/src/sys/backtrace.rs:168:18
[INFO] [stdout]   16:     0x59798414107d - rust_begin_unwind
[INFO] [stdout]                                at /rustc/6067b36314ab5eb2eb47cecc464545ba58e1ad24/library/std/src/panicking.rs:695:5
[INFO] [stdout]   17:     0x5979841659d0 - core::panicking::panic_fmt::h9e7c637e9e5f29c9
[INFO] [stdout]                                at /rustc/6067b36314ab5eb2eb47cecc464545ba58e1ad24/library/core/src/panicking.rs:75:14
[INFO] [stdout]   18:     0x597984165e23 - core::panicking::assert_failed_inner::h538bec7c1374cd9c
[INFO] [stdout]   19:     0x597984165cda - core::panicking::assert_failed::h7fe8c93d80615b71
[INFO] [stdout]                                at /rustc/6067b36314ab5eb2eb47cecc464545ba58e1ad24/library/core/src/panicking.rs:364:5
[INFO] [stdout]   20:     0x59798408d3f2 - parser::object::tests::size_of_obj::h7cacd5cd67c99231
[INFO] [stdout]                                at /opt/rustwide/workdir/src/object/mod.rs:524:9
[INFO] [stdout]   21:     0x59798408d377 - parser::object::tests::size_of_obj::{{closure}}::h86f52d854edede30
[INFO] [stdout]                                at /opt/rustwide/workdir/src/object/mod.rs:522:21
[INFO] [stdout]   22:     0x5979840be066 - core::ops::function::FnOnce::call_once::h77eabc776a5dc070
[INFO] [stdout]                                at /rustc/6067b36314ab5eb2eb47cecc464545ba58e1ad24/library/core/src/ops/function.rs:250:5
[INFO] [stdout]   23:     0x59798410efcb - core::ops::function::FnOnce::call_once::he27718dfdd183f43
[INFO] [stdout]                                at /rustc/6067b36314ab5eb2eb47cecc464545ba58e1ad24/library/core/src/ops/function.rs:250:5
[INFO] [stdout]   24:     0x59798410efcb - test::__rust_begin_short_backtrace::h4e84902998457a5d
[INFO] [stdout]                                at /rustc/6067b36314ab5eb2eb47cecc464545ba58e1ad24/library/test/src/lib.rs:632:18
[INFO] [stdout]   25:     0x59798410df03 - test::run_test_in_process::{{closure}}::h7176fd18fc1feca0
[INFO] [stdout]                                at /rustc/6067b36314ab5eb2eb47cecc464545ba58e1ad24/library/test/src/lib.rs:655:60
[INFO] [stdout]   26:     0x59798410df03 - <core::panic::unwind_safe::AssertUnwindSafe<F> as core::ops::function::FnOnce<()>>::call_once::hf79cff2a624d8cf7
[INFO] [stdout]                                at /rustc/6067b36314ab5eb2eb47cecc464545ba58e1ad24/library/core/src/panic/unwind_safe.rs:272:9
[INFO] [stdout]   27:     0x59798410df03 - std::panicking::try::do_call::h3da0561d9ab99c25
[INFO] [stdout]                                at /rustc/6067b36314ab5eb2eb47cecc464545ba58e1ad24/library/std/src/panicking.rs:587:40
[INFO] [stdout]   28:     0x59798410df03 - std::panicking::try::h41c9fa508bc61df6
[INFO] [stdout]                                at /rustc/6067b36314ab5eb2eb47cecc464545ba58e1ad24/library/std/src/panicking.rs:550:19
[INFO] [stdout]   29:     0x59798410df03 - std::panic::catch_unwind::h6b3ff07bb5afad93
[INFO] [stdout]                                at /rustc/6067b36314ab5eb2eb47cecc464545ba58e1ad24/library/std/src/panic.rs:358:14
[INFO] [stdout]   30:     0x59798410df03 - test::run_test_in_process::hc7253dd11b39b9f4
[INFO] [stdout]                                at /rustc/6067b36314ab5eb2eb47cecc464545ba58e1ad24/library/test/src/lib.rs:655:27
[INFO] [stdout]   31:     0x59798410df03 - test::run_test::{{closure}}::hfb2007f8649c30bb
[INFO] [stdout]                                at /rustc/6067b36314ab5eb2eb47cecc464545ba58e1ad24/library/test/src/lib.rs:576:43
[INFO] [stdout]   32:     0x5979840d0fe5 - test::run_test::{{closure}}::h56a17aa7a282a9f4
[INFO] [stdout]                                at /rustc/6067b36314ab5eb2eb47cecc464545ba58e1ad24/library/test/src/lib.rs:606:41
[INFO] [stdout]   33:     0x5979840d0fe5 - std::sys::backtrace::__rust_begin_short_backtrace::hd2d2d2fb8e8c6aac
[INFO] [stdout]                                at /rustc/6067b36314ab5eb2eb47cecc464545ba58e1ad24/library/std/src/sys/backtrace.rs:152:18
[INFO] [stdout]   34:     0x5979840d48ca - std::thread::Builder::spawn_unchecked_::{{closure}}::{{closure}}::h4faa3f9db6133423
[INFO] [stdout]                                at /rustc/6067b36314ab5eb2eb47cecc464545ba58e1ad24/library/std/src/thread/mod.rs:559:17
[INFO] [stdout]   35:     0x5979840d48ca - <core::panic::unwind_safe::AssertUnwindSafe<F> as core::ops::function::FnOnce<()>>::call_once::hf2e855a36a4ea846
[INFO] [stdout]                                at /rustc/6067b36314ab5eb2eb47cecc464545ba58e1ad24/library/core/src/panic/unwind_safe.rs:272:9
[INFO] [stdout]   36:     0x5979840d48ca - std::panicking::try::do_call::h2f73af3616c35465
[INFO] [stdout]                                at /rustc/6067b36314ab5eb2eb47cecc464545ba58e1ad24/library/std/src/panicking.rs:587:40
[INFO] [stdout]   37:     0x5979840d48ca - std::panicking::try::hd1660ce9efadef5a
[INFO] [stdout]                                at /rustc/6067b36314ab5eb2eb47cecc464545ba58e1ad24/library/std/src/panicking.rs:550:19
[INFO] [stdout]   38:     0x5979840d48ca - std::panic::catch_unwind::h5ee8d7823b8ca744
[INFO] [stdout]                                at /rustc/6067b36314ab5eb2eb47cecc464545ba58e1ad24/library/std/src/panic.rs:358:14
[INFO] [stdout]   39:     0x5979840d48ca - std::thread::Builder::spawn_unchecked_::{{closure}}::h53c3a1894dce8407
[INFO] [stdout]                                at /rustc/6067b36314ab5eb2eb47cecc464545ba58e1ad24/library/std/src/thread/mod.rs:557:30
[INFO] [stdout]   40:     0x5979840d48ca - core::ops::function::FnOnce::call_once{{vtable.shim}}::h048ce291ad4f62bf
[INFO] [stdout]                                at /rustc/6067b36314ab5eb2eb47cecc464545ba58e1ad24/library/core/src/ops/function.rs:250:5
[INFO] [stdout]   41:     0x59798414566b - <alloc::boxed::Box<F,A> as core::ops::function::FnOnce<Args>>::call_once::ha52bedf99a3b4981
[INFO] [stdout]                                at /rustc/6067b36314ab5eb2eb47cecc464545ba58e1ad24/library/alloc/src/boxed.rs:2013:9
[INFO] [stdout]   42:     0x59798414566b - <alloc::boxed::Box<F,A> as core::ops::function::FnOnce<Args>>::call_once::h567748934d80ccf8
[INFO] [stdout]                                at /rustc/6067b36314ab5eb2eb47cecc464545ba58e1ad24/library/alloc/src/boxed.rs:2013:9
[INFO] [stdout]   43:     0x59798414566b - std::sys::pal::unix::thread::Thread::new::thread_start::h2d970728ae887adc
[INFO] [stdout]                                at /rustc/6067b36314ab5eb2eb47cecc464545ba58e1ad24/library/std/src/sys/pal/unix/thread.rs:106:17
[INFO] [stdout]   44:     0x7e3f7c9a2ac3 - <unknown>
[INFO] [stdout]   45:     0x7e3f7ca33a04 - clone
[INFO] [stdout]   46:                0x0 - <unknown>
[INFO] [stdout] 
[INFO] [stdout] 
[INFO] [stdout] failures:
[INFO] [stdout]     compiler::tests::compile_closures
[INFO] [stdout]     object::tests::size_of_obj
[INFO] [stdout] 
[INFO] [stdout] test result: FAILED. 73 passed; 2 failed; 3 ignored; 0 measured; 0 filtered out; finished in 0.13s
[INFO] [stdout] 
[INFO] [stderr] error: test failed, to rerun pass `--bin parser`
[INFO] running `Command { std: "docker" "inspect" "88936c3d211bee8641e89f6834c8512abf7cb930f0cb3a698930951ed0862151", kill_on_drop: false }`
[INFO] running `Command { std: "docker" "rm" "-f" "88936c3d211bee8641e89f6834c8512abf7cb930f0cb3a698930951ed0862151", kill_on_drop: false }`
[INFO] [stdout] 88936c3d211bee8641e89f6834c8512abf7cb930f0cb3a698930951ed0862151
