[INFO] cloning repository https://github.com/olix3001/PurrLang
[INFO] running `Command { std: "git" "-c" "credential.helper=" "-c" "credential.helper=/workspace/cargo-home/bin/git-credential-null" "clone" "--bare" "https://github.com/olix3001/PurrLang" "/workspace/cache/git-repos/https%3A%2F%2Fgithub.com%2Folix3001%2FPurrLang", kill_on_drop: false }`
[INFO] [stderr] Cloning into bare repository '/workspace/cache/git-repos/https%3A%2F%2Fgithub.com%2Folix3001%2FPurrLang'...
[INFO] running `Command { std: "git" "rev-parse" "HEAD", kill_on_drop: false }`
[INFO] [stdout] 47af7989bceccf57c9f25e09e41cfe39de2a9c9d
[INFO] testing olix3001/PurrLang against nightly-2025-01-18 for randomize-layout-2
[INFO] running `Command { std: "git" "clone" "/workspace/cache/git-repos/https%3A%2F%2Fgithub.com%2Folix3001%2FPurrLang" "/workspace/builds/worker-5-tc1/source", kill_on_drop: false }`
[INFO] [stderr] Cloning into '/workspace/builds/worker-5-tc1/source'...
[INFO] [stderr] done.
[INFO] validating manifest of git repo https://github.com/olix3001/PurrLang on toolchain nightly-2025-01-18
[INFO] running `Command { std: CARGO_HOME="/workspace/cargo-home" RUSTUP_HOME="/workspace/rustup-home" "/workspace/cargo-home/bin/cargo" "+nightly-2025-01-18" "metadata" "--manifest-path" "Cargo.toml" "--no-deps", kill_on_drop: false }`
[INFO] started tweaking git repo https://github.com/olix3001/PurrLang
[INFO] finished tweaking git repo https://github.com/olix3001/PurrLang
[INFO] tweaked toml for git repo https://github.com/olix3001/PurrLang written to /workspace/builds/worker-5-tc1/source/Cargo.toml
[INFO] crate git repo https://github.com/olix3001/PurrLang already has a lockfile, it will not be regenerated
[INFO] running `Command { std: CARGO_HOME="/workspace/cargo-home" RUSTUP_HOME="/workspace/rustup-home" "/workspace/cargo-home/bin/cargo" "+nightly-2025-01-18" "fetch" "--manifest-path" "Cargo.toml", kill_on_drop: false }`
[INFO] [stderr]     Blocking waiting for file lock on package cache
[INFO] [stderr]     Updating crates.io index
[INFO] [stderr]     Blocking waiting for file lock on package cache
[INFO] [stderr]  Downloading crates ...
[INFO] [stderr]   Downloaded logos-derive v0.14.0
[INFO] [stderr]   Downloaded deflate64 v0.1.8
[INFO] [stderr]   Downloaded internment v0.8.3
[INFO] [stderr]   Downloaded clap_derive v4.5.5
[INFO] [stderr]   Downloaded ariadne v0.4.1
[INFO] [stderr]   Downloaded clap v4.5.7
[INFO] [stderr]   Downloaded logos-codegen v0.14.0
[INFO] [stderr]   Downloaded zip v2.1.3
[INFO] [stderr]   Downloaded clap_builder v4.5.7
[INFO] [stderr]   Downloaded logos v0.14.0
[INFO] running `Command { std: "docker" "create" "-v" "/var/lib/crater-agent-workspace/builds/worker-5-tc1/target:/opt/rustwide/target:rw,Z" "-v" "/var/lib/crater-agent-workspace/builds/worker-5-tc1/source:/opt/rustwide/workdir:ro,Z" "-v" "/var/lib/crater-agent-workspace/cargo-home:/opt/rustwide/cargo-home:ro,Z" "-v" "/var/lib/crater-agent-workspace/rustup-home:/opt/rustwide/rustup-home:ro,Z" "-e" "SOURCE_DIR=/opt/rustwide/workdir" "-e" "CARGO_TARGET_DIR=/opt/rustwide/target" "-e" "CARGO_HOME=/opt/rustwide/cargo-home" "-e" "RUSTUP_HOME=/opt/rustwide/rustup-home" "-w" "/opt/rustwide/workdir" "-m" "1610612736" "--user" "0:0" "--network" "none" "ghcr.io/rust-lang/crates-build-env/linux@sha256:819108c5571ea2e421544af4d832f968d213c87fbe3707a016657f43d2f853bc" "/opt/rustwide/cargo-home/bin/cargo" "+nightly-2025-01-18" "metadata" "--no-deps" "--format-version=1", kill_on_drop: false }`
[INFO] [stdout] c8e7b02911bb90e3d290074a19cbfed33aed6c3da63ea6b08530211e747cb8a7
[INFO] running `Command { std: "docker" "start" "-a" "c8e7b02911bb90e3d290074a19cbfed33aed6c3da63ea6b08530211e747cb8a7", kill_on_drop: false }`
[INFO] running `Command { std: "docker" "inspect" "c8e7b02911bb90e3d290074a19cbfed33aed6c3da63ea6b08530211e747cb8a7", kill_on_drop: false }`
[INFO] running `Command { std: "docker" "rm" "-f" "c8e7b02911bb90e3d290074a19cbfed33aed6c3da63ea6b08530211e747cb8a7", kill_on_drop: false }`
[INFO] [stdout] c8e7b02911bb90e3d290074a19cbfed33aed6c3da63ea6b08530211e747cb8a7
[INFO] running `Command { std: "docker" "create" "-v" "/var/lib/crater-agent-workspace/builds/worker-5-tc1/target:/opt/rustwide/target:rw,Z" "-v" "/var/lib/crater-agent-workspace/builds/worker-5-tc1/source:/opt/rustwide/workdir:ro,Z" "-v" "/var/lib/crater-agent-workspace/cargo-home:/opt/rustwide/cargo-home:ro,Z" "-v" "/var/lib/crater-agent-workspace/rustup-home:/opt/rustwide/rustup-home:ro,Z" "-e" "SOURCE_DIR=/opt/rustwide/workdir" "-e" "CARGO_TARGET_DIR=/opt/rustwide/target" "-e" "CARGO_INCREMENTAL=0" "-e" "RUST_BACKTRACE=full" "-e" "RUSTFLAGS=--cap-lints=forbid" "-e" "RUSTDOCFLAGS=--cap-lints=forbid" "-e" "CARGO_HOME=/opt/rustwide/cargo-home" "-e" "RUSTUP_HOME=/opt/rustwide/rustup-home" "-w" "/opt/rustwide/workdir" "-m" "1610612736" "--user" "0:0" "--network" "none" "ghcr.io/rust-lang/crates-build-env/linux@sha256:819108c5571ea2e421544af4d832f968d213c87fbe3707a016657f43d2f853bc" "/opt/rustwide/cargo-home/bin/cargo" "+nightly-2025-01-18" "build" "--frozen" "--message-format=json", kill_on_drop: false }`
[INFO] [stdout] baacb6769a65058bd2be785a65309c430db2a4611d68b730167ff66b9831e26e
[INFO] running `Command { std: "docker" "start" "-a" "baacb6769a65058bd2be785a65309c430db2a4611d68b730167ff66b9831e26e", kill_on_drop: false }`
[INFO] [stderr]    Compiling libc v0.2.155
[INFO] [stderr]    Compiling proc-macro2 v1.0.85
[INFO] [stderr]    Compiling once_cell v1.19.0
[INFO] [stderr]    Compiling unicode-ident v1.0.12
[INFO] [stderr]    Compiling zerocopy v0.7.34
[INFO] [stderr]    Compiling typenum v1.17.0
[INFO] [stderr]    Compiling allocator-api2 v0.2.18
[INFO] [stderr]    Compiling pkg-config v0.3.30
[INFO] [stderr]    Compiling serde v1.0.203
[INFO] [stderr]    Compiling regex-syntax v0.8.4
[INFO] [stderr]    Compiling beef v0.5.2
[INFO] [stderr]    Compiling fnv v1.0.7
[INFO] [stderr]    Compiling yansi v1.0.1
[INFO] [stderr]    Compiling ahash v0.8.11
[INFO] [stderr]    Compiling generic-array v0.14.7
[INFO] [stderr]    Compiling unicode-width v0.1.13
[INFO] [stderr]    Compiling subtle v2.6.1
[INFO] [stderr]    Compiling zstd-safe v7.1.0
[INFO] [stderr]    Compiling serde_json v1.0.118
[INFO] [stderr]    Compiling utf8parse v0.2.2
[INFO] [stderr]    Compiling crc32fast v1.4.2
[INFO] [stderr]    Compiling ryu v1.0.18
[INFO] [stderr]    Compiling powerfmt v0.2.0
[INFO] [stderr]    Compiling cpufeatures v0.2.12
[INFO] [stderr]    Compiling anstyle-parse v0.2.4
[INFO] [stderr]    Compiling anstyle-query v1.1.0
[INFO] [stderr]    Compiling thiserror v1.0.61
[INFO] [stderr]    Compiling crc-catalog v2.4.0
[INFO] [stderr]    Compiling anstyle v1.0.7
[INFO] [stderr]    Compiling itoa v1.0.11
[INFO] [stderr]    Compiling ariadne v0.4.1
[INFO] [stderr]    Compiling ppv-lite86 v0.2.17
[INFO] [stderr]    Compiling is_terminal_polyfill v1.70.0
[INFO] [stderr]    Compiling colorchoice v1.0.1
[INFO] [stderr]    Compiling miniz_oxide v0.7.4
[INFO] [stderr]    Compiling crc v3.2.1
[INFO] [stderr]    Compiling deranged v0.3.11
[INFO] [stderr]    Compiling winnow v0.6.13
[INFO] [stderr]    Compiling clap_lex v0.7.1
[INFO] [stderr]    Compiling lockfree-object-pool v0.1.6
[INFO] [stderr]    Compiling zip v2.1.3
[INFO] [stderr]    Compiling anstream v0.6.14
[INFO] [stderr]    Compiling num-conv v0.1.0
[INFO] [stderr]    Compiling byteorder v1.5.0
[INFO] [stderr]    Compiling strsim v0.11.1
[INFO] [stderr]    Compiling simd-adler32 v0.3.7
[INFO] [stderr]    Compiling fixedbitset v0.4.2
[INFO] [stderr]    Compiling bumpalo v3.16.0
[INFO] [stderr]    Compiling time-core v0.1.2
[INFO] [stderr]    Compiling quote v1.0.36
[INFO] [stderr]    Compiling log v0.4.22
[INFO] [stderr]    Compiling flate2 v1.0.30
[INFO] [stderr]    Compiling clap_builder v4.5.7
[INFO] [stderr]    Compiling getrandom v0.2.15
[INFO] [stderr]    Compiling jobserver v0.1.31
[INFO] [stderr]    Compiling lzma-rs v0.3.0
[INFO] [stderr]    Compiling memchr v2.7.4
[INFO] [stderr]    Compiling constant_time_eq v0.3.0
[INFO] [stderr]    Compiling deflate64 v0.1.8
[INFO] [stderr]    Compiling zopfli v0.8.1
[INFO] [stderr]    Compiling syn v2.0.66
[INFO] [stderr]    Compiling colored v2.1.0
[INFO] [stderr]    Compiling md5 v0.7.0
[INFO] [stderr]    Compiling rand_core v0.6.4
[INFO] [stderr]    Compiling cc v1.0.101
[INFO] [stderr]    Compiling time v0.3.36
[INFO] [stderr]    Compiling rand_chacha v0.3.1
[INFO] [stderr]    Compiling hex v0.4.3
[INFO] [stderr]    Compiling rand v0.8.5
[INFO] [stderr]    Compiling crypto-common v0.1.6
[INFO] [stderr]    Compiling block-buffer v0.10.4
[INFO] [stderr]    Compiling hashbrown v0.14.5
[INFO] [stderr]    Compiling inout v0.1.3
[INFO] [stderr]    Compiling digest v0.10.7
[INFO] [stderr]    Compiling cipher v0.4.4
[INFO] [stderr]    Compiling aes v0.8.4
[INFO] [stderr]    Compiling hmac v0.12.1
[INFO] [stderr]    Compiling sha1 v0.10.6
[INFO] [stderr]    Compiling pbkdf2 v0.12.2
[INFO] [stderr]    Compiling zstd-sys v2.0.11+zstd.1.5.6
[INFO] [stderr]    Compiling bzip2-sys v0.1.11+1.0.8
[INFO] [stderr]    Compiling internment v0.8.3
[INFO] [stderr]    Compiling indexmap v2.2.6
[INFO] [stderr]    Compiling common v0.2.0-alpha (/opt/rustwide/workdir/common)
[INFO] [stderr]    Compiling error v0.2.0-alpha (/opt/rustwide/workdir/error)
[INFO] [stderr]    Compiling bzip2 v0.4.4
[INFO] [stderr]    Compiling petgraph v0.6.5
[INFO] [stderr]    Compiling logos-codegen v0.14.0
[INFO] [stderr]    Compiling serde_derive v1.0.203
[INFO] [stderr]    Compiling zeroize_derive v1.4.2
[INFO] [stderr]    Compiling thiserror-impl v1.0.61
[INFO] [stderr]    Compiling clap_derive v4.5.5
[INFO] [stderr]    Compiling displaydoc v0.2.5
[INFO] [stderr]    Compiling zeroize v1.8.1
[INFO] [stderr]    Compiling logos-derive v0.14.0
[INFO] [stderr]    Compiling logos v0.14.0
[INFO] [stderr]    Compiling zstd v0.13.1
[INFO] [stderr]    Compiling parser v0.2.0-alpha (/opt/rustwide/workdir/parser)
[INFO] [stderr]    Compiling clap v4.5.7
[INFO] [stderr]    Compiling resolution v0.2.0-alpha (/opt/rustwide/workdir/resolution)
[INFO] [stdout] warning: unreachable pattern
[INFO] [stdout]    --> resolution/src/resolve.rs:969:9
[INFO] [stdout]     |
[INFO] [stdout] 969 |         _ => { notes.default_ret_ty.clone() }
[INFO] [stdout]     |         ^ no value can reach this
[INFO] [stdout]     |
[INFO] [stdout] note: multiple earlier patterns match some of the same values
[INFO] [stdout]    --> resolution/src/resolve.rs:969:9
[INFO] [stdout]     |
[INFO] [stdout] 542 |         ast::ExpressionKind::Number(_) => ResolvedTy::Number,
[INFO] [stdout]     |         ------------------------------ matches some of the same values
[INFO] [stdout] 543 |         ast::ExpressionKind::String(_) => ResolvedTy::Text,
[INFO] [stdout]     |         ------------------------------ matches some of the same values
[INFO] [stdout] 544 |         ast::ExpressionKind::Bool(_) => ResolvedTy::Bool,
[INFO] [stdout]     |         ---------------------------- matches some of the same values
[INFO] [stdout] 545 |
[INFO] [stdout] 546 |         ast::ExpressionKind::Paren(subexpr) => 
[INFO] [stdout]     |         ----------------------------------- matches some of the same values
[INFO] [stdout] ...
[INFO] [stdout] 969 |         _ => { notes.default_ret_ty.clone() }
[INFO] [stdout]     |         ^ ...and 9 other patterns collectively make this unreachable
[INFO] [stdout]     = note: `#[warn(unreachable_patterns)]` on by default
[INFO] [stdout] 
[INFO] [stdout] 
[INFO] [stderr]    Compiling optimizer v0.2.0-alpha (/opt/rustwide/workdir/optimizer)
[INFO] [stdout] warning: unused import: `data::Build`
[INFO] [stdout]  --> optimizer/src/tree_shaking.rs:5:32
[INFO] [stdout]   |
[INFO] [stdout] 5 | use petgraph::{algo::dijkstra, data::Build, graph::{DiGraph, NodeIndex}, visit::NodeRef};
[INFO] [stdout]   |                                ^^^^^^^^^^^
[INFO] [stdout]   |
[INFO] [stdout]   = note: `#[warn(unused_imports)]` on by default
[INFO] [stdout] 
[INFO] [stdout] 
[INFO] [stdout] warning: unused import: `visit::NodeRef`
[INFO] [stdout]  --> optimizer/src/tree_shaking.rs:5:74
[INFO] [stdout]   |
[INFO] [stdout] 5 | use petgraph::{algo::dijkstra, data::Build, graph::{DiGraph, NodeIndex}, visit::NodeRef};
[INFO] [stdout]   |                                                                          ^^^^^^^^^^^^^^
[INFO] [stdout] 
[INFO] [stdout] 
[INFO] [stderr]    Compiling serde_spanned v0.6.6
[INFO] [stderr]    Compiling toml_datetime v0.6.6
[INFO] [stderr]    Compiling toml_edit v0.22.14
[INFO] [stderr]    Compiling codegen v0.2.0-alpha (/opt/rustwide/workdir/codegen)
[INFO] [stderr]    Compiling compiler v0.2.0-alpha (/opt/rustwide/workdir/compiler)
[INFO] [stderr]    Compiling toml v0.8.14
[INFO] [stderr]    Compiling catnip v0.2.0-alpha (/opt/rustwide/workdir/catnip)
[INFO] [stderr]     Finished `dev` profile [unoptimized + debuginfo] target(s) in 33.19s
[INFO] running `Command { std: "docker" "inspect" "baacb6769a65058bd2be785a65309c430db2a4611d68b730167ff66b9831e26e", kill_on_drop: false }`
[INFO] running `Command { std: "docker" "rm" "-f" "baacb6769a65058bd2be785a65309c430db2a4611d68b730167ff66b9831e26e", kill_on_drop: false }`
[INFO] [stdout] baacb6769a65058bd2be785a65309c430db2a4611d68b730167ff66b9831e26e
[INFO] running `Command { std: "docker" "create" "-v" "/var/lib/crater-agent-workspace/builds/worker-5-tc1/target:/opt/rustwide/target:rw,Z" "-v" "/var/lib/crater-agent-workspace/builds/worker-5-tc1/source:/opt/rustwide/workdir:ro,Z" "-v" "/var/lib/crater-agent-workspace/cargo-home:/opt/rustwide/cargo-home:ro,Z" "-v" "/var/lib/crater-agent-workspace/rustup-home:/opt/rustwide/rustup-home:ro,Z" "-e" "SOURCE_DIR=/opt/rustwide/workdir" "-e" "CARGO_TARGET_DIR=/opt/rustwide/target" "-e" "CARGO_INCREMENTAL=0" "-e" "RUST_BACKTRACE=full" "-e" "RUSTFLAGS=--cap-lints=forbid" "-e" "RUSTDOCFLAGS=--cap-lints=forbid" "-e" "CARGO_HOME=/opt/rustwide/cargo-home" "-e" "RUSTUP_HOME=/opt/rustwide/rustup-home" "-w" "/opt/rustwide/workdir" "-m" "1610612736" "--user" "0:0" "--network" "none" "ghcr.io/rust-lang/crates-build-env/linux@sha256:819108c5571ea2e421544af4d832f968d213c87fbe3707a016657f43d2f853bc" "/opt/rustwide/cargo-home/bin/cargo" "+nightly-2025-01-18" "test" "--frozen" "--no-run" "--message-format=json", kill_on_drop: false }`
[INFO] [stdout] 6f59b6f7a2e168d7bff95d99ead136440035f6b66dedd1bad59830b7aafd8ba5
[INFO] running `Command { std: "docker" "start" "-a" "6f59b6f7a2e168d7bff95d99ead136440035f6b66dedd1bad59830b7aafd8ba5", kill_on_drop: false }`
[INFO] [stderr]    Compiling codegen v0.2.0-alpha (/opt/rustwide/workdir/codegen)
[INFO] [stderr]    Compiling parser v0.2.0-alpha (/opt/rustwide/workdir/parser)
[INFO] [stderr]    Compiling error v0.2.0-alpha (/opt/rustwide/workdir/error)
[INFO] [stderr]    Compiling common v0.2.0-alpha (/opt/rustwide/workdir/common)
[INFO] [stdout] warning: unreachable pattern
[INFO] [stdout]    --> resolution/src/resolve.rs:969:9
[INFO] [stdout]     |
[INFO] [stdout] 969 |         _ => { notes.default_ret_ty.clone() }
[INFO] [stdout]     |         ^ no value can reach this
[INFO] [stdout]     |
[INFO] [stdout] note: multiple earlier patterns match some of the same values
[INFO] [stdout]    --> resolution/src/resolve.rs:969:9
[INFO] [stdout]     |
[INFO] [stdout] 542 |         ast::ExpressionKind::Number(_) => ResolvedTy::Number,
[INFO] [stdout]     |         ------------------------------ matches some of the same values
[INFO] [stdout] 543 |         ast::ExpressionKind::String(_) => ResolvedTy::Text,
[INFO] [stdout]     |         ------------------------------ matches some of the same values
[INFO] [stdout] 544 |         ast::ExpressionKind::Bool(_) => ResolvedTy::Bool,
[INFO] [stdout]     |         ---------------------------- matches some of the same values
[INFO] [stdout] 545 |
[INFO] [stdout] 546 |         ast::ExpressionKind::Paren(subexpr) => 
[INFO] [stdout]     |         ----------------------------------- matches some of the same values
[INFO] [stdout] ...
[INFO] [stdout] 969 |         _ => { notes.default_ret_ty.clone() }
[INFO] [stdout]     |         ^ ...and 9 other patterns collectively make this unreachable
[INFO] [stdout]     = note: `#[warn(unreachable_patterns)]` on by default
[INFO] [stdout] 
[INFO] [stdout] 
[INFO] [stderr]    Compiling resolution v0.2.0-alpha (/opt/rustwide/workdir/resolution)
[INFO] [stdout] warning: unused import: `data::Build`
[INFO] [stdout]  --> optimizer/src/tree_shaking.rs:5:32
[INFO] [stdout]   |
[INFO] [stdout] 5 | use petgraph::{algo::dijkstra, data::Build, graph::{DiGraph, NodeIndex}, visit::NodeRef};
[INFO] [stdout]   |                                ^^^^^^^^^^^
[INFO] [stdout]   |
[INFO] [stdout]   = note: `#[warn(unused_imports)]` on by default
[INFO] [stdout] 
[INFO] [stdout] 
[INFO] [stderr]    Compiling compiler v0.2.0-alpha (/opt/rustwide/workdir/compiler)
[INFO] [stdout] warning: unused import: `visit::NodeRef`
[INFO] [stdout]  --> optimizer/src/tree_shaking.rs:5:74
[INFO] [stdout]   |
[INFO] [stdout] 5 | use petgraph::{algo::dijkstra, data::Build, graph::{DiGraph, NodeIndex}, visit::NodeRef};
[INFO] [stdout]   |                                                                          ^^^^^^^^^^^^^^
[INFO] [stdout] 
[INFO] [stdout] 
[INFO] [stderr]    Compiling optimizer v0.2.0-alpha (/opt/rustwide/workdir/optimizer)
[INFO] [stderr]    Compiling catnip v0.2.0-alpha (/opt/rustwide/workdir/catnip)
[INFO] [stdout] warning: unused import: `data::Build`
[INFO] [stdout]  --> optimizer/src/tree_shaking.rs:5:32
[INFO] [stdout]   |
[INFO] [stdout] 5 | use petgraph::{algo::dijkstra, data::Build, graph::{DiGraph, NodeIndex}, visit::NodeRef};
[INFO] [stdout]   |                                ^^^^^^^^^^^
[INFO] [stdout]   |
[INFO] [stdout]   = note: `#[warn(unused_imports)]` on by default
[INFO] [stdout] 
[INFO] [stdout] 
[INFO] [stdout] warning: unused import: `visit::NodeRef`
[INFO] [stdout]  --> optimizer/src/tree_shaking.rs:5:74
[INFO] [stdout]   |
[INFO] [stdout] 5 | use petgraph::{algo::dijkstra, data::Build, graph::{DiGraph, NodeIndex}, visit::NodeRef};
[INFO] [stdout]   |                                                                          ^^^^^^^^^^^^^^
[INFO] [stdout] 
[INFO] [stdout] 
[INFO] [stdout] warning: unreachable pattern
[INFO] [stdout]    --> resolution/src/resolve.rs:969:9
[INFO] [stdout]     |
[INFO] [stdout] 969 |         _ => { notes.default_ret_ty.clone() }
[INFO] [stdout]     |         ^ no value can reach this
[INFO] [stdout]     |
[INFO] [stdout] note: multiple earlier patterns match some of the same values
[INFO] [stdout]    --> resolution/src/resolve.rs:969:9
[INFO] [stdout]     |
[INFO] [stdout] 542 |         ast::ExpressionKind::Number(_) => ResolvedTy::Number,
[INFO] [stdout]     |         ------------------------------ matches some of the same values
[INFO] [stdout] 543 |         ast::ExpressionKind::String(_) => ResolvedTy::Text,
[INFO] [stdout]     |         ------------------------------ matches some of the same values
[INFO] [stdout] 544 |         ast::ExpressionKind::Bool(_) => ResolvedTy::Bool,
[INFO] [stdout]     |         ---------------------------- matches some of the same values
[INFO] [stdout] 545 |
[INFO] [stdout] 546 |         ast::ExpressionKind::Paren(subexpr) => 
[INFO] [stdout]     |         ----------------------------------- matches some of the same values
[INFO] [stdout] ...
[INFO] [stdout] 969 |         _ => { notes.default_ret_ty.clone() }
[INFO] [stdout]     |         ^ ...and 9 other patterns collectively make this unreachable
[INFO] [stdout]     = note: `#[warn(unreachable_patterns)]` on by default
[INFO] [stdout] 
[INFO] [stdout] 
[INFO] [stderr]     Finished `test` profile [unoptimized + debuginfo] target(s) in 1.02s
[INFO] running `Command { std: "docker" "inspect" "6f59b6f7a2e168d7bff95d99ead136440035f6b66dedd1bad59830b7aafd8ba5", kill_on_drop: false }`
[INFO] running `Command { std: "docker" "rm" "-f" "6f59b6f7a2e168d7bff95d99ead136440035f6b66dedd1bad59830b7aafd8ba5", kill_on_drop: false }`
[INFO] [stdout] 6f59b6f7a2e168d7bff95d99ead136440035f6b66dedd1bad59830b7aafd8ba5
[INFO] running `Command { std: "docker" "create" "-v" "/var/lib/crater-agent-workspace/builds/worker-5-tc1/target:/opt/rustwide/target:rw,Z" "-v" "/var/lib/crater-agent-workspace/builds/worker-5-tc1/source:/opt/rustwide/workdir:ro,Z" "-v" "/var/lib/crater-agent-workspace/cargo-home:/opt/rustwide/cargo-home:ro,Z" "-v" "/var/lib/crater-agent-workspace/rustup-home:/opt/rustwide/rustup-home:ro,Z" "-e" "SOURCE_DIR=/opt/rustwide/workdir" "-e" "CARGO_TARGET_DIR=/opt/rustwide/target" "-e" "CARGO_INCREMENTAL=0" "-e" "RUST_BACKTRACE=full" "-e" "RUSTFLAGS=--cap-lints=forbid" "-e" "RUSTDOCFLAGS=--cap-lints=forbid" "-e" "CARGO_HOME=/opt/rustwide/cargo-home" "-e" "RUSTUP_HOME=/opt/rustwide/rustup-home" "-w" "/opt/rustwide/workdir" "-m" "1610612736" "--user" "0:0" "--network" "none" "ghcr.io/rust-lang/crates-build-env/linux@sha256:819108c5571ea2e421544af4d832f968d213c87fbe3707a016657f43d2f853bc" "/opt/rustwide/cargo-home/bin/cargo" "+nightly-2025-01-18" "test" "--frozen", kill_on_drop: false }`
[INFO] [stdout] 9e3ff3da50749578c1f3f769866390beaa3a90c11f407d1c4ffcc9343f1bd864
[INFO] running `Command { std: "docker" "start" "-a" "9e3ff3da50749578c1f3f769866390beaa3a90c11f407d1c4ffcc9343f1bd864", kill_on_drop: false }`
[INFO] [stderr] warning: unreachable pattern
[INFO] [stderr]    --> resolution/src/resolve.rs:969:9
[INFO] [stderr]     |
[INFO] [stderr] 969 |         _ => { notes.default_ret_ty.clone() }
[INFO] [stderr]     |         ^ no value can reach this
[INFO] [stderr]     |
[INFO] [stderr] note: multiple earlier patterns match some of the same values
[INFO] [stderr]    --> resolution/src/resolve.rs:969:9
[INFO] [stderr]     |
[INFO] [stderr] 542 |         ast::ExpressionKind::Number(_) => ResolvedTy::Number,
[INFO] [stderr]     |         ------------------------------ matches some of the same values
[INFO] [stderr] 543 |         ast::ExpressionKind::String(_) => ResolvedTy::Text,
[INFO] [stderr]     |         ------------------------------ matches some of the same values
[INFO] [stderr] 544 |         ast::ExpressionKind::Bool(_) => ResolvedTy::Bool,
[INFO] [stderr]     |         ---------------------------- matches some of the same values
[INFO] [stderr] 545 |
[INFO] [stderr] 546 |         ast::ExpressionKind::Paren(subexpr) => 
[INFO] [stderr]     |         ----------------------------------- matches some of the same values
[INFO] [stderr] ...
[INFO] [stderr] 969 |         _ => { notes.default_ret_ty.clone() }
[INFO] [stderr]     |         ^ ...and 9 other patterns collectively make this unreachable
[INFO] [stderr]     = note: `#[warn(unreachable_patterns)]` on by default
[INFO] [stderr] 
[INFO] [stderr] warning: `resolution` (lib) generated 1 warning
[INFO] [stderr] warning: `resolution` (lib test) generated 1 warning (1 duplicate)
[INFO] [stderr] warning: unused import: `data::Build`
[INFO] [stderr]  --> optimizer/src/tree_shaking.rs:5:32
[INFO] [stderr]   |
[INFO] [stderr] 5 | use petgraph::{algo::dijkstra, data::Build, graph::{DiGraph, NodeIndex}, visit::NodeRef};
[INFO] [stderr]   |                                ^^^^^^^^^^^
[INFO] [stderr]   |
[INFO] [stderr]   = note: `#[warn(unused_imports)]` on by default
[INFO] [stderr] 
[INFO] [stderr] warning: unused import: `visit::NodeRef`
[INFO] [stderr]  --> optimizer/src/tree_shaking.rs:5:74
[INFO] [stderr]   |
[INFO] [stderr] 5 | use petgraph::{algo::dijkstra, data::Build, graph::{DiGraph, NodeIndex}, visit::NodeRef};
[INFO] [stderr]   |                                                                          ^^^^^^^^^^^^^^
[INFO] [stderr] 
[INFO] [stderr] warning: `optimizer` (lib) generated 2 warnings
[INFO] [stderr] warning: `optimizer` (lib test) generated 2 warnings (2 duplicates)
[INFO] [stderr]     Finished `test` profile [unoptimized + debuginfo] target(s) in 0.11s
[INFO] [stderr]      Running unittests src/main.rs (/opt/rustwide/target/debug/deps/catnip-522bfecfd425fe64)
[INFO] [stdout] 
[INFO] [stdout] running 0 tests
[INFO] [stdout] 
[INFO] [stdout] test result: ok. 0 passed; 0 failed; 0 ignored; 0 measured; 0 filtered out; finished in 0.00s
[INFO] [stdout] 
[INFO] [stderr]      Running unittests src/lib.rs (/opt/rustwide/target/debug/deps/codegen-58fb5268b2fd2eb0)
[INFO] [stdout] 
[INFO] [stdout] running 0 tests
[INFO] [stdout] 
[INFO] [stdout] test result: ok. 0 passed; 0 failed; 0 ignored; 0 measured; 0 filtered out; finished in 0.00s
[INFO] [stdout] 
[INFO] [stderr]      Running unittests src/lib.rs (/opt/rustwide/target/debug/deps/common-66972b63989c2142)
[INFO] [stdout] 
[INFO] [stdout] running 0 tests
[INFO] [stdout] 
[INFO] [stdout] test result: ok. 0 passed; 0 failed; 0 ignored; 0 measured; 0 filtered out; finished in 0.00s
[INFO] [stdout] 
[INFO] [stderr]      Running unittests src/lib.rs (/opt/rustwide/target/debug/deps/compiler-407af0b2c57d96f7)
[INFO] [stdout] 
[INFO] [stdout] running 0 tests
[INFO] [stdout] 
[INFO] [stdout] test result: ok. 0 passed; 0 failed; 0 ignored; 0 measured; 0 filtered out; finished in 0.00s
[INFO] [stdout] 
[INFO] [stderr]      Running tests/other.rs (/opt/rustwide/target/debug/deps/other-25a48a93a4b6484d)
[INFO] [stdout] 
[INFO] [stdout] running 3 tests
[INFO] [stdout] test compile_unary_operators ... ok
[INFO] [stdout] test compile_returning_block ... ok
[INFO] [stdout] test compile_binary_operators ... ok
[INFO] [stdout] 
[INFO] [stdout] test result: ok. 3 passed; 0 failed; 0 ignored; 0 measured; 0 filtered out; finished in 0.00s
[INFO] [stdout] 
[INFO] [stderr]      Running tests/procedures.rs (/opt/rustwide/target/debug/deps/procedures-e854334067215df2)
[INFO] [stdout] 
[INFO] [stdout] running 3 tests
[INFO] [stdout] test compile_single_argument_procedure ... ok
[INFO] [stdout] test compile_struct_argument_procedure ... ok
[INFO] [stdout] test compile_returning_procedure ... ok
[INFO] [stdout] 
[INFO] [stdout] test result: ok. 3 passed; 0 failed; 0 ignored; 0 measured; 0 filtered out; finished in 0.00s
[INFO] [stdout] 
[INFO] [stderr]      Running tests/simple_trigger.rs (/opt/rustwide/target/debug/deps/simple_trigger-0575411f88a3a1f3)
[INFO] [stdout] 
[INFO] [stdout] running 2 tests
[INFO] [stdout] test compile_empty_green_flag ... ok
[INFO] [stdout] test compile_hello_world ... FAILED
[INFO] [stdout] 
[INFO] [stdout] failures:
[INFO] [stdout] 
[INFO] [stdout] ---- compile_hello_world stdout ----
[INFO] [stdout] 
[INFO] [stdout] thread 'compile_hello_world' panicked at compiler/tests/simple_trigger.rs:55:68:
[INFO] [stdout] called `Option::unwrap()` on a `None` value
[INFO] [stdout] stack backtrace:
[INFO] [stdout]    0:     0x5786719116ba - std::backtrace_rs::backtrace::libunwind::trace::hb059275cfc8d6126
[INFO] [stdout]                                at /rustc/6067b36314ab5eb2eb47cecc464545ba58e1ad24/library/std/src/../../backtrace/src/backtrace/libunwind.rs:116:5
[INFO] [stdout]    1:     0x5786719116ba - std::backtrace_rs::backtrace::trace_unsynchronized::h2da071e4327ce3ee
[INFO] [stdout]                                at /rustc/6067b36314ab5eb2eb47cecc464545ba58e1ad24/library/std/src/../../backtrace/src/backtrace/mod.rs:66:5
[INFO] [stdout]    2:     0x5786719116ba - std::sys::backtrace::_print_fmt::h842a1474e6f8d23f
[INFO] [stdout]                                at /rustc/6067b36314ab5eb2eb47cecc464545ba58e1ad24/library/std/src/sys/backtrace.rs:66:9
[INFO] [stdout]    3:     0x5786719116ba - <std::sys::backtrace::BacktraceLock::print::DisplayBacktrace as core::fmt::Display>::fmt::h71a62eb3b9696b12
[INFO] [stdout]                                at /rustc/6067b36314ab5eb2eb47cecc464545ba58e1ad24/library/std/src/sys/backtrace.rs:39:26
[INFO] [stdout]    4:     0x57867193a4c3 - core::fmt::rt::Argument::fmt::hdb6b616786b41dc1
[INFO] [stdout]                                at /rustc/6067b36314ab5eb2eb47cecc464545ba58e1ad24/library/core/src/fmt/rt.rs:177:76
[INFO] [stdout]    5:     0x57867193a4c3 - core::fmt::write::h2cc1698af7e2d686
[INFO] [stdout]                                at /rustc/6067b36314ab5eb2eb47cecc464545ba58e1ad24/library/core/src/fmt/mod.rs:1440:21
[INFO] [stdout]    6:     0x57867190e213 - std::io::Write::write_fmt::hab1b4cd059a79022
[INFO] [stdout]                                at /rustc/6067b36314ab5eb2eb47cecc464545ba58e1ad24/library/std/src/io/mod.rs:1887:15
[INFO] [stdout]    7:     0x578671911502 - std::sys::backtrace::BacktraceLock::print::h147fe35b4ea13b08
[INFO] [stdout]                                at /rustc/6067b36314ab5eb2eb47cecc464545ba58e1ad24/library/std/src/sys/backtrace.rs:42:9
[INFO] [stdout]    8:     0x578671912adf - std::panicking::default_hook::{{closure}}::hbd44223dbdc0d208
[INFO] [stdout]                                at /rustc/6067b36314ab5eb2eb47cecc464545ba58e1ad24/library/std/src/panicking.rs:298:22
[INFO] [stdout]    9:     0x5786719128f8 - std::panicking::default_hook::h20f81eb0576efcec
[INFO] [stdout]                                at /rustc/6067b36314ab5eb2eb47cecc464545ba58e1ad24/library/std/src/panicking.rs:322:9
[INFO] [stdout]   10:     0x578671809f63 - <alloc::boxed::Box<F,A> as core::ops::function::Fn<Args>>::call::hdb53814c496a4d34
[INFO] [stdout]                                at /rustc/6067b36314ab5eb2eb47cecc464545ba58e1ad24/library/alloc/src/boxed.rs:2027:9
[INFO] [stdout]   11:     0x578671809f63 - test::test_main::{{closure}}::hc0a4963c59427c24
[INFO] [stdout]                                at /rustc/6067b36314ab5eb2eb47cecc464545ba58e1ad24/library/test/src/lib.rs:134:21
[INFO] [stdout]   12:     0x5786719135d3 - <alloc::boxed::Box<F,A> as core::ops::function::Fn<Args>>::call::h591b2225413a77e9
[INFO] [stdout]                                at /rustc/6067b36314ab5eb2eb47cecc464545ba58e1ad24/library/alloc/src/boxed.rs:2027:9
[INFO] [stdout]   13:     0x5786719135d3 - std::panicking::rust_panic_with_hook::h625eea43051b2edc
[INFO] [stdout]                                at /rustc/6067b36314ab5eb2eb47cecc464545ba58e1ad24/library/std/src/panicking.rs:839:13
[INFO] [stdout]   14:     0x578671913256 - std::panicking::begin_panic_handler::{{closure}}::h4f9159cfbc3f6bd3
[INFO] [stdout]                                at /rustc/6067b36314ab5eb2eb47cecc464545ba58e1ad24/library/std/src/panicking.rs:697:13
[INFO] [stdout]   15:     0x578671911bb9 - std::sys::backtrace::__rust_end_short_backtrace::h0390abce48353151
[INFO] [stdout]                                at /rustc/6067b36314ab5eb2eb47cecc464545ba58e1ad24/library/std/src/sys/backtrace.rs:168:18
[INFO] [stdout]   16:     0x578671912f1d - rust_begin_unwind
[INFO] [stdout]                                at /rustc/6067b36314ab5eb2eb47cecc464545ba58e1ad24/library/std/src/panicking.rs:695:5
[INFO] [stdout]   17:     0x5786719387e0 - core::panicking::panic_fmt::h9e7c637e9e5f29c9
[INFO] [stdout]                                at /rustc/6067b36314ab5eb2eb47cecc464545ba58e1ad24/library/core/src/panicking.rs:75:14
[INFO] [stdout]   18:     0x57867193886c - core::panicking::panic::haa3255ea20181a33
[INFO] [stdout]                                at /rustc/6067b36314ab5eb2eb47cecc464545ba58e1ad24/library/core/src/panicking.rs:145:5
[INFO] [stdout]   19:     0x578671938759 - core::option::unwrap_failed::h5e50c20db1c9e8f1
[INFO] [stdout]                                at /rustc/6067b36314ab5eb2eb47cecc464545ba58e1ad24/library/core/src/option.rs:2015:5
[INFO] [stdout]   20:     0x5786717cf910 - core::option::Option<T>::unwrap::h6e5346d81c9e3df0
[INFO] [stdout]                                at /rustc/6067b36314ab5eb2eb47cecc464545ba58e1ad24/library/core/src/option.rs:978:21
[INFO] [stdout]   21:     0x5786717cf910 - simple_trigger::compile_hello_world::h9fbbcebc9ff22846
[INFO] [stdout]                                at /opt/rustwide/workdir/compiler/tests/simple_trigger.rs:55:23
[INFO] [stdout]   22:     0x5786717cf1a7 - simple_trigger::compile_hello_world::{{closure}}::h1e625d75f4a3406c
[INFO] [stdout]                                at /opt/rustwide/workdir/compiler/tests/simple_trigger.rs:32:25
[INFO] [stdout]   23:     0x5786717ccef6 - core::ops::function::FnOnce::call_once::hdb3113a65a05a174
[INFO] [stdout]                                at /rustc/6067b36314ab5eb2eb47cecc464545ba58e1ad24/library/core/src/ops/function.rs:250:5
[INFO] [stdout]   24:     0x57867180f6bb - core::ops::function::FnOnce::call_once::he27718dfdd183f43
[INFO] [stdout]                                at /rustc/6067b36314ab5eb2eb47cecc464545ba58e1ad24/library/core/src/ops/function.rs:250:5
[INFO] [stdout]   25:     0x57867180f6bb - test::__rust_begin_short_backtrace::h4e84902998457a5d
[INFO] [stdout]                                at /rustc/6067b36314ab5eb2eb47cecc464545ba58e1ad24/library/test/src/lib.rs:632:18
[INFO] [stdout]   26:     0x57867180e5f3 - test::run_test_in_process::{{closure}}::h7176fd18fc1feca0
[INFO] [stdout]                                at /rustc/6067b36314ab5eb2eb47cecc464545ba58e1ad24/library/test/src/lib.rs:655:60
[INFO] [stdout]   27:     0x57867180e5f3 - <core::panic::unwind_safe::AssertUnwindSafe<F> as core::ops::function::FnOnce<()>>::call_once::hf79cff2a624d8cf7
[INFO] [stdout]                                at /rustc/6067b36314ab5eb2eb47cecc464545ba58e1ad24/library/core/src/panic/unwind_safe.rs:272:9
[INFO] [stdout]   28:     0x57867180e5f3 - std::panicking::try::do_call::h3da0561d9ab99c25
[INFO] [stdout]                                at /rustc/6067b36314ab5eb2eb47cecc464545ba58e1ad24/library/std/src/panicking.rs:587:40
[INFO] [stdout]   29:     0x57867180e5f3 - std::panicking::try::h41c9fa508bc61df6
[INFO] [stdout]                                at /rustc/6067b36314ab5eb2eb47cecc464545ba58e1ad24/library/std/src/panicking.rs:550:19
[INFO] [stdout]   30:     0x57867180e5f3 - std::panic::catch_unwind::h6b3ff07bb5afad93
[INFO] [stdout]                                at /rustc/6067b36314ab5eb2eb47cecc464545ba58e1ad24/library/std/src/panic.rs:358:14
[INFO] [stdout]   31:     0x57867180e5f3 - test::run_test_in_process::hc7253dd11b39b9f4
[INFO] [stdout]                                at /rustc/6067b36314ab5eb2eb47cecc464545ba58e1ad24/library/test/src/lib.rs:655:27
[INFO] [stdout]   32:     0x57867180e5f3 - test::run_test::{{closure}}::hfb2007f8649c30bb
[INFO] [stdout]                                at /rustc/6067b36314ab5eb2eb47cecc464545ba58e1ad24/library/test/src/lib.rs:576:43
[INFO] [stdout]   33:     0x5786717d16d5 - test::run_test::{{closure}}::h56a17aa7a282a9f4
[INFO] [stdout]                                at /rustc/6067b36314ab5eb2eb47cecc464545ba58e1ad24/library/test/src/lib.rs:606:41
[INFO] [stdout]   34:     0x5786717d16d5 - std::sys::backtrace::__rust_begin_short_backtrace::hd2d2d2fb8e8c6aac
[INFO] [stdout]                                at /rustc/6067b36314ab5eb2eb47cecc464545ba58e1ad24/library/std/src/sys/backtrace.rs:152:18
[INFO] [stdout]   35:     0x5786717d4fba - std::thread::Builder::spawn_unchecked_::{{closure}}::{{closure}}::h4faa3f9db6133423
[INFO] [stdout]                                at /rustc/6067b36314ab5eb2eb47cecc464545ba58e1ad24/library/std/src/thread/mod.rs:559:17
[INFO] [stdout]   36:     0x5786717d4fba - <core::panic::unwind_safe::AssertUnwindSafe<F> as core::ops::function::FnOnce<()>>::call_once::hf2e855a36a4ea846
[INFO] [stdout]                                at /rustc/6067b36314ab5eb2eb47cecc464545ba58e1ad24/library/core/src/panic/unwind_safe.rs:272:9
[INFO] [stdout]   37:     0x5786717d4fba - std::panicking::try::do_call::h2f73af3616c35465
[INFO] [stdout]                                at /rustc/6067b36314ab5eb2eb47cecc464545ba58e1ad24/library/std/src/panicking.rs:587:40
[INFO] [stdout]   38:     0x5786717d4fba - std::panicking::try::hd1660ce9efadef5a
[INFO] [stdout]                                at /rustc/6067b36314ab5eb2eb47cecc464545ba58e1ad24/library/std/src/panicking.rs:550:19
[INFO] [stdout]   39:     0x5786717d4fba - std::panic::catch_unwind::h5ee8d7823b8ca744
[INFO] [stdout]                                at /rustc/6067b36314ab5eb2eb47cecc464545ba58e1ad24/library/std/src/panic.rs:358:14
[INFO] [stdout]   40:     0x5786717d4fba - std::thread::Builder::spawn_unchecked_::{{closure}}::h53c3a1894dce8407
[INFO] [stdout]                                at /rustc/6067b36314ab5eb2eb47cecc464545ba58e1ad24/library/std/src/thread/mod.rs:557:30
[INFO] [stdout]   41:     0x5786717d4fba - core::ops::function::FnOnce::call_once{{vtable.shim}}::h048ce291ad4f62bf
[INFO] [stdout]                                at /rustc/6067b36314ab5eb2eb47cecc464545ba58e1ad24/library/core/src/ops/function.rs:250:5
[INFO] [stdout]   42:     0x57867191750b - <alloc::boxed::Box<F,A> as core::ops::function::FnOnce<Args>>::call_once::ha52bedf99a3b4981
[INFO] [stdout]                                at /rustc/6067b36314ab5eb2eb47cecc464545ba58e1ad24/library/alloc/src/boxed.rs:2013:9
[INFO] [stdout]   43:     0x57867191750b - <alloc::boxed::Box<F,A> as core::ops::function::FnOnce<Args>>::call_once::h567748934d80ccf8
[INFO] [stdout]                                at /rustc/6067b36314ab5eb2eb47cecc464545ba58e1ad24/library/alloc/src/boxed.rs:2013:9
[INFO] [stdout]   44:     0x57867191750b - std::sys::pal::unix::thread::Thread::new::thread_start::h2d970728ae887adc
[INFO] [stdout]                                at /rustc/6067b36314ab5eb2eb47cecc464545ba58e1ad24/library/std/src/sys/pal/unix/thread.rs:106:17
[INFO] [stdout]   45:     0x7130ad107ac3 - <unknown>
[INFO] [stdout]   46:     0x7130ad198a04 - clone
[INFO] [stdout]   47:                0x0 - <unknown>
[INFO] [stdout] 
[INFO] [stdout] 
[INFO] [stdout] failures:
[INFO] [stdout]     compile_hello_world
[INFO] [stdout] 
[INFO] [stdout] test result: FAILED. 1 passed; 1 failed; 0 ignored; 0 measured; 0 filtered out; finished in 0.02s
[INFO] [stdout] 
[INFO] [stderr] error: test failed, to rerun pass `-p compiler --test simple_trigger`
[INFO] running `Command { std: "docker" "inspect" "9e3ff3da50749578c1f3f769866390beaa3a90c11f407d1c4ffcc9343f1bd864", kill_on_drop: false }`
[INFO] running `Command { std: "docker" "rm" "-f" "9e3ff3da50749578c1f3f769866390beaa3a90c11f407d1c4ffcc9343f1bd864", kill_on_drop: false }`
[INFO] [stdout] 9e3ff3da50749578c1f3f769866390beaa3a90c11f407d1c4ffcc9343f1bd864
