[INFO] cloning repository https://github.com/olidacombe/aoc2023
[INFO] running `Command { std: "git" "-c" "credential.helper=" "-c" "credential.helper=/workspace/cargo-home/bin/git-credential-null" "clone" "--bare" "https://github.com/olidacombe/aoc2023" "/workspace/cache/git-repos/https%3A%2F%2Fgithub.com%2Folidacombe%2Faoc2023", kill_on_drop: false }`
[INFO] [stderr] Cloning into bare repository '/workspace/cache/git-repos/https%3A%2F%2Fgithub.com%2Folidacombe%2Faoc2023'...
[INFO] running `Command { std: "git" "rev-parse" "HEAD", kill_on_drop: false }`
[INFO] [stdout] 3928ff3721912aea756a7e8960e2eda07f775e02
[INFO] testing olidacombe/aoc2023 against nightly-2025-01-18 for randomize-layout-2
[INFO] running `Command { std: "git" "clone" "/workspace/cache/git-repos/https%3A%2F%2Fgithub.com%2Folidacombe%2Faoc2023" "/workspace/builds/worker-4-tc1/source", kill_on_drop: false }`
[INFO] [stderr] Cloning into '/workspace/builds/worker-4-tc1/source'...
[INFO] [stderr] done.
[INFO] validating manifest of git repo https://github.com/olidacombe/aoc2023 on toolchain nightly-2025-01-18
[INFO] running `Command { std: CARGO_HOME="/workspace/cargo-home" RUSTUP_HOME="/workspace/rustup-home" "/workspace/cargo-home/bin/cargo" "+nightly-2025-01-18" "metadata" "--manifest-path" "Cargo.toml" "--no-deps", kill_on_drop: false }`
[INFO] started tweaking git repo https://github.com/olidacombe/aoc2023
[INFO] finished tweaking git repo https://github.com/olidacombe/aoc2023
[INFO] tweaked toml for git repo https://github.com/olidacombe/aoc2023 written to /workspace/builds/worker-4-tc1/source/Cargo.toml
[INFO] crate git repo https://github.com/olidacombe/aoc2023 already has a lockfile, it will not be regenerated
[INFO] running `Command { std: CARGO_HOME="/workspace/cargo-home" RUSTUP_HOME="/workspace/rustup-home" "/workspace/cargo-home/bin/cargo" "+nightly-2025-01-18" "fetch" "--manifest-path" "Cargo.toml", kill_on_drop: false }`
[INFO] [stderr] warning: virtual workspace defaulting to `resolver = "1"` despite one or more workspace members being on edition 2021 which implies `resolver = "2"`
[INFO] [stderr] note: to keep the current resolver, specify `workspace.resolver = "1"` in the workspace root's manifest
[INFO] [stderr] note: to use the edition 2021 resolver, specify `workspace.resolver = "2"` in the workspace root's manifest
[INFO] [stderr] note: for more details see https://doc.rust-lang.org/cargo/reference/resolver.html#resolver-versions
[INFO] [stderr]  Downloading crates ...
[INFO] [stderr]   Downloaded array-macro v2.1.8
[INFO] running `Command { std: "docker" "create" "-v" "/var/lib/crater-agent-workspace/builds/worker-4-tc1/target:/opt/rustwide/target:rw,Z" "-v" "/var/lib/crater-agent-workspace/builds/worker-4-tc1/source:/opt/rustwide/workdir:ro,Z" "-v" "/var/lib/crater-agent-workspace/cargo-home:/opt/rustwide/cargo-home:ro,Z" "-v" "/var/lib/crater-agent-workspace/rustup-home:/opt/rustwide/rustup-home:ro,Z" "-e" "SOURCE_DIR=/opt/rustwide/workdir" "-e" "CARGO_TARGET_DIR=/opt/rustwide/target" "-e" "CARGO_HOME=/opt/rustwide/cargo-home" "-e" "RUSTUP_HOME=/opt/rustwide/rustup-home" "-w" "/opt/rustwide/workdir" "-m" "1610612736" "--user" "0:0" "--network" "none" "ghcr.io/rust-lang/crates-build-env/linux@sha256:819108c5571ea2e421544af4d832f968d213c87fbe3707a016657f43d2f853bc" "/opt/rustwide/cargo-home/bin/cargo" "+nightly-2025-01-18" "metadata" "--no-deps" "--format-version=1", kill_on_drop: false }`
[INFO] [stdout] 28a8a0aeb23faad5aaa616c4522a76321340b1a2db129bfcc75973c6fb9829ad
[INFO] running `Command { std: "docker" "start" "-a" "28a8a0aeb23faad5aaa616c4522a76321340b1a2db129bfcc75973c6fb9829ad", kill_on_drop: false }`
[INFO] running `Command { std: "docker" "inspect" "28a8a0aeb23faad5aaa616c4522a76321340b1a2db129bfcc75973c6fb9829ad", kill_on_drop: false }`
[INFO] running `Command { std: "docker" "rm" "-f" "28a8a0aeb23faad5aaa616c4522a76321340b1a2db129bfcc75973c6fb9829ad", kill_on_drop: false }`
[INFO] [stdout] 28a8a0aeb23faad5aaa616c4522a76321340b1a2db129bfcc75973c6fb9829ad
[INFO] running `Command { std: "docker" "create" "-v" "/var/lib/crater-agent-workspace/builds/worker-4-tc1/target:/opt/rustwide/target:rw,Z" "-v" "/var/lib/crater-agent-workspace/builds/worker-4-tc1/source:/opt/rustwide/workdir:ro,Z" "-v" "/var/lib/crater-agent-workspace/cargo-home:/opt/rustwide/cargo-home:ro,Z" "-v" "/var/lib/crater-agent-workspace/rustup-home:/opt/rustwide/rustup-home:ro,Z" "-e" "SOURCE_DIR=/opt/rustwide/workdir" "-e" "CARGO_TARGET_DIR=/opt/rustwide/target" "-e" "CARGO_INCREMENTAL=0" "-e" "RUST_BACKTRACE=full" "-e" "RUSTFLAGS=--cap-lints=forbid" "-e" "RUSTDOCFLAGS=--cap-lints=forbid" "-e" "CARGO_HOME=/opt/rustwide/cargo-home" "-e" "RUSTUP_HOME=/opt/rustwide/rustup-home" "-w" "/opt/rustwide/workdir" "-m" "1610612736" "--user" "0:0" "--network" "none" "ghcr.io/rust-lang/crates-build-env/linux@sha256:819108c5571ea2e421544af4d832f968d213c87fbe3707a016657f43d2f853bc" "/opt/rustwide/cargo-home/bin/cargo" "+nightly-2025-01-18" "build" "--frozen" "--message-format=json", kill_on_drop: false }`
[INFO] [stdout] 3ed9781f7ca27f0d8abf56756861bdc416cf12f0ac602a471e9d2684d1804a6f
[INFO] running `Command { std: "docker" "start" "-a" "3ed9781f7ca27f0d8abf56756861bdc416cf12f0ac602a471e9d2684d1804a6f", kill_on_drop: false }`
[INFO] [stderr] warning: virtual workspace defaulting to `resolver = "1"` despite one or more workspace members being on edition 2021 which implies `resolver = "2"`
[INFO] [stderr] note: to keep the current resolver, specify `workspace.resolver = "1"` in the workspace root's manifest
[INFO] [stderr] note: to use the edition 2021 resolver, specify `workspace.resolver = "2"` in the workspace root's manifest
[INFO] [stderr] note: for more details see https://doc.rust-lang.org/cargo/reference/resolver.html#resolver-versions
[INFO] [stderr]    Compiling memchr v2.6.4
[INFO] [stderr]    Compiling proc-macro2 v1.0.71
[INFO] [stderr]    Compiling unicode-ident v1.0.12
[INFO] [stderr]    Compiling regex-syntax v0.8.2
[INFO] [stderr]    Compiling minimal-lexical v0.2.1
[INFO] [stderr]    Compiling cfg-if v1.0.0
[INFO] [stderr]    Compiling once_cell v1.19.0
[INFO] [stderr]    Compiling regex-syntax v0.6.29
[INFO] [stderr]    Compiling lazy_static v1.4.0
[INFO] [stderr]    Compiling log v0.4.20
[INFO] [stderr]    Compiling pin-project-lite v0.2.13
[INFO] [stderr]    Compiling overload v0.1.1
[INFO] [stderr]    Compiling smallvec v1.11.2
[INFO] [stderr]    Compiling libc v0.2.151
[INFO] [stderr]    Compiling adler v1.0.2
[INFO] [stderr]    Compiling eyre v0.6.11
[INFO] [stderr]    Compiling sharded-slab v0.1.7
[INFO] [stderr]    Compiling nu-ansi-term v0.46.0
[INFO] [stderr]    Compiling gimli v0.28.1
[INFO] [stderr]    Compiling indenter v0.3.3
[INFO] [stderr]    Compiling miniz_oxide v0.7.1
[INFO] [stderr]    Compiling owo-colors v3.5.0
[INFO] [stderr]    Compiling rustc-demangle v0.1.23
[INFO] [stderr]    Compiling tracing-core v0.1.32
[INFO] [stderr]    Compiling thread_local v1.1.7
[INFO] [stderr]    Compiling thiserror v1.0.51
[INFO] [stderr]    Compiling autocfg v1.1.0
[INFO] [stderr]    Compiling aho-corasick v1.1.2
[INFO] [stderr]    Compiling nom v7.1.3
[INFO] [stderr]    Compiling object v0.32.1
[INFO] [stderr]    Compiling tracing-log v0.2.0
[INFO] [stderr]    Compiling either v1.9.0
[INFO] [stderr]    Compiling memoffset v0.9.0
[INFO] [stderr]    Compiling quote v1.0.33
[INFO] [stderr]    Compiling crossbeam-utils v0.8.17
[INFO] [stderr]    Compiling itertools v0.12.0
[INFO] [stderr]    Compiling equivalent v1.0.1
[INFO] [stderr]    Compiling rayon-core v1.12.0
[INFO] [stderr]    Compiling radium v0.7.0
[INFO] [stderr]    Compiling syn v2.0.42
[INFO] [stderr]    Compiling hashbrown v0.14.3
[INFO] [stderr]    Compiling tap v1.0.1
[INFO] [stderr]    Compiling proc-macro-hack v0.5.20+deprecated
[INFO] [stderr]    Compiling syn v1.0.109
[INFO] [stderr]    Compiling num-traits v0.2.17
[INFO] [stderr]    Compiling wyz v0.5.1
[INFO] [stderr]    Compiling proc-macro-nested v0.1.7
[INFO] [stderr]    Compiling funty v2.0.0
[INFO] [stderr]    Compiling cc v1.0.83
[INFO] [stderr]    Compiling num-integer v0.1.45
[INFO] [stderr]    Compiling crossbeam-epoch v0.9.16
[INFO] [stderr]    Compiling regex-automata v0.1.10
[INFO] [stderr]    Compiling indexmap v2.1.0
[INFO] [stderr]    Compiling regex-automata v0.4.3
[INFO] [stderr]    Compiling crossbeam-deque v0.8.4
[INFO] [stderr]    Compiling addr2line v0.21.0
[INFO] [stderr]    Compiling bitvec v1.0.1
[INFO] [stderr]    Compiling aoc2023-09-1 v0.1.0 (/opt/rustwide/workdir/aoc2023-09-1)
[INFO] [stderr]    Compiling matchers v0.1.0
[INFO] [stderr]    Compiling fixedbitset v0.4.2
[INFO] [stderr]    Compiling stable_deref_trait v1.2.0
[INFO] [stderr]    Compiling array-macro v2.1.8
[INFO] [stderr]    Compiling elsa v1.10.0
[INFO] [stderr]    Compiling indoc v2.0.4
[INFO] [stderr]    Compiling backtrace v0.3.69
[INFO] [stderr]    Compiling petgraph v0.6.4
[INFO] [stderr]    Compiling rayon v1.8.0
[INFO] [stderr]    Compiling aoc2023-09-2 v0.1.0 (/opt/rustwide/workdir/aoc2023-09-2)
[INFO] [stderr]    Compiling aoc2023-12-1 v0.1.0 (/opt/rustwide/workdir/aoc2023-12-1)
[INFO] [stderr]    Compiling aoc2023-13-2 v0.1.0 (/opt/rustwide/workdir/aoc2023-13-2)
[INFO] [stdout] warning: unused import: `itertools::Itertools`
[INFO] [stdout]  --> aoc2023-12-1/src/lib.rs:1:5
[INFO] [stdout]   |
[INFO] [stdout] 1 | use itertools::Itertools;
[INFO] [stdout]   |     ^^^^^^^^^^^^^^^^^^^^
[INFO] [stdout]   |
[INFO] [stdout]   = note: `#[warn(unused_imports)]` on by default
[INFO] [stdout] 
[INFO] [stdout] 
[INFO] [stderr]    Compiling aoc2023-16-2 v0.1.0 (/opt/rustwide/workdir/aoc2023-16-2)
[INFO] [stderr]    Compiling aoc2023-14-2 v0.1.0 (/opt/rustwide/workdir/aoc2023-14-2)
[INFO] [stderr]    Compiling aoc2023-16-1 v0.1.0 (/opt/rustwide/workdir/aoc2023-16-1)
[INFO] [stdout] warning: method `debug` is never used
[INFO] [stdout]   --> aoc2023-14-2/src/lib.rs:27:12
[INFO] [stdout]    |
[INFO] [stdout] 26 | impl LoadCalculator {
[INFO] [stdout]    | ------------------- method in this implementation
[INFO] [stdout] 27 |     pub fn debug(&self) {
[INFO] [stdout]    |            ^^^^^
[INFO] [stdout]    |
[INFO] [stdout]    = note: `#[warn(dead_code)]` on by default
[INFO] [stdout] 
[INFO] [stdout] 
[INFO] [stderr]    Compiling aoc2023-10-1 v0.1.0 (/opt/rustwide/workdir/aoc2023-10-1)
[INFO] [stderr]    Compiling aoc2023-15-1 v0.1.0 (/opt/rustwide/workdir/aoc2023-15-1)
[INFO] [stderr]    Compiling aoc2023-11-1 v0.1.0 (/opt/rustwide/workdir/aoc2023-11-1)
[INFO] [stderr]    Compiling aoc2023-14-1 v0.1.0 (/opt/rustwide/workdir/aoc2023-14-1)
[INFO] [stderr]    Compiling aoc2023-11-2 v0.1.0 (/opt/rustwide/workdir/aoc2023-11-2)
[INFO] [stderr]    Compiling aoc2023-10-2 v0.1.0 (/opt/rustwide/workdir/aoc2023-10-2)
[INFO] [stderr]    Compiling aoc2023-13-1 v0.1.0 (/opt/rustwide/workdir/aoc2023-13-1)
[INFO] [stdout] warning: unused import: `RangeBounds`
[INFO] [stdout]  --> aoc2023-10-2/src/lib.rs:4:16
[INFO] [stdout]   |
[INFO] [stdout] 4 |     ops::{Add, RangeBounds},
[INFO] [stdout]   |                ^^^^^^^^^^^
[INFO] [stdout]   |
[INFO] [stdout]   = note: `#[warn(unused_imports)]` on by default
[INFO] [stdout] 
[INFO] [stdout] 
[INFO] [stderr]    Compiling arr_macro_impl v0.2.1
[INFO] [stderr]    Compiling regex v1.10.2
[INFO] [stderr]    Compiling arr_macro v0.2.1
[INFO] [stderr]    Compiling aoc2023-06-1 v0.1.0 (/opt/rustwide/workdir/aoc2023-06-1)
[INFO] [stderr]    Compiling aoc2023-06-2 v0.1.0 (/opt/rustwide/workdir/aoc2023-06-2)
[INFO] [stderr]    Compiling aoc2023-08-1 v0.1.0 (/opt/rustwide/workdir/aoc2023-08-1)
[INFO] [stderr]    Compiling aoc2023-08-2 v0.1.0 (/opt/rustwide/workdir/aoc2023-08-2)
[INFO] [stderr]    Compiling tracing-attributes v0.1.27
[INFO] [stderr]    Compiling thiserror-impl v1.0.51
[INFO] [stderr]    Compiling tracing v0.1.40
[INFO] [stderr]    Compiling aoc2023-07-2 v0.1.0 (/opt/rustwide/workdir/aoc2023-07-2)
[INFO] [stderr]    Compiling aoc2023-07-1 v0.1.0 (/opt/rustwide/workdir/aoc2023-07-1)
[INFO] [stderr]    Compiling tracing-subscriber v0.3.18
[INFO] [stderr]    Compiling tracing-error v0.2.0
[INFO] [stderr]    Compiling aoc2023-12-2 v0.1.0 (/opt/rustwide/workdir/aoc2023-12-2)
[INFO] [stderr]    Compiling aoc2023-18-1 v0.1.0 (/opt/rustwide/workdir/aoc2023-18-1)
[INFO] [stderr]    Compiling aoc2023-17-2 v0.1.0 (/opt/rustwide/workdir/aoc2023-17-2)
[INFO] [stderr]    Compiling aoc2023-20-1 v0.1.0 (/opt/rustwide/workdir/aoc2023-20-1)
[INFO] [stderr]    Compiling aoc2023-17-1 v0.1.0 (/opt/rustwide/workdir/aoc2023-17-1)
[INFO] [stderr]    Compiling aoc2023-18-2 v0.1.0 (/opt/rustwide/workdir/aoc2023-18-2)
[INFO] [stdout] warning: unused import: `zip`
[INFO] [stdout]  --> aoc2023-12-2/src/lib.rs:5:20
[INFO] [stdout]   |
[INFO] [stdout] 5 |     iter::{repeat, zip},
[INFO] [stdout]   |                    ^^^
[INFO] [stdout]   |
[INFO] [stdout]   = note: `#[warn(unused_imports)]` on by default
[INFO] [stdout] 
[INFO] [stdout] 
[INFO] [stdout] warning: unused variable: `name`
[INFO] [stdout]    --> aoc2023-20-1/src/lib.rs:178:33
[INFO] [stdout]     |
[INFO] [stdout] 178 |     fn connect_input(&mut self, name: &str) {
[INFO] [stdout]     |                                 ^^^^ help: if this is intentional, prefix it with an underscore: `_name`
[INFO] [stdout]     |
[INFO] [stdout]     = note: `#[warn(unused_variables)]` on by default
[INFO] [stdout] 
[INFO] [stdout] 
[INFO] [stdout] warning: method `push` is never used
[INFO] [stdout]    --> aoc2023-20-1/src/lib.rs:105:8
[INFO] [stdout]     |
[INFO] [stdout] 104 | impl NodeNames {
[INFO] [stdout]     | -------------- method in this implementation
[INFO] [stdout] 105 |     fn push<S: ToString>(&mut self, name: S) {
[INFO] [stdout]     |        ^^^^
[INFO] [stdout]     |
[INFO] [stdout]     = note: `#[warn(dead_code)]` on by default
[INFO] [stdout] 
[INFO] [stdout] 
[INFO] [stdout] warning: struct `Named` is never constructed
[INFO] [stdout]    --> aoc2023-20-1/src/lib.rs:202:8
[INFO] [stdout]     |
[INFO] [stdout] 202 | struct Named<T>(String, T);
[INFO] [stdout]     |        ^^^^^
[INFO] [stdout] 
[INFO] [stdout] 
[INFO] [stderr]    Compiling color-spantrace v0.2.1
[INFO] [stdout] warning: fields `r`, `g`, and `b` are never read
[INFO] [stdout]   --> aoc2023-18-1/src/lib.rs:35:5
[INFO] [stdout]    |
[INFO] [stdout] 34 | struct Colour {
[INFO] [stdout]    |        ------ fields in this struct
[INFO] [stdout] 35 |     r: u8,
[INFO] [stdout]    |     ^
[INFO] [stdout] 36 |     g: u8,
[INFO] [stdout]    |     ^
[INFO] [stdout] 37 |     b: u8,
[INFO] [stdout]    |     ^
[INFO] [stdout]    |
[INFO] [stdout]    = note: `Colour` has a derived impl for the trait `Debug`, but this is intentionally ignored during dead code analysis
[INFO] [stdout]    = note: `#[warn(dead_code)]` on by default
[INFO] [stdout] 
[INFO] [stdout] 
[INFO] [stdout] warning: field `colour` is never read
[INFO] [stdout]   --> aoc2023-18-1/src/lib.rs:53:5
[INFO] [stdout]    |
[INFO] [stdout] 50 | struct Instruction {
[INFO] [stdout]    |        ----------- field in this struct
[INFO] [stdout] ...
[INFO] [stdout] 53 |     colour: Colour,
[INFO] [stdout]    |     ^^^^^^
[INFO] [stdout]    |
[INFO] [stdout]    = note: `Instruction` has a derived impl for the trait `Debug`, but this is intentionally ignored during dead code analysis
[INFO] [stdout] 
[INFO] [stdout] 
[INFO] [stderr]    Compiling color-eyre v0.6.2
[INFO] [stderr]    Compiling aoc2023-02-2 v0.1.0 (/opt/rustwide/workdir/aoc2023-02-2)
[INFO] [stderr]    Compiling aoc2023-19-1 v0.1.0 (/opt/rustwide/workdir/aoc2023-19-1)
[INFO] [stderr]    Compiling aoc2023-02-1 v0.1.0 (/opt/rustwide/workdir/aoc2023-02-1)
[INFO] [stderr]    Compiling aoc2023-04-2 v0.1.0 (/opt/rustwide/workdir/aoc2023-04-2)
[INFO] [stderr]    Compiling aoc2023-01-1 v0.1.0 (/opt/rustwide/workdir/aoc2023-01-1)
[INFO] [stderr]    Compiling aoc2023-15-2 v0.1.0 (/opt/rustwide/workdir/aoc2023-15-2)
[INFO] [stderr]    Compiling aoc2023-03-2 v0.1.0 (/opt/rustwide/workdir/aoc2023-03-2)
[INFO] [stderr]    Compiling aoc2023-03-1 v0.1.0 (/opt/rustwide/workdir/aoc2023-03-1)
[INFO] [stderr]    Compiling aoc2023-19-2 v0.1.0 (/opt/rustwide/workdir/aoc2023-19-2)
[INFO] [stderr]    Compiling aoc2023-04-1 v0.1.0 (/opt/rustwide/workdir/aoc2023-04-1)
[INFO] [stderr]    Compiling aoc2023-05-1 v0.1.0 (/opt/rustwide/workdir/aoc2023-05-1)
[INFO] [stderr]    Compiling aoc2023-05-2 v0.1.0 (/opt/rustwide/workdir/aoc2023-05-2)
[INFO] [stderr]    Compiling aoc2023-01-2 v0.1.0 (/opt/rustwide/workdir/aoc2023-01-2)
[INFO] [stdout] warning: unused import: `cmp::min`
[INFO] [stdout]  --> aoc2023-04-2/src/lib.rs:2:5
[INFO] [stdout]   |
[INFO] [stdout] 2 |     cmp::min,
[INFO] [stdout]   |     ^^^^^^^^
[INFO] [stdout]   |
[INFO] [stdout]   = note: `#[warn(unused_imports)]` on by default
[INFO] [stdout] 
[INFO] [stdout] 
[INFO] [stdout] warning: trait `EndScanner` is never used
[INFO] [stdout]  --> aoc2023-01-2/src/lib.rs:5:7
[INFO] [stdout]   |
[INFO] [stdout] 5 | trait EndScanner {
[INFO] [stdout]   |       ^^^^^^^^^^
[INFO] [stdout]   |
[INFO] [stdout]   = note: `#[warn(dead_code)]` on by default
[INFO] [stdout] 
[INFO] [stdout] 
[INFO] [stderr]     Finished `dev` profile [unoptimized + debuginfo] target(s) in 23.16s
[INFO] running `Command { std: "docker" "inspect" "3ed9781f7ca27f0d8abf56756861bdc416cf12f0ac602a471e9d2684d1804a6f", kill_on_drop: false }`
[INFO] running `Command { std: "docker" "rm" "-f" "3ed9781f7ca27f0d8abf56756861bdc416cf12f0ac602a471e9d2684d1804a6f", kill_on_drop: false }`
[INFO] [stdout] 3ed9781f7ca27f0d8abf56756861bdc416cf12f0ac602a471e9d2684d1804a6f
[INFO] running `Command { std: "docker" "create" "-v" "/var/lib/crater-agent-workspace/builds/worker-4-tc1/target:/opt/rustwide/target:rw,Z" "-v" "/var/lib/crater-agent-workspace/builds/worker-4-tc1/source:/opt/rustwide/workdir:ro,Z" "-v" "/var/lib/crater-agent-workspace/cargo-home:/opt/rustwide/cargo-home:ro,Z" "-v" "/var/lib/crater-agent-workspace/rustup-home:/opt/rustwide/rustup-home:ro,Z" "-e" "SOURCE_DIR=/opt/rustwide/workdir" "-e" "CARGO_TARGET_DIR=/opt/rustwide/target" "-e" "CARGO_INCREMENTAL=0" "-e" "RUST_BACKTRACE=full" "-e" "RUSTFLAGS=--cap-lints=forbid" "-e" "RUSTDOCFLAGS=--cap-lints=forbid" "-e" "CARGO_HOME=/opt/rustwide/cargo-home" "-e" "RUSTUP_HOME=/opt/rustwide/rustup-home" "-w" "/opt/rustwide/workdir" "-m" "1610612736" "--user" "0:0" "--network" "none" "ghcr.io/rust-lang/crates-build-env/linux@sha256:819108c5571ea2e421544af4d832f968d213c87fbe3707a016657f43d2f853bc" "/opt/rustwide/cargo-home/bin/cargo" "+nightly-2025-01-18" "test" "--frozen" "--no-run" "--message-format=json", kill_on_drop: false }`
[INFO] [stdout] 6e9dd36704421fac9a692b3f1e316fb8e2b1dad1de946ff8bcd3b41f7b752837
[INFO] running `Command { std: "docker" "start" "-a" "6e9dd36704421fac9a692b3f1e316fb8e2b1dad1de946ff8bcd3b41f7b752837", kill_on_drop: false }`
[INFO] [stderr] warning: virtual workspace defaulting to `resolver = "1"` despite one or more workspace members being on edition 2021 which implies `resolver = "2"`
[INFO] [stderr] note: to keep the current resolver, specify `workspace.resolver = "1"` in the workspace root's manifest
[INFO] [stderr] note: to use the edition 2021 resolver, specify `workspace.resolver = "2"` in the workspace root's manifest
[INFO] [stderr] note: for more details see https://doc.rust-lang.org/cargo/reference/resolver.html#resolver-versions
[INFO] [stderr]    Compiling tracing-test-macro v0.2.4
[INFO] [stdout] warning: unused import: `itertools::Itertools`
[INFO] [stdout]  --> aoc2023-12-1/src/lib.rs:1:5
[INFO] [stdout]   |
[INFO] [stdout] 1 | use itertools::Itertools;
[INFO] [stdout]   |     ^^^^^^^^^^^^^^^^^^^^
[INFO] [stdout]   |
[INFO] [stdout]   = note: `#[warn(unused_imports)]` on by default
[INFO] [stdout] 
[INFO] [stdout] 
[INFO] [stdout] warning: unused import: `RangeBounds`
[INFO] [stdout]  --> aoc2023-10-2/src/lib.rs:4:16
[INFO] [stdout]   |
[INFO] [stdout] 4 |     ops::{Add, RangeBounds},
[INFO] [stdout]   |                ^^^^^^^^^^^
[INFO] [stdout]   |
[INFO] [stdout]   = note: `#[warn(unused_imports)]` on by default
[INFO] [stdout] 
[INFO] [stdout] 
[INFO] [stdout] warning: method `debug` is never used
[INFO] [stdout]   --> aoc2023-14-2/src/lib.rs:27:12
[INFO] [stdout]    |
[INFO] [stdout] 26 | impl LoadCalculator {
[INFO] [stdout]    | ------------------- method in this implementation
[INFO] [stdout] 27 |     pub fn debug(&self) {
[INFO] [stdout]    |            ^^^^^
[INFO] [stdout]    |
[INFO] [stdout]    = note: `#[warn(dead_code)]` on by default
[INFO] [stdout] 
[INFO] [stdout] 
[INFO] [stderr]    Compiling aoc2023-11-2 v0.1.0 (/opt/rustwide/workdir/aoc2023-11-2)
[INFO] [stderr]    Compiling aoc2023-07-1 v0.1.0 (/opt/rustwide/workdir/aoc2023-07-1)
[INFO] [stderr]    Compiling aoc2023-08-1 v0.1.0 (/opt/rustwide/workdir/aoc2023-08-1)
[INFO] [stderr]    Compiling aoc2023-07-2 v0.1.0 (/opt/rustwide/workdir/aoc2023-07-2)
[INFO] [stdout] warning: unused variable: `name`
[INFO] [stdout]    --> aoc2023-20-1/src/lib.rs:178:33
[INFO] [stdout]     |
[INFO] [stdout] 178 |     fn connect_input(&mut self, name: &str) {
[INFO] [stdout]     |                                 ^^^^ help: if this is intentional, prefix it with an underscore: `_name`
[INFO] [stdout]     |
[INFO] [stdout]     = note: `#[warn(unused_variables)]` on by default
[INFO] [stdout] 
[INFO] [stdout] 
[INFO] [stdout] warning: method `push` is never used
[INFO] [stdout]    --> aoc2023-20-1/src/lib.rs:105:8
[INFO] [stdout]     |
[INFO] [stdout] 104 | impl NodeNames {
[INFO] [stdout]     | -------------- method in this implementation
[INFO] [stdout] 105 |     fn push<S: ToString>(&mut self, name: S) {
[INFO] [stdout]     |        ^^^^
[INFO] [stdout]     |
[INFO] [stdout]     = note: `#[warn(dead_code)]` on by default
[INFO] [stdout] 
[INFO] [stdout] 
[INFO] [stdout] warning: struct `Named` is never constructed
[INFO] [stdout]    --> aoc2023-20-1/src/lib.rs:202:8
[INFO] [stdout]     |
[INFO] [stdout] 202 | struct Named<T>(String, T);
[INFO] [stdout]     |        ^^^^^
[INFO] [stdout] 
[INFO] [stdout] 
[INFO] [stderr]    Compiling aoc2023-11-1 v0.1.0 (/opt/rustwide/workdir/aoc2023-11-1)
[INFO] [stderr]    Compiling aoc2023-16-1 v0.1.0 (/opt/rustwide/workdir/aoc2023-16-1)
[INFO] [stdout] warning: fields `r`, `g`, and `b` are never read
[INFO] [stdout]   --> aoc2023-18-1/src/lib.rs:35:5
[INFO] [stdout]    |
[INFO] [stdout] 34 | struct Colour {
[INFO] [stdout]    |        ------ fields in this struct
[INFO] [stdout] 35 |     r: u8,
[INFO] [stdout]    |     ^
[INFO] [stdout] 36 |     g: u8,
[INFO] [stdout]    |     ^
[INFO] [stdout] 37 |     b: u8,
[INFO] [stdout]    |     ^
[INFO] [stdout]    |
[INFO] [stdout]    = note: `Colour` has a derived impl for the trait `Debug`, but this is intentionally ignored during dead code analysis
[INFO] [stdout]    = note: `#[warn(dead_code)]` on by default
[INFO] [stdout] 
[INFO] [stdout] 
[INFO] [stdout] warning: field `colour` is never read
[INFO] [stdout]   --> aoc2023-18-1/src/lib.rs:53:5
[INFO] [stdout]    |
[INFO] [stdout] 50 | struct Instruction {
[INFO] [stdout]    |        ----------- field in this struct
[INFO] [stdout] ...
[INFO] [stdout] 53 |     colour: Colour,
[INFO] [stdout]    |     ^^^^^^
[INFO] [stdout]    |
[INFO] [stdout]    = note: `Instruction` has a derived impl for the trait `Debug`, but this is intentionally ignored during dead code analysis
[INFO] [stdout] 
[INFO] [stdout] 
[INFO] [stderr]    Compiling aoc2023-18-2 v0.1.0 (/opt/rustwide/workdir/aoc2023-18-2)
[INFO] [stderr]    Compiling aoc2023-18-1 v0.1.0 (/opt/rustwide/workdir/aoc2023-18-1)
[INFO] [stderr]    Compiling aoc2023-20-1 v0.1.0 (/opt/rustwide/workdir/aoc2023-20-1)
[INFO] [stdout] warning: unused import: `zip`
[INFO] [stdout]  --> aoc2023-12-2/src/lib.rs:5:20
[INFO] [stdout]   |
[INFO] [stdout] 5 |     iter::{repeat, zip},
[INFO] [stdout]   |                    ^^^
[INFO] [stdout]   |
[INFO] [stdout]   = note: `#[warn(unused_imports)]` on by default
[INFO] [stdout] 
[INFO] [stdout] 
[INFO] [stderr]    Compiling aoc2023-12-2 v0.1.0 (/opt/rustwide/workdir/aoc2023-12-2)
[INFO] [stderr]    Compiling aoc2023-08-2 v0.1.0 (/opt/rustwide/workdir/aoc2023-08-2)
[INFO] [stdout] warning: unused import: `cmp::min`
[INFO] [stdout]  --> aoc2023-04-2/src/lib.rs:2:5
[INFO] [stdout]   |
[INFO] [stdout] 2 |     cmp::min,
[INFO] [stdout]   |     ^^^^^^^^
[INFO] [stdout]   |
[INFO] [stdout]   = note: `#[warn(unused_imports)]` on by default
[INFO] [stdout] 
[INFO] [stdout] 
[INFO] [stdout] warning: trait `EndScanner` is never used
[INFO] [stdout]  --> aoc2023-01-2/src/lib.rs:5:7
[INFO] [stdout]   |
[INFO] [stdout] 5 | trait EndScanner {
[INFO] [stdout]   |       ^^^^^^^^^^
[INFO] [stdout]   |
[INFO] [stdout]   = note: `#[warn(dead_code)]` on by default
[INFO] [stdout] 
[INFO] [stdout] 
[INFO] [stderr]    Compiling aoc2023-04-2 v0.1.0 (/opt/rustwide/workdir/aoc2023-04-2)
[INFO] [stderr]    Compiling aoc2023-01-2 v0.1.0 (/opt/rustwide/workdir/aoc2023-01-2)
[INFO] [stderr]    Compiling aoc2023-01-1 v0.1.0 (/opt/rustwide/workdir/aoc2023-01-1)
[INFO] [stdout] warning: unused import: `zip`
[INFO] [stdout]  --> aoc2023-12-2/src/lib.rs:5:20
[INFO] [stdout]   |
[INFO] [stdout] 5 |     iter::{repeat, zip},
[INFO] [stdout]   |                    ^^^
[INFO] [stdout]   |
[INFO] [stdout]   = note: `#[warn(unused_imports)]` on by default
[INFO] [stdout] 
[INFO] [stdout] 
[INFO] [stderr]    Compiling aoc2023-19-2 v0.1.0 (/opt/rustwide/workdir/aoc2023-19-2)
[INFO] [stderr]    Compiling aoc2023-03-2 v0.1.0 (/opt/rustwide/workdir/aoc2023-03-2)
[INFO] [stderr]    Compiling aoc2023-05-2 v0.1.0 (/opt/rustwide/workdir/aoc2023-05-2)
[INFO] [stderr]    Compiling aoc2023-05-1 v0.1.0 (/opt/rustwide/workdir/aoc2023-05-1)
[INFO] [stderr]    Compiling aoc2023-19-1 v0.1.0 (/opt/rustwide/workdir/aoc2023-19-1)
[INFO] [stderr]    Compiling aoc2023-04-1 v0.1.0 (/opt/rustwide/workdir/aoc2023-04-1)
[INFO] [stderr]    Compiling aoc2023-02-1 v0.1.0 (/opt/rustwide/workdir/aoc2023-02-1)
[INFO] [stderr]    Compiling aoc2023-02-2 v0.1.0 (/opt/rustwide/workdir/aoc2023-02-2)
[INFO] [stderr]    Compiling aoc2023-15-2 v0.1.0 (/opt/rustwide/workdir/aoc2023-15-2)
[INFO] [stderr]    Compiling aoc2023-03-1 v0.1.0 (/opt/rustwide/workdir/aoc2023-03-1)
[INFO] [stderr]    Compiling tracing-test v0.2.4
[INFO] [stdout] warning: trait `EndScanner` is never used
[INFO] [stdout]  --> aoc2023-01-2/src/lib.rs:5:7
[INFO] [stdout]   |
[INFO] [stdout] 5 | trait EndScanner {
[INFO] [stdout]   |       ^^^^^^^^^^
[INFO] [stdout]   |
[INFO] [stdout]   = note: `#[warn(dead_code)]` on by default
[INFO] [stdout] 
[INFO] [stdout] 
[INFO] [stdout] warning: unused import: `cmp::min`
[INFO] [stdout]  --> aoc2023-04-2/src/lib.rs:2:5
[INFO] [stdout]   |
[INFO] [stdout] 2 |     cmp::min,
[INFO] [stdout]   |     ^^^^^^^^
[INFO] [stdout]   |
[INFO] [stdout]   = note: `#[warn(unused_imports)]` on by default
[INFO] [stdout] 
[INFO] [stdout] 
[INFO] [stderr]    Compiling aoc2023-17-1 v0.1.0 (/opt/rustwide/workdir/aoc2023-17-1)
[INFO] [stderr]    Compiling aoc2023-17-2 v0.1.0 (/opt/rustwide/workdir/aoc2023-17-2)
[INFO] [stdout] warning: fields `r`, `g`, and `b` are never read
[INFO] [stdout]   --> aoc2023-18-1/src/lib.rs:35:5
[INFO] [stdout]    |
[INFO] [stdout] 34 | struct Colour {
[INFO] [stdout]    |        ------ fields in this struct
[INFO] [stdout] 35 |     r: u8,
[INFO] [stdout]    |     ^
[INFO] [stdout] 36 |     g: u8,
[INFO] [stdout]    |     ^
[INFO] [stdout] 37 |     b: u8,
[INFO] [stdout]    |     ^
[INFO] [stdout]    |
[INFO] [stdout]    = note: `Colour` has a derived impl for the trait `Debug`, but this is intentionally ignored during dead code analysis
[INFO] [stdout]    = note: `#[warn(dead_code)]` on by default
[INFO] [stdout] 
[INFO] [stdout] 
[INFO] [stdout] warning: field `colour` is never read
[INFO] [stdout]   --> aoc2023-18-1/src/lib.rs:53:5
[INFO] [stdout]    |
[INFO] [stdout] 50 | struct Instruction {
[INFO] [stdout]    |        ----------- field in this struct
[INFO] [stdout] ...
[INFO] [stdout] 53 |     colour: Colour,
[INFO] [stdout]    |     ^^^^^^
[INFO] [stdout]    |
[INFO] [stdout]    = note: `Instruction` has a derived impl for the trait `Debug`, but this is intentionally ignored during dead code analysis
[INFO] [stdout] 
[INFO] [stdout] 
[INFO] [stderr]    Compiling aoc2023-10-2 v0.1.0 (/opt/rustwide/workdir/aoc2023-10-2)
[INFO] [stdout] warning: unused variable: `name`
[INFO] [stdout]    --> aoc2023-20-1/src/lib.rs:178:33
[INFO] [stdout]     |
[INFO] [stdout] 178 |     fn connect_input(&mut self, name: &str) {
[INFO] [stdout]     |                                 ^^^^ help: if this is intentional, prefix it with an underscore: `_name`
[INFO] [stdout]     |
[INFO] [stdout]     = note: `#[warn(unused_variables)]` on by default
[INFO] [stdout] 
[INFO] [stdout] 
[INFO] [stdout] warning: method `push` is never used
[INFO] [stdout]    --> aoc2023-20-1/src/lib.rs:105:8
[INFO] [stdout]     |
[INFO] [stdout] 104 | impl NodeNames {
[INFO] [stdout]     | -------------- method in this implementation
[INFO] [stdout] 105 |     fn push<S: ToString>(&mut self, name: S) {
[INFO] [stdout]     |        ^^^^
[INFO] [stdout]     |
[INFO] [stdout]     = note: `#[warn(dead_code)]` on by default
[INFO] [stdout] 
[INFO] [stdout] 
[INFO] [stdout] warning: struct `Named` is never constructed
[INFO] [stdout]    --> aoc2023-20-1/src/lib.rs:202:8
[INFO] [stdout]     |
[INFO] [stdout] 202 | struct Named<T>(String, T);
[INFO] [stdout]     |        ^^^^^
[INFO] [stdout] 
[INFO] [stdout] 
[INFO] [stderr]    Compiling aoc2023-14-2 v0.1.0 (/opt/rustwide/workdir/aoc2023-14-2)
[INFO] [stderr]    Compiling aoc2023-14-1 v0.1.0 (/opt/rustwide/workdir/aoc2023-14-1)
[INFO] [stderr]    Compiling aoc2023-10-1 v0.1.0 (/opt/rustwide/workdir/aoc2023-10-1)
[INFO] [stderr]    Compiling aoc2023-13-2 v0.1.0 (/opt/rustwide/workdir/aoc2023-13-2)
[INFO] [stderr]    Compiling aoc2023-13-1 v0.1.0 (/opt/rustwide/workdir/aoc2023-13-1)
[INFO] [stderr]    Compiling aoc2023-16-2 v0.1.0 (/opt/rustwide/workdir/aoc2023-16-2)
[INFO] [stderr]    Compiling aoc2023-06-2 v0.1.0 (/opt/rustwide/workdir/aoc2023-06-2)
[INFO] [stderr]    Compiling aoc2023-15-1 v0.1.0 (/opt/rustwide/workdir/aoc2023-15-1)
[INFO] [stderr]    Compiling aoc2023-06-1 v0.1.0 (/opt/rustwide/workdir/aoc2023-06-1)
[INFO] [stderr]    Compiling aoc2023-09-2 v0.1.0 (/opt/rustwide/workdir/aoc2023-09-2)
[INFO] [stderr]    Compiling aoc2023-12-1 v0.1.0 (/opt/rustwide/workdir/aoc2023-12-1)
[INFO] [stderr]    Compiling aoc2023-09-1 v0.1.0 (/opt/rustwide/workdir/aoc2023-09-1)
[INFO] [stdout] warning: unused import: `itertools::Itertools`
[INFO] [stdout]  --> aoc2023-12-1/src/lib.rs:1:5
[INFO] [stdout]   |
[INFO] [stdout] 1 | use itertools::Itertools;
[INFO] [stdout]   |     ^^^^^^^^^^^^^^^^^^^^
[INFO] [stdout]   |
[INFO] [stdout]   = note: `#[warn(unused_imports)]` on by default
[INFO] [stdout] 
[INFO] [stdout] 
[INFO] [stdout] warning: unused import: `RangeBounds`
[INFO] [stdout]  --> aoc2023-10-2/src/lib.rs:4:16
[INFO] [stdout]   |
[INFO] [stdout] 4 |     ops::{Add, RangeBounds},
[INFO] [stdout]   |                ^^^^^^^^^^^
[INFO] [stdout]   |
[INFO] [stdout]   = note: `#[warn(unused_imports)]` on by default
[INFO] [stdout] 
[INFO] [stdout] 
[INFO] [stdout] warning: method `debug` is never used
[INFO] [stdout]   --> aoc2023-14-2/src/lib.rs:27:12
[INFO] [stdout]    |
[INFO] [stdout] 26 | impl LoadCalculator {
[INFO] [stdout]    | ------------------- method in this implementation
[INFO] [stdout] 27 |     pub fn debug(&self) {
[INFO] [stdout]    |            ^^^^^
[INFO] [stdout]    |
[INFO] [stdout]    = note: `#[warn(dead_code)]` on by default
[INFO] [stdout] 
[INFO] [stdout] 
[INFO] [stderr]     Finished `test` profile [unoptimized + debuginfo] target(s) in 6.39s
[INFO] running `Command { std: "docker" "inspect" "6e9dd36704421fac9a692b3f1e316fb8e2b1dad1de946ff8bcd3b41f7b752837", kill_on_drop: false }`
[INFO] running `Command { std: "docker" "rm" "-f" "6e9dd36704421fac9a692b3f1e316fb8e2b1dad1de946ff8bcd3b41f7b752837", kill_on_drop: false }`
[INFO] [stdout] 6e9dd36704421fac9a692b3f1e316fb8e2b1dad1de946ff8bcd3b41f7b752837
[INFO] running `Command { std: "docker" "create" "-v" "/var/lib/crater-agent-workspace/builds/worker-4-tc1/target:/opt/rustwide/target:rw,Z" "-v" "/var/lib/crater-agent-workspace/builds/worker-4-tc1/source:/opt/rustwide/workdir:ro,Z" "-v" "/var/lib/crater-agent-workspace/cargo-home:/opt/rustwide/cargo-home:ro,Z" "-v" "/var/lib/crater-agent-workspace/rustup-home:/opt/rustwide/rustup-home:ro,Z" "-e" "SOURCE_DIR=/opt/rustwide/workdir" "-e" "CARGO_TARGET_DIR=/opt/rustwide/target" "-e" "CARGO_INCREMENTAL=0" "-e" "RUST_BACKTRACE=full" "-e" "RUSTFLAGS=--cap-lints=forbid" "-e" "RUSTDOCFLAGS=--cap-lints=forbid" "-e" "CARGO_HOME=/opt/rustwide/cargo-home" "-e" "RUSTUP_HOME=/opt/rustwide/rustup-home" "-w" "/opt/rustwide/workdir" "-m" "1610612736" "--user" "0:0" "--network" "none" "ghcr.io/rust-lang/crates-build-env/linux@sha256:819108c5571ea2e421544af4d832f968d213c87fbe3707a016657f43d2f853bc" "/opt/rustwide/cargo-home/bin/cargo" "+nightly-2025-01-18" "test" "--frozen", kill_on_drop: false }`
[INFO] [stdout] b1abacf8067846785762dcc4529528f352c740209c604fb1b6881e17d4558584
[INFO] running `Command { std: "docker" "start" "-a" "b1abacf8067846785762dcc4529528f352c740209c604fb1b6881e17d4558584", kill_on_drop: false }`
[INFO] [stderr] warning: virtual workspace defaulting to `resolver = "1"` despite one or more workspace members being on edition 2021 which implies `resolver = "2"`
[INFO] [stderr] note: to keep the current resolver, specify `workspace.resolver = "1"` in the workspace root's manifest
[INFO] [stderr] note: to use the edition 2021 resolver, specify `workspace.resolver = "2"` in the workspace root's manifest
[INFO] [stderr] note: for more details see https://doc.rust-lang.org/cargo/reference/resolver.html#resolver-versions
[INFO] [stderr] warning: unused import: `itertools::Itertools`
[INFO] [stderr]  --> aoc2023-12-1/src/lib.rs:1:5
[INFO] [stderr]   |
[INFO] [stderr] 1 | use itertools::Itertools;
[INFO] [stderr]   |     ^^^^^^^^^^^^^^^^^^^^
[INFO] [stderr]   |
[INFO] [stderr]   = note: `#[warn(unused_imports)]` on by default
[INFO] [stderr] 
[INFO] [stderr] warning: `aoc2023-12-1` (lib) generated 1 warning
[INFO] [stderr] warning: unused import: `RangeBounds`
[INFO] [stderr]  --> aoc2023-10-2/src/lib.rs:4:16
[INFO] [stderr]   |
[INFO] [stderr] 4 |     ops::{Add, RangeBounds},
[INFO] [stderr]   |                ^^^^^^^^^^^
[INFO] [stderr]   |
[INFO] [stderr]   = note: `#[warn(unused_imports)]` on by default
[INFO] [stderr] 
[INFO] [stderr] warning: method `debug` is never used
[INFO] [stderr]   --> aoc2023-14-2/src/lib.rs:27:12
[INFO] [stderr]    |
[INFO] [stderr] 26 | impl LoadCalculator {
[INFO] [stderr]    | ------------------- method in this implementation
[INFO] [stderr] 27 |     pub fn debug(&self) {
[INFO] [stderr]    |            ^^^^^
[INFO] [stderr]    |
[INFO] [stderr]    = note: `#[warn(dead_code)]` on by default
[INFO] [stderr] 
[INFO] [stderr] warning: `aoc2023-10-2` (lib) generated 1 warning
[INFO] [stderr] warning: `aoc2023-14-2` (lib) generated 1 warning
[INFO] [stderr] warning: fields `r`, `g`, and `b` are never read
[INFO] [stderr]   --> aoc2023-18-1/src/lib.rs:35:5
[INFO] [stderr]    |
[INFO] [stderr] 34 | struct Colour {
[INFO] [stderr]    |        ------ fields in this struct
[INFO] [stderr] 35 |     r: u8,
[INFO] [stderr]    |     ^
[INFO] [stderr] 36 |     g: u8,
[INFO] [stderr]    |     ^
[INFO] [stderr] 37 |     b: u8,
[INFO] [stderr]    |     ^
[INFO] [stderr]    |
[INFO] [stderr]    = note: `Colour` has a derived impl for the trait `Debug`, but this is intentionally ignored during dead code analysis
[INFO] [stderr]    = note: `#[warn(dead_code)]` on by default
[INFO] [stderr] 
[INFO] [stderr] warning: field `colour` is never read
[INFO] [stderr]   --> aoc2023-18-1/src/lib.rs:53:5
[INFO] [stderr]    |
[INFO] [stderr] 50 | struct Instruction {
[INFO] [stderr]    |        ----------- field in this struct
[INFO] [stderr] ...
[INFO] [stderr] 53 |     colour: Colour,
[INFO] [stderr]    |     ^^^^^^
[INFO] [stderr]    |
[INFO] [stderr]    = note: `Instruction` has a derived impl for the trait `Debug`, but this is intentionally ignored during dead code analysis
[INFO] [stderr] 
[INFO] [stderr] warning: unused variable: `name`
[INFO] [stderr]    --> aoc2023-20-1/src/lib.rs:178:33
[INFO] [stderr]     |
[INFO] [stderr] 178 |     fn connect_input(&mut self, name: &str) {
[INFO] [stderr]     |                                 ^^^^ help: if this is intentional, prefix it with an underscore: `_name`
[INFO] [stderr]     |
[INFO] [stderr]     = note: `#[warn(unused_variables)]` on by default
[INFO] [stderr] 
[INFO] [stderr] warning: method `push` is never used
[INFO] [stderr]    --> aoc2023-20-1/src/lib.rs:105:8
[INFO] [stderr]     |
[INFO] [stderr] 104 | impl NodeNames {
[INFO] [stderr]     | -------------- method in this implementation
[INFO] [stderr] 105 |     fn push<S: ToString>(&mut self, name: S) {
[INFO] [stderr]     |        ^^^^
[INFO] [stderr]     |
[INFO] [stderr]     = note: `#[warn(dead_code)]` on by default
[INFO] [stderr] 
[INFO] [stderr] warning: struct `Named` is never constructed
[INFO] [stderr]    --> aoc2023-20-1/src/lib.rs:202:8
[INFO] [stderr]     |
[INFO] [stderr] 202 | struct Named<T>(String, T);
[INFO] [stderr]     |        ^^^^^
[INFO] [stderr] 
[INFO] [stderr] warning: `aoc2023-18-1` (lib) generated 2 warnings
[INFO] [stderr] warning: `aoc2023-20-1` (lib) generated 3 warnings
[INFO] [stderr] warning: unused import: `zip`
[INFO] [stderr]  --> aoc2023-12-2/src/lib.rs:5:20
[INFO] [stderr]   |
[INFO] [stderr] 5 |     iter::{repeat, zip},
[INFO] [stderr]   |                    ^^^
[INFO] [stderr]   |
[INFO] [stderr]   = note: `#[warn(unused_imports)]` on by default
[INFO] [stderr] 
[INFO] [stderr] warning: `aoc2023-12-2` (lib) generated 1 warning (run `cargo fix --lib -p aoc2023-12-2` to apply 1 suggestion)
[INFO] [stderr] warning: `aoc2023-12-2` (lib test) generated 1 warning (1 duplicate)
[INFO] [stderr] warning: `aoc2023-18-1` (lib test) generated 2 warnings (2 duplicates)
[INFO] [stderr] warning: `aoc2023-20-1` (lib test) generated 3 warnings (3 duplicates)
[INFO] [stderr] warning: unused import: `cmp::min`
[INFO] [stderr]  --> aoc2023-04-2/src/lib.rs:2:5
[INFO] [stderr]   |
[INFO] [stderr] 2 |     cmp::min,
[INFO] [stderr]   |     ^^^^^^^^
[INFO] [stderr]   |
[INFO] [stderr]   = note: `#[warn(unused_imports)]` on by default
[INFO] [stderr] 
[INFO] [stderr] warning: trait `EndScanner` is never used
[INFO] [stderr]  --> aoc2023-01-2/src/lib.rs:5:7
[INFO] [stderr]   |
[INFO] [stderr] 5 | trait EndScanner {
[INFO] [stderr]   |       ^^^^^^^^^^
[INFO] [stderr]   |
[INFO] [stderr]   = note: `#[warn(dead_code)]` on by default
[INFO] [stderr] 
[INFO] [stderr] warning: `aoc2023-04-2` (lib) generated 1 warning (run `cargo fix --lib -p aoc2023-04-2` to apply 1 suggestion)
[INFO] [stderr] warning: `aoc2023-01-2` (lib) generated 1 warning
[INFO] [stderr] warning: `aoc2023-01-2` (lib test) generated 1 warning (1 duplicate)
[INFO] [stderr] warning: `aoc2023-04-2` (lib test) generated 1 warning (1 duplicate)
[INFO] [stderr] warning: `aoc2023-12-1` (lib test) generated 1 warning (1 duplicate)
[INFO] [stderr] warning: `aoc2023-10-2` (lib test) generated 1 warning (1 duplicate)
[INFO] [stderr] warning: `aoc2023-14-2` (lib test) generated 1 warning (1 duplicate)
[INFO] [stderr]     Finished `test` profile [unoptimized + debuginfo] target(s) in 0.12s
[INFO] [stderr]      Running unittests src/lib.rs (/opt/rustwide/target/debug/deps/aoc2023_01_1-11e1fa6273656487)
[INFO] [stdout] 
[INFO] [stdout] running 4 tests
[INFO] [stdout] test test::example2 ... ok
[INFO] [stdout] test test::example4 ... ok
[INFO] [stdout] test test::example3 ... ok
[INFO] [stdout] test test::example1 ... ok
[INFO] [stdout] 
[INFO] [stdout] test result: ok. 4 passed; 0 failed; 0 ignored; 0 measured; 0 filtered out; finished in 0.00s
[INFO] [stdout] 
[INFO] [stderr]      Running unittests src/main.rs (/opt/rustwide/target/debug/deps/aoc2023_01_1-4313bf4944d09e2b)
[INFO] [stdout] 
[INFO] [stdout] running 0 tests
[INFO] [stdout] 
[INFO] [stdout] test result: ok. 0 passed; 0 failed; 0 ignored; 0 measured; 0 filtered out; finished in 0.00s
[INFO] [stdout] 
[INFO] [stderr]      Running unittests src/lib.rs (/opt/rustwide/target/debug/deps/aoc2023_01_2-c29cab51d24e7bb0)
[INFO] [stdout] 
[INFO] [stdout] running 2 tests
[INFO] [stdout] test tests::examples ... ok
[INFO] [stderr]      Running unittests src/main.rs (/opt/rustwide/target/debug/deps/aoc2023_01_2-436739804b65a517)
[INFO] [stdout] test tests::full_calculation ... ok
[INFO] [stdout] 
[INFO] [stdout] test result: ok. 2 passed; 0 failed; 0 ignored; 0 measured; 0 filtered out; finished in 0.00s
[INFO] [stdout] 
[INFO] [stderr]      Running unittests src/lib.rs (/opt/rustwide/target/debug/deps/aoc2023_02_1-8ca20cc267c92552)
[INFO] [stdout] 
[INFO] [stdout] running 0 tests
[INFO] [stdout] 
[INFO] [stdout] test result: ok. 0 passed; 0 failed; 0 ignored; 0 measured; 0 filtered out; finished in 0.00s
[INFO] [stdout] 
[INFO] [stdout] 
[INFO] [stdout] running 4 tests
[INFO] [stdout] test tests::round_deserialize ... ok
[INFO] [stdout] test tests::game_deserialize ... ok
[INFO] [stdout] test tests::round_or ... ok
[INFO] [stdout] test tests::full_calculation ... ok
[INFO] [stdout] 
[INFO] [stdout] test result: ok. 4 passed; 0 failed; 0 ignored; 0 measured; 0 filtered out; finished in 0.02s
[INFO] [stdout] 
[INFO] [stderr]      Running unittests src/main.rs (/opt/rustwide/target/debug/deps/aoc2023_02_1-0d80803fc5175864)
[INFO] [stderr]      Running unittests src/lib.rs (/opt/rustwide/target/debug/deps/aoc2023_02_2-c2367eeca62944a0)
[INFO] [stdout] 
[INFO] [stdout] running 0 tests
[INFO] [stdout] 
[INFO] [stdout] test result: ok. 0 passed; 0 failed; 0 ignored; 0 measured; 0 filtered out; finished in 0.00s
[INFO] [stdout] 
[INFO] [stdout] 
[INFO] [stdout] running 4 tests
[INFO] [stdout] test tests::round_or ... ok
[INFO] [stdout] test tests::round_deserialize ... ok
[INFO] [stdout] test tests::game_deserialize ... ok
[INFO] [stdout] test tests::full_calculation ... ok
[INFO] [stdout] 
[INFO] [stdout] test result: ok. 4 passed; 0 failed; 0 ignored; 0 measured; 0 filtered out; finished in 0.01s
[INFO] [stdout] 
[INFO] [stderr]      Running unittests src/main.rs (/opt/rustwide/target/debug/deps/aoc2023_02_2-90e817b9f054f1c2)
[INFO] [stdout] 
[INFO] [stdout] running 0 tests
[INFO] [stdout] 
[INFO] [stdout] test result: ok. 0 passed; 0 failed; 0 ignored; 0 measured; 0 filtered out; finished in 0.00s
[INFO] [stdout] 
[INFO] [stderr]      Running unittests src/lib.rs (/opt/rustwide/target/debug/deps/aoc2023_03_1-77d948a398813bb2)
[INFO] [stdout] 
[INFO] [stdout] running 3 tests
[INFO] [stdout] test test::hit_matrix_basic_read ... ok
[INFO] [stdout] test test::hit_matrix_cycle ... ok
[INFO] [stdout] test test::full_example ... ok
[INFO] [stdout] 
[INFO] [stdout] test result: ok. 3 passed; 0 failed; 0 ignored; 0 measured; 0 filtered out; finished in 0.01s
[INFO] [stdout] 
[INFO] [stderr]      Running unittests src/main.rs (/opt/rustwide/target/debug/deps/aoc2023_03_1-9ceda01cb25f3cfd)
[INFO] [stdout] 
[INFO] [stdout] running 0 tests
[INFO] [stdout] 
[INFO] [stdout] test result: ok. 0 passed; 0 failed; 0 ignored; 0 measured; 0 filtered out; finished in 0.00s
[INFO] [stdout] 
[INFO] [stderr]      Running unittests src/lib.rs (/opt/rustwide/target/debug/deps/aoc2023_03_2-b8be7f139690440d)
[INFO] [stdout] 
[INFO] [stdout] running 1 test
[INFO] [stdout] test test::full_example ... ok
[INFO] [stdout] 
[INFO] [stdout] test result: ok. 1 passed; 0 failed; 0 ignored; 0 measured; 0 filtered out; finished in 0.00s
[INFO] [stdout] 
[INFO] [stderr]      Running unittests src/main.rs (/opt/rustwide/target/debug/deps/aoc2023_03_2-6fa569d0b227c351)
[INFO] [stdout] 
[INFO] [stdout] running 0 tests
[INFO] [stdout] 
[INFO] [stdout] test result: ok. 0 passed; 0 failed; 0 ignored; 0 measured; 0 filtered out; finished in 0.00s
[INFO] [stdout] 
[INFO] [stderr]      Running unittests src/lib.rs (/opt/rustwide/target/debug/deps/aoc2023_04_1-f4648a08b195c3e0)
[INFO] [stdout] 
[INFO] [stdout] running 2 tests
[INFO] [stdout] test test::game_deserialize ... ok
[INFO] [stdout] test test::full_example ... ok
[INFO] [stdout] 
[INFO] [stdout] test result: ok. 2 passed; 0 failed; 0 ignored; 0 measured; 0 filtered out; finished in 0.01s
[INFO] [stdout] 
[INFO] [stderr]      Running unittests src/main.rs (/opt/rustwide/target/debug/deps/aoc2023_04_1-6a9f12433c3e6bdb)
[INFO] [stdout] 
[INFO] [stdout] running 0 tests
[INFO] [stdout] 
[INFO] [stdout] test result: ok. 0 passed; 0 failed; 0 ignored; 0 measured; 0 filtered out; finished in 0.00s
[INFO] [stdout] 
[INFO] [stderr]      Running unittests src/lib.rs (/opt/rustwide/target/debug/deps/aoc2023_04_2-ed0c3436cfaf2cde)
[INFO] [stdout] 
[INFO] [stdout] running 1 test
[INFO] [stdout] test test::example ... ok
[INFO] [stdout] 
[INFO] [stdout] test result: ok. 1 passed; 0 failed; 0 ignored; 0 measured; 0 filtered out; finished in 0.01s
[INFO] [stdout] 
[INFO] [stderr]      Running unittests src/main.rs (/opt/rustwide/target/debug/deps/aoc2023_04_2-602ae1c003eaa164)
[INFO] [stdout] 
[INFO] [stdout] running 0 tests
[INFO] [stdout] 
[INFO] [stdout] test result: ok. 0 passed; 0 failed; 0 ignored; 0 measured; 0 filtered out; finished in 0.00s
[INFO] [stdout] 
[INFO] [stderr]      Running unittests src/lib.rs (/opt/rustwide/target/debug/deps/aoc2023_05_1-185b447a44b4086a)
[INFO] [stdout] 
[INFO] [stdout] running 1 test
[INFO] [stdout] test test::full_example ... ok
[INFO] [stdout] 
[INFO] [stdout] test result: ok. 1 passed; 0 failed; 0 ignored; 0 measured; 0 filtered out; finished in 0.01s
[INFO] [stdout] 
[INFO] [stderr]      Running unittests src/main.rs (/opt/rustwide/target/debug/deps/aoc2023_05_1-06f2804761f65243)
[INFO] [stdout] 
[INFO] [stdout] running 0 tests
[INFO] [stdout] 
[INFO] [stdout] test result: ok. 0 passed; 0 failed; 0 ignored; 0 measured; 0 filtered out; finished in 0.00s
[INFO] [stdout] 
[INFO] [stderr]      Running unittests src/lib.rs (/opt/rustwide/target/debug/deps/aoc2023_05_2-b407409fe90da910)
[INFO] [stdout] 
[INFO] [stdout] running 1 test
[INFO] [stdout] test test::full_example ... ok
[INFO] [stdout] 
[INFO] [stdout] test result: ok. 1 passed; 0 failed; 0 ignored; 0 measured; 0 filtered out; finished in 0.01s
[INFO] [stdout] 
[INFO] [stderr]      Running unittests src/main.rs (/opt/rustwide/target/debug/deps/aoc2023_05_2-064494406bbab965)
[INFO] [stdout] 
[INFO] [stdout] running 0 tests
[INFO] [stdout] 
[INFO] [stdout] test result: ok. 0 passed; 0 failed; 0 ignored; 0 measured; 0 filtered out; finished in 0.00s
[INFO] [stdout] 
[INFO] [stderr]      Running unittests src/lib.rs (/opt/rustwide/target/debug/deps/aoc2023_06_1-533b0b8db70a720e)
[INFO] [stdout] 
[INFO] [stdout] running 1 test
[INFO] [stdout] test test::full_example ... ok
[INFO] [stdout] 
[INFO] [stdout] test result: ok. 1 passed; 0 failed; 0 ignored; 0 measured; 0 filtered out; finished in 0.00s
[INFO] [stdout] 
[INFO] [stderr]      Running unittests src/main.rs (/opt/rustwide/target/debug/deps/aoc2023_06_1-4fe5116479068966)
[INFO] [stdout] 
[INFO] [stdout] running 0 tests
[INFO] [stdout] 
[INFO] [stdout] test result: ok. 0 passed; 0 failed; 0 ignored; 0 measured; 0 filtered out; finished in 0.00s
[INFO] [stdout] 
[INFO] [stderr]      Running unittests src/lib.rs (/opt/rustwide/target/debug/deps/aoc2023_06_2-ef72eab8f785874b)
[INFO] [stdout] 
[INFO] [stdout] running 1 test
[INFO] [stdout] test test::full_example ... ok
[INFO] [stdout] 
[INFO] [stdout] test result: ok. 1 passed; 0 failed; 0 ignored; 0 measured; 0 filtered out; finished in 0.00s
[INFO] [stdout] 
[INFO] [stderr]      Running unittests src/main.rs (/opt/rustwide/target/debug/deps/aoc2023_06_2-c5d06c0f01769e84)
[INFO] [stderr]      Running unittests src/lib.rs (/opt/rustwide/target/debug/deps/aoc2023_07_1-0ff232810bda6709)
[INFO] [stdout] 
[INFO] [stdout] running 0 tests
[INFO] [stdout] 
[INFO] [stdout] test result: ok. 0 passed; 0 failed; 0 ignored; 0 measured; 0 filtered out; finished in 0.00s
[INFO] [stdout] 
[INFO] [stdout] 
[INFO] [stdout] running 1 test
[INFO] [stdout] test test::full_example ... ok
[INFO] [stdout] 
[INFO] [stdout] test result: ok. 1 passed; 0 failed; 0 ignored; 0 measured; 0 filtered out; finished in 0.01s
[INFO] [stdout] 
[INFO] [stderr]      Running unittests src/main.rs (/opt/rustwide/target/debug/deps/aoc2023_07_1-0edafe3991b2a953)
[INFO] [stdout] 
[INFO] [stdout] running 0 tests
[INFO] [stdout] 
[INFO] [stdout] test result: ok. 0 passed; 0 failed; 0 ignored; 0 measured; 0 filtered out; finished in 0.00s
[INFO] [stdout] 
[INFO] [stderr]      Running unittests src/lib.rs (/opt/rustwide/target/debug/deps/aoc2023_07_2-3d82962f9fa28593)
[INFO] [stdout] 
[INFO] [stdout] running 1 test
[INFO] [stderr]      Running unittests src/main.rs (/opt/rustwide/target/debug/deps/aoc2023_07_2-ca963c3fb4bf1cf7)
[INFO] [stdout] test test::full_example ... ok
[INFO] [stdout] 
[INFO] [stdout] test result: ok. 1 passed; 0 failed; 0 ignored; 0 measured; 0 filtered out; finished in 0.01s
[INFO] [stdout] 
[INFO] [stderr]      Running unittests src/lib.rs (/opt/rustwide/target/debug/deps/aoc2023_08_1-e03541cd92e1f604)
[INFO] [stdout] 
[INFO] [stdout] running 0 tests
[INFO] [stdout] 
[INFO] [stdout] test result: ok. 0 passed; 0 failed; 0 ignored; 0 measured; 0 filtered out; finished in 0.00s
[INFO] [stdout] 
[INFO] [stdout] 
[INFO] [stdout] running 2 tests
[INFO] [stdout] test test::full_example_1 ... ok
[INFO] [stdout] test test::full_example_2 ... ok
[INFO] [stdout] 
[INFO] [stdout] test result: ok. 2 passed; 0 failed; 0 ignored; 0 measured; 0 filtered out; finished in 0.00s
[INFO] [stdout] 
[INFO] [stderr]      Running unittests src/main.rs (/opt/rustwide/target/debug/deps/aoc2023_08_1-9c433f7f011533cd)
[INFO] [stdout] 
[INFO] [stdout] running 0 tests
[INFO] [stdout] 
[INFO] [stdout] test result: ok. 0 passed; 0 failed; 0 ignored; 0 measured; 0 filtered out; finished in 0.00s
[INFO] [stdout] 
[INFO] [stderr]      Running unittests src/lib.rs (/opt/rustwide/target/debug/deps/aoc2023_08_2-e1c1c6164b3ce4ff)
[INFO] [stdout] 
[INFO] [stdout] running 1 test
[INFO] [stdout] test test::full_example ... ok
[INFO] [stdout] 
[INFO] [stdout] test result: ok. 1 passed; 0 failed; 0 ignored; 0 measured; 0 filtered out; finished in 0.00s
[INFO] [stdout] 
[INFO] [stderr]      Running unittests src/main.rs (/opt/rustwide/target/debug/deps/aoc2023_08_2-2279b0446ecc8916)
[INFO] [stdout] 
[INFO] [stdout] running 0 tests
[INFO] [stdout] 
[INFO] [stdout] test result: ok. 0 passed; 0 failed; 0 ignored; 0 measured; 0 filtered out; finished in 0.00s
[INFO] [stdout] 
[INFO] [stderr]      Running unittests src/lib.rs (/opt/rustwide/target/debug/deps/aoc2023_09_1-f661cb2191e76fa2)
[INFO] [stdout] 
[INFO] [stdout] running 1 test
[INFO] [stdout] test test::full_example ... ok
[INFO] [stdout] 
[INFO] [stdout] test result: ok. 1 passed; 0 failed; 0 ignored; 0 measured; 0 filtered out; finished in 0.00s
[INFO] [stdout] 
[INFO] [stderr]      Running unittests src/main.rs (/opt/rustwide/target/debug/deps/aoc2023_09_1-8927da620d9690a9)
[INFO] [stdout] 
[INFO] [stdout] running 0 tests
[INFO] [stderr]      Running unittests src/lib.rs (/opt/rustwide/target/debug/deps/aoc2023_09_2-f5532a5fc08b796f)
[INFO] [stdout] 
[INFO] [stdout] test result: ok. 0 passed; 0 failed; 0 ignored; 0 measured; 0 filtered out; finished in 0.00s
[INFO] [stdout] 
[INFO] [stdout] 
[INFO] [stdout] running 1 test
[INFO] [stdout] test test::full_example ... ok
[INFO] [stdout] 
[INFO] [stdout] test result: ok. 1 passed; 0 failed; 0 ignored; 0 measured; 0 filtered out; finished in 0.00s
[INFO] [stdout] 
[INFO] [stderr]      Running unittests src/main.rs (/opt/rustwide/target/debug/deps/aoc2023_09_2-77af80c491b219d9)
[INFO] [stdout] 
[INFO] [stdout] running 0 tests
[INFO] [stdout] 
[INFO] [stdout] test result: ok. 0 passed; 0 failed; 0 ignored; 0 measured; 0 filtered out; finished in 0.00s
[INFO] [stdout] 
[INFO] [stderr]      Running unittests src/lib.rs (/opt/rustwide/target/debug/deps/aoc2023_10_1-9e953623be86a38e)
[INFO] [stdout] 
[INFO] [stdout] running 1 test
[INFO] [stdout] test test::full_example ... ok
[INFO] [stdout] 
[INFO] [stdout] test result: ok. 1 passed; 0 failed; 0 ignored; 0 measured; 0 filtered out; finished in 0.00s
[INFO] [stdout] 
[INFO] [stderr]      Running unittests src/main.rs (/opt/rustwide/target/debug/deps/aoc2023_10_1-b874845139669773)
[INFO] [stdout] 
[INFO] [stdout] running 0 tests
[INFO] [stdout] 
[INFO] [stdout] test result: ok. 0 passed; 0 failed; 0 ignored; 0 measured; 0 filtered out; finished in 0.00s
[INFO] [stdout] 
[INFO] [stderr]      Running unittests src/lib.rs (/opt/rustwide/target/debug/deps/aoc2023_10_2-33e0db0681fa6b97)
[INFO] [stdout] 
[INFO] [stdout] running 3 tests
[INFO] [stdout] test test::full_example_1 ... ok
[INFO] [stdout] test test::full_example_3 ... ok
[INFO] [stdout] test test::full_example_2 ... FAILED
[INFO] [stdout] 
[INFO] [stdout] failures:
[INFO] [stdout] 
[INFO] [stdout] ---- test::full_example_2 stdout ----
[INFO] [stdout] [aoc2023-10-2/src/lib.rs:253:5] walker.age = 141
[INFO] [stdout] [aoc2023-10-2/src/lib.rs:254:5] network.sum() = 9
[INFO] [stdout] 00000000000000000000
[INFO] [stdout] 00000000000000000000
[INFO] [stdout] 00000000000000000000
[INFO] [stdout] 00000000000000100000
[INFO] [stdout] 00000001110001000000
[INFO] [stdout] 00000001100000000000
[INFO] [stdout] 00000010000000100000
[INFO] [stdout] 00000000000000000000
[INFO] [stdout] 00000000000000000000
[INFO] [stdout] 00000000000000000000
[INFO] [stdout] 
[INFO] [stdout] 
[INFO] [stdout] thread 'test::full_example_2' panicked at aoc2023-10-2/src/lib.rs:294:9:
[INFO] [stdout] assertion `left == right` failed
[INFO] [stdout]   left: 9
[INFO] [stdout]  right: 8
[INFO] [stdout] stack backtrace:
[INFO] [stdout]    0:     0x5f6f132cf7ea - std::backtrace_rs::backtrace::libunwind::trace::hb059275cfc8d6126
[INFO] [stdout]                                at /rustc/6067b36314ab5eb2eb47cecc464545ba58e1ad24/library/std/src/../../backtrace/src/backtrace/libunwind.rs:116:5
[INFO] [stdout]    1:     0x5f6f132cf7ea - std::backtrace_rs::backtrace::trace_unsynchronized::h2da071e4327ce3ee
[INFO] [stdout]                                at /rustc/6067b36314ab5eb2eb47cecc464545ba58e1ad24/library/std/src/../../backtrace/src/backtrace/mod.rs:66:5
[INFO] [stdout]    2:     0x5f6f132cf7ea - std::sys::backtrace::_print_fmt::h842a1474e6f8d23f
[INFO] [stdout]                                at /rustc/6067b36314ab5eb2eb47cecc464545ba58e1ad24/library/std/src/sys/backtrace.rs:66:9
[INFO] [stdout]    3:     0x5f6f132cf7ea - <std::sys::backtrace::BacktraceLock::print::DisplayBacktrace as core::fmt::Display>::fmt::h71a62eb3b9696b12
[INFO] [stdout]                                at /rustc/6067b36314ab5eb2eb47cecc464545ba58e1ad24/library/std/src/sys/backtrace.rs:39:26
[INFO] [stdout]    4:     0x5f6f132f6dd3 - core::fmt::rt::Argument::fmt::hdb6b616786b41dc1
[INFO] [stdout]                                at /rustc/6067b36314ab5eb2eb47cecc464545ba58e1ad24/library/core/src/fmt/rt.rs:177:76
[INFO] [stdout]    5:     0x5f6f132f6dd3 - core::fmt::write::h2cc1698af7e2d686
[INFO] [stdout]                                at /rustc/6067b36314ab5eb2eb47cecc464545ba58e1ad24/library/core/src/fmt/mod.rs:1440:21
[INFO] [stdout]    6:     0x5f6f132cc343 - std::io::Write::write_fmt::hab1b4cd059a79022
[INFO] [stdout]                                at /rustc/6067b36314ab5eb2eb47cecc464545ba58e1ad24/library/std/src/io/mod.rs:1887:15
[INFO] [stdout]    7:     0x5f6f132cf632 - std::sys::backtrace::BacktraceLock::print::h147fe35b4ea13b08
[INFO] [stdout]                                at /rustc/6067b36314ab5eb2eb47cecc464545ba58e1ad24/library/std/src/sys/backtrace.rs:42:9
[INFO] [stdout]    8:     0x5f6f132d0c0f - std::panicking::default_hook::{{closure}}::hbd44223dbdc0d208
[INFO] [stdout]                                at /rustc/6067b36314ab5eb2eb47cecc464545ba58e1ad24/library/std/src/panicking.rs:298:22
[INFO] [stdout]    9:     0x5f6f132d0a28 - std::panicking::default_hook::h20f81eb0576efcec
[INFO] [stdout]                                at /rustc/6067b36314ab5eb2eb47cecc464545ba58e1ad24/library/std/src/panicking.rs:322:9
[INFO] [stdout]   10:     0x5f6f13299843 - <alloc::boxed::Box<F,A> as core::ops::function::Fn<Args>>::call::hdb53814c496a4d34
[INFO] [stdout]                                at /rustc/6067b36314ab5eb2eb47cecc464545ba58e1ad24/library/alloc/src/boxed.rs:2027:9
[INFO] [stdout]   11:     0x5f6f13299843 - test::test_main::{{closure}}::hc0a4963c59427c24
[INFO] [stdout]                                at /rustc/6067b36314ab5eb2eb47cecc464545ba58e1ad24/library/test/src/lib.rs:134:21
[INFO] [stdout]   12:     0x5f6f132d1703 - <alloc::boxed::Box<F,A> as core::ops::function::Fn<Args>>::call::h591b2225413a77e9
[INFO] [stdout]                                at /rustc/6067b36314ab5eb2eb47cecc464545ba58e1ad24/library/alloc/src/boxed.rs:2027:9
[INFO] [stdout]   13:     0x5f6f132d1703 - std::panicking::rust_panic_with_hook::h625eea43051b2edc
[INFO] [stdout]                                at /rustc/6067b36314ab5eb2eb47cecc464545ba58e1ad24/library/std/src/panicking.rs:839:13
[INFO] [stdout]   14:     0x5f6f132d13ba - std::panicking::begin_panic_handler::{{closure}}::h4f9159cfbc3f6bd3
[INFO] [stdout]                                at /rustc/6067b36314ab5eb2eb47cecc464545ba58e1ad24/library/std/src/panicking.rs:704:13
[INFO] [stdout]   15:     0x5f6f132cfce9 - std::sys::backtrace::__rust_end_short_backtrace::h0390abce48353151
[INFO] [stdout]                                at /rustc/6067b36314ab5eb2eb47cecc464545ba58e1ad24/library/std/src/sys/backtrace.rs:168:18
[INFO] [stdout]   16:     0x5f6f132d104d - rust_begin_unwind
[INFO] [stdout]                                at /rustc/6067b36314ab5eb2eb47cecc464545ba58e1ad24/library/std/src/panicking.rs:695:5
[INFO] [stdout]   17:     0x5f6f132f5850 - core::panicking::panic_fmt::h9e7c637e9e5f29c9
[INFO] [stdout]                                at /rustc/6067b36314ab5eb2eb47cecc464545ba58e1ad24/library/core/src/panicking.rs:75:14
[INFO] [stdout]   18:     0x5f6f132f5ba2 - core::panicking::assert_failed_inner::h538bec7c1374cd9c
[INFO] [stdout]   19:     0x5f6f132f5a59 - core::panicking::assert_failed::h7fe8c93d80615b71
[INFO] [stdout]                                at /rustc/6067b36314ab5eb2eb47cecc464545ba58e1ad24/library/core/src/panicking.rs:364:5
[INFO] [stdout]   20:     0x5f6f1325bd50 - aoc2023_10_2::test::full_example_2::h91887faee817a6eb
[INFO] [stdout]                                at /opt/rustwide/workdir/aoc2023-10-2/src/lib.rs:294:9
[INFO] [stdout]   21:     0x5f6f1325bc77 - aoc2023_10_2::test::full_example_2::{{closure}}::h088c175db5006b57
[INFO] [stdout]                                at /opt/rustwide/workdir/aoc2023-10-2/src/lib.rs:281:24
[INFO] [stdout]   22:     0x5f6f13258736 - core::ops::function::FnOnce::call_once::heab8431125ba469c
[INFO] [stdout]                                at /rustc/6067b36314ab5eb2eb47cecc464545ba58e1ad24/library/core/src/ops/function.rs:250:5
[INFO] [stdout]   23:     0x5f6f1329ef9b - core::ops::function::FnOnce::call_once::he27718dfdd183f43
[INFO] [stdout]                                at /rustc/6067b36314ab5eb2eb47cecc464545ba58e1ad24/library/core/src/ops/function.rs:250:5
[INFO] [stdout]   24:     0x5f6f1329ef9b - test::__rust_begin_short_backtrace::h4e84902998457a5d
[INFO] [stdout]                                at /rustc/6067b36314ab5eb2eb47cecc464545ba58e1ad24/library/test/src/lib.rs:632:18
[INFO] [stdout]   25:     0x5f6f1329ded3 - test::run_test_in_process::{{closure}}::h7176fd18fc1feca0
[INFO] [stdout]                                at /rustc/6067b36314ab5eb2eb47cecc464545ba58e1ad24/library/test/src/lib.rs:655:60
[INFO] [stdout]   26:     0x5f6f1329ded3 - <core::panic::unwind_safe::AssertUnwindSafe<F> as core::ops::function::FnOnce<()>>::call_once::hf79cff2a624d8cf7
[INFO] [stdout]                                at /rustc/6067b36314ab5eb2eb47cecc464545ba58e1ad24/library/core/src/panic/unwind_safe.rs:272:9
[INFO] [stdout]   27:     0x5f6f1329ded3 - std::panicking::try::do_call::h3da0561d9ab99c25
[INFO] [stdout]                                at /rustc/6067b36314ab5eb2eb47cecc464545ba58e1ad24/library/std/src/panicking.rs:587:40
[INFO] [stdout]   28:     0x5f6f1329ded3 - std::panicking::try::h41c9fa508bc61df6
[INFO] [stdout]                                at /rustc/6067b36314ab5eb2eb47cecc464545ba58e1ad24/library/std/src/panicking.rs:550:19
[INFO] [stdout]   29:     0x5f6f1329ded3 - std::panic::catch_unwind::h6b3ff07bb5afad93
[INFO] [stdout]                                at /rustc/6067b36314ab5eb2eb47cecc464545ba58e1ad24/library/std/src/panic.rs:358:14
[INFO] [stdout]   30:     0x5f6f1329ded3 - test::run_test_in_process::hc7253dd11b39b9f4
[INFO] [stdout]                                at /rustc/6067b36314ab5eb2eb47cecc464545ba58e1ad24/library/test/src/lib.rs:655:27
[INFO] [stdout]   31:     0x5f6f1329ded3 - test::run_test::{{closure}}::hfb2007f8649c30bb
[INFO] [stdout]                                at /rustc/6067b36314ab5eb2eb47cecc464545ba58e1ad24/library/test/src/lib.rs:576:43
[INFO] [stdout]   32:     0x5f6f13260fb5 - test::run_test::{{closure}}::h56a17aa7a282a9f4
[INFO] [stdout]                                at /rustc/6067b36314ab5eb2eb47cecc464545ba58e1ad24/library/test/src/lib.rs:606:41
[INFO] [stdout]   33:     0x5f6f13260fb5 - std::sys::backtrace::__rust_begin_short_backtrace::hd2d2d2fb8e8c6aac
[INFO] [stdout]                                at /rustc/6067b36314ab5eb2eb47cecc464545ba58e1ad24/library/std/src/sys/backtrace.rs:152:18
[INFO] [stdout]   34:     0x5f6f1326489a - std::thread::Builder::spawn_unchecked_::{{closure}}::{{closure}}::h4faa3f9db6133423
[INFO] [stdout]                                at /rustc/6067b36314ab5eb2eb47cecc464545ba58e1ad24/library/std/src/thread/mod.rs:559:17
[INFO] [stdout]   35:     0x5f6f1326489a - <core::panic::unwind_safe::AssertUnwindSafe<F> as core::ops::function::FnOnce<()>>::call_once::hf2e855a36a4ea846
[INFO] [stdout]                                at /rustc/6067b36314ab5eb2eb47cecc464545ba58e1ad24/library/core/src/panic/unwind_safe.rs:272:9
[INFO] [stdout]   36:     0x5f6f1326489a - std::panicking::try::do_call::h2f73af3616c35465
[INFO] [stdout]                                at /rustc/6067b36314ab5eb2eb47cecc464545ba58e1ad24/library/std/src/panicking.rs:587:40
[INFO] [stdout]   37:     0x5f6f1326489a - std::panicking::try::hd1660ce9efadef5a
[INFO] [stdout]                                at /rustc/6067b36314ab5eb2eb47cecc464545ba58e1ad24/library/std/src/panicking.rs:550:19
[INFO] [stdout]   38:     0x5f6f1326489a - std::panic::catch_unwind::h5ee8d7823b8ca744
[INFO] [stdout]                                at /rustc/6067b36314ab5eb2eb47cecc464545ba58e1ad24/library/std/src/panic.rs:358:14
[INFO] [stdout]   39:     0x5f6f1326489a - std::thread::Builder::spawn_unchecked_::{{closure}}::h53c3a1894dce8407
[INFO] [stdout]                                at /rustc/6067b36314ab5eb2eb47cecc464545ba58e1ad24/library/std/src/thread/mod.rs:557:30
[INFO] [stdout]   40:     0x5f6f1326489a - core::ops::function::FnOnce::call_once{{vtable.shim}}::h048ce291ad4f62bf
[INFO] [stdout]                                at /rustc/6067b36314ab5eb2eb47cecc464545ba58e1ad24/library/core/src/ops/function.rs:250:5
[INFO] [stdout]   41:     0x5f6f132d563b - <alloc::boxed::Box<F,A> as core::ops::function::FnOnce<Args>>::call_once::ha52bedf99a3b4981
[INFO] [stdout]                                at /rustc/6067b36314ab5eb2eb47cecc464545ba58e1ad24/library/alloc/src/boxed.rs:2013:9
[INFO] [stdout]   42:     0x5f6f132d563b - <alloc::boxed::Box<F,A> as core::ops::function::FnOnce<Args>>::call_once::h567748934d80ccf8
[INFO] [stdout]                                at /rustc/6067b36314ab5eb2eb47cecc464545ba58e1ad24/library/alloc/src/boxed.rs:2013:9
[INFO] [stdout]   43:     0x5f6f132d563b - std::sys::pal::unix::thread::Thread::new::thread_start::h2d970728ae887adc
[INFO] [stdout]                                at /rustc/6067b36314ab5eb2eb47cecc464545ba58e1ad24/library/std/src/sys/pal/unix/thread.rs:106:17
[INFO] [stdout]   44:     0x7c1b3bd2aac3 - <unknown>
[INFO] [stdout]   45:     0x7c1b3bdbba04 - clone
[INFO] [stdout]   46:                0x0 - <unknown>
[INFO] [stdout] 
[INFO] [stdout] 
[INFO] [stdout] failures:
[INFO] [stdout]     test::full_example_2
[INFO] [stdout] 
[INFO] [stdout] test result: FAILED. 2 passed; 1 failed; 0 ignored; 0 measured; 0 filtered out; finished in 0.02s
[INFO] [stdout] 
[INFO] [stderr] error: test failed, to rerun pass `-p aoc2023-10-2 --lib`
[INFO] running `Command { std: "docker" "inspect" "b1abacf8067846785762dcc4529528f352c740209c604fb1b6881e17d4558584", kill_on_drop: false }`
[INFO] running `Command { std: "docker" "rm" "-f" "b1abacf8067846785762dcc4529528f352c740209c604fb1b6881e17d4558584", kill_on_drop: false }`
[INFO] [stdout] b1abacf8067846785762dcc4529528f352c740209c604fb1b6881e17d4558584
