[INFO] cloning repository https://github.com/oli-obk/story--rebase
[INFO] running `Command { std: "git" "-c" "credential.helper=" "-c" "credential.helper=/workspace/cargo-home/bin/git-credential-null" "clone" "--bare" "https://github.com/oli-obk/story--rebase" "/workspace/cache/git-repos/https%3A%2F%2Fgithub.com%2Foli-obk%2Fstory--rebase", kill_on_drop: false }`
[INFO] [stderr] Cloning into bare repository '/workspace/cache/git-repos/https%3A%2F%2Fgithub.com%2Foli-obk%2Fstory--rebase'...
[INFO] running `Command { std: "git" "rev-parse" "HEAD", kill_on_drop: false }`
[INFO] [stdout] 15e613e000a6172c04fba72942f3f961600dd280
[INFO] testing oli-obk/story--rebase against nightly-2025-01-18+rustflags=-Zrandomize-layout for randomize-layout-2
[INFO] running `Command { std: "git" "clone" "/workspace/cache/git-repos/https%3A%2F%2Fgithub.com%2Foli-obk%2Fstory--rebase" "/workspace/builds/worker-0-tc2/source", kill_on_drop: false }`
[INFO] [stderr] Cloning into '/workspace/builds/worker-0-tc2/source'...
[INFO] [stderr] done.
[INFO] validating manifest of git repo https://github.com/oli-obk/story--rebase on toolchain nightly-2025-01-18
[INFO] running `Command { std: CARGO_HOME="/workspace/cargo-home" RUSTUP_HOME="/workspace/rustup-home" "/workspace/cargo-home/bin/cargo" "+nightly-2025-01-18" "metadata" "--manifest-path" "Cargo.toml" "--no-deps", kill_on_drop: false }`
[INFO] started tweaking git repo https://github.com/oli-obk/story--rebase
[INFO] removed 0 missing tests
[INFO] finished tweaking git repo https://github.com/oli-obk/story--rebase
[INFO] tweaked toml for git repo https://github.com/oli-obk/story--rebase written to /workspace/builds/worker-0-tc2/source/Cargo.toml
[INFO] crate git repo https://github.com/oli-obk/story--rebase already has a lockfile, it will not be regenerated
[INFO] running `Command { std: CARGO_HOME="/workspace/cargo-home" RUSTUP_HOME="/workspace/rustup-home" "/workspace/cargo-home/bin/cargo" "+nightly-2025-01-18" "fetch" "--manifest-path" "Cargo.toml", kill_on_drop: false }`
[INFO] running `Command { std: "docker" "create" "-v" "/var/lib/crater-agent-workspace/builds/worker-0-tc2/target:/opt/rustwide/target:rw,Z" "-v" "/var/lib/crater-agent-workspace/builds/worker-0-tc2/source:/opt/rustwide/workdir:ro,Z" "-v" "/var/lib/crater-agent-workspace/cargo-home:/opt/rustwide/cargo-home:ro,Z" "-v" "/var/lib/crater-agent-workspace/rustup-home:/opt/rustwide/rustup-home:ro,Z" "-e" "SOURCE_DIR=/opt/rustwide/workdir" "-e" "CARGO_TARGET_DIR=/opt/rustwide/target" "-e" "CARGO_HOME=/opt/rustwide/cargo-home" "-e" "RUSTUP_HOME=/opt/rustwide/rustup-home" "-w" "/opt/rustwide/workdir" "-m" "1610612736" "--user" "0:0" "--network" "none" "ghcr.io/rust-lang/crates-build-env/linux@sha256:819108c5571ea2e421544af4d832f968d213c87fbe3707a016657f43d2f853bc" "/opt/rustwide/cargo-home/bin/cargo" "+nightly-2025-01-18" "metadata" "--no-deps" "--format-version=1", kill_on_drop: false }`
[INFO] [stdout] 5587e4b668c47d4dcc9806c7956a27f922f22b0f0ab3a6cf8bc21324f4a155c1
[INFO] running `Command { std: "docker" "start" "-a" "5587e4b668c47d4dcc9806c7956a27f922f22b0f0ab3a6cf8bc21324f4a155c1", kill_on_drop: false }`
[INFO] running `Command { std: "docker" "inspect" "5587e4b668c47d4dcc9806c7956a27f922f22b0f0ab3a6cf8bc21324f4a155c1", kill_on_drop: false }`
[INFO] running `Command { std: "docker" "rm" "-f" "5587e4b668c47d4dcc9806c7956a27f922f22b0f0ab3a6cf8bc21324f4a155c1", kill_on_drop: false }`
[INFO] [stdout] 5587e4b668c47d4dcc9806c7956a27f922f22b0f0ab3a6cf8bc21324f4a155c1
[INFO] running `Command { std: "docker" "create" "-v" "/var/lib/crater-agent-workspace/builds/worker-0-tc2/target:/opt/rustwide/target:rw,Z" "-v" "/var/lib/crater-agent-workspace/builds/worker-0-tc2/source:/opt/rustwide/workdir:ro,Z" "-v" "/var/lib/crater-agent-workspace/cargo-home:/opt/rustwide/cargo-home:ro,Z" "-v" "/var/lib/crater-agent-workspace/rustup-home:/opt/rustwide/rustup-home:ro,Z" "-e" "SOURCE_DIR=/opt/rustwide/workdir" "-e" "CARGO_TARGET_DIR=/opt/rustwide/target" "-e" "CARGO_INCREMENTAL=0" "-e" "RUST_BACKTRACE=full" "-e" "RUSTFLAGS=--cap-lints=forbid -Zrandomize-layout" "-e" "RUSTDOCFLAGS=--cap-lints=forbid" "-e" "CARGO_HOME=/opt/rustwide/cargo-home" "-e" "RUSTUP_HOME=/opt/rustwide/rustup-home" "-w" "/opt/rustwide/workdir" "-m" "1610612736" "--user" "0:0" "--network" "none" "ghcr.io/rust-lang/crates-build-env/linux@sha256:819108c5571ea2e421544af4d832f968d213c87fbe3707a016657f43d2f853bc" "/opt/rustwide/cargo-home/bin/cargo" "+nightly-2025-01-18" "build" "--frozen" "--message-format=json", kill_on_drop: false }`
[INFO] [stdout] 1e26e996906d2dfa25654fea5d49850df521bdafb64a7612fd6bf7c196abf2dd
[INFO] running `Command { std: "docker" "start" "-a" "1e26e996906d2dfa25654fea5d49850df521bdafb64a7612fd6bf7c196abf2dd", kill_on_drop: false }`
[INFO] [stderr]    Compiling proc-macro2 v1.0.67
[INFO] [stderr]    Compiling serde v1.0.188
[INFO] [stderr]    Compiling once_cell v1.18.0
[INFO] [stderr]    Compiling libc v0.2.148
[INFO] [stderr]    Compiling rustix v0.38.13
[INFO] [stderr]    Compiling unicode-width v0.1.10
[INFO] [stderr]    Compiling linux-raw-sys v0.4.7
[INFO] [stderr]    Compiling bitflags v2.4.0
[INFO] [stderr]    Compiling semver v1.0.18
[INFO] [stderr]    Compiling serde_json v1.0.106
[INFO] [stderr]    Compiling pin-project-lite v0.2.13
[INFO] [stderr]    Compiling memchr v2.6.3
[INFO] [stderr]    Compiling ryu v1.0.15
[INFO] [stderr]    Compiling sharded-slab v0.1.4
[INFO] [stderr]    Compiling portable-atomic v1.4.3
[INFO] [stderr]    Compiling thiserror v1.0.48
[INFO] [stderr]    Compiling regex-syntax v0.7.5
[INFO] [stderr]    Compiling crossbeam-utils v0.8.16
[INFO] [stderr]    Compiling tracing-core v0.1.31
[INFO] [stderr]    Compiling thread_local v1.1.7
[INFO] [stderr]    Compiling gimli v0.28.0
[INFO] [stderr]    Compiling eyre v0.6.8
[INFO] [stderr]    Compiling itoa v1.0.9
[INFO] [stderr]    Compiling adler v1.0.2
[INFO] [stderr]    Compiling anyhow v1.0.75
[INFO] [stderr]    Compiling camino v1.1.6
[INFO] [stderr]    Compiling miniz_oxide v0.7.1
[INFO] [stderr]    Compiling fastrand v2.0.0
[INFO] [stderr]    Compiling tracing v0.1.37
[INFO] [stderr]    Compiling indenter v0.3.3
[INFO] [stderr]    Compiling rustc-demangle v0.1.23
[INFO] [stderr]    Compiling owo-colors v3.5.0
[INFO] [stderr]    Compiling object v0.32.1
[INFO] [stderr]    Compiling console v0.15.7
[INFO] [stderr]    Compiling quote v1.0.33
[INFO] [stderr]    Compiling tracing-subscriber v0.3.17
[INFO] [stderr]    Compiling syn v2.0.33
[INFO] [stderr]    Compiling pad v0.1.6
[INFO] [stderr]    Compiling cc v1.0.83
[INFO] [stderr]    Compiling number_prefix v0.4.0
[INFO] [stderr]    Compiling yansi-term v0.1.2
[INFO] [stderr]    Compiling ansi_term v0.12.1
[INFO] [stderr]    Compiling log v0.4.20
[INFO] [stderr]    Compiling annotate-snippets v0.9.1
[INFO] [stderr]    Compiling indicatif v0.17.6
[INFO] [stderr]    Compiling shell-words v1.1.0
[INFO] [stderr]    Compiling zeroize v1.6.0
[INFO] [stderr]    Compiling comma v1.0.0
[INFO] [stderr]    Compiling regex-automata v0.3.8
[INFO] [stderr]    Compiling crossbeam-channel v0.5.8
[INFO] [stderr]    Compiling prettydiff v0.6.4
[INFO] [stderr]    Compiling yansi v0.5.1
[INFO] [stderr]    Compiling diff v0.1.13
[INFO] [stderr]    Compiling levenshtein v1.0.5
[INFO] [stderr]    Compiling glob v0.3.1
[INFO] [stderr]    Compiling pretty_assertions v1.4.0
[INFO] [stderr]    Compiling backtrace v0.3.69
[INFO] [stderr]    Compiling tracing-error v0.2.0
[INFO] [stderr]    Compiling color-spantrace v0.2.0
[INFO] [stderr]    Compiling is-terminal v0.4.9
[INFO] [stderr]    Compiling tempfile v3.8.0
[INFO] [stderr]    Compiling colored v2.0.4
[INFO] [stderr]    Compiling dialoguer v0.10.4
[INFO] [stderr]    Compiling addr2line v0.21.0
[INFO] [stderr]    Compiling serde_derive v1.0.188
[INFO] [stderr]    Compiling thiserror-impl v1.0.48
[INFO] [stderr]    Compiling regex v1.9.5
[INFO] [stderr]    Compiling bstr v1.6.2
[INFO] [stderr]    Compiling color-eyre v0.6.2
[INFO] [stderr]    Compiling cargo-platform v0.1.3
[INFO] [stderr]    Compiling rustc_version v0.4.0
[INFO] [stderr]    Compiling rustfix v0.6.1
[INFO] [stderr]    Compiling cargo_metadata v0.15.4
[INFO] [stderr]    Compiling ui_test v0.21.1
[INFO] [stderr]    Compiling story-rebase v0.1.0 (/opt/rustwide/workdir)
[INFO] [stdout] warning: unreachable statement
[INFO] [stdout]    --> src/parsing.rs:110:5
[INFO] [stdout]     |
[INFO] [stdout] 109 |     panic!("{rest:?}");
[INFO] [stdout]     |     ------------------ any code following this expression is unreachable
[INFO] [stdout] 110 |     let rest = rest.trim_start();
[INFO] [stdout]     |     ^^^^^^^^^^^^^^^^^^^^^^^^^^^^^ unreachable statement
[INFO] [stdout]     |
[INFO] [stdout]     = note: `#[warn(unreachable_code)]` on by default
[INFO] [stdout] 
[INFO] [stdout] 
[INFO] [stdout] warning: unused variable: `room`
[INFO] [stdout]    --> src/parsing.rs:105:9
[INFO] [stdout]     |
[INFO] [stdout] 105 |     let room = room.trim();
[INFO] [stdout]     |         ^^^^ help: if this is intentional, prefix it with an underscore: `_room`
[INFO] [stdout]     |
[INFO] [stdout]     = note: `#[warn(unused_variables)]` on by default
[INFO] [stdout] 
[INFO] [stdout] 
[INFO] [stdout] warning: unused variable: `what`
[INFO] [stdout]    --> src/parsing.rs:106:15
[INFO] [stdout]     |
[INFO] [stdout] 106 |     let Some((what, rest)) = rest.take_while(|c| c.is_alphanumeric()) else {
[INFO] [stdout]     |               ^^^^ help: if this is intentional, prefix it with an underscore: `_what`
[INFO] [stdout] 
[INFO] [stdout] 
[INFO] [stderr]     Finished `dev` profile [unoptimized + debuginfo] target(s) in 38.52s
[INFO] running `Command { std: "docker" "inspect" "1e26e996906d2dfa25654fea5d49850df521bdafb64a7612fd6bf7c196abf2dd", kill_on_drop: false }`
[INFO] running `Command { std: "docker" "rm" "-f" "1e26e996906d2dfa25654fea5d49850df521bdafb64a7612fd6bf7c196abf2dd", kill_on_drop: false }`
[INFO] [stdout] 1e26e996906d2dfa25654fea5d49850df521bdafb64a7612fd6bf7c196abf2dd
[INFO] running `Command { std: "docker" "create" "-v" "/var/lib/crater-agent-workspace/builds/worker-0-tc2/target:/opt/rustwide/target:rw,Z" "-v" "/var/lib/crater-agent-workspace/builds/worker-0-tc2/source:/opt/rustwide/workdir:ro,Z" "-v" "/var/lib/crater-agent-workspace/cargo-home:/opt/rustwide/cargo-home:ro,Z" "-v" "/var/lib/crater-agent-workspace/rustup-home:/opt/rustwide/rustup-home:ro,Z" "-e" "SOURCE_DIR=/opt/rustwide/workdir" "-e" "CARGO_TARGET_DIR=/opt/rustwide/target" "-e" "CARGO_INCREMENTAL=0" "-e" "RUST_BACKTRACE=full" "-e" "RUSTFLAGS=--cap-lints=forbid -Zrandomize-layout" "-e" "RUSTDOCFLAGS=--cap-lints=forbid" "-e" "CARGO_HOME=/opt/rustwide/cargo-home" "-e" "RUSTUP_HOME=/opt/rustwide/rustup-home" "-w" "/opt/rustwide/workdir" "-m" "1610612736" "--user" "0:0" "--network" "none" "ghcr.io/rust-lang/crates-build-env/linux@sha256:819108c5571ea2e421544af4d832f968d213c87fbe3707a016657f43d2f853bc" "/opt/rustwide/cargo-home/bin/cargo" "+nightly-2025-01-18" "test" "--frozen" "--no-run" "--message-format=json", kill_on_drop: false }`
[INFO] [stdout] 61d1bb694a2272ebe3228fc4c789b83d7b8e75bf054b0bafcb15cfd36a1e26dd
[INFO] running `Command { std: "docker" "start" "-a" "61d1bb694a2272ebe3228fc4c789b83d7b8e75bf054b0bafcb15cfd36a1e26dd", kill_on_drop: false }`
[INFO] [stderr]    Compiling story-rebase v0.1.0 (/opt/rustwide/workdir)
[INFO] [stdout] warning: unreachable statement
[INFO] [stdout]    --> src/parsing.rs:110:5
[INFO] [stdout]     |
[INFO] [stdout] 109 |     panic!("{rest:?}");
[INFO] [stdout]     |     ------------------ any code following this expression is unreachable
[INFO] [stdout] 110 |     let rest = rest.trim_start();
[INFO] [stdout]     |     ^^^^^^^^^^^^^^^^^^^^^^^^^^^^^ unreachable statement
[INFO] [stdout]     |
[INFO] [stdout]     = note: `#[warn(unreachable_code)]` on by default
[INFO] [stdout] 
[INFO] [stdout] 
[INFO] [stdout] warning: unused variable: `room`
[INFO] [stdout]    --> src/parsing.rs:105:9
[INFO] [stdout]     |
[INFO] [stdout] 105 |     let room = room.trim();
[INFO] [stdout]     |         ^^^^ help: if this is intentional, prefix it with an underscore: `_room`
[INFO] [stdout]     |
[INFO] [stdout]     = note: `#[warn(unused_variables)]` on by default
[INFO] [stdout] 
[INFO] [stdout] 
[INFO] [stdout] warning: unused variable: `what`
[INFO] [stdout]    --> src/parsing.rs:106:15
[INFO] [stdout]     |
[INFO] [stdout] 106 |     let Some((what, rest)) = rest.take_while(|c| c.is_alphanumeric()) else {
[INFO] [stdout]     |               ^^^^ help: if this is intentional, prefix it with an underscore: `_what`
[INFO] [stdout] 
[INFO] [stdout] 
[INFO] [stdout] warning: unreachable statement
[INFO] [stdout]    --> src/parsing.rs:110:5
[INFO] [stdout]     |
[INFO] [stdout] 109 |     panic!("{rest:?}");
[INFO] [stdout]     |     ------------------ any code following this expression is unreachable
[INFO] [stdout] 110 |     let rest = rest.trim_start();
[INFO] [stdout]     |     ^^^^^^^^^^^^^^^^^^^^^^^^^^^^^ unreachable statement
[INFO] [stdout]     |
[INFO] [stdout]     = note: `#[warn(unreachable_code)]` on by default
[INFO] [stdout] 
[INFO] [stdout] 
[INFO] [stdout] warning: unused variable: `room`
[INFO] [stdout]    --> src/parsing.rs:105:9
[INFO] [stdout]     |
[INFO] [stdout] 105 |     let room = room.trim();
[INFO] [stdout]     |         ^^^^ help: if this is intentional, prefix it with an underscore: `_room`
[INFO] [stdout]     |
[INFO] [stdout]     = note: `#[warn(unused_variables)]` on by default
[INFO] [stdout] 
[INFO] [stdout] 
[INFO] [stdout] warning: unused variable: `what`
[INFO] [stdout]    --> src/parsing.rs:106:15
[INFO] [stdout]     |
[INFO] [stdout] 106 |     let Some((what, rest)) = rest.take_while(|c| c.is_alphanumeric()) else {
[INFO] [stdout]     |               ^^^^ help: if this is intentional, prefix it with an underscore: `_what`
[INFO] [stdout] 
[INFO] [stdout] 
[INFO] [stderr]     Finished `test` profile [unoptimized + debuginfo] target(s) in 1.95s
[INFO] running `Command { std: "docker" "inspect" "61d1bb694a2272ebe3228fc4c789b83d7b8e75bf054b0bafcb15cfd36a1e26dd", kill_on_drop: false }`
[INFO] running `Command { std: "docker" "rm" "-f" "61d1bb694a2272ebe3228fc4c789b83d7b8e75bf054b0bafcb15cfd36a1e26dd", kill_on_drop: false }`
[INFO] [stdout] 61d1bb694a2272ebe3228fc4c789b83d7b8e75bf054b0bafcb15cfd36a1e26dd
[INFO] running `Command { std: "docker" "create" "-v" "/var/lib/crater-agent-workspace/builds/worker-0-tc2/target:/opt/rustwide/target:rw,Z" "-v" "/var/lib/crater-agent-workspace/builds/worker-0-tc2/source:/opt/rustwide/workdir:ro,Z" "-v" "/var/lib/crater-agent-workspace/cargo-home:/opt/rustwide/cargo-home:ro,Z" "-v" "/var/lib/crater-agent-workspace/rustup-home:/opt/rustwide/rustup-home:ro,Z" "-e" "SOURCE_DIR=/opt/rustwide/workdir" "-e" "CARGO_TARGET_DIR=/opt/rustwide/target" "-e" "CARGO_INCREMENTAL=0" "-e" "RUST_BACKTRACE=full" "-e" "RUSTFLAGS=--cap-lints=forbid -Zrandomize-layout" "-e" "RUSTDOCFLAGS=--cap-lints=forbid" "-e" "CARGO_HOME=/opt/rustwide/cargo-home" "-e" "RUSTUP_HOME=/opt/rustwide/rustup-home" "-w" "/opt/rustwide/workdir" "-m" "1610612736" "--user" "0:0" "--network" "none" "ghcr.io/rust-lang/crates-build-env/linux@sha256:819108c5571ea2e421544af4d832f968d213c87fbe3707a016657f43d2f853bc" "/opt/rustwide/cargo-home/bin/cargo" "+nightly-2025-01-18" "test" "--frozen", kill_on_drop: false }`
[INFO] [stdout] 74cad5318e9c3f87da0d990e9f444a85c9da827e0f3bcfc58323141e56107e9d
[INFO] running `Command { std: "docker" "start" "-a" "74cad5318e9c3f87da0d990e9f444a85c9da827e0f3bcfc58323141e56107e9d", kill_on_drop: false }`
[INFO] [stderr] warning: unreachable statement
[INFO] [stderr]    --> src/parsing.rs:110:5
[INFO] [stderr]     |
[INFO] [stderr] 109 |     panic!("{rest:?}");
[INFO] [stderr]     |     ------------------ any code following this expression is unreachable
[INFO] [stderr] 110 |     let rest = rest.trim_start();
[INFO] [stderr]     |     ^^^^^^^^^^^^^^^^^^^^^^^^^^^^^ unreachable statement
[INFO] [stderr]     |
[INFO] [stderr]     = note: `#[warn(unreachable_code)]` on by default
[INFO] [stderr] 
[INFO] [stderr] warning: unused variable: `room`
[INFO] [stderr]    --> src/parsing.rs:105:9
[INFO] [stderr]     |
[INFO] [stderr] 105 |     let room = room.trim();
[INFO] [stderr]     |         ^^^^ help: if this is intentional, prefix it with an underscore: `_room`
[INFO] [stderr]     |
[INFO] [stderr]     = note: `#[warn(unused_variables)]` on by default
[INFO] [stderr] 
[INFO] [stderr] warning: unused variable: `what`
[INFO] [stderr]    --> src/parsing.rs:106:15
[INFO] [stderr]     |
[INFO] [stderr] 106 |     let Some((what, rest)) = rest.take_while(|c| c.is_alphanumeric()) else {
[INFO] [stderr]     |               ^^^^ help: if this is intentional, prefix it with an underscore: `_what`
[INFO] [stderr] 
[INFO] [stderr] warning: `story-rebase` (lib) generated 3 warnings
[INFO] [stderr] warning: `story-rebase` (lib test) generated 3 warnings (3 duplicates)
[INFO] [stderr]     Finished `test` profile [unoptimized + debuginfo] target(s) in 0.12s
[INFO] [stderr]      Running unittests src/lib.rs (/opt/rustwide/target/debug/deps/story_rebase-9c81f637f6562045)
[INFO] [stdout] 
[INFO] [stdout] running 0 tests
[INFO] [stdout] 
[INFO] [stdout] test result: ok. 0 passed; 0 failed; 0 ignored; 0 measured; 0 filtered out; finished in 0.00s
[INFO] [stdout] 
[INFO] [stderr]      Running unittests src/bin/dump.rs (/opt/rustwide/target/debug/deps/dump-8509f78fd8859257)
[INFO] [stdout] 
[INFO] [stdout] running 0 tests
[INFO] [stdout] 
[INFO] [stdout] test result: ok. 0 passed; 0 failed; 0 ignored; 0 measured; 0 filtered out; finished in 0.00s
[INFO] [stdout] 
[INFO] [stdout] 
[INFO] [stderr]      Running unittests src/bin/play.rs (/opt/rustwide/target/debug/deps/play-2a038510d59b0357)
[INFO] [stdout] running 0 tests
[INFO] [stderr]      Running unittests src/bin/step.rs (/opt/rustwide/target/debug/deps/step-c9f95b5a0556403f)
[INFO] [stdout] 
[INFO] [stdout] test result: ok. 0 passed; 0 failed; 0 ignored; 0 measured; 0 filtered out; finished in 0.00s
[INFO] [stdout] 
[INFO] [stdout] 
[INFO] [stdout] running 0 tests
[INFO] [stdout] 
[INFO] [stdout] test result: ok. 0 passed; 0 failed; 0 ignored; 0 measured; 0 filtered out; finished in 0.00s
[INFO] [stdout] 
[INFO] [stderr]      Running tests/roundtrip.rs (/opt/rustwide/target/debug/deps/roundtrip-d448e9098a83f1c0)
[INFO] [stdout] 
[INFO] [stdout] running 1 test
[INFO] [stdout] test roundtrip_all ... FAILED
[INFO] [stdout] 
[INFO] [stdout] failures:
[INFO] [stdout] 
[INFO] [stdout] ---- roundtrip_all stdout ----
[INFO] [stdout] 
[INFO] [stdout] thread 'roundtrip_all' panicked at src/parsing.rs:109:5:
[INFO] [stdout] tests/step/items.story:19:17 19:22: " += 10"
[INFO] [stdout] stack backtrace:
[INFO] [stdout]    0:     0x5b4cffe1ce2a - std::backtrace_rs::backtrace::libunwind::trace::hb059275cfc8d6126
[INFO] [stdout]                                at /rustc/6067b36314ab5eb2eb47cecc464545ba58e1ad24/library/std/src/../../backtrace/src/backtrace/libunwind.rs:116:5
[INFO] [stdout]    1:     0x5b4cffe1ce2a - std::backtrace_rs::backtrace::trace_unsynchronized::h2da071e4327ce3ee
[INFO] [stdout]                                at /rustc/6067b36314ab5eb2eb47cecc464545ba58e1ad24/library/std/src/../../backtrace/src/backtrace/mod.rs:66:5
[INFO] [stdout]    2:     0x5b4cffe1ce2a - std::sys::backtrace::_print_fmt::h842a1474e6f8d23f
[INFO] [stdout]                                at /rustc/6067b36314ab5eb2eb47cecc464545ba58e1ad24/library/std/src/sys/backtrace.rs:66:9
[INFO] [stdout]    3:     0x5b4cffe1ce2a - <std::sys::backtrace::BacktraceLock::print::DisplayBacktrace as core::fmt::Display>::fmt::h71a62eb3b9696b12
[INFO] [stdout]                                at /rustc/6067b36314ab5eb2eb47cecc464545ba58e1ad24/library/std/src/sys/backtrace.rs:39:26
[INFO] [stdout]    4:     0x5b4cffe44b63 - core::fmt::rt::Argument::fmt::hdb6b616786b41dc1
[INFO] [stdout]                                at /rustc/6067b36314ab5eb2eb47cecc464545ba58e1ad24/library/core/src/fmt/rt.rs:177:76
[INFO] [stdout]    5:     0x5b4cffe44b63 - core::fmt::write::h2cc1698af7e2d686
[INFO] [stdout]                                at /rustc/6067b36314ab5eb2eb47cecc464545ba58e1ad24/library/core/src/fmt/mod.rs:1440:21
[INFO] [stdout]    6:     0x5b4cffe196a3 - std::io::Write::write_fmt::hab1b4cd059a79022
[INFO] [stdout]                                at /rustc/6067b36314ab5eb2eb47cecc464545ba58e1ad24/library/std/src/io/mod.rs:1887:15
[INFO] [stdout]    7:     0x5b4cffe1cc72 - std::sys::backtrace::BacktraceLock::print::h147fe35b4ea13b08
[INFO] [stdout]                                at /rustc/6067b36314ab5eb2eb47cecc464545ba58e1ad24/library/std/src/sys/backtrace.rs:42:9
[INFO] [stdout]    8:     0x5b4cffe1e24f - std::panicking::default_hook::{{closure}}::hbd44223dbdc0d208
[INFO] [stdout]                                at /rustc/6067b36314ab5eb2eb47cecc464545ba58e1ad24/library/std/src/panicking.rs:298:22
[INFO] [stdout]    9:     0x5b4cffe1e068 - std::panicking::default_hook::h20f81eb0576efcec
[INFO] [stdout]                                at /rustc/6067b36314ab5eb2eb47cecc464545ba58e1ad24/library/std/src/panicking.rs:322:9
[INFO] [stdout]   10:     0x5b4cffdbd3e3 - <alloc::boxed::Box<F,A> as core::ops::function::Fn<Args>>::call::hdb53814c496a4d34
[INFO] [stdout]                                at /rustc/6067b36314ab5eb2eb47cecc464545ba58e1ad24/library/alloc/src/boxed.rs:2027:9
[INFO] [stdout]   11:     0x5b4cffdbd3e3 - test::test_main::{{closure}}::hc0a4963c59427c24
[INFO] [stdout]                                at /rustc/6067b36314ab5eb2eb47cecc464545ba58e1ad24/library/test/src/lib.rs:134:21
[INFO] [stdout]   12:     0x5b4cffe1ed43 - <alloc::boxed::Box<F,A> as core::ops::function::Fn<Args>>::call::h591b2225413a77e9
[INFO] [stdout]                                at /rustc/6067b36314ab5eb2eb47cecc464545ba58e1ad24/library/alloc/src/boxed.rs:2027:9
[INFO] [stdout]   13:     0x5b4cffe1ed43 - std::panicking::rust_panic_with_hook::h625eea43051b2edc
[INFO] [stdout]                                at /rustc/6067b36314ab5eb2eb47cecc464545ba58e1ad24/library/std/src/panicking.rs:839:13
[INFO] [stdout]   14:     0x5b4cffe1e9fa - std::panicking::begin_panic_handler::{{closure}}::h4f9159cfbc3f6bd3
[INFO] [stdout]                                at /rustc/6067b36314ab5eb2eb47cecc464545ba58e1ad24/library/std/src/panicking.rs:704:13
[INFO] [stdout]   15:     0x5b4cffe1d329 - std::sys::backtrace::__rust_end_short_backtrace::h0390abce48353151
[INFO] [stdout]                                at /rustc/6067b36314ab5eb2eb47cecc464545ba58e1ad24/library/std/src/sys/backtrace.rs:168:18
[INFO] [stdout]   16:     0x5b4cffe1e68d - rust_begin_unwind
[INFO] [stdout]                                at /rustc/6067b36314ab5eb2eb47cecc464545ba58e1ad24/library/std/src/panicking.rs:695:5
[INFO] [stdout]   17:     0x5b4cffe43540 - core::panicking::panic_fmt::h9e7c637e9e5f29c9
[INFO] [stdout]                                at /rustc/6067b36314ab5eb2eb47cecc464545ba58e1ad24/library/core/src/panicking.rs:75:14
[INFO] [stdout]   18:     0x5b4cffdcdce1 - story_rebase::parsing::parse_action::h0907c9fb94b6aa03
[INFO] [stdout]                                at /opt/rustwide/workdir/src/parsing.rs:109:5
[INFO] [stdout]   19:     0x5b4cffdcce25 - story_rebase::parsing::parse_choice::h779e049f47bf7793
[INFO] [stdout]                                at /opt/rustwide/workdir/src/parsing.rs:83:10
[INFO] [stdout]   20:     0x5b4cffdcbe20 - story_rebase::parsing::parse_room::h7d84be0b8f4bba8c
[INFO] [stdout]                                at /opt/rustwide/workdir/src/parsing.rs:59:27
[INFO] [stdout]   21:     0x5b4cffdcb533 - story_rebase::parsing::parse::hebd5a31bf3e796cf
[INFO] [stdout]                                at /opt/rustwide/workdir/src/parsing.rs:34:20
[INFO] [stdout]   22:     0x5b4cffd57191 - roundtrip::roundtrip::h80977a5d1d915163
[INFO] [stdout]                                at /opt/rustwide/workdir/tests/roundtrip.rs:20:17
[INFO] [stdout]   23:     0x5b4cffd57a06 - roundtrip::roundtrip_all::he709f198d17e1774
[INFO] [stdout]                                at /opt/rustwide/workdir/tests/roundtrip.rs:13:9
[INFO] [stdout]   24:     0x5b4cffd57757 - roundtrip::roundtrip_all::{{closure}}::h1c6e44a5d93348db
[INFO] [stdout]                                at /opt/rustwide/workdir/tests/roundtrip.rs:10:23
[INFO] [stdout]   25:     0x5b4cffd541e6 - core::ops::function::FnOnce::call_once::h39e8a68f0048a67a
[INFO] [stdout]                                at /rustc/6067b36314ab5eb2eb47cecc464545ba58e1ad24/library/core/src/ops/function.rs:250:5
[INFO] [stdout]   26:     0x5b4cffdc2b3b - core::ops::function::FnOnce::call_once::he27718dfdd183f43
[INFO] [stdout]                                at /rustc/6067b36314ab5eb2eb47cecc464545ba58e1ad24/library/core/src/ops/function.rs:250:5
[INFO] [stdout]   27:     0x5b4cffdc2b3b - test::__rust_begin_short_backtrace::h4e84902998457a5d
[INFO] [stdout]                                at /rustc/6067b36314ab5eb2eb47cecc464545ba58e1ad24/library/test/src/lib.rs:632:18
[INFO] [stdout]   28:     0x5b4cffdc1a73 - test::run_test_in_process::{{closure}}::h7176fd18fc1feca0
[INFO] [stdout]                                at /rustc/6067b36314ab5eb2eb47cecc464545ba58e1ad24/library/test/src/lib.rs:655:60
[INFO] [stdout]   29:     0x5b4cffdc1a73 - <core::panic::unwind_safe::AssertUnwindSafe<F> as core::ops::function::FnOnce<()>>::call_once::hf79cff2a624d8cf7
[INFO] [stdout]                                at /rustc/6067b36314ab5eb2eb47cecc464545ba58e1ad24/library/core/src/panic/unwind_safe.rs:272:9
[INFO] [stdout]   30:     0x5b4cffdc1a73 - std::panicking::try::do_call::h3da0561d9ab99c25
[INFO] [stdout]                                at /rustc/6067b36314ab5eb2eb47cecc464545ba58e1ad24/library/std/src/panicking.rs:587:40
[INFO] [stdout]   31:     0x5b4cffdc1a73 - std::panicking::try::h41c9fa508bc61df6
[INFO] [stdout]                                at /rustc/6067b36314ab5eb2eb47cecc464545ba58e1ad24/library/std/src/panicking.rs:550:19
[INFO] [stdout]   32:     0x5b4cffdc1a73 - std::panic::catch_unwind::h6b3ff07bb5afad93
[INFO] [stdout]                                at /rustc/6067b36314ab5eb2eb47cecc464545ba58e1ad24/library/std/src/panic.rs:358:14
[INFO] [stdout]   33:     0x5b4cffdc1a73 - test::run_test_in_process::hc7253dd11b39b9f4
[INFO] [stdout]                                at /rustc/6067b36314ab5eb2eb47cecc464545ba58e1ad24/library/test/src/lib.rs:655:27
[INFO] [stdout]   34:     0x5b4cffdc1a73 - test::run_test::{{closure}}::hfb2007f8649c30bb
[INFO] [stdout]                                at /rustc/6067b36314ab5eb2eb47cecc464545ba58e1ad24/library/test/src/lib.rs:576:43
[INFO] [stdout]   35:     0x5b4cffd84b55 - test::run_test::{{closure}}::h56a17aa7a282a9f4
[INFO] [stdout]                                at /rustc/6067b36314ab5eb2eb47cecc464545ba58e1ad24/library/test/src/lib.rs:606:41
[INFO] [stdout]   36:     0x5b4cffd84b55 - std::sys::backtrace::__rust_begin_short_backtrace::hd2d2d2fb8e8c6aac
[INFO] [stdout]                                at /rustc/6067b36314ab5eb2eb47cecc464545ba58e1ad24/library/std/src/sys/backtrace.rs:152:18
[INFO] [stdout]   37:     0x5b4cffd8843a - std::thread::Builder::spawn_unchecked_::{{closure}}::{{closure}}::h4faa3f9db6133423
[INFO] [stdout]                                at /rustc/6067b36314ab5eb2eb47cecc464545ba58e1ad24/library/std/src/thread/mod.rs:559:17
[INFO] [stdout]   38:     0x5b4cffd8843a - <core::panic::unwind_safe::AssertUnwindSafe<F> as core::ops::function::FnOnce<()>>::call_once::hf2e855a36a4ea846
[INFO] [stdout]                                at /rustc/6067b36314ab5eb2eb47cecc464545ba58e1ad24/library/core/src/panic/unwind_safe.rs:272:9
[INFO] [stdout]   39:     0x5b4cffd8843a - std::panicking::try::do_call::h2f73af3616c35465
[INFO] [stdout]                                at /rustc/6067b36314ab5eb2eb47cecc464545ba58e1ad24/library/std/src/panicking.rs:587:40
[INFO] [stdout]   40:     0x5b4cffd8843a - std::panicking::try::hd1660ce9efadef5a
[INFO] [stdout]                                at /rustc/6067b36314ab5eb2eb47cecc464545ba58e1ad24/library/std/src/panicking.rs:550:19
[INFO] [stdout]   41:     0x5b4cffd8843a - std::panic::catch_unwind::h5ee8d7823b8ca744
[INFO] [stdout]                                at /rustc/6067b36314ab5eb2eb47cecc464545ba58e1ad24/library/std/src/panic.rs:358:14
[INFO] [stdout]   42:     0x5b4cffd8843a - std::thread::Builder::spawn_unchecked_::{{closure}}::h53c3a1894dce8407
[INFO] [stdout]                                at /rustc/6067b36314ab5eb2eb47cecc464545ba58e1ad24/library/std/src/thread/mod.rs:557:30
[INFO] [stdout]   43:     0x5b4cffd8843a - core::ops::function::FnOnce::call_once{{vtable.shim}}::h048ce291ad4f62bf
[INFO] [stdout]                                at /rustc/6067b36314ab5eb2eb47cecc464545ba58e1ad24/library/core/src/ops/function.rs:250:5
[INFO] [stdout]   44:     0x5b4cffe2315b - <alloc::boxed::Box<F,A> as core::ops::function::FnOnce<Args>>::call_once::ha52bedf99a3b4981
[INFO] [stdout]                                at /rustc/6067b36314ab5eb2eb47cecc464545ba58e1ad24/library/alloc/src/boxed.rs:2013:9
[INFO] [stdout]   45:     0x5b4cffe2315b - <alloc::boxed::Box<F,A> as core::ops::function::FnOnce<Args>>::call_once::h567748934d80ccf8
[INFO] [stdout]                                at /rustc/6067b36314ab5eb2eb47cecc464545ba58e1ad24/library/alloc/src/boxed.rs:2013:9
[INFO] [stdout]   46:     0x5b4cffe2315b - std::sys::pal::unix::thread::Thread::new::thread_start::h2d970728ae887adc
[INFO] [stdout]                                at /rustc/6067b36314ab5eb2eb47cecc464545ba58e1ad24/library/std/src/sys/pal/unix/thread.rs:106:17
[INFO] [stdout]   47:     0x74a993c9bac3 - <unknown>
[INFO] [stdout]   48:     0x74a993d2ca04 - clone
[INFO] [stdout]   49:                0x0 - <unknown>
[INFO] [stdout] 
[INFO] [stdout] 
[INFO] [stdout] failures:
[INFO] [stdout]     roundtrip_all
[INFO] [stdout] 
[INFO] [stdout] test result: FAILED. 0 passed; 1 failed; 0 ignored; 0 measured; 0 filtered out; finished in 0.04s
[INFO] [stdout] 
[INFO] [stderr] error: test failed, to rerun pass `--test roundtrip`
[INFO] running `Command { std: "docker" "inspect" "74cad5318e9c3f87da0d990e9f444a85c9da827e0f3bcfc58323141e56107e9d", kill_on_drop: false }`
[INFO] running `Command { std: "docker" "rm" "-f" "74cad5318e9c3f87da0d990e9f444a85c9da827e0f3bcfc58323141e56107e9d", kill_on_drop: false }`
[INFO] [stdout] 74cad5318e9c3f87da0d990e9f444a85c9da827e0f3bcfc58323141e56107e9d
