[INFO] cloning repository https://github.com/olegnn/union_impl
[INFO] running `Command { std: "git" "-c" "credential.helper=" "-c" "credential.helper=/workspace/cargo-home/bin/git-credential-null" "clone" "--bare" "https://github.com/olegnn/union_impl" "/workspace/cache/git-repos/https%3A%2F%2Fgithub.com%2Folegnn%2Funion_impl", kill_on_drop: false }`
[INFO] [stderr] Cloning into bare repository '/workspace/cache/git-repos/https%3A%2F%2Fgithub.com%2Folegnn%2Funion_impl'...
[INFO] running `Command { std: "git" "rev-parse" "HEAD", kill_on_drop: false }`
[INFO] [stdout] 06749933250a49b45161749e2400911b1cdb25d3
[INFO] testing olegnn/union_impl against nightly-2025-01-18 for randomize-layout-2
[INFO] running `Command { std: "git" "clone" "/workspace/cache/git-repos/https%3A%2F%2Fgithub.com%2Folegnn%2Funion_impl" "/workspace/builds/worker-7-tc1/source", kill_on_drop: false }`
[INFO] [stderr] Cloning into '/workspace/builds/worker-7-tc1/source'...
[INFO] [stderr] done.
[INFO] validating manifest of git repo https://github.com/olegnn/union_impl on toolchain nightly-2025-01-18
[INFO] running `Command { std: CARGO_HOME="/workspace/cargo-home" RUSTUP_HOME="/workspace/rustup-home" "/workspace/cargo-home/bin/cargo" "+nightly-2025-01-18" "metadata" "--manifest-path" "Cargo.toml" "--no-deps", kill_on_drop: false }`
[INFO] started tweaking git repo https://github.com/olegnn/union_impl
[INFO] finished tweaking git repo https://github.com/olegnn/union_impl
[INFO] tweaked toml for git repo https://github.com/olegnn/union_impl written to /workspace/builds/worker-7-tc1/source/Cargo.toml
[INFO] crate git repo https://github.com/olegnn/union_impl already has a lockfile, it will not be regenerated
[INFO] running `Command { std: CARGO_HOME="/workspace/cargo-home" RUSTUP_HOME="/workspace/rustup-home" "/workspace/cargo-home/bin/cargo" "+nightly-2025-01-18" "fetch" "--manifest-path" "Cargo.toml", kill_on_drop: false }`
[INFO] running `Command { std: "docker" "create" "-v" "/var/lib/crater-agent-workspace/builds/worker-7-tc1/target:/opt/rustwide/target:rw,Z" "-v" "/var/lib/crater-agent-workspace/builds/worker-7-tc1/source:/opt/rustwide/workdir:ro,Z" "-v" "/var/lib/crater-agent-workspace/cargo-home:/opt/rustwide/cargo-home:ro,Z" "-v" "/var/lib/crater-agent-workspace/rustup-home:/opt/rustwide/rustup-home:ro,Z" "-e" "SOURCE_DIR=/opt/rustwide/workdir" "-e" "CARGO_TARGET_DIR=/opt/rustwide/target" "-e" "CARGO_HOME=/opt/rustwide/cargo-home" "-e" "RUSTUP_HOME=/opt/rustwide/rustup-home" "-w" "/opt/rustwide/workdir" "-m" "1610612736" "--user" "0:0" "--network" "none" "ghcr.io/rust-lang/crates-build-env/linux@sha256:819108c5571ea2e421544af4d832f968d213c87fbe3707a016657f43d2f853bc" "/opt/rustwide/cargo-home/bin/cargo" "+nightly-2025-01-18" "metadata" "--no-deps" "--format-version=1", kill_on_drop: false }`
[INFO] [stdout] 74115bea83aba08911d5f998f560b3dcc9a1f9d5f95a8928c6bd44080b657c79
[INFO] running `Command { std: "docker" "start" "-a" "74115bea83aba08911d5f998f560b3dcc9a1f9d5f95a8928c6bd44080b657c79", kill_on_drop: false }`
[INFO] running `Command { std: "docker" "inspect" "74115bea83aba08911d5f998f560b3dcc9a1f9d5f95a8928c6bd44080b657c79", kill_on_drop: false }`
[INFO] running `Command { std: "docker" "rm" "-f" "74115bea83aba08911d5f998f560b3dcc9a1f9d5f95a8928c6bd44080b657c79", kill_on_drop: false }`
[INFO] [stdout] 74115bea83aba08911d5f998f560b3dcc9a1f9d5f95a8928c6bd44080b657c79
[INFO] running `Command { std: "docker" "create" "-v" "/var/lib/crater-agent-workspace/builds/worker-7-tc1/target:/opt/rustwide/target:rw,Z" "-v" "/var/lib/crater-agent-workspace/builds/worker-7-tc1/source:/opt/rustwide/workdir:ro,Z" "-v" "/var/lib/crater-agent-workspace/cargo-home:/opt/rustwide/cargo-home:ro,Z" "-v" "/var/lib/crater-agent-workspace/rustup-home:/opt/rustwide/rustup-home:ro,Z" "-e" "SOURCE_DIR=/opt/rustwide/workdir" "-e" "CARGO_TARGET_DIR=/opt/rustwide/target" "-e" "CARGO_INCREMENTAL=0" "-e" "RUST_BACKTRACE=full" "-e" "RUSTFLAGS=--cap-lints=forbid" "-e" "RUSTDOCFLAGS=--cap-lints=forbid" "-e" "CARGO_HOME=/opt/rustwide/cargo-home" "-e" "RUSTUP_HOME=/opt/rustwide/rustup-home" "-w" "/opt/rustwide/workdir" "-m" "1610612736" "--user" "0:0" "--network" "none" "ghcr.io/rust-lang/crates-build-env/linux@sha256:819108c5571ea2e421544af4d832f968d213c87fbe3707a016657f43d2f853bc" "/opt/rustwide/cargo-home/bin/cargo" "+nightly-2025-01-18" "build" "--frozen" "--message-format=json", kill_on_drop: false }`
[INFO] [stdout] f12bb4777fb3c8b191fd2280e5f0abd3e4a8d6cca3166e5289da21690c19bbe1
[INFO] running `Command { std: "docker" "start" "-a" "f12bb4777fb3c8b191fd2280e5f0abd3e4a8d6cca3166e5289da21690c19bbe1", kill_on_drop: false }`
[INFO] [stderr]    Compiling proc-macro2 v1.0.3
[INFO] [stderr]    Compiling syn v1.0.5
[INFO] [stderr]    Compiling quote v1.0.2
[INFO] [stderr]    Compiling proc-macro-hack v0.5.10
[INFO] [stderr]    Compiling union_impl v0.0.2 (/opt/rustwide/workdir)
[INFO] [stdout] warning: unused import: `ActionExpr`
[INFO] [stdout]  --> src/expr_chain/expr/mod.rs:7:23
[INFO] [stdout]   |
[INFO] [stdout] 7 | pub use action_expr::{ActionExpr, ProcessActionExpr, DefaultActionExpr};
[INFO] [stdout]   |                       ^^^^^^^^^^
[INFO] [stdout]   |
[INFO] [stdout]   = note: `#[warn(unused_imports)]` on by default
[INFO] [stdout] 
[INFO] [stdout] 
[INFO] [stderr]     Finished `dev` profile [unoptimized + debuginfo] target(s) in 10.67s
[INFO] running `Command { std: "docker" "inspect" "f12bb4777fb3c8b191fd2280e5f0abd3e4a8d6cca3166e5289da21690c19bbe1", kill_on_drop: false }`
[INFO] running `Command { std: "docker" "rm" "-f" "f12bb4777fb3c8b191fd2280e5f0abd3e4a8d6cca3166e5289da21690c19bbe1", kill_on_drop: false }`
[INFO] [stdout] f12bb4777fb3c8b191fd2280e5f0abd3e4a8d6cca3166e5289da21690c19bbe1
[INFO] running `Command { std: "docker" "create" "-v" "/var/lib/crater-agent-workspace/builds/worker-7-tc1/target:/opt/rustwide/target:rw,Z" "-v" "/var/lib/crater-agent-workspace/builds/worker-7-tc1/source:/opt/rustwide/workdir:ro,Z" "-v" "/var/lib/crater-agent-workspace/cargo-home:/opt/rustwide/cargo-home:ro,Z" "-v" "/var/lib/crater-agent-workspace/rustup-home:/opt/rustwide/rustup-home:ro,Z" "-e" "SOURCE_DIR=/opt/rustwide/workdir" "-e" "CARGO_TARGET_DIR=/opt/rustwide/target" "-e" "CARGO_INCREMENTAL=0" "-e" "RUST_BACKTRACE=full" "-e" "RUSTFLAGS=--cap-lints=forbid" "-e" "RUSTDOCFLAGS=--cap-lints=forbid" "-e" "CARGO_HOME=/opt/rustwide/cargo-home" "-e" "RUSTUP_HOME=/opt/rustwide/rustup-home" "-w" "/opt/rustwide/workdir" "-m" "1610612736" "--user" "0:0" "--network" "none" "ghcr.io/rust-lang/crates-build-env/linux@sha256:819108c5571ea2e421544af4d832f968d213c87fbe3707a016657f43d2f853bc" "/opt/rustwide/cargo-home/bin/cargo" "+nightly-2025-01-18" "test" "--frozen" "--no-run" "--message-format=json", kill_on_drop: false }`
[INFO] [stdout] 53ab2a97361a3bc0a1dfd288a367c2f081d5cdb6df0576b4b8c2f66f1d5ed03e
[INFO] running `Command { std: "docker" "start" "-a" "53ab2a97361a3bc0a1dfd288a367c2f081d5cdb6df0576b4b8c2f66f1d5ed03e", kill_on_drop: false }`
[INFO] [stderr]    Compiling union_impl v0.0.2 (/opt/rustwide/workdir)
[INFO] [stdout] warning: unused import: `ActionExpr`
[INFO] [stdout]  --> src/expr_chain/expr/mod.rs:7:23
[INFO] [stdout]   |
[INFO] [stdout] 7 | pub use action_expr::{ActionExpr, ProcessActionExpr, DefaultActionExpr};
[INFO] [stdout]   |                       ^^^^^^^^^^
[INFO] [stdout]   |
[INFO] [stdout]   = note: `#[warn(unused_imports)]` on by default
[INFO] [stdout] 
[INFO] [stdout] 
[INFO] [stdout] warning: unused import: `ActionExpr`
[INFO] [stdout]  --> src/expr_chain/expr/mod.rs:7:23
[INFO] [stdout]   |
[INFO] [stdout] 7 | pub use action_expr::{ActionExpr, ProcessActionExpr, DefaultActionExpr};
[INFO] [stdout]   |                       ^^^^^^^^^^
[INFO] [stdout]   |
[INFO] [stdout]   = note: `#[warn(unused_imports)]` on by default
[INFO] [stdout] 
[INFO] [stdout] 
[INFO] [stderr]     Finished `test` profile [unoptimized + debuginfo] target(s) in 1.86s
[INFO] running `Command { std: "docker" "inspect" "53ab2a97361a3bc0a1dfd288a367c2f081d5cdb6df0576b4b8c2f66f1d5ed03e", kill_on_drop: false }`
[INFO] running `Command { std: "docker" "rm" "-f" "53ab2a97361a3bc0a1dfd288a367c2f081d5cdb6df0576b4b8c2f66f1d5ed03e", kill_on_drop: false }`
[INFO] [stdout] 53ab2a97361a3bc0a1dfd288a367c2f081d5cdb6df0576b4b8c2f66f1d5ed03e
[INFO] running `Command { std: "docker" "create" "-v" "/var/lib/crater-agent-workspace/builds/worker-7-tc1/target:/opt/rustwide/target:rw,Z" "-v" "/var/lib/crater-agent-workspace/builds/worker-7-tc1/source:/opt/rustwide/workdir:ro,Z" "-v" "/var/lib/crater-agent-workspace/cargo-home:/opt/rustwide/cargo-home:ro,Z" "-v" "/var/lib/crater-agent-workspace/rustup-home:/opt/rustwide/rustup-home:ro,Z" "-e" "SOURCE_DIR=/opt/rustwide/workdir" "-e" "CARGO_TARGET_DIR=/opt/rustwide/target" "-e" "CARGO_INCREMENTAL=0" "-e" "RUST_BACKTRACE=full" "-e" "RUSTFLAGS=--cap-lints=forbid" "-e" "RUSTDOCFLAGS=--cap-lints=forbid" "-e" "CARGO_HOME=/opt/rustwide/cargo-home" "-e" "RUSTUP_HOME=/opt/rustwide/rustup-home" "-w" "/opt/rustwide/workdir" "-m" "1610612736" "--user" "0:0" "--network" "none" "ghcr.io/rust-lang/crates-build-env/linux@sha256:819108c5571ea2e421544af4d832f968d213c87fbe3707a016657f43d2f853bc" "/opt/rustwide/cargo-home/bin/cargo" "+nightly-2025-01-18" "test" "--frozen", kill_on_drop: false }`
[INFO] [stdout] 2c85c4e2fcd24056d2c4d493992d8af9a81de106995ce5bc5da6fd92c1dad2f0
[INFO] running `Command { std: "docker" "start" "-a" "2c85c4e2fcd24056d2c4d493992d8af9a81de106995ce5bc5da6fd92c1dad2f0", kill_on_drop: false }`
[INFO] [stderr] warning: unused import: `ActionExpr`
[INFO] [stderr]  --> src/expr_chain/expr/mod.rs:7:23
[INFO] [stderr]   |
[INFO] [stderr] 7 | pub use action_expr::{ActionExpr, ProcessActionExpr, DefaultActionExpr};
[INFO] [stderr]   |                       ^^^^^^^^^^
[INFO] [stderr]   |
[INFO] [stderr]   = note: `#[warn(unused_imports)]` on by default
[INFO] [stderr] 
[INFO] [stderr] warning: `union_impl` (lib) generated 1 warning (run `cargo fix --lib -p union_impl` to apply 1 suggestion)
[INFO] [stderr] warning: `union_impl` (lib test) generated 1 warning (1 duplicate)
[INFO] [stderr]     Finished `test` profile [unoptimized + debuginfo] target(s) in 0.03s
[INFO] [stderr]      Running unittests src/lib.rs (/opt/rustwide/target/debug/deps/union_impl-bf956f0182700d6a)
[INFO] [stdout] 
[INFO] [stdout] running 0 tests
[INFO] [stdout] 
[INFO] [stdout] test result: ok. 0 passed; 0 failed; 0 ignored; 0 measured; 0 filtered out; finished in 0.00s
[INFO] [stdout] 
[INFO] [stderr]    Doc-tests union_impl
[INFO] [stdout] 
[INFO] [stdout] running 3 tests
[INFO] [stdout] test src/union/name_constructors.rs - union::name_constructors::construct_thread_name (line 38) ... FAILED
[INFO] [stdout] test src/union/name_constructors.rs - union::name_constructors::construct_thread_name (line 56) ... FAILED
[INFO] [stdout] test src/expr_chain/group/group_determiner.rs - expr_chain::group::group_determiner::GroupDeterminer::new (line 21) ... FAILED
[INFO] [stdout] 
[INFO] [stdout] failures:
[INFO] [stdout] 
[INFO] [stdout] ---- src/union/name_constructors.rs - union::name_constructors::construct_thread_name (line 38) stdout ----
[INFO] [stdout] error[E0463]: can't find crate for `union`
[INFO] [stdout]  --> src/union/name_constructors.rs:39:1
[INFO] [stdout]   |
[INFO] [stdout] 2 | extern crate union;
[INFO] [stdout]   | ^^^^^^^^^^^^^^^^^^^ can't find crate
[INFO] [stdout] 
[INFO] [stdout] error: aborting due to 1 previous error
[INFO] [stdout] 
[INFO] [stdout] For more information about this error, try `rustc --explain E0463`.
[INFO] [stdout] Couldn't compile the test.
[INFO] [stdout] ---- src/union/name_constructors.rs - union::name_constructors::construct_thread_name (line 56) stdout ----
[INFO] [stdout] error[E0463]: can't find crate for `union`
[INFO] [stdout]  --> src/union/name_constructors.rs:57:1
[INFO] [stdout]   |
[INFO] [stdout] 2 | extern crate union;
[INFO] [stdout]   | ^^^^^^^^^^^^^^^^^^^ can't find crate
[INFO] [stdout] 
[INFO] [stdout] error[E0423]: expected function, found macro `println`
[INFO] [stdout]   --> src/union/name_constructors.rs:68:5
[INFO] [stdout]    |
[INFO] [stdout] 13 |     println("Branch: {}. Thead name: {}.", index, get_current_thread_name());
[INFO] [stdout]    |     ^^^^^^^ not a function
[INFO] [stdout]    |
[INFO] [stdout] help: use `!` to invoke the macro
[INFO] [stdout]    |
[INFO] [stdout] 13 |     println!("Branch: {}. Thead name: {}.", index, get_current_thread_name());
[INFO] [stdout]    |            +
[INFO] [stdout] 
[INFO] [stdout] error: aborting due to 2 previous errors
[INFO] [stdout] 
[INFO] [stdout] Some errors have detailed explanations: E0423, E0463.
[INFO] [stdout] For more information about an error, try `rustc --explain E0423`.
[INFO] [stdout] Couldn't compile the test.
[INFO] [stdout] ---- src/expr_chain/group/group_determiner.rs - expr_chain::group::group_determiner::GroupDeterminer::new (line 21) stdout ----
[INFO] [stdout] error[E0432]: unresolved import `quote::Token`
[INFO] [stdout]  --> src/expr_chain/group/group_determiner.rs:22:5
[INFO] [stdout]   |
[INFO] [stdout] 3 | use quote::Token;
[INFO] [stdout]   |     ^^^^^^^^^^^^ no `Token` in the root
[INFO] [stdout]   |
[INFO] [stdout] help: consider importing this trait instead
[INFO] [stdout]   |
[INFO] [stdout] 3 | use syn::token::Token;
[INFO] [stdout]   |     ~~~~~~~~~~~~~~~~~
[INFO] [stdout] 
[INFO] [stdout] error[E0433]: failed to resolve: use of undeclared type `GroupDeterminer`
[INFO] [stdout]  --> src/expr_chain/group/group_determiner.rs:24:30
[INFO] [stdout]   |
[INFO] [stdout] 5 | let first_comma_determiner = GroupDeterminer::new(
[INFO] [stdout]   |                              ^^^^^^^^^^^^^^^ use of undeclared type `GroupDeterminer`
[INFO] [stdout] 
[INFO] [stdout] error: aborting due to 2 previous errors
[INFO] [stdout] 
[INFO] [stdout] Some errors have detailed explanations: E0432, E0433.
[INFO] [stdout] For more information about an error, try `rustc --explain E0432`.
[INFO] [stdout] Couldn't compile the test.
[INFO] [stdout] 
[INFO] [stdout] failures:
[INFO] [stdout]     src/expr_chain/group/group_determiner.rs - expr_chain::group::group_determiner::GroupDeterminer::new (line 21)
[INFO] [stdout]     src/union/name_constructors.rs - union::name_constructors::construct_thread_name (line 38)
[INFO] [stdout]     src/union/name_constructors.rs - union::name_constructors::construct_thread_name (line 56)
[INFO] [stdout] 
[INFO] [stdout] test result: FAILED. 0 passed; 3 failed; 0 ignored; 0 measured; 0 filtered out; finished in 0.21s
[INFO] [stdout] 
[INFO] [stderr] error: doctest failed, to rerun pass `--doc`
[INFO] running `Command { std: "docker" "inspect" "2c85c4e2fcd24056d2c4d493992d8af9a81de106995ce5bc5da6fd92c1dad2f0", kill_on_drop: false }`
[INFO] running `Command { std: "docker" "rm" "-f" "2c85c4e2fcd24056d2c4d493992d8af9a81de106995ce5bc5da6fd92c1dad2f0", kill_on_drop: false }`
[INFO] [stdout] 2c85c4e2fcd24056d2c4d493992d8af9a81de106995ce5bc5da6fd92c1dad2f0
