[INFO] cloning repository https://github.com/ogxd/ffidji
[INFO] running `Command { std: "git" "-c" "credential.helper=" "-c" "credential.helper=/workspace/cargo-home/bin/git-credential-null" "clone" "--bare" "https://github.com/ogxd/ffidji" "/workspace/cache/git-repos/https%3A%2F%2Fgithub.com%2Fogxd%2Fffidji", kill_on_drop: false }`
[INFO] [stderr] Cloning into bare repository '/workspace/cache/git-repos/https%3A%2F%2Fgithub.com%2Fogxd%2Fffidji'...
[INFO] running `Command { std: "git" "rev-parse" "HEAD", kill_on_drop: false }`
[INFO] [stdout] bc32964bf4bbdd7197714671b0cb343bbce9616c
[INFO] testing ogxd/ffidji against nightly-2025-01-18 for randomize-layout-2
[INFO] running `Command { std: "git" "clone" "/workspace/cache/git-repos/https%3A%2F%2Fgithub.com%2Fogxd%2Fffidji" "/workspace/builds/worker-3-tc1/source", kill_on_drop: false }`
[INFO] [stderr] Cloning into '/workspace/builds/worker-3-tc1/source'...
[INFO] [stderr] done.
[INFO] validating manifest of git repo https://github.com/ogxd/ffidji on toolchain nightly-2025-01-18
[INFO] running `Command { std: CARGO_HOME="/workspace/cargo-home" RUSTUP_HOME="/workspace/rustup-home" "/workspace/cargo-home/bin/cargo" "+nightly-2025-01-18" "metadata" "--manifest-path" "Cargo.toml" "--no-deps", kill_on_drop: false }`
[INFO] started tweaking git repo https://github.com/ogxd/ffidji
[INFO] removed 0 missing tests
[INFO] finished tweaking git repo https://github.com/ogxd/ffidji
[INFO] tweaked toml for git repo https://github.com/ogxd/ffidji written to /workspace/builds/worker-3-tc1/source/Cargo.toml
[INFO] running `Command { std: CARGO_HOME="/workspace/cargo-home" RUSTUP_HOME="/workspace/rustup-home" "/workspace/cargo-home/bin/cargo" "+nightly-2025-01-18" "generate-lockfile" "--manifest-path" "Cargo.toml", kill_on_drop: false }`
[INFO] [stderr]     Updating crates.io index
[INFO] [stderr]      Locking 39 packages to latest compatible versions
[INFO] [stderr]       Adding convert_case v0.5.0 (available: v0.7.1)
[INFO] [stderr]       Adding rstest v0.12.0 (available: v0.24.0)
[INFO] [stderr]       Adding serde-xml-rs v0.5.1 (available: v0.6.0)
[INFO] [stderr]       Adding structopt v0.2.18 (available: v0.3.26)
[INFO] running `Command { std: CARGO_HOME="/workspace/cargo-home" RUSTUP_HOME="/workspace/rustup-home" "/workspace/cargo-home/bin/cargo" "+nightly-2025-01-18" "fetch" "--manifest-path" "Cargo.toml", kill_on_drop: false }`
[INFO] [stderr]  Downloading crates ...
[INFO] [stderr]   Downloaded strip_bom v1.0.0
[INFO] [stderr]   Downloaded xml-rs v0.8.25
[INFO] [stderr]   Downloaded convert_case v0.5.0
[INFO] [stderr]   Downloaded semver v1.0.25
[INFO] [stderr]   Downloaded thiserror-impl v1.0.69
[INFO] [stderr]   Downloaded thiserror v1.0.69
[INFO] [stderr]   Downloaded structopt-derive v0.2.18
[INFO] [stderr]   Downloaded unicode-segmentation v1.12.0
[INFO] [stderr]   Downloaded structopt v0.2.18
[INFO] [stderr]   Downloaded serde-xml-rs v0.5.1
[INFO] [stderr]   Downloaded unicode-width v0.1.14
[INFO] [stderr]   Downloaded libc v0.2.169
[INFO] [stderr]   Downloaded rstest v0.12.0
[INFO] running `Command { std: "docker" "create" "-v" "/var/lib/crater-agent-workspace/builds/worker-3-tc1/target:/opt/rustwide/target:rw,Z" "-v" "/var/lib/crater-agent-workspace/builds/worker-3-tc1/source:/opt/rustwide/workdir:ro,Z" "-v" "/var/lib/crater-agent-workspace/cargo-home:/opt/rustwide/cargo-home:ro,Z" "-v" "/var/lib/crater-agent-workspace/rustup-home:/opt/rustwide/rustup-home:ro,Z" "-e" "SOURCE_DIR=/opt/rustwide/workdir" "-e" "CARGO_TARGET_DIR=/opt/rustwide/target" "-e" "CARGO_HOME=/opt/rustwide/cargo-home" "-e" "RUSTUP_HOME=/opt/rustwide/rustup-home" "-w" "/opt/rustwide/workdir" "-m" "1610612736" "--user" "0:0" "--network" "none" "ghcr.io/rust-lang/crates-build-env/linux@sha256:819108c5571ea2e421544af4d832f968d213c87fbe3707a016657f43d2f853bc" "/opt/rustwide/cargo-home/bin/cargo" "+nightly-2025-01-18" "metadata" "--no-deps" "--format-version=1", kill_on_drop: false }`
[INFO] [stdout] fc604d29f7e5522e6dbc97b4d244599cfa7afe229de587aca9e600faa397cabd
[INFO] running `Command { std: "docker" "start" "-a" "fc604d29f7e5522e6dbc97b4d244599cfa7afe229de587aca9e600faa397cabd", kill_on_drop: false }`
[INFO] running `Command { std: "docker" "inspect" "fc604d29f7e5522e6dbc97b4d244599cfa7afe229de587aca9e600faa397cabd", kill_on_drop: false }`
[INFO] running `Command { std: "docker" "rm" "-f" "fc604d29f7e5522e6dbc97b4d244599cfa7afe229de587aca9e600faa397cabd", kill_on_drop: false }`
[INFO] [stdout] fc604d29f7e5522e6dbc97b4d244599cfa7afe229de587aca9e600faa397cabd
[INFO] running `Command { std: "docker" "create" "-v" "/var/lib/crater-agent-workspace/builds/worker-3-tc1/target:/opt/rustwide/target:rw,Z" "-v" "/var/lib/crater-agent-workspace/builds/worker-3-tc1/source:/opt/rustwide/workdir:ro,Z" "-v" "/var/lib/crater-agent-workspace/cargo-home:/opt/rustwide/cargo-home:ro,Z" "-v" "/var/lib/crater-agent-workspace/rustup-home:/opt/rustwide/rustup-home:ro,Z" "-e" "SOURCE_DIR=/opt/rustwide/workdir" "-e" "CARGO_TARGET_DIR=/opt/rustwide/target" "-e" "CARGO_INCREMENTAL=0" "-e" "RUST_BACKTRACE=full" "-e" "RUSTFLAGS=--cap-lints=forbid" "-e" "RUSTDOCFLAGS=--cap-lints=forbid" "-e" "CARGO_HOME=/opt/rustwide/cargo-home" "-e" "RUSTUP_HOME=/opt/rustwide/rustup-home" "-w" "/opt/rustwide/workdir" "-m" "1610612736" "--user" "0:0" "--network" "none" "ghcr.io/rust-lang/crates-build-env/linux@sha256:819108c5571ea2e421544af4d832f968d213c87fbe3707a016657f43d2f853bc" "/opt/rustwide/cargo-home/bin/cargo" "+nightly-2025-01-18" "build" "--frozen" "--message-format=json", kill_on_drop: false }`
[INFO] [stdout] 42c255cd3d3b194cca52a28de8275741ce5ab656acff4872dc89e86d07865aa6
[INFO] running `Command { std: "docker" "start" "-a" "42c255cd3d3b194cca52a28de8275741ce5ab656acff4872dc89e86d07865aa6", kill_on_drop: false }`
[INFO] [stderr]    Compiling proc-macro2 v1.0.93
[INFO] [stderr]    Compiling proc-macro2 v0.4.30
[INFO] [stderr]    Compiling unicode-xid v0.1.0
[INFO] [stderr]    Compiling libc v0.2.169
[INFO] [stderr]    Compiling syn v0.15.44
[INFO] [stderr]    Compiling thiserror v1.0.69
[INFO] [stderr]    Compiling serde v1.0.217
[INFO] [stderr]    Compiling unicode-width v0.1.14
[INFO] [stderr]    Compiling unicode-segmentation v1.12.0
[INFO] [stderr]    Compiling ansi_term v0.12.1
[INFO] [stderr]    Compiling vec_map v0.8.2
[INFO] [stderr]    Compiling strsim v0.8.0
[INFO] [stderr]    Compiling xml-rs v0.8.25
[INFO] [stderr]    Compiling convert_case v0.5.0
[INFO] [stderr]    Compiling strip_bom v1.0.0
[INFO] [stderr]    Compiling textwrap v0.11.0
[INFO] [stderr]    Compiling heck v0.3.3
[INFO] [stderr]    Compiling quote v0.6.13
[INFO] [stderr]    Compiling quote v1.0.38
[INFO] [stderr]    Compiling syn v2.0.96
[INFO] [stderr]    Compiling atty v0.2.14
[INFO] [stderr]    Compiling clap v2.34.0
[INFO] [stderr]    Compiling structopt-derive v0.2.18
[INFO] [stderr]    Compiling thiserror-impl v1.0.69
[INFO] [stderr]    Compiling serde_derive v1.0.217
[INFO] [stderr]    Compiling structopt v0.2.18
[INFO] [stderr]    Compiling serde-xml-rs v0.5.1
[INFO] [stderr]    Compiling ffidji v0.1.0 (/opt/rustwide/workdir)
[INFO] [stdout] warning: unused import: `std::ffi::CStr`
[INFO] [stdout]  --> src/output.rs:5:5
[INFO] [stdout]   |
[INFO] [stdout] 5 | use std::ffi::CStr; 
[INFO] [stdout]   |     ^^^^^^^^^^^^^^
[INFO] [stdout]   |
[INFO] [stdout]   = note: `#[warn(unused_imports)]` on by default
[INFO] [stdout] 
[INFO] [stdout] 
[INFO] [stdout] warning: unused import: `i8 as int8`
[INFO] [stdout]   --> src/output.rs:12:5
[INFO] [stdout]    |
[INFO] [stdout] 12 | use i8 as int8;
[INFO] [stdout]    |     ^^^^^^^^^^
[INFO] [stdout] 
[INFO] [stdout] 
[INFO] [stdout] warning: unused import: `u8 as uint8`
[INFO] [stdout]   --> src/output.rs:13:5
[INFO] [stdout]    |
[INFO] [stdout] 13 | use u8 as uint8;
[INFO] [stdout]    |     ^^^^^^^^^^^
[INFO] [stdout] 
[INFO] [stdout] 
[INFO] [stdout] warning: unused import: `i16 as int16`
[INFO] [stdout]   --> src/output.rs:14:5
[INFO] [stdout]    |
[INFO] [stdout] 14 | use i16 as int16;
[INFO] [stdout]    |     ^^^^^^^^^^^^
[INFO] [stdout] 
[INFO] [stdout] 
[INFO] [stdout] warning: unused import: `u16 as uint16`
[INFO] [stdout]   --> src/output.rs:15:5
[INFO] [stdout]    |
[INFO] [stdout] 15 | use u16 as uint16;
[INFO] [stdout]    |     ^^^^^^^^^^^^^
[INFO] [stdout] 
[INFO] [stdout] 
[INFO] [stdout] warning: unused import: `u32 as uint32`
[INFO] [stdout]   --> src/output.rs:17:5
[INFO] [stdout]    |
[INFO] [stdout] 17 | use u32 as uint32;
[INFO] [stdout]    |     ^^^^^^^^^^^^^
[INFO] [stdout] 
[INFO] [stdout] 
[INFO] [stdout] warning: unused import: `i64 as int64`
[INFO] [stdout]   --> src/output.rs:18:5
[INFO] [stdout]    |
[INFO] [stdout] 18 | use i64 as int64;
[INFO] [stdout]    |     ^^^^^^^^^^^^
[INFO] [stdout] 
[INFO] [stdout] 
[INFO] [stdout] warning: unused import: `u64 as uint64`
[INFO] [stdout]   --> src/output.rs:19:5
[INFO] [stdout]    |
[INFO] [stdout] 19 | use u64 as uint64;
[INFO] [stdout]    |     ^^^^^^^^^^^^^
[INFO] [stdout] 
[INFO] [stdout] 
[INFO] [stdout] warning: unused import: `f32 as float32`
[INFO] [stdout]   --> src/output.rs:20:5
[INFO] [stdout]    |
[INFO] [stdout] 20 | use f32 as float32;
[INFO] [stdout]    |     ^^^^^^^^^^^^^^
[INFO] [stdout] 
[INFO] [stdout] 
[INFO] [stdout] warning: unused import: `f64 as float64`
[INFO] [stdout]   --> src/output.rs:21:5
[INFO] [stdout]    |
[INFO] [stdout] 21 | use f64 as float64;
[INFO] [stdout]    |     ^^^^^^^^^^^^^^
[INFO] [stdout] 
[INFO] [stdout] 
[INFO] [stdout] warning: type `string` should have an upper camel case name
[INFO] [stdout]   --> src/output.rs:55:8
[INFO] [stdout]    |
[INFO] [stdout] 55 | struct string
[INFO] [stdout]    |        ^^^^^^ help: convert the identifier to upper camel case (notice the capitalization): `String`
[INFO] [stdout]    |
[INFO] [stdout]    = note: `#[warn(non_camel_case_types)]` on by default
[INFO] [stdout] 
[INFO] [stdout] 
[INFO] [stdout] warning: field `description` is never read
[INFO] [stdout]   --> src/interface/type.rs:10:9
[INFO] [stdout]    |
[INFO] [stdout] 4  | pub struct Type {
[INFO] [stdout]    |            ---- field in this struct
[INFO] [stdout] ...
[INFO] [stdout] 10 |     pub description: Option<String>,
[INFO] [stdout]    |         ^^^^^^^^^^^
[INFO] [stdout]    |
[INFO] [stdout]    = note: `Type` has derived impls for the traits `Clone` and `Debug`, but these are intentionally ignored during dead code analysis
[INFO] [stdout]    = note: `#[warn(dead_code)]` on by default
[INFO] [stdout] 
[INFO] [stdout] 
[INFO] [stdout] warning: field `description` is never read
[INFO] [stdout]   --> src/interface/method.rs:10:9
[INFO] [stdout]    |
[INFO] [stdout] 4  | pub struct Method {
[INFO] [stdout]    |            ------ field in this struct
[INFO] [stdout] ...
[INFO] [stdout] 10 |     pub description: Option<String>,
[INFO] [stdout]    |         ^^^^^^^^^^^
[INFO] [stdout]    |
[INFO] [stdout]    = note: `Method` has derived impls for the traits `Clone` and `Debug`, but these are intentionally ignored during dead code analysis
[INFO] [stdout] 
[INFO] [stdout] 
[INFO] [stdout] warning: struct `PairToSum` is never constructed
[INFO] [stdout]   --> src/output.rs:43:8
[INFO] [stdout]    |
[INFO] [stdout] 43 | struct PairToSum
[INFO] [stdout]    |        ^^^^^^^^^
[INFO] [stdout] 
[INFO] [stdout] 
[INFO] [stdout] warning: struct `ArrayToSum` is never constructed
[INFO] [stdout]   --> src/output.rs:49:8
[INFO] [stdout]    |
[INFO] [stdout] 49 | struct ArrayToSum
[INFO] [stdout]    |        ^^^^^^^^^^
[INFO] [stdout] 
[INFO] [stdout] 
[INFO] [stdout] warning: struct `string` is never constructed
[INFO] [stdout]   --> src/output.rs:55:8
[INFO] [stdout]    |
[INFO] [stdout] 55 | struct string
[INFO] [stdout]    |        ^^^^^^
[INFO] [stdout] 
[INFO] [stdout] 
[INFO] [stdout] warning: structure field `intsToSum_ptr` should have a snake case name
[INFO] [stdout]   --> src/output.rs:51:5
[INFO] [stdout]    |
[INFO] [stdout] 51 |     intsToSum_ptr: *const int32,
[INFO] [stdout]    |     ^^^^^^^^^^^^^ help: convert the identifier to snake case: `ints_to_sum_ptr`
[INFO] [stdout]    |
[INFO] [stdout]    = note: `#[warn(non_snake_case)]` on by default
[INFO] [stdout] 
[INFO] [stdout] 
[INFO] [stdout] warning: structure field `intsToSum_len` should have a snake case name
[INFO] [stdout]   --> src/output.rs:52:5
[INFO] [stdout]    |
[INFO] [stdout] 52 |     intsToSum_len: int32,
[INFO] [stdout]    |     ^^^^^^^^^^^^^ help: convert the identifier to snake case: `ints_to_sum_len`
[INFO] [stdout] 
[INFO] [stdout] 
[INFO] [stdout] warning: variable `A` should have a snake case name
[INFO] [stdout]   --> src/output.rs:62:23
[INFO] [stdout]    |
[INFO] [stdout] 62 | pub extern "C" fn Sum(A: int32, B: int32) -> int32
[INFO] [stdout]    |                       ^ help: convert the identifier to snake case: `a`
[INFO] [stdout] 
[INFO] [stdout] 
[INFO] [stdout] warning: variable `B` should have a snake case name
[INFO] [stdout]   --> src/output.rs:62:33
[INFO] [stdout]    |
[INFO] [stdout] 62 | pub extern "C" fn Sum(A: int32, B: int32) -> int32
[INFO] [stdout]    |                                 ^ help: convert the identifier to snake case: `b`
[INFO] [stdout] 
[INFO] [stdout] 
[INFO] [stderr]     Finished `dev` profile [unoptimized + debuginfo] target(s) in 10.46s
[INFO] running `Command { std: "docker" "inspect" "42c255cd3d3b194cca52a28de8275741ce5ab656acff4872dc89e86d07865aa6", kill_on_drop: false }`
[INFO] running `Command { std: "docker" "rm" "-f" "42c255cd3d3b194cca52a28de8275741ce5ab656acff4872dc89e86d07865aa6", kill_on_drop: false }`
[INFO] [stdout] 42c255cd3d3b194cca52a28de8275741ce5ab656acff4872dc89e86d07865aa6
[INFO] running `Command { std: "docker" "create" "-v" "/var/lib/crater-agent-workspace/builds/worker-3-tc1/target:/opt/rustwide/target:rw,Z" "-v" "/var/lib/crater-agent-workspace/builds/worker-3-tc1/source:/opt/rustwide/workdir:ro,Z" "-v" "/var/lib/crater-agent-workspace/cargo-home:/opt/rustwide/cargo-home:ro,Z" "-v" "/var/lib/crater-agent-workspace/rustup-home:/opt/rustwide/rustup-home:ro,Z" "-e" "SOURCE_DIR=/opt/rustwide/workdir" "-e" "CARGO_TARGET_DIR=/opt/rustwide/target" "-e" "CARGO_INCREMENTAL=0" "-e" "RUST_BACKTRACE=full" "-e" "RUSTFLAGS=--cap-lints=forbid" "-e" "RUSTDOCFLAGS=--cap-lints=forbid" "-e" "CARGO_HOME=/opt/rustwide/cargo-home" "-e" "RUSTUP_HOME=/opt/rustwide/rustup-home" "-w" "/opt/rustwide/workdir" "-m" "1610612736" "--user" "0:0" "--network" "none" "ghcr.io/rust-lang/crates-build-env/linux@sha256:819108c5571ea2e421544af4d832f968d213c87fbe3707a016657f43d2f853bc" "/opt/rustwide/cargo-home/bin/cargo" "+nightly-2025-01-18" "test" "--frozen" "--no-run" "--message-format=json", kill_on_drop: false }`
[INFO] [stdout] 188889b50f427ac84fea2b235362be3798fef979cdb9f4c431f234ad0162d19d
[INFO] running `Command { std: "docker" "start" "-a" "188889b50f427ac84fea2b235362be3798fef979cdb9f4c431f234ad0162d19d", kill_on_drop: false }`
[INFO] [stderr]    Compiling semver v1.0.25
[INFO] [stderr]    Compiling syn v1.0.109
[INFO] [stderr]    Compiling cfg-if v1.0.0
[INFO] [stdout] warning: unused import: `std::ffi::CStr`
[INFO] [stdout]  --> src/output.rs:5:5
[INFO] [stdout]   |
[INFO] [stdout] 5 | use std::ffi::CStr; 
[INFO] [stdout]   |     ^^^^^^^^^^^^^^
[INFO] [stdout]   |
[INFO] [stdout]   = note: `#[warn(unused_imports)]` on by default
[INFO] [stdout] 
[INFO] [stdout] 
[INFO] [stdout] warning: unused import: `i8 as int8`
[INFO] [stdout]   --> src/output.rs:12:5
[INFO] [stdout]    |
[INFO] [stdout] 12 | use i8 as int8;
[INFO] [stdout]    |     ^^^^^^^^^^
[INFO] [stdout] 
[INFO] [stdout] 
[INFO] [stdout] warning: unused import: `u8 as uint8`
[INFO] [stdout]   --> src/output.rs:13:5
[INFO] [stdout]    |
[INFO] [stdout] 13 | use u8 as uint8;
[INFO] [stdout]    |     ^^^^^^^^^^^
[INFO] [stdout] 
[INFO] [stdout] 
[INFO] [stdout] warning: unused import: `i16 as int16`
[INFO] [stdout]   --> src/output.rs:14:5
[INFO] [stdout]    |
[INFO] [stdout] 14 | use i16 as int16;
[INFO] [stdout]    |     ^^^^^^^^^^^^
[INFO] [stdout] 
[INFO] [stdout] 
[INFO] [stdout] warning: unused import: `u16 as uint16`
[INFO] [stdout]   --> src/output.rs:15:5
[INFO] [stdout]    |
[INFO] [stdout] 15 | use u16 as uint16;
[INFO] [stdout]    |     ^^^^^^^^^^^^^
[INFO] [stdout] 
[INFO] [stdout] 
[INFO] [stdout] warning: unused import: `u32 as uint32`
[INFO] [stdout]   --> src/output.rs:17:5
[INFO] [stdout]    |
[INFO] [stdout] 17 | use u32 as uint32;
[INFO] [stdout]    |     ^^^^^^^^^^^^^
[INFO] [stdout] 
[INFO] [stdout] 
[INFO] [stdout] warning: unused import: `i64 as int64`
[INFO] [stdout]   --> src/output.rs:18:5
[INFO] [stdout]    |
[INFO] [stdout] 18 | use i64 as int64;
[INFO] [stdout]    |     ^^^^^^^^^^^^
[INFO] [stdout] 
[INFO] [stdout] 
[INFO] [stdout] warning: unused import: `u64 as uint64`
[INFO] [stdout]   --> src/output.rs:19:5
[INFO] [stdout]    |
[INFO] [stdout] 19 | use u64 as uint64;
[INFO] [stdout]    |     ^^^^^^^^^^^^^
[INFO] [stdout] 
[INFO] [stdout] 
[INFO] [stdout] warning: unused import: `f32 as float32`
[INFO] [stdout]   --> src/output.rs:20:5
[INFO] [stdout]    |
[INFO] [stdout] 20 | use f32 as float32;
[INFO] [stdout]    |     ^^^^^^^^^^^^^^
[INFO] [stdout] 
[INFO] [stdout] 
[INFO] [stdout] warning: unused import: `f64 as float64`
[INFO] [stdout]   --> src/output.rs:21:5
[INFO] [stdout]    |
[INFO] [stdout] 21 | use f64 as float64;
[INFO] [stdout]    |     ^^^^^^^^^^^^^^
[INFO] [stdout] 
[INFO] [stdout] 
[INFO] [stdout] warning: type `string` should have an upper camel case name
[INFO] [stdout]   --> src/output.rs:55:8
[INFO] [stdout]    |
[INFO] [stdout] 55 | struct string
[INFO] [stdout]    |        ^^^^^^ help: convert the identifier to upper camel case (notice the capitalization): `String`
[INFO] [stdout]    |
[INFO] [stdout]    = note: `#[warn(non_camel_case_types)]` on by default
[INFO] [stdout] 
[INFO] [stdout] 
[INFO] [stdout] warning: field `description` is never read
[INFO] [stdout]   --> src/interface/type.rs:10:9
[INFO] [stdout]    |
[INFO] [stdout] 4  | pub struct Type {
[INFO] [stdout]    |            ---- field in this struct
[INFO] [stdout] ...
[INFO] [stdout] 10 |     pub description: Option<String>,
[INFO] [stdout]    |         ^^^^^^^^^^^
[INFO] [stdout]    |
[INFO] [stdout]    = note: `Type` has derived impls for the traits `Clone` and `Debug`, but these are intentionally ignored during dead code analysis
[INFO] [stdout]    = note: `#[warn(dead_code)]` on by default
[INFO] [stdout] 
[INFO] [stdout] 
[INFO] [stdout] warning: field `description` is never read
[INFO] [stdout]   --> src/interface/method.rs:10:9
[INFO] [stdout]    |
[INFO] [stdout] 4  | pub struct Method {
[INFO] [stdout]    |            ------ field in this struct
[INFO] [stdout] ...
[INFO] [stdout] 10 |     pub description: Option<String>,
[INFO] [stdout]    |         ^^^^^^^^^^^
[INFO] [stdout]    |
[INFO] [stdout]    = note: `Method` has derived impls for the traits `Clone` and `Debug`, but these are intentionally ignored during dead code analysis
[INFO] [stdout] 
[INFO] [stdout] 
[INFO] [stdout] warning: struct `PairToSum` is never constructed
[INFO] [stdout]   --> src/output.rs:43:8
[INFO] [stdout]    |
[INFO] [stdout] 43 | struct PairToSum
[INFO] [stdout]    |        ^^^^^^^^^
[INFO] [stdout] 
[INFO] [stdout] 
[INFO] [stdout] warning: struct `ArrayToSum` is never constructed
[INFO] [stdout]   --> src/output.rs:49:8
[INFO] [stdout]    |
[INFO] [stdout] 49 | struct ArrayToSum
[INFO] [stdout]    |        ^^^^^^^^^^
[INFO] [stdout] 
[INFO] [stdout] 
[INFO] [stdout] warning: struct `string` is never constructed
[INFO] [stdout]   --> src/output.rs:55:8
[INFO] [stdout]    |
[INFO] [stdout] 55 | struct string
[INFO] [stdout]    |        ^^^^^^
[INFO] [stdout] 
[INFO] [stdout] 
[INFO] [stdout] warning: structure field `intsToSum_ptr` should have a snake case name
[INFO] [stdout]   --> src/output.rs:51:5
[INFO] [stdout]    |
[INFO] [stdout] 51 |     intsToSum_ptr: *const int32,
[INFO] [stdout]    |     ^^^^^^^^^^^^^ help: convert the identifier to snake case: `ints_to_sum_ptr`
[INFO] [stdout]    |
[INFO] [stdout]    = note: `#[warn(non_snake_case)]` on by default
[INFO] [stdout] 
[INFO] [stdout] 
[INFO] [stdout] warning: structure field `intsToSum_len` should have a snake case name
[INFO] [stdout]   --> src/output.rs:52:5
[INFO] [stdout]    |
[INFO] [stdout] 52 |     intsToSum_len: int32,
[INFO] [stdout]    |     ^^^^^^^^^^^^^ help: convert the identifier to snake case: `ints_to_sum_len`
[INFO] [stdout] 
[INFO] [stdout] 
[INFO] [stdout] warning: variable `A` should have a snake case name
[INFO] [stdout]   --> src/output.rs:62:23
[INFO] [stdout]    |
[INFO] [stdout] 62 | pub extern "C" fn Sum(A: int32, B: int32) -> int32
[INFO] [stdout]    |                       ^ help: convert the identifier to snake case: `a`
[INFO] [stdout] 
[INFO] [stdout] 
[INFO] [stdout] warning: variable `B` should have a snake case name
[INFO] [stdout]   --> src/output.rs:62:33
[INFO] [stdout]    |
[INFO] [stdout] 62 | pub extern "C" fn Sum(A: int32, B: int32) -> int32
[INFO] [stdout]    |                                 ^ help: convert the identifier to snake case: `b`
[INFO] [stdout] 
[INFO] [stdout] 
[INFO] [stderr]    Compiling rustc_version v0.4.1
[INFO] [stderr]    Compiling rstest v0.12.0
[INFO] [stderr]    Compiling ffidji v0.1.0 (/opt/rustwide/workdir)
[INFO] [stdout] warning: unused import: `std::ffi::CStr`
[INFO] [stdout]  --> src/output.rs:5:5
[INFO] [stdout]   |
[INFO] [stdout] 5 | use std::ffi::CStr; 
[INFO] [stdout]   |     ^^^^^^^^^^^^^^
[INFO] [stdout]   |
[INFO] [stdout]   = note: `#[warn(unused_imports)]` on by default
[INFO] [stdout] 
[INFO] [stdout] 
[INFO] [stdout] warning: unused import: `i8 as int8`
[INFO] [stdout]   --> src/output.rs:12:5
[INFO] [stdout]    |
[INFO] [stdout] 12 | use i8 as int8;
[INFO] [stdout]    |     ^^^^^^^^^^
[INFO] [stdout] 
[INFO] [stdout] 
[INFO] [stdout] warning: unused import: `u8 as uint8`
[INFO] [stdout]   --> src/output.rs:13:5
[INFO] [stdout]    |
[INFO] [stdout] 13 | use u8 as uint8;
[INFO] [stdout]    |     ^^^^^^^^^^^
[INFO] [stdout] 
[INFO] [stdout] 
[INFO] [stdout] warning: unused import: `i16 as int16`
[INFO] [stdout]   --> src/output.rs:14:5
[INFO] [stdout]    |
[INFO] [stdout] 14 | use i16 as int16;
[INFO] [stdout]    |     ^^^^^^^^^^^^
[INFO] [stdout] 
[INFO] [stdout] 
[INFO] [stdout] warning: unused import: `u16 as uint16`
[INFO] [stdout]   --> src/output.rs:15:5
[INFO] [stdout]    |
[INFO] [stdout] 15 | use u16 as uint16;
[INFO] [stdout]    |     ^^^^^^^^^^^^^
[INFO] [stdout] 
[INFO] [stdout] 
[INFO] [stdout] warning: unused import: `u32 as uint32`
[INFO] [stdout]   --> src/output.rs:17:5
[INFO] [stdout]    |
[INFO] [stdout] 17 | use u32 as uint32;
[INFO] [stdout]    |     ^^^^^^^^^^^^^
[INFO] [stdout] 
[INFO] [stdout] 
[INFO] [stdout] warning: unused import: `i64 as int64`
[INFO] [stdout]   --> src/output.rs:18:5
[INFO] [stdout]    |
[INFO] [stdout] 18 | use i64 as int64;
[INFO] [stdout]    |     ^^^^^^^^^^^^
[INFO] [stdout] 
[INFO] [stdout] 
[INFO] [stdout] warning: unused import: `u64 as uint64`
[INFO] [stdout]   --> src/output.rs:19:5
[INFO] [stdout]    |
[INFO] [stdout] 19 | use u64 as uint64;
[INFO] [stdout]    |     ^^^^^^^^^^^^^
[INFO] [stdout] 
[INFO] [stdout] 
[INFO] [stdout] warning: unused import: `f32 as float32`
[INFO] [stdout]   --> src/output.rs:20:5
[INFO] [stdout]    |
[INFO] [stdout] 20 | use f32 as float32;
[INFO] [stdout]    |     ^^^^^^^^^^^^^^
[INFO] [stdout] 
[INFO] [stdout] 
[INFO] [stdout] warning: unused import: `f64 as float64`
[INFO] [stdout]   --> src/output.rs:21:5
[INFO] [stdout]    |
[INFO] [stdout] 21 | use f64 as float64;
[INFO] [stdout]    |     ^^^^^^^^^^^^^^
[INFO] [stdout] 
[INFO] [stdout] 
[INFO] [stdout] warning: type `string` should have an upper camel case name
[INFO] [stdout]   --> src/output.rs:55:8
[INFO] [stdout]    |
[INFO] [stdout] 55 | struct string
[INFO] [stdout]    |        ^^^^^^ help: convert the identifier to upper camel case (notice the capitalization): `String`
[INFO] [stdout]    |
[INFO] [stdout]    = note: `#[warn(non_camel_case_types)]` on by default
[INFO] [stdout] 
[INFO] [stdout] 
[INFO] [stdout] warning: field `description` is never read
[INFO] [stdout]   --> src/interface/type.rs:10:9
[INFO] [stdout]    |
[INFO] [stdout] 4  | pub struct Type {
[INFO] [stdout]    |            ---- field in this struct
[INFO] [stdout] ...
[INFO] [stdout] 10 |     pub description: Option<String>,
[INFO] [stdout]    |         ^^^^^^^^^^^
[INFO] [stdout]    |
[INFO] [stdout]    = note: `Type` has derived impls for the traits `Clone` and `Debug`, but these are intentionally ignored during dead code analysis
[INFO] [stdout]    = note: `#[warn(dead_code)]` on by default
[INFO] [stdout] 
[INFO] [stdout] 
[INFO] [stdout] warning: field `description` is never read
[INFO] [stdout]   --> src/interface/method.rs:10:9
[INFO] [stdout]    |
[INFO] [stdout] 4  | pub struct Method {
[INFO] [stdout]    |            ------ field in this struct
[INFO] [stdout] ...
[INFO] [stdout] 10 |     pub description: Option<String>,
[INFO] [stdout]    |         ^^^^^^^^^^^
[INFO] [stdout]    |
[INFO] [stdout]    = note: `Method` has derived impls for the traits `Clone` and `Debug`, but these are intentionally ignored during dead code analysis
[INFO] [stdout] 
[INFO] [stdout] 
[INFO] [stdout] warning: struct `PairToSum` is never constructed
[INFO] [stdout]   --> src/output.rs:43:8
[INFO] [stdout]    |
[INFO] [stdout] 43 | struct PairToSum
[INFO] [stdout]    |        ^^^^^^^^^
[INFO] [stdout] 
[INFO] [stdout] 
[INFO] [stdout] warning: struct `ArrayToSum` is never constructed
[INFO] [stdout]   --> src/output.rs:49:8
[INFO] [stdout]    |
[INFO] [stdout] 49 | struct ArrayToSum
[INFO] [stdout]    |        ^^^^^^^^^^
[INFO] [stdout] 
[INFO] [stdout] 
[INFO] [stdout] warning: struct `string` is never constructed
[INFO] [stdout]   --> src/output.rs:55:8
[INFO] [stdout]    |
[INFO] [stdout] 55 | struct string
[INFO] [stdout]    |        ^^^^^^
[INFO] [stdout] 
[INFO] [stdout] 
[INFO] [stdout] warning: structure field `intsToSum_ptr` should have a snake case name
[INFO] [stdout]   --> src/output.rs:51:5
[INFO] [stdout]    |
[INFO] [stdout] 51 |     intsToSum_ptr: *const int32,
[INFO] [stdout]    |     ^^^^^^^^^^^^^ help: convert the identifier to snake case: `ints_to_sum_ptr`
[INFO] [stdout]    |
[INFO] [stdout]    = note: `#[warn(non_snake_case)]` on by default
[INFO] [stdout] 
[INFO] [stdout] 
[INFO] [stdout] warning: structure field `intsToSum_len` should have a snake case name
[INFO] [stdout]   --> src/output.rs:52:5
[INFO] [stdout]    |
[INFO] [stdout] 52 |     intsToSum_len: int32,
[INFO] [stdout]    |     ^^^^^^^^^^^^^ help: convert the identifier to snake case: `ints_to_sum_len`
[INFO] [stdout] 
[INFO] [stdout] 
[INFO] [stdout] warning: variable `A` should have a snake case name
[INFO] [stdout]   --> src/output.rs:62:23
[INFO] [stdout]    |
[INFO] [stdout] 62 | pub extern "C" fn Sum(A: int32, B: int32) -> int32
[INFO] [stdout]    |                       ^ help: convert the identifier to snake case: `a`
[INFO] [stdout] 
[INFO] [stdout] 
[INFO] [stdout] warning: variable `B` should have a snake case name
[INFO] [stdout]   --> src/output.rs:62:33
[INFO] [stdout]    |
[INFO] [stdout] 62 | pub extern "C" fn Sum(A: int32, B: int32) -> int32
[INFO] [stdout]    |                                 ^ help: convert the identifier to snake case: `b`
[INFO] [stdout] 
[INFO] [stdout] 
[INFO] [stderr]     Finished `test` profile [unoptimized + debuginfo] target(s) in 8.05s
[INFO] running `Command { std: "docker" "inspect" "188889b50f427ac84fea2b235362be3798fef979cdb9f4c431f234ad0162d19d", kill_on_drop: false }`
[INFO] running `Command { std: "docker" "rm" "-f" "188889b50f427ac84fea2b235362be3798fef979cdb9f4c431f234ad0162d19d", kill_on_drop: false }`
[INFO] [stdout] 188889b50f427ac84fea2b235362be3798fef979cdb9f4c431f234ad0162d19d
[INFO] running `Command { std: "docker" "create" "-v" "/var/lib/crater-agent-workspace/builds/worker-3-tc1/target:/opt/rustwide/target:rw,Z" "-v" "/var/lib/crater-agent-workspace/builds/worker-3-tc1/source:/opt/rustwide/workdir:ro,Z" "-v" "/var/lib/crater-agent-workspace/cargo-home:/opt/rustwide/cargo-home:ro,Z" "-v" "/var/lib/crater-agent-workspace/rustup-home:/opt/rustwide/rustup-home:ro,Z" "-e" "SOURCE_DIR=/opt/rustwide/workdir" "-e" "CARGO_TARGET_DIR=/opt/rustwide/target" "-e" "CARGO_INCREMENTAL=0" "-e" "RUST_BACKTRACE=full" "-e" "RUSTFLAGS=--cap-lints=forbid" "-e" "RUSTDOCFLAGS=--cap-lints=forbid" "-e" "CARGO_HOME=/opt/rustwide/cargo-home" "-e" "RUSTUP_HOME=/opt/rustwide/rustup-home" "-w" "/opt/rustwide/workdir" "-m" "1610612736" "--user" "0:0" "--network" "none" "ghcr.io/rust-lang/crates-build-env/linux@sha256:819108c5571ea2e421544af4d832f968d213c87fbe3707a016657f43d2f853bc" "/opt/rustwide/cargo-home/bin/cargo" "+nightly-2025-01-18" "test" "--frozen", kill_on_drop: false }`
[INFO] [stdout] ce55a8d151e50eb04bb9601376cae66524756008839543f1dc15eb4be847fb86
[INFO] running `Command { std: "docker" "start" "-a" "ce55a8d151e50eb04bb9601376cae66524756008839543f1dc15eb4be847fb86", kill_on_drop: false }`
[INFO] [stderr] warning: unused import: `std::ffi::CStr`
[INFO] [stderr]  --> src/output.rs:5:5
[INFO] [stderr]   |
[INFO] [stderr] 5 | use std::ffi::CStr; 
[INFO] [stderr]   |     ^^^^^^^^^^^^^^
[INFO] [stderr]   |
[INFO] [stderr]   = note: `#[warn(unused_imports)]` on by default
[INFO] [stderr] 
[INFO] [stderr] warning: unused import: `i8 as int8`
[INFO] [stderr]   --> src/output.rs:12:5
[INFO] [stderr]    |
[INFO] [stderr] 12 | use i8 as int8;
[INFO] [stderr]    |     ^^^^^^^^^^
[INFO] [stderr] 
[INFO] [stderr] warning: unused import: `u8 as uint8`
[INFO] [stderr]   --> src/output.rs:13:5
[INFO] [stderr]    |
[INFO] [stderr] 13 | use u8 as uint8;
[INFO] [stderr]    |     ^^^^^^^^^^^
[INFO] [stderr] 
[INFO] [stderr] warning: unused import: `i16 as int16`
[INFO] [stderr]   --> src/output.rs:14:5
[INFO] [stderr]    |
[INFO] [stderr] 14 | use i16 as int16;
[INFO] [stderr]    |     ^^^^^^^^^^^^
[INFO] [stderr] 
[INFO] [stderr] warning: unused import: `u16 as uint16`
[INFO] [stderr]   --> src/output.rs:15:5
[INFO] [stderr]    |
[INFO] [stderr] 15 | use u16 as uint16;
[INFO] [stderr]    |     ^^^^^^^^^^^^^
[INFO] [stderr] 
[INFO] [stderr] warning: unused import: `u32 as uint32`
[INFO] [stderr]   --> src/output.rs:17:5
[INFO] [stderr]    |
[INFO] [stderr] 17 | use u32 as uint32;
[INFO] [stderr]    |     ^^^^^^^^^^^^^
[INFO] [stderr] 
[INFO] [stderr] warning: unused import: `i64 as int64`
[INFO] [stderr]   --> src/output.rs:18:5
[INFO] [stderr]    |
[INFO] [stderr] 18 | use i64 as int64;
[INFO] [stderr]    |     ^^^^^^^^^^^^
[INFO] [stderr] 
[INFO] [stderr] warning: unused import: `u64 as uint64`
[INFO] [stderr]   --> src/output.rs:19:5
[INFO] [stderr]    |
[INFO] [stderr] 19 | use u64 as uint64;
[INFO] [stderr]    |     ^^^^^^^^^^^^^
[INFO] [stderr] 
[INFO] [stderr] warning: unused import: `f32 as float32`
[INFO] [stderr]   --> src/output.rs:20:5
[INFO] [stderr]    |
[INFO] [stderr] 20 | use f32 as float32;
[INFO] [stderr]    |     ^^^^^^^^^^^^^^
[INFO] [stderr] 
[INFO] [stderr] warning: unused import: `f64 as float64`
[INFO] [stderr]   --> src/output.rs:21:5
[INFO] [stderr]    |
[INFO] [stderr] 21 | use f64 as float64;
[INFO] [stderr]    |     ^^^^^^^^^^^^^^
[INFO] [stderr] 
[INFO] [stderr] warning: type `string` should have an upper camel case name
[INFO] [stderr]   --> src/output.rs:55:8
[INFO] [stderr]    |
[INFO] [stderr] 55 | struct string
[INFO] [stderr]    |        ^^^^^^ help: convert the identifier to upper camel case (notice the capitalization): `String`
[INFO] [stderr]    |
[INFO] [stderr]    = note: `#[warn(non_camel_case_types)]` on by default
[INFO] [stderr] 
[INFO] [stderr] warning: field `description` is never read
[INFO] [stderr]   --> src/interface/type.rs:10:9
[INFO] [stderr]    |
[INFO] [stderr] 4  | pub struct Type {
[INFO] [stderr]    |            ---- field in this struct
[INFO] [stderr] ...
[INFO] [stderr] 10 |     pub description: Option<String>,
[INFO] [stderr]    |         ^^^^^^^^^^^
[INFO] [stderr]    |
[INFO] [stderr]    = note: `Type` has derived impls for the traits `Clone` and `Debug`, but these are intentionally ignored during dead code analysis
[INFO] [stderr]    = note: `#[warn(dead_code)]` on by default
[INFO] [stderr] 
[INFO] [stderr] warning: field `description` is never read
[INFO] [stderr]   --> src/interface/method.rs:10:9
[INFO] [stderr]    |
[INFO] [stderr] 4  | pub struct Method {
[INFO] [stderr]    |            ------ field in this struct
[INFO] [stderr] ...
[INFO] [stderr] 10 |     pub description: Option<String>,
[INFO] [stderr]    |         ^^^^^^^^^^^
[INFO] [stderr]    |
[INFO] [stderr]    = note: `Method` has derived impls for the traits `Clone` and `Debug`, but these are intentionally ignored during dead code analysis
[INFO] [stderr] 
[INFO] [stderr] warning: struct `PairToSum` is never constructed
[INFO] [stderr]   --> src/output.rs:43:8
[INFO] [stderr]    |
[INFO] [stderr] 43 | struct PairToSum
[INFO] [stderr]    |        ^^^^^^^^^
[INFO] [stderr] 
[INFO] [stderr] warning: struct `ArrayToSum` is never constructed
[INFO] [stderr]   --> src/output.rs:49:8
[INFO] [stderr]    |
[INFO] [stderr] 49 | struct ArrayToSum
[INFO] [stderr]    |        ^^^^^^^^^^
[INFO] [stderr] 
[INFO] [stderr] warning: struct `string` is never constructed
[INFO] [stderr]   --> src/output.rs:55:8
[INFO] [stderr]    |
[INFO] [stderr] 55 | struct string
[INFO] [stderr]    |        ^^^^^^
[INFO] [stderr] 
[INFO] [stderr] warning: structure field `intsToSum_ptr` should have a snake case name
[INFO] [stderr]   --> src/output.rs:51:5
[INFO] [stderr]    |
[INFO] [stderr] 51 |     intsToSum_ptr: *const int32,
[INFO] [stderr]    |     ^^^^^^^^^^^^^ help: convert the identifier to snake case: `ints_to_sum_ptr`
[INFO] [stderr]    |
[INFO] [stderr]    = note: `#[warn(non_snake_case)]` on by default
[INFO] [stderr] 
[INFO] [stderr] warning: structure field `intsToSum_len` should have a snake case name
[INFO] [stderr]   --> src/output.rs:52:5
[INFO] [stderr]    |
[INFO] [stderr] 52 |     intsToSum_len: int32,
[INFO] [stderr]    |     ^^^^^^^^^^^^^ help: convert the identifier to snake case: `ints_to_sum_len`
[INFO] [stderr] 
[INFO] [stderr] warning: variable `A` should have a snake case name
[INFO] [stderr]   --> src/output.rs:62:23
[INFO] [stderr]    |
[INFO] [stderr] 62 | pub extern "C" fn Sum(A: int32, B: int32) -> int32
[INFO] [stderr]    |                       ^ help: convert the identifier to snake case: `a`
[INFO] [stderr] 
[INFO] [stderr] warning: variable `B` should have a snake case name
[INFO] [stderr]   --> src/output.rs:62:33
[INFO] [stderr]    |
[INFO] [stderr] 62 | pub extern "C" fn Sum(A: int32, B: int32) -> int32
[INFO] [stderr]    |                                 ^ help: convert the identifier to snake case: `b`
[INFO] [stderr] 
[INFO] [stderr] warning: `ffidji` (lib) generated 20 warnings (run `cargo fix --lib -p ffidji` to apply 10 suggestions)
[INFO] [stderr] warning: `ffidji` (lib test) generated 20 warnings (20 duplicates)
[INFO] [stderr]     Finished `test` profile [unoptimized + debuginfo] target(s) in 0.05s
[INFO] [stderr]      Running unittests src/lib.rs (/opt/rustwide/target/debug/deps/ffidji-9f95851623b9bbdb)
[INFO] [stdout] 
[INFO] [stderr]      Running unittests src/main.rs (/opt/rustwide/target/debug/deps/ffidji-67dee2c0c08601d9)
[INFO] [stdout] running 0 tests
[INFO] [stdout] 
[INFO] [stdout] test result: ok. 0 passed; 0 failed; 0 ignored; 0 measured; 0 filtered out; finished in 0.00s
[INFO] [stdout] 
[INFO] [stdout] 
[INFO] [stdout] running 0 tests
[INFO] [stderr]      Running tests/mod.rs (/opt/rustwide/target/debug/deps/mod-d476d0fd1b67fe04)
[INFO] [stdout] 
[INFO] [stdout] test result: ok. 0 passed; 0 failed; 0 ignored; 0 measured; 0 filtered out; finished in 0.00s
[INFO] [stdout] 
[INFO] [stdout] 
[INFO] [stdout] running 1 test
[INFO] [stdout] test tests::tests::test_generates_and_builds::case_1 ... FAILED
[INFO] [stdout] 
[INFO] [stdout] failures:
[INFO] [stdout] 
[INFO] [stdout] ---- tests::tests::test_generates_and_builds::case_1 stdout ----
[INFO] [stdout] -------------- TEST START --------------
[INFO] [stdout] current dir: Ok("/opt/rustwide/workdir")
[INFO] [stdout] Generating FFI to call rust from csharp :)
[INFO] [stdout] Interface file: tests/interface_structs.xml
[INFO] [stdout] 
[INFO] [stdout] thread 'tests::tests::test_generates_and_builds::case_1' panicked at src/lib.rs:67:60:
[INFO] [stdout] called `Result::unwrap()` on an `Err` value: Os { code: 30, kind: ReadOnlyFilesystem, message: "Read-only file system" }
[INFO] [stdout] stack backtrace:
[INFO] [stdout]    0:     0x5caf6194615a - std::backtrace_rs::backtrace::libunwind::trace::hb059275cfc8d6126
[INFO] [stdout]                                at /rustc/6067b36314ab5eb2eb47cecc464545ba58e1ad24/library/std/src/../../backtrace/src/backtrace/libunwind.rs:116:5
[INFO] [stdout]    1:     0x5caf6194615a - std::backtrace_rs::backtrace::trace_unsynchronized::h2da071e4327ce3ee
[INFO] [stdout]                                at /rustc/6067b36314ab5eb2eb47cecc464545ba58e1ad24/library/std/src/../../backtrace/src/backtrace/mod.rs:66:5
[INFO] [stdout]    2:     0x5caf6194615a - std::sys::backtrace::_print_fmt::h842a1474e6f8d23f
[INFO] [stdout]                                at /rustc/6067b36314ab5eb2eb47cecc464545ba58e1ad24/library/std/src/sys/backtrace.rs:66:9
[INFO] [stdout]    3:     0x5caf6194615a - <std::sys::backtrace::BacktraceLock::print::DisplayBacktrace as core::fmt::Display>::fmt::h71a62eb3b9696b12
[INFO] [stdout]                                at /rustc/6067b36314ab5eb2eb47cecc464545ba58e1ad24/library/std/src/sys/backtrace.rs:39:26
[INFO] [stdout]    4:     0x5caf6196f4b3 - core::fmt::rt::Argument::fmt::hdb6b616786b41dc1
[INFO] [stdout]                                at /rustc/6067b36314ab5eb2eb47cecc464545ba58e1ad24/library/core/src/fmt/rt.rs:177:76
[INFO] [stdout]    5:     0x5caf6196f4b3 - core::fmt::write::h2cc1698af7e2d686
[INFO] [stdout]                                at /rustc/6067b36314ab5eb2eb47cecc464545ba58e1ad24/library/core/src/fmt/mod.rs:1440:21
[INFO] [stdout]    6:     0x5caf61942b93 - std::io::Write::write_fmt::hab1b4cd059a79022
[INFO] [stdout]                                at /rustc/6067b36314ab5eb2eb47cecc464545ba58e1ad24/library/std/src/io/mod.rs:1887:15
[INFO] [stdout]    7:     0x5caf61945fa2 - std::sys::backtrace::BacktraceLock::print::h147fe35b4ea13b08
[INFO] [stdout]                                at /rustc/6067b36314ab5eb2eb47cecc464545ba58e1ad24/library/std/src/sys/backtrace.rs:42:9
[INFO] [stdout]    8:     0x5caf6194757f - std::panicking::default_hook::{{closure}}::hbd44223dbdc0d208
[INFO] [stdout]                                at /rustc/6067b36314ab5eb2eb47cecc464545ba58e1ad24/library/std/src/panicking.rs:298:22
[INFO] [stdout]    9:     0x5caf61947398 - std::panicking::default_hook::h20f81eb0576efcec
[INFO] [stdout]                                at /rustc/6067b36314ab5eb2eb47cecc464545ba58e1ad24/library/std/src/panicking.rs:322:9
[INFO] [stdout]   10:     0x5caf61838b13 - <alloc::boxed::Box<F,A> as core::ops::function::Fn<Args>>::call::hdb53814c496a4d34
[INFO] [stdout]                                at /rustc/6067b36314ab5eb2eb47cecc464545ba58e1ad24/library/alloc/src/boxed.rs:2027:9
[INFO] [stdout]   11:     0x5caf61838b13 - test::test_main::{{closure}}::hc0a4963c59427c24
[INFO] [stdout]                                at /rustc/6067b36314ab5eb2eb47cecc464545ba58e1ad24/library/test/src/lib.rs:134:21
[INFO] [stdout]   12:     0x5caf61948073 - <alloc::boxed::Box<F,A> as core::ops::function::Fn<Args>>::call::h591b2225413a77e9
[INFO] [stdout]                                at /rustc/6067b36314ab5eb2eb47cecc464545ba58e1ad24/library/alloc/src/boxed.rs:2027:9
[INFO] [stdout]   13:     0x5caf61948073 - std::panicking::rust_panic_with_hook::h625eea43051b2edc
[INFO] [stdout]                                at /rustc/6067b36314ab5eb2eb47cecc464545ba58e1ad24/library/std/src/panicking.rs:839:13
[INFO] [stdout]   14:     0x5caf61947d2a - std::panicking::begin_panic_handler::{{closure}}::h4f9159cfbc3f6bd3
[INFO] [stdout]                                at /rustc/6067b36314ab5eb2eb47cecc464545ba58e1ad24/library/std/src/panicking.rs:704:13
[INFO] [stdout]   15:     0x5caf61946659 - std::sys::backtrace::__rust_end_short_backtrace::h0390abce48353151
[INFO] [stdout]                                at /rustc/6067b36314ab5eb2eb47cecc464545ba58e1ad24/library/std/src/sys/backtrace.rs:168:18
[INFO] [stdout]   16:     0x5caf619479bd - rust_begin_unwind
[INFO] [stdout]                                at /rustc/6067b36314ab5eb2eb47cecc464545ba58e1ad24/library/std/src/panicking.rs:695:5
[INFO] [stdout]   17:     0x5caf6196db80 - core::panicking::panic_fmt::h9e7c637e9e5f29c9
[INFO] [stdout]                                at /rustc/6067b36314ab5eb2eb47cecc464545ba58e1ad24/library/core/src/panicking.rs:75:14
[INFO] [stdout]   18:     0x5caf6196dff6 - core::result::unwrap_failed::h7979f09313fe1849
[INFO] [stdout]                                at /rustc/6067b36314ab5eb2eb47cecc464545ba58e1ad24/library/core/src/result.rs:1704:5
[INFO] [stdout]   19:     0x5caf618ba742 - core::result::Result<T,E>::unwrap::h4d47df702c08a690
[INFO] [stdout]                                at /rustc/6067b36314ab5eb2eb47cecc464545ba58e1ad24/library/core/src/result.rs:1109:23
[INFO] [stdout]   20:     0x5caf618ba742 - ffidji::execute::h17b478f8814770f2
[INFO] [stdout]                                at /opt/rustwide/workdir/src/lib.rs:67:28
[INFO] [stdout]   21:     0x5caf617fe6cf - mod::tests::tests::test_generates_and_builds::h3b5f0029adf5e37c
[INFO] [stdout]                                at /opt/rustwide/workdir/tests/tests.rs:27:9
[INFO] [stdout]   22:     0x5caf617fe9e6 - mod::tests::tests::test_generates_and_builds::case_1::hbbe5dc128230c508
[INFO] [stdout]                                at /opt/rustwide/workdir/tests/tests.rs:11:5
[INFO] [stdout]   23:     0x5caf617fe887 - mod::tests::tests::test_generates_and_builds::case_1::{{closure}}::h8f37d967d4953d5f
[INFO] [stdout]                                at /opt/rustwide/workdir/tests/tests.rs:11:14
[INFO] [stdout]   24:     0x5caf617fbaf6 - core::ops::function::FnOnce::call_once::h1eb4c536cddf256c
[INFO] [stdout]                                at /rustc/6067b36314ab5eb2eb47cecc464545ba58e1ad24/library/core/src/ops/function.rs:250:5
[INFO] [stdout]   25:     0x5caf6183e26b - core::ops::function::FnOnce::call_once::he27718dfdd183f43
[INFO] [stdout]                                at /rustc/6067b36314ab5eb2eb47cecc464545ba58e1ad24/library/core/src/ops/function.rs:250:5
[INFO] [stdout]   26:     0x5caf6183e26b - test::__rust_begin_short_backtrace::h4e84902998457a5d
[INFO] [stdout]                                at /rustc/6067b36314ab5eb2eb47cecc464545ba58e1ad24/library/test/src/lib.rs:632:18
[INFO] [stdout]   27:     0x5caf6183d1a3 - test::run_test_in_process::{{closure}}::h7176fd18fc1feca0
[INFO] [stdout]                                at /rustc/6067b36314ab5eb2eb47cecc464545ba58e1ad24/library/test/src/lib.rs:655:60
[INFO] [stdout]   28:     0x5caf6183d1a3 - <core::panic::unwind_safe::AssertUnwindSafe<F> as core::ops::function::FnOnce<()>>::call_once::hf79cff2a624d8cf7
[INFO] [stdout]                                at /rustc/6067b36314ab5eb2eb47cecc464545ba58e1ad24/library/core/src/panic/unwind_safe.rs:272:9
[INFO] [stdout]   29:     0x5caf6183d1a3 - std::panicking::try::do_call::h3da0561d9ab99c25
[INFO] [stdout]                                at /rustc/6067b36314ab5eb2eb47cecc464545ba58e1ad24/library/std/src/panicking.rs:587:40
[INFO] [stdout]   30:     0x5caf6183d1a3 - std::panicking::try::h41c9fa508bc61df6
[INFO] [stdout]                                at /rustc/6067b36314ab5eb2eb47cecc464545ba58e1ad24/library/std/src/panicking.rs:550:19
[INFO] [stdout]   31:     0x5caf6183d1a3 - std::panic::catch_unwind::h6b3ff07bb5afad93
[INFO] [stdout]                                at /rustc/6067b36314ab5eb2eb47cecc464545ba58e1ad24/library/std/src/panic.rs:358:14
[INFO] [stdout]   32:     0x5caf6183d1a3 - test::run_test_in_process::hc7253dd11b39b9f4
[INFO] [stdout]                                at /rustc/6067b36314ab5eb2eb47cecc464545ba58e1ad24/library/test/src/lib.rs:655:27
[INFO] [stdout]   33:     0x5caf6183d1a3 - test::run_test::{{closure}}::hfb2007f8649c30bb
[INFO] [stdout]                                at /rustc/6067b36314ab5eb2eb47cecc464545ba58e1ad24/library/test/src/lib.rs:576:43
[INFO] [stdout]   34:     0x5caf61800285 - test::run_test::{{closure}}::h56a17aa7a282a9f4
[INFO] [stdout]                                at /rustc/6067b36314ab5eb2eb47cecc464545ba58e1ad24/library/test/src/lib.rs:606:41
[INFO] [stdout]   35:     0x5caf61800285 - std::sys::backtrace::__rust_begin_short_backtrace::hd2d2d2fb8e8c6aac
[INFO] [stdout]                                at /rustc/6067b36314ab5eb2eb47cecc464545ba58e1ad24/library/std/src/sys/backtrace.rs:152:18
[INFO] [stdout]   36:     0x5caf61803b6a - std::thread::Builder::spawn_unchecked_::{{closure}}::{{closure}}::h4faa3f9db6133423
[INFO] [stdout]                                at /rustc/6067b36314ab5eb2eb47cecc464545ba58e1ad24/library/std/src/thread/mod.rs:559:17
[INFO] [stdout]   37:     0x5caf61803b6a - <core::panic::unwind_safe::AssertUnwindSafe<F> as core::ops::function::FnOnce<()>>::call_once::hf2e855a36a4ea846
[INFO] [stdout]                                at /rustc/6067b36314ab5eb2eb47cecc464545ba58e1ad24/library/core/src/panic/unwind_safe.rs:272:9
[INFO] [stdout]   38:     0x5caf61803b6a - std::panicking::try::do_call::h2f73af3616c35465
[INFO] [stdout]                                at /rustc/6067b36314ab5eb2eb47cecc464545ba58e1ad24/library/std/src/panicking.rs:587:40
[INFO] [stdout]   39:     0x5caf61803b6a - std::panicking::try::hd1660ce9efadef5a
[INFO] [stdout]                                at /rustc/6067b36314ab5eb2eb47cecc464545ba58e1ad24/library/std/src/panicking.rs:550:19
[INFO] [stdout]   40:     0x5caf61803b6a - std::panic::catch_unwind::h5ee8d7823b8ca744
[INFO] [stdout]                                at /rustc/6067b36314ab5eb2eb47cecc464545ba58e1ad24/library/std/src/panic.rs:358:14
[INFO] [stdout]   41:     0x5caf61803b6a - std::thread::Builder::spawn_unchecked_::{{closure}}::h53c3a1894dce8407
[INFO] [stdout]                                at /rustc/6067b36314ab5eb2eb47cecc464545ba58e1ad24/library/std/src/thread/mod.rs:557:30
[INFO] [stdout]   42:     0x5caf61803b6a - core::ops::function::FnOnce::call_once{{vtable.shim}}::h048ce291ad4f62bf
[INFO] [stdout]                                at /rustc/6067b36314ab5eb2eb47cecc464545ba58e1ad24/library/core/src/ops/function.rs:250:5
[INFO] [stdout]   43:     0x5caf6194c0fb - <alloc::boxed::Box<F,A> as core::ops::function::FnOnce<Args>>::call_once::ha52bedf99a3b4981
[INFO] [stdout]                                at /rustc/6067b36314ab5eb2eb47cecc464545ba58e1ad24/library/alloc/src/boxed.rs:2013:9
[INFO] [stdout]   44:     0x5caf6194c0fb - <alloc::boxed::Box<F,A> as core::ops::function::FnOnce<Args>>::call_once::h567748934d80ccf8
[INFO] [stdout]                                at /rustc/6067b36314ab5eb2eb47cecc464545ba58e1ad24/library/alloc/src/boxed.rs:2013:9
[INFO] [stdout]   45:     0x5caf6194c0fb - std::sys::pal::unix::thread::Thread::new::thread_start::h2d970728ae887adc
[INFO] [stdout]                                at /rustc/6067b36314ab5eb2eb47cecc464545ba58e1ad24/library/std/src/sys/pal/unix/thread.rs:106:17
[INFO] [stdout]   46:     0x717b2ad6aac3 - <unknown>
[INFO] [stdout]   47:     0x717b2adfba04 - clone
[INFO] [stdout]   48:                0x0 - <unknown>
[INFO] [stdout] 
[INFO] [stdout] 
[INFO] [stdout] failures:
[INFO] [stdout]     tests::tests::test_generates_and_builds::case_1
[INFO] [stdout] 
[INFO] [stdout] test result: FAILED. 0 passed; 1 failed; 0 ignored; 0 measured; 0 filtered out; finished in 0.03s
[INFO] [stdout] 
[INFO] [stderr] error: test failed, to rerun pass `--test mod`
[INFO] running `Command { std: "docker" "inspect" "ce55a8d151e50eb04bb9601376cae66524756008839543f1dc15eb4be847fb86", kill_on_drop: false }`
[INFO] running `Command { std: "docker" "rm" "-f" "ce55a8d151e50eb04bb9601376cae66524756008839543f1dc15eb4be847fb86", kill_on_drop: false }`
[INFO] [stdout] ce55a8d151e50eb04bb9601376cae66524756008839543f1dc15eb4be847fb86
