[INFO] cloning repository https://github.com/nulltrek/bitlib
[INFO] running `Command { std: "git" "-c" "credential.helper=" "-c" "credential.helper=/workspace/cargo-home/bin/git-credential-null" "clone" "--bare" "https://github.com/nulltrek/bitlib" "/workspace/cache/git-repos/https%3A%2F%2Fgithub.com%2Fnulltrek%2Fbitlib", kill_on_drop: false }`
[INFO] [stderr] Cloning into bare repository '/workspace/cache/git-repos/https%3A%2F%2Fgithub.com%2Fnulltrek%2Fbitlib'...
[INFO] running `Command { std: "git" "rev-parse" "HEAD", kill_on_drop: false }`
[INFO] [stdout] 9f004e827e5f7c25c5840372605800af933f563c
[INFO] testing nulltrek/bitlib against nightly-2025-01-18 for randomize-layout-2
[INFO] running `Command { std: "git" "clone" "/workspace/cache/git-repos/https%3A%2F%2Fgithub.com%2Fnulltrek%2Fbitlib" "/workspace/builds/worker-5-tc1/source", kill_on_drop: false }`
[INFO] [stderr] Cloning into '/workspace/builds/worker-5-tc1/source'...
[INFO] [stderr] done.
[INFO] validating manifest of git repo https://github.com/nulltrek/bitlib on toolchain nightly-2025-01-18
[INFO] running `Command { std: CARGO_HOME="/workspace/cargo-home" RUSTUP_HOME="/workspace/rustup-home" "/workspace/cargo-home/bin/cargo" "+nightly-2025-01-18" "metadata" "--manifest-path" "Cargo.toml" "--no-deps", kill_on_drop: false }`
[INFO] started tweaking git repo https://github.com/nulltrek/bitlib
[INFO] finished tweaking git repo https://github.com/nulltrek/bitlib
[INFO] tweaked toml for git repo https://github.com/nulltrek/bitlib written to /workspace/builds/worker-5-tc1/source/Cargo.toml
[INFO] crate git repo https://github.com/nulltrek/bitlib already has a lockfile, it will not be regenerated
[INFO] running `Command { std: CARGO_HOME="/workspace/cargo-home" RUSTUP_HOME="/workspace/rustup-home" "/workspace/cargo-home/bin/cargo" "+nightly-2025-01-18" "fetch" "--manifest-path" "Cargo.toml", kill_on_drop: false }`
[INFO] [stderr]  Downloading crates ...
[INFO] [stderr]   Downloaded uint v0.10.0
[INFO] [stderr]   Downloaded impl-codec v0.7.0
[INFO] [stderr]   Downloaded primitive-types v0.13.1
[INFO] running `Command { std: "docker" "create" "-v" "/var/lib/crater-agent-workspace/builds/worker-5-tc1/target:/opt/rustwide/target:rw,Z" "-v" "/var/lib/crater-agent-workspace/builds/worker-5-tc1/source:/opt/rustwide/workdir:ro,Z" "-v" "/var/lib/crater-agent-workspace/cargo-home:/opt/rustwide/cargo-home:ro,Z" "-v" "/var/lib/crater-agent-workspace/rustup-home:/opt/rustwide/rustup-home:ro,Z" "-e" "SOURCE_DIR=/opt/rustwide/workdir" "-e" "CARGO_TARGET_DIR=/opt/rustwide/target" "-e" "CARGO_HOME=/opt/rustwide/cargo-home" "-e" "RUSTUP_HOME=/opt/rustwide/rustup-home" "-w" "/opt/rustwide/workdir" "-m" "1610612736" "--user" "0:0" "--network" "none" "ghcr.io/rust-lang/crates-build-env/linux@sha256:819108c5571ea2e421544af4d832f968d213c87fbe3707a016657f43d2f853bc" "/opt/rustwide/cargo-home/bin/cargo" "+nightly-2025-01-18" "metadata" "--no-deps" "--format-version=1", kill_on_drop: false }`
[INFO] [stdout] 7148cb878ceb4f31061ee56f56be27edb94215fe804602d03d80c9075841f669
[INFO] running `Command { std: "docker" "start" "-a" "7148cb878ceb4f31061ee56f56be27edb94215fe804602d03d80c9075841f669", kill_on_drop: false }`
[INFO] running `Command { std: "docker" "inspect" "7148cb878ceb4f31061ee56f56be27edb94215fe804602d03d80c9075841f669", kill_on_drop: false }`
[INFO] running `Command { std: "docker" "rm" "-f" "7148cb878ceb4f31061ee56f56be27edb94215fe804602d03d80c9075841f669", kill_on_drop: false }`
[INFO] [stdout] 7148cb878ceb4f31061ee56f56be27edb94215fe804602d03d80c9075841f669
[INFO] running `Command { std: "docker" "create" "-v" "/var/lib/crater-agent-workspace/builds/worker-5-tc1/target:/opt/rustwide/target:rw,Z" "-v" "/var/lib/crater-agent-workspace/builds/worker-5-tc1/source:/opt/rustwide/workdir:ro,Z" "-v" "/var/lib/crater-agent-workspace/cargo-home:/opt/rustwide/cargo-home:ro,Z" "-v" "/var/lib/crater-agent-workspace/rustup-home:/opt/rustwide/rustup-home:ro,Z" "-e" "SOURCE_DIR=/opt/rustwide/workdir" "-e" "CARGO_TARGET_DIR=/opt/rustwide/target" "-e" "CARGO_INCREMENTAL=0" "-e" "RUST_BACKTRACE=full" "-e" "RUSTFLAGS=--cap-lints=forbid" "-e" "RUSTDOCFLAGS=--cap-lints=forbid" "-e" "CARGO_HOME=/opt/rustwide/cargo-home" "-e" "RUSTUP_HOME=/opt/rustwide/rustup-home" "-w" "/opt/rustwide/workdir" "-m" "1610612736" "--user" "0:0" "--network" "none" "ghcr.io/rust-lang/crates-build-env/linux@sha256:819108c5571ea2e421544af4d832f968d213c87fbe3707a016657f43d2f853bc" "/opt/rustwide/cargo-home/bin/cargo" "+nightly-2025-01-18" "build" "--frozen" "--message-format=json", kill_on_drop: false }`
[INFO] [stdout] cec8f2d239f6094cf62ad5667ca726d5355e16aadcd4da5bd7e462c7e43d744f
[INFO] running `Command { std: "docker" "start" "-a" "cec8f2d239f6094cf62ad5667ca726d5355e16aadcd4da5bd7e462c7e43d744f", kill_on_drop: false }`
[INFO] [stderr]    Compiling proc-macro2 v1.0.92
[INFO] [stderr]    Compiling unicode-ident v1.0.13
[INFO] [stderr]    Compiling cfg-if v1.0.0
[INFO] [stderr]    Compiling stable_deref_trait v1.2.0
[INFO] [stderr]    Compiling libc v0.2.159
[INFO] [stderr]    Compiling litemap v0.7.3
[INFO] [stderr]    Compiling typenum v1.17.0
[INFO] [stderr]    Compiling version_check v0.9.5
[INFO] [stderr]    Compiling writeable v0.5.5
[INFO] [stderr]    Compiling shlex v1.3.0
[INFO] [stderr]    Compiling byteorder v1.5.0
[INFO] [stderr]    Compiling cc v1.1.37
[INFO] [stderr]    Compiling icu_locid_transform_data v1.5.0
[INFO] [stderr]    Compiling subtle v2.6.1
[INFO] [stderr]    Compiling memchr v2.7.4
[INFO] [stderr]    Compiling generic-array v0.14.7
[INFO] [stderr]    Compiling icu_properties_data v1.5.0
[INFO] [stderr]    Compiling utf16_iter v1.0.5
[INFO] [stderr]    Compiling write16 v1.0.0
[INFO] [stderr]    Compiling utf8_iter v1.0.4
[INFO] [stderr]    Compiling icu_normalizer_data v1.5.0
[INFO] [stderr]    Compiling smallvec v1.13.2
[INFO] [stderr]    Compiling autocfg v1.4.0
[INFO] [stderr]    Compiling rustls-pki-types v1.10.0
[INFO] [stderr]    Compiling quote v1.0.37
[INFO] [stderr]    Compiling log v0.4.22
[INFO] [stderr]    Compiling syn v2.0.90
[INFO] [stderr]    Compiling aho-corasick v1.1.3
[INFO] [stderr]    Compiling getrandom v0.2.15
[INFO] [stderr]    Compiling num-traits v0.2.19
[INFO] [stderr]    Compiling spin v0.9.8
[INFO] [stderr]    Compiling rand_core v0.6.4
[INFO] [stderr]    Compiling regex-syntax v0.8.5
[INFO] [stderr]    Compiling untrusted v0.9.0
[INFO] [stderr]    Compiling crunchy v0.2.2
[INFO] [stderr]    Compiling percent-encoding v2.3.1
[INFO] [stderr]    Compiling adler2 v2.0.0
[INFO] [stderr]    Compiling static_assertions v1.1.0
[INFO] [stderr]    Compiling rustls v0.23.16
[INFO] [stderr]    Compiling utf8parse v0.2.2
[INFO] [stderr]    Compiling serde v1.0.215
[INFO] [stderr]    Compiling anstyle-parse v0.2.6
[INFO] [stderr]    Compiling form_urlencoded v1.2.1
[INFO] [stderr]    Compiling ring v0.17.8
[INFO] [stderr]    Compiling miniz_oxide v0.8.0
[INFO] [stderr]    Compiling crc32fast v1.4.2
[INFO] [stderr]    Compiling block-buffer v0.10.4
[INFO] [stderr]    Compiling crypto-common v0.1.6
[INFO] [stderr]    Compiling once_cell v1.20.2
[INFO] [stderr]    Compiling digest v0.10.7
[INFO] [stderr]    Compiling rustc-hex v2.1.0
[INFO] [stderr]    Compiling zeroize v1.8.1
[INFO] [stderr]    Compiling anstyle-query v1.1.2
[INFO] [stderr]    Compiling anstyle v1.0.10
[INFO] [stderr]    Compiling is_terminal_polyfill v1.70.1
[INFO] [stderr]    Compiling colorchoice v1.0.3
[INFO] [stderr]    Compiling hex v0.4.3
[INFO] [stderr]    Compiling serde_json v1.0.133
[INFO] [stderr]    Compiling uint v0.10.0
[INFO] [stderr]    Compiling num-integer v0.1.46
[INFO] [stderr]    Compiling anstream v0.6.18
[INFO] [stderr]    Compiling flate2 v1.0.34
[INFO] [stderr]    Compiling webpki-roots v0.26.6
[INFO] [stderr]    Compiling cpufeatures v0.2.14
[INFO] [stderr]    Compiling regex-automata v0.4.9
[INFO] [stderr]    Compiling humantime v2.1.0
[INFO] [stderr]    Compiling ryu v1.0.18
[INFO] [stderr]    Compiling itoa v1.0.12
[INFO] [stderr]    Compiling base64 v0.22.1
[INFO] [stderr]    Compiling sha2 v0.10.8
[INFO] [stderr]    Compiling num-bigint v0.4.6
[INFO] [stderr]    Compiling synstructure v0.13.1
[INFO] [stderr]    Compiling ripemd v0.1.3
[INFO] [stderr]    Compiling hmac v0.12.1
[INFO] [stderr]    Compiling hex-literal v0.4.1
[INFO] [stderr]    Compiling lazy_static v1.5.0
[INFO] [stderr]    Compiling zerofrom-derive v0.1.4
[INFO] [stderr]    Compiling yoke-derive v0.7.4
[INFO] [stderr]    Compiling zerovec-derive v0.10.3
[INFO] [stderr]    Compiling displaydoc v0.2.5
[INFO] [stderr]    Compiling icu_provider_macros v1.5.0
[INFO] [stderr]    Compiling zerocopy-derive v0.7.35
[INFO] [stderr]    Compiling regex v1.11.1
[INFO] [stderr]    Compiling serde_derive v1.0.215
[INFO] [stderr]    Compiling zerofrom v0.1.4
[INFO] [stderr]    Compiling yoke v0.7.4
[INFO] [stderr]    Compiling rustls-webpki v0.102.8
[INFO] [stderr]    Compiling zerovec v0.10.4
[INFO] [stderr]    Compiling zerocopy v0.7.35
[INFO] [stderr]    Compiling env_filter v0.1.2
[INFO] [stderr]    Compiling ppv-lite86 v0.2.20
[INFO] [stderr]    Compiling env_logger v0.11.5
[INFO] [stderr]    Compiling rand_chacha v0.3.1
[INFO] [stderr]    Compiling rand v0.8.5
[INFO] [stderr]    Compiling tinystr v0.7.6
[INFO] [stderr]    Compiling icu_collections v1.5.0
[INFO] [stderr]    Compiling icu_locid v1.5.0
[INFO] [stderr]    Compiling fixed-hash v0.8.0
[INFO] [stderr]    Compiling primitive-types v0.13.1
[INFO] [stderr]    Compiling icu_provider v1.5.0
[INFO] [stderr]    Compiling icu_locid_transform v1.5.0
[INFO] [stderr]    Compiling icu_properties v1.5.1
[INFO] [stderr]    Compiling icu_normalizer v1.5.0
[INFO] [stderr]    Compiling idna_adapter v1.2.0
[INFO] [stderr]    Compiling idna v1.0.3
[INFO] [stderr]    Compiling url v2.5.3
[INFO] [stderr]    Compiling ureq v2.10.1
[INFO] [stderr]    Compiling bitlib v0.1.0 (/opt/rustwide/workdir)
[INFO] [stdout] warning: unused macro definition: `has_point`
[INFO] [stdout]    --> src/curves.rs:174:14
[INFO] [stdout]     |
[INFO] [stdout] 174 | macro_rules! has_point {
[INFO] [stdout]     |              ^^^^^^^^^
[INFO] [stdout]     |
[INFO] [stdout]     = note: `#[warn(unused_macros)]` on by default
[INFO] [stdout] 
[INFO] [stdout] 
[INFO] [stdout] warning: unused import: `has_point`
[INFO] [stdout]    --> src/curves.rs:190:16
[INFO] [stdout]     |
[INFO] [stdout] 190 | pub(crate) use has_point;
[INFO] [stdout]     |                ^^^^^^^^^
[INFO] [stdout]     |
[INFO] [stdout]     = note: `#[warn(unused_imports)]` on by default
[INFO] [stdout] 
[INFO] [stdout] 
[INFO] [stdout] warning: unused variable: `v`
[INFO] [stdout]    --> src/ecdsa.rs:132:17
[INFO] [stdout]     |
[INFO] [stdout] 132 |             let v = hmac(&k, &v).to_vec();
[INFO] [stdout]     |                 ^ help: if this is intentional, prefix it with an underscore: `_v`
[INFO] [stdout]     |
[INFO] [stdout]     = note: `#[warn(unused_variables)]` on by default
[INFO] [stdout] 
[INFO] [stdout] 
[INFO] [stdout] warning: fields `height`, `branchlen`, and `status` are never read
[INFO] [stdout]    --> src/http.rs:115:13
[INFO] [stdout]     |
[INFO] [stdout] 114 |         struct ChainTip {
[INFO] [stdout]     |                -------- fields in this struct
[INFO] [stdout] 115 |             height: u32,
[INFO] [stdout]     |             ^^^^^^
[INFO] [stdout] 116 |             hash: String,
[INFO] [stdout] 117 |             branchlen: u32,
[INFO] [stdout]     |             ^^^^^^^^^
[INFO] [stdout] 118 |             status: String,
[INFO] [stdout]     |             ^^^^^^
[INFO] [stdout]     |
[INFO] [stdout]     = note: `ChainTip` has a derived impl for the trait `Debug`, but this is intentionally ignored during dead code analysis
[INFO] [stdout]     = note: `#[warn(dead_code)]` on by default
[INFO] [stdout] 
[INFO] [stdout] 
[INFO] [stdout] warning: method `depth` is never used
[INFO] [stdout]   --> src/merkle.rs:68:8
[INFO] [stdout]    |
[INFO] [stdout] 51 | impl MerkleTree {
[INFO] [stdout]    | --------------- method in this implementation
[INFO] [stdout] ...
[INFO] [stdout] 68 |     fn depth(&self) -> usize {
[INFO] [stdout]    |        ^^^^^
[INFO] [stdout] 
[INFO] [stdout] 
[INFO] [stdout] warning: method `to_wif` is never used
[INFO] [stdout]    --> src/serialization.rs:215:8
[INFO] [stdout]     |
[INFO] [stdout] 214 | impl PrivateKey {
[INFO] [stdout]     | --------------- method in this implementation
[INFO] [stdout] 215 |     fn to_wif(&self, compression: Compression, network: Network) -> String {
[INFO] [stdout]     |        ^^^^^^
[INFO] [stdout] 
[INFO] [stdout] 
[INFO] [stderr]     Finished `dev` profile [unoptimized + debuginfo] target(s) in 1m 15s
[INFO] running `Command { std: "docker" "inspect" "cec8f2d239f6094cf62ad5667ca726d5355e16aadcd4da5bd7e462c7e43d744f", kill_on_drop: false }`
[INFO] running `Command { std: "docker" "rm" "-f" "cec8f2d239f6094cf62ad5667ca726d5355e16aadcd4da5bd7e462c7e43d744f", kill_on_drop: false }`
[INFO] [stdout] cec8f2d239f6094cf62ad5667ca726d5355e16aadcd4da5bd7e462c7e43d744f
[INFO] running `Command { std: "docker" "create" "-v" "/var/lib/crater-agent-workspace/builds/worker-5-tc1/target:/opt/rustwide/target:rw,Z" "-v" "/var/lib/crater-agent-workspace/builds/worker-5-tc1/source:/opt/rustwide/workdir:ro,Z" "-v" "/var/lib/crater-agent-workspace/cargo-home:/opt/rustwide/cargo-home:ro,Z" "-v" "/var/lib/crater-agent-workspace/rustup-home:/opt/rustwide/rustup-home:ro,Z" "-e" "SOURCE_DIR=/opt/rustwide/workdir" "-e" "CARGO_TARGET_DIR=/opt/rustwide/target" "-e" "CARGO_INCREMENTAL=0" "-e" "RUST_BACKTRACE=full" "-e" "RUSTFLAGS=--cap-lints=forbid" "-e" "RUSTDOCFLAGS=--cap-lints=forbid" "-e" "CARGO_HOME=/opt/rustwide/cargo-home" "-e" "RUSTUP_HOME=/opt/rustwide/rustup-home" "-w" "/opt/rustwide/workdir" "-m" "1610612736" "--user" "0:0" "--network" "none" "ghcr.io/rust-lang/crates-build-env/linux@sha256:819108c5571ea2e421544af4d832f968d213c87fbe3707a016657f43d2f853bc" "/opt/rustwide/cargo-home/bin/cargo" "+nightly-2025-01-18" "test" "--frozen" "--no-run" "--message-format=json", kill_on_drop: false }`
[INFO] [stdout] 05c089697d18ea18764c337fc3b11bb6e135bfa81b190e7698c857d26b8ae165
[INFO] running `Command { std: "docker" "start" "-a" "05c089697d18ea18764c337fc3b11bb6e135bfa81b190e7698c857d26b8ae165", kill_on_drop: false }`
[INFO] [stderr]    Compiling bitlib v0.1.0 (/opt/rustwide/workdir)
[INFO] [stdout] warning: unused macro definition: `has_point`
[INFO] [stdout]    --> src/curves.rs:174:14
[INFO] [stdout]     |
[INFO] [stdout] 174 | macro_rules! has_point {
[INFO] [stdout]     |              ^^^^^^^^^
[INFO] [stdout]     |
[INFO] [stdout]     = note: `#[warn(unused_macros)]` on by default
[INFO] [stdout] 
[INFO] [stdout] 
[INFO] [stdout] warning: unused import: `has_point`
[INFO] [stdout]    --> src/curves.rs:190:16
[INFO] [stdout]     |
[INFO] [stdout] 190 | pub(crate) use has_point;
[INFO] [stdout]     |                ^^^^^^^^^
[INFO] [stdout]     |
[INFO] [stdout]     = note: `#[warn(unused_imports)]` on by default
[INFO] [stdout] 
[INFO] [stdout] 
[INFO] [stdout] warning: unused variable: `v`
[INFO] [stdout]    --> src/ecdsa.rs:132:17
[INFO] [stdout]     |
[INFO] [stdout] 132 |             let v = hmac(&k, &v).to_vec();
[INFO] [stdout]     |                 ^ help: if this is intentional, prefix it with an underscore: `_v`
[INFO] [stdout]     |
[INFO] [stdout]     = note: `#[warn(unused_variables)]` on by default
[INFO] [stdout] 
[INFO] [stdout] 
[INFO] [stdout] warning: fields `height`, `branchlen`, and `status` are never read
[INFO] [stdout]    --> src/http.rs:115:13
[INFO] [stdout]     |
[INFO] [stdout] 114 |         struct ChainTip {
[INFO] [stdout]     |                -------- fields in this struct
[INFO] [stdout] 115 |             height: u32,
[INFO] [stdout]     |             ^^^^^^
[INFO] [stdout] 116 |             hash: String,
[INFO] [stdout] 117 |             branchlen: u32,
[INFO] [stdout]     |             ^^^^^^^^^
[INFO] [stdout] 118 |             status: String,
[INFO] [stdout]     |             ^^^^^^
[INFO] [stdout]     |
[INFO] [stdout]     = note: `ChainTip` has a derived impl for the trait `Debug`, but this is intentionally ignored during dead code analysis
[INFO] [stdout]     = note: `#[warn(dead_code)]` on by default
[INFO] [stdout] 
[INFO] [stdout] 
[INFO] [stdout] warning: method `depth` is never used
[INFO] [stdout]   --> src/merkle.rs:68:8
[INFO] [stdout]    |
[INFO] [stdout] 51 | impl MerkleTree {
[INFO] [stdout]    | --------------- method in this implementation
[INFO] [stdout] ...
[INFO] [stdout] 68 |     fn depth(&self) -> usize {
[INFO] [stdout]    |        ^^^^^
[INFO] [stdout] 
[INFO] [stdout] 
[INFO] [stdout] warning: method `to_wif` is never used
[INFO] [stdout]    --> src/serialization.rs:215:8
[INFO] [stdout]     |
[INFO] [stdout] 214 | impl PrivateKey {
[INFO] [stdout]     | --------------- method in this implementation
[INFO] [stdout] 215 |     fn to_wif(&self, compression: Compression, network: Network) -> String {
[INFO] [stdout]     |        ^^^^^^
[INFO] [stdout] 
[INFO] [stdout] 
[INFO] [stdout] warning: unused variable: `v`
[INFO] [stdout]    --> src/ecdsa.rs:132:17
[INFO] [stdout]     |
[INFO] [stdout] 132 |             let v = hmac(&k, &v).to_vec();
[INFO] [stdout]     |                 ^ help: if this is intentional, prefix it with an underscore: `_v`
[INFO] [stdout]     |
[INFO] [stdout]     = note: `#[warn(unused_variables)]` on by default
[INFO] [stdout] 
[INFO] [stdout] 
[INFO] [stdout] warning: fields `height`, `branchlen`, and `status` are never read
[INFO] [stdout]    --> src/http.rs:115:13
[INFO] [stdout]     |
[INFO] [stdout] 114 |         struct ChainTip {
[INFO] [stdout]     |                -------- fields in this struct
[INFO] [stdout] 115 |             height: u32,
[INFO] [stdout]     |             ^^^^^^
[INFO] [stdout] 116 |             hash: String,
[INFO] [stdout] 117 |             branchlen: u32,
[INFO] [stdout]     |             ^^^^^^^^^
[INFO] [stdout] 118 |             status: String,
[INFO] [stdout]     |             ^^^^^^
[INFO] [stdout]     |
[INFO] [stdout]     = note: `ChainTip` has a derived impl for the trait `Debug`, but this is intentionally ignored during dead code analysis
[INFO] [stdout]     = note: `#[warn(dead_code)]` on by default
[INFO] [stdout] 
[INFO] [stdout] 
[INFO] [stdout] warning: function `init_logging` is never used
[INFO] [stdout]    --> src/network.rs:472:8
[INFO] [stdout]     |
[INFO] [stdout] 472 |     fn init_logging() {
[INFO] [stdout]     |        ^^^^^^^^^^^^
[INFO] [stdout] 
[INFO] [stdout] 
[INFO] [stdout] warning: function `init_logging` is never used
[INFO] [stdout]    --> src/serialization.rs:337:8
[INFO] [stdout]     |
[INFO] [stdout] 337 |     fn init_logging() {
[INFO] [stdout]     |        ^^^^^^^^^^^^
[INFO] [stdout] 
[INFO] [stdout] 
[INFO] [stderr]     Finished `test` profile [unoptimized + debuginfo] target(s) in 4.28s
[INFO] running `Command { std: "docker" "inspect" "05c089697d18ea18764c337fc3b11bb6e135bfa81b190e7698c857d26b8ae165", kill_on_drop: false }`
[INFO] running `Command { std: "docker" "rm" "-f" "05c089697d18ea18764c337fc3b11bb6e135bfa81b190e7698c857d26b8ae165", kill_on_drop: false }`
[INFO] [stdout] 05c089697d18ea18764c337fc3b11bb6e135bfa81b190e7698c857d26b8ae165
[INFO] running `Command { std: "docker" "create" "-v" "/var/lib/crater-agent-workspace/builds/worker-5-tc1/target:/opt/rustwide/target:rw,Z" "-v" "/var/lib/crater-agent-workspace/builds/worker-5-tc1/source:/opt/rustwide/workdir:ro,Z" "-v" "/var/lib/crater-agent-workspace/cargo-home:/opt/rustwide/cargo-home:ro,Z" "-v" "/var/lib/crater-agent-workspace/rustup-home:/opt/rustwide/rustup-home:ro,Z" "-e" "SOURCE_DIR=/opt/rustwide/workdir" "-e" "CARGO_TARGET_DIR=/opt/rustwide/target" "-e" "CARGO_INCREMENTAL=0" "-e" "RUST_BACKTRACE=full" "-e" "RUSTFLAGS=--cap-lints=forbid" "-e" "RUSTDOCFLAGS=--cap-lints=forbid" "-e" "CARGO_HOME=/opt/rustwide/cargo-home" "-e" "RUSTUP_HOME=/opt/rustwide/rustup-home" "-w" "/opt/rustwide/workdir" "-m" "1610612736" "--user" "0:0" "--network" "none" "ghcr.io/rust-lang/crates-build-env/linux@sha256:819108c5571ea2e421544af4d832f968d213c87fbe3707a016657f43d2f853bc" "/opt/rustwide/cargo-home/bin/cargo" "+nightly-2025-01-18" "test" "--frozen", kill_on_drop: false }`
[INFO] [stdout] a28f27012ded5c04628be4a3c40633921372a73a88ad1cd7be2c0212589e9e48
[INFO] running `Command { std: "docker" "start" "-a" "a28f27012ded5c04628be4a3c40633921372a73a88ad1cd7be2c0212589e9e48", kill_on_drop: false }`
[INFO] [stderr] warning: unused macro definition: `has_point`
[INFO] [stderr]    --> src/curves.rs:174:14
[INFO] [stderr]     |
[INFO] [stderr] 174 | macro_rules! has_point {
[INFO] [stderr]     |              ^^^^^^^^^
[INFO] [stderr]     |
[INFO] [stderr]     = note: `#[warn(unused_macros)]` on by default
[INFO] [stderr] 
[INFO] [stderr] warning: unused import: `has_point`
[INFO] [stderr]    --> src/curves.rs:190:16
[INFO] [stderr]     |
[INFO] [stderr] 190 | pub(crate) use has_point;
[INFO] [stderr]     |                ^^^^^^^^^
[INFO] [stderr]     |
[INFO] [stderr]     = note: `#[warn(unused_imports)]` on by default
[INFO] [stderr] 
[INFO] [stderr] warning: unused variable: `v`
[INFO] [stderr]    --> src/ecdsa.rs:132:17
[INFO] [stderr]     |
[INFO] [stderr] 132 |             let v = hmac(&k, &v).to_vec();
[INFO] [stderr]     |                 ^ help: if this is intentional, prefix it with an underscore: `_v`
[INFO] [stderr]     |
[INFO] [stderr]     = note: `#[warn(unused_variables)]` on by default
[INFO] [stderr] 
[INFO] [stderr] warning: fields `height`, `branchlen`, and `status` are never read
[INFO] [stderr]    --> src/http.rs:115:13
[INFO] [stderr]     |
[INFO] [stderr] 114 |         struct ChainTip {
[INFO] [stderr]     |                -------- fields in this struct
[INFO] [stderr] 115 |             height: u32,
[INFO] [stderr]     |             ^^^^^^
[INFO] [stderr] 116 |             hash: String,
[INFO] [stderr] 117 |             branchlen: u32,
[INFO] [stderr]     |             ^^^^^^^^^
[INFO] [stderr] 118 |             status: String,
[INFO] [stderr]     |             ^^^^^^
[INFO] [stderr]     |
[INFO] [stderr]     = note: `ChainTip` has a derived impl for the trait `Debug`, but this is intentionally ignored during dead code analysis
[INFO] [stderr]     = note: `#[warn(dead_code)]` on by default
[INFO] [stderr] 
[INFO] [stderr] warning: method `depth` is never used
[INFO] [stderr]   --> src/merkle.rs:68:8
[INFO] [stderr]    |
[INFO] [stderr] 51 | impl MerkleTree {
[INFO] [stderr]    | --------------- method in this implementation
[INFO] [stderr] ...
[INFO] [stderr] 68 |     fn depth(&self) -> usize {
[INFO] [stderr]    |        ^^^^^
[INFO] [stderr] 
[INFO] [stderr] warning: method `to_wif` is never used
[INFO] [stderr]    --> src/serialization.rs:215:8
[INFO] [stderr]     |
[INFO] [stderr] 214 | impl PrivateKey {
[INFO] [stderr]     | --------------- method in this implementation
[INFO] [stderr] 215 |     fn to_wif(&self, compression: Compression, network: Network) -> String {
[INFO] [stderr]     |        ^^^^^^
[INFO] [stderr] 
[INFO] [stderr] warning: `bitlib` (lib) generated 6 warnings (run `cargo fix --lib -p bitlib` to apply 1 suggestion)
[INFO] [stderr] warning: function `init_logging` is never used
[INFO] [stderr]    --> src/network.rs:472:8
[INFO] [stderr]     |
[INFO] [stderr] 472 |     fn init_logging() {
[INFO] [stderr]     |        ^^^^^^^^^^^^
[INFO] [stderr] 
[INFO] [stderr] warning: function `init_logging` is never used
[INFO] [stderr]    --> src/serialization.rs:337:8
[INFO] [stderr]     |
[INFO] [stderr] 337 |     fn init_logging() {
[INFO] [stderr]     |        ^^^^^^^^^^^^
[INFO] [stderr] 
[INFO] [stderr] warning: `bitlib` (lib test) generated 4 warnings (2 duplicates)
[INFO] [stderr]     Finished `test` profile [unoptimized + debuginfo] target(s) in 0.19s
[INFO] [stderr]      Running unittests src/lib.rs (/opt/rustwide/target/debug/deps/bitlib-046ffa562526bd0d)
[INFO] [stdout] 
[INFO] [stdout] running 73 tests
[INFO] [stdout] test block::tests::serializing ... ok
[INFO] [stdout] test curves::tests::finite_field_point_not_on_curve ... ok
[INFO] [stdout] test curves::tests::finite_field_point_on_curve ... ok
[INFO] [stdout] test block::tests::parsing ... ok
[INFO] [stdout] test curves::tests::finite_field_point_sum ... ok
[INFO] [stdout] test curves::tests::inf_field_point_on_curve ... ok
[INFO] [stdout] test curves::tests::inf_field_point_not_on_curve ... ok
[INFO] [stdout] test curves::tests::inf_field_point_sum ... ok
[INFO] [stdout] test curves::tests::secp256k1_compute_y ... ok
[INFO] [stdout] test curves::tests::scalar_mul_field_elements ... ok
[INFO] [stdout] test fields::tests::finite_field ... ok
[INFO] [stdout] test fields::tests::finite_field_mod_pow ... ok
[INFO] [stdout] test fields::tests::finite_field_secp256k1_point ... ok
[INFO] [stdout] test fields::tests::infinite_field ... ok
[INFO] [stdout] test fields::tests::finite_field_u256_div ... ok
[INFO] [stdout] test hashing::tests::test_from_hex_string ... ok
[INFO] [stdout] test hashing::tests::base58_serialization ... ok
[INFO] [stdout] test hashing::tests::test_hash256 ... ok
[INFO] [stdout] test hashing::tests::test_hmac ... ok
[INFO] [stdout] test hashing::tests::test_to_hex_string ... ok
[INFO] [stdout] test hashing::tests::test_hash160 ... ok
[INFO] [stdout] test merkle::tests::bitfield ... ok
[INFO] [stdout] test merkle::tests::bitfield_little_endian ... ok
[INFO] [stdout] test merkle::tests::merkle_tree_16 ... ok
[INFO] [stdout] test merkle::tests::merkle_tree_3519 ... ok
[INFO] [stdout] test merkle::tests::merkle_tree_5 ... ok
[INFO] [stdout] test merkle::tests::range_ops ... ok
[INFO] [stdout] test network::tests::envelope_serialization ... ok
[INFO] [stdout] test network::tests::get_headers_message ... ok
[INFO] [stdout] test network::tests::headers_message ... ok
[INFO] [stdout] test network::tests::magic_bytes ... ok
[INFO] [stdout] test network::tests::merkle_block_message ... ok
[INFO] [stdout] test network::tests::version_message ... ok
[INFO] [stdout] test script::tests::script_default ... ok
[INFO] [stdout] test script::tests::script_evaluation ... ok
[INFO] [stdout] test script::tests::script_parsing ... ok
[INFO] [stdout] test script::tests::script_printing ... ok
[INFO] [stdout] test script::tests::script_runner ... ok
[INFO] [stdout] test serialization::tests::base58_point_serialization ... ok
[INFO] [stdout] test serialization::tests::encode_parse_varint ... ok
[INFO] [stdout] test serialization::tests::encode_parse_varstr ... ok
[INFO] [stdout] test serialization::tests::encode_varint ... ok
[INFO] [stdout] test http::tests::fetch_genesis ... FAILED
[INFO] [stdout] test ecdsa::tests::pubkey_computation ... ok
[INFO] [stdout] test serialization::tests::parse_varint ... ok
[INFO] [stdout] test serialization::tests::parse_varstr ... ok
[INFO] [stdout] test serialization::tests::parse_sec ... ok
[INFO] [stdout] test serialization::tests::parse_compressed_sec ... ok
[INFO] [stdout] test serialization::tests::point_to_address ... ok
[INFO] [stdout] test serialization::tests::privkey_to_wif ... ok
[INFO] [stdout] test curves::tests::secp256k1_generator_point ... ok
[INFO] [stdout] test serialization::tests::signature_serialization ... ok
[INFO] [stdout] test serialization::tests::slice_array_conversion ... ok
[INFO] [stdout] test tx::tests::parse_genesis ... ok
[INFO] [stdout] test tx::tests::sig_hash ... ok
[INFO] [stdout] test tx::tests::sighash_value ... ok
[INFO] [stdout] test tx::tests::tx_fee ... ok
[INFO] [stdout] test tx::tests::tx_id ... ok
[INFO] [stdout] test serialization::tests::point_to_sec ... ok
[INFO] [stdout] test tx::tests::tx_parse ... ok
[INFO] [stdout] test tx::tests::tx_serialization ... ok
[INFO] [stdout] test curves::tests::secp256k1_scalar_mul ... ok
[INFO] [stdout] test tx::tests::tx_verification_p2sh ... FAILED
[INFO] [stdout] test u256::tests::u256_biguint_conversion ... ok
[INFO] [stdout] test u256::tests::u256_constructor ... ok
[INFO] [stdout] test u256::tests::u256_is_even ... ok
[INFO] [stdout] test serialization::tests::point_to_compressed_sec ... ok
[INFO] [stdout] test ecdsa::tests::curve_construction ... ok
[INFO] [stdout] test serialization::tests::serialize_and_parse ... ok
[INFO] [stdout] test tx::tests::tx_input_verification ... ok
[INFO] [stdout] test ecdsa::tests::sign_data ... ok
[INFO] [stdout] test ecdsa::tests::signature_verification ... ok
[INFO] [stdout] test tx::tests::tx_verification_p2pkh ... ok
[INFO] [stdout] 
[INFO] [stdout] failures:
[INFO] [stdout] 
[INFO] [stdout] ---- http::tests::fetch_genesis stdout ----
[INFO] [stdout] 
[INFO] [stdout] thread 'http::tests::fetch_genesis' panicked at src/http.rs:250:18:
[INFO] [stdout] called `Result::unwrap()` on an `Err` value: HttpError(RequestError(Transport(Transport { kind: Dns, message: Some("resolve dns name 'blockstream.info:443'"), url: Some(Url { scheme: "https", cannot_be_a_base: false, username: "", password: None, host: Some(Domain("blockstream.info")), port: None, path: "/api/tx/4a5e1e4baab89f3a32518a88c31bc87f618f76673e2cc77ab2127b7afdeda33b/hex", query: None, fragment: None }), source: Some(Custom { kind: Uncategorized, error: "failed to lookup address information: Temporary failure in name resolution" }) })))
[INFO] [stdout] stack backtrace:
[INFO] [stdout]    0:     0x58f17d92e0ba - std::backtrace_rs::backtrace::libunwind::trace::hb059275cfc8d6126
[INFO] [stdout]                                at /rustc/6067b36314ab5eb2eb47cecc464545ba58e1ad24/library/std/src/../../backtrace/src/backtrace/libunwind.rs:116:5
[INFO] [stdout]    1:     0x58f17d92e0ba - std::backtrace_rs::backtrace::trace_unsynchronized::h2da071e4327ce3ee
[INFO] [stdout]                                at /rustc/6067b36314ab5eb2eb47cecc464545ba58e1ad24/library/std/src/../../backtrace/src/backtrace/mod.rs:66:5
[INFO] [stdout]    2:     0x58f17d92e0ba - std::sys::backtrace::_print_fmt::h842a1474e6f8d23f
[INFO] [stdout]                                at /rustc/6067b36314ab5eb2eb47cecc464545ba58e1ad24/library/std/src/sys/backtrace.rs:66:9
[INFO] [stdout]    3:     0x58f17d92e0ba - <std::sys::backtrace::BacktraceLock::print::DisplayBacktrace as core::fmt::Display>::fmt::h71a62eb3b9696b12
[INFO] [stdout]                                at /rustc/6067b36314ab5eb2eb47cecc464545ba58e1ad24/library/std/src/sys/backtrace.rs:39:26
[INFO] [stdout]    4:     0x58f17d959913 - core::fmt::rt::Argument::fmt::hdb6b616786b41dc1
[INFO] [stdout]                                at /rustc/6067b36314ab5eb2eb47cecc464545ba58e1ad24/library/core/src/fmt/rt.rs:177:76
[INFO] [stdout]    5:     0x58f17d959913 - core::fmt::write::h2cc1698af7e2d686
[INFO] [stdout]                                at /rustc/6067b36314ab5eb2eb47cecc464545ba58e1ad24/library/core/src/fmt/mod.rs:1440:21
[INFO] [stdout]    6:     0x58f17d929b53 - std::io::Write::write_fmt::hab1b4cd059a79022
[INFO] [stdout]                                at /rustc/6067b36314ab5eb2eb47cecc464545ba58e1ad24/library/std/src/io/mod.rs:1887:15
[INFO] [stdout]    7:     0x58f17d92df02 - std::sys::backtrace::BacktraceLock::print::h147fe35b4ea13b08
[INFO] [stdout]                                at /rustc/6067b36314ab5eb2eb47cecc464545ba58e1ad24/library/std/src/sys/backtrace.rs:42:9
[INFO] [stdout]    8:     0x58f17d92f4df - std::panicking::default_hook::{{closure}}::hbd44223dbdc0d208
[INFO] [stdout]                                at /rustc/6067b36314ab5eb2eb47cecc464545ba58e1ad24/library/std/src/panicking.rs:298:22
[INFO] [stdout]    9:     0x58f17d92f2f8 - std::panicking::default_hook::h20f81eb0576efcec
[INFO] [stdout]                                at /rustc/6067b36314ab5eb2eb47cecc464545ba58e1ad24/library/std/src/panicking.rs:322:9
[INFO] [stdout]   10:     0x58f17d5dc893 - <alloc::boxed::Box<F,A> as core::ops::function::Fn<Args>>::call::hdb53814c496a4d34
[INFO] [stdout]                                at /rustc/6067b36314ab5eb2eb47cecc464545ba58e1ad24/library/alloc/src/boxed.rs:2027:9
[INFO] [stdout]   11:     0x58f17d5dc893 - test::test_main::{{closure}}::hc0a4963c59427c24
[INFO] [stdout]                                at /rustc/6067b36314ab5eb2eb47cecc464545ba58e1ad24/library/test/src/lib.rs:134:21
[INFO] [stdout]   12:     0x58f17d92ffd3 - <alloc::boxed::Box<F,A> as core::ops::function::Fn<Args>>::call::h591b2225413a77e9
[INFO] [stdout]                                at /rustc/6067b36314ab5eb2eb47cecc464545ba58e1ad24/library/alloc/src/boxed.rs:2027:9
[INFO] [stdout]   13:     0x58f17d92ffd3 - std::panicking::rust_panic_with_hook::h625eea43051b2edc
[INFO] [stdout]                                at /rustc/6067b36314ab5eb2eb47cecc464545ba58e1ad24/library/std/src/panicking.rs:839:13
[INFO] [stdout]   14:     0x58f17d92fc8a - std::panicking::begin_panic_handler::{{closure}}::h4f9159cfbc3f6bd3
[INFO] [stdout]                                at /rustc/6067b36314ab5eb2eb47cecc464545ba58e1ad24/library/std/src/panicking.rs:704:13
[INFO] [stdout]   15:     0x58f17d92e5b9 - std::sys::backtrace::__rust_end_short_backtrace::h0390abce48353151
[INFO] [stdout]                                at /rustc/6067b36314ab5eb2eb47cecc464545ba58e1ad24/library/std/src/sys/backtrace.rs:168:18
[INFO] [stdout]   16:     0x58f17d92f91d - rust_begin_unwind
[INFO] [stdout]                                at /rustc/6067b36314ab5eb2eb47cecc464545ba58e1ad24/library/std/src/panicking.rs:695:5
[INFO] [stdout]   17:     0x58f17d957620 - core::panicking::panic_fmt::h9e7c637e9e5f29c9
[INFO] [stdout]                                at /rustc/6067b36314ab5eb2eb47cecc464545ba58e1ad24/library/core/src/panicking.rs:75:14
[INFO] [stdout]   18:     0x58f17d957a96 - core::result::unwrap_failed::h7979f09313fe1849
[INFO] [stdout]                                at /rustc/6067b36314ab5eb2eb47cecc464545ba58e1ad24/library/core/src/result.rs:1704:5
[INFO] [stdout]   19:     0x58f17d2f45f8 - core::result::Result<T,E>::unwrap::had28cc0064c66bd6
[INFO] [stdout]                                at /rustc/6067b36314ab5eb2eb47cecc464545ba58e1ad24/library/core/src/result.rs:1109:23
[INFO] [stdout]   20:     0x58f17d2f45f8 - bitlib::http::tests::fetch_genesis::h5790342197f520b8
[INFO] [stdout]                                at /opt/rustwide/workdir/src/http.rs:248:13
[INFO] [stdout]   21:     0x58f17d2f4387 - bitlib::http::tests::fetch_genesis::{{closure}}::h8f1b740caf030bbc
[INFO] [stdout]                                at /opt/rustwide/workdir/src/http.rs:242:23
[INFO] [stdout]   22:     0x58f17d2ff8d6 - core::ops::function::FnOnce::call_once::h04aa911d27ab6a9a
[INFO] [stdout]                                at /rustc/6067b36314ab5eb2eb47cecc464545ba58e1ad24/library/core/src/ops/function.rs:250:5
[INFO] [stdout]   23:     0x58f17d5e1feb - core::ops::function::FnOnce::call_once::he27718dfdd183f43
[INFO] [stdout]                                at /rustc/6067b36314ab5eb2eb47cecc464545ba58e1ad24/library/core/src/ops/function.rs:250:5
[INFO] [stdout]   24:     0x58f17d5e1feb - test::__rust_begin_short_backtrace::h4e84902998457a5d
[INFO] [stdout]                                at /rustc/6067b36314ab5eb2eb47cecc464545ba58e1ad24/library/test/src/lib.rs:632:18
[INFO] [stdout]   25:     0x58f17d5e0f23 - test::run_test_in_process::{{closure}}::h7176fd18fc1feca0
[INFO] [stdout]                                at /rustc/6067b36314ab5eb2eb47cecc464545ba58e1ad24/library/test/src/lib.rs:655:60
[INFO] [stdout]   26:     0x58f17d5e0f23 - <core::panic::unwind_safe::AssertUnwindSafe<F> as core::ops::function::FnOnce<()>>::call_once::hf79cff2a624d8cf7
[INFO] [stdout]                                at /rustc/6067b36314ab5eb2eb47cecc464545ba58e1ad24/library/core/src/panic/unwind_safe.rs:272:9
[INFO] [stdout]   27:     0x58f17d5e0f23 - std::panicking::try::do_call::h3da0561d9ab99c25
[INFO] [stdout]                                at /rustc/6067b36314ab5eb2eb47cecc464545ba58e1ad24/library/std/src/panicking.rs:587:40
[INFO] [stdout]   28:     0x58f17d5e0f23 - std::panicking::try::h41c9fa508bc61df6
[INFO] [stdout]                                at /rustc/6067b36314ab5eb2eb47cecc464545ba58e1ad24/library/std/src/panicking.rs:550:19
[INFO] [stdout]   29:     0x58f17d5e0f23 - std::panic::catch_unwind::h6b3ff07bb5afad93
[INFO] [stdout]                                at /rustc/6067b36314ab5eb2eb47cecc464545ba58e1ad24/library/std/src/panic.rs:358:14
[INFO] [stdout]   30:     0x58f17d5e0f23 - test::run_test_in_process::hc7253dd11b39b9f4
[INFO] [stdout]                                at /rustc/6067b36314ab5eb2eb47cecc464545ba58e1ad24/library/test/src/lib.rs:655:27
[INFO] [stdout]   31:     0x58f17d5e0f23 - test::run_test::{{closure}}::hfb2007f8649c30bb
[INFO] [stdout]                                at /rustc/6067b36314ab5eb2eb47cecc464545ba58e1ad24/library/test/src/lib.rs:576:43
[INFO] [stdout]   32:     0x58f17d5a4005 - test::run_test::{{closure}}::h56a17aa7a282a9f4
[INFO] [stdout]                                at /rustc/6067b36314ab5eb2eb47cecc464545ba58e1ad24/library/test/src/lib.rs:606:41
[INFO] [stdout]   33:     0x58f17d5a4005 - std::sys::backtrace::__rust_begin_short_backtrace::hd2d2d2fb8e8c6aac
[INFO] [stdout]                                at /rustc/6067b36314ab5eb2eb47cecc464545ba58e1ad24/library/std/src/sys/backtrace.rs:152:18
[INFO] [stdout]   34:     0x58f17d5a78ea - std::thread::Builder::spawn_unchecked_::{{closure}}::{{closure}}::h4faa3f9db6133423
[INFO] [stdout]                                at /rustc/6067b36314ab5eb2eb47cecc464545ba58e1ad24/library/std/src/thread/mod.rs:559:17
[INFO] [stdout]   35:     0x58f17d5a78ea - <core::panic::unwind_safe::AssertUnwindSafe<F> as core::ops::function::FnOnce<()>>::call_once::hf2e855a36a4ea846
[INFO] [stdout]                                at /rustc/6067b36314ab5eb2eb47cecc464545ba58e1ad24/library/core/src/panic/unwind_safe.rs:272:9
[INFO] [stdout]   36:     0x58f17d5a78ea - std::panicking::try::do_call::h2f73af3616c35465
[INFO] [stdout]                                at /rustc/6067b36314ab5eb2eb47cecc464545ba58e1ad24/library/std/src/panicking.rs:587:40
[INFO] [stdout]   37:     0x58f17d5a78ea - std::panicking::try::hd1660ce9efadef5a
[INFO] [stdout]                                at /rustc/6067b36314ab5eb2eb47cecc464545ba58e1ad24/library/std/src/panicking.rs:550:19
[INFO] [stdout]   38:     0x58f17d5a78ea - std::panic::catch_unwind::h5ee8d7823b8ca744
[INFO] [stdout]                                at /rustc/6067b36314ab5eb2eb47cecc464545ba58e1ad24/library/std/src/panic.rs:358:14
[INFO] [stdout]   39:     0x58f17d5a78ea - std::thread::Builder::spawn_unchecked_::{{closure}}::h53c3a1894dce8407
[INFO] [stdout]                                at /rustc/6067b36314ab5eb2eb47cecc464545ba58e1ad24/library/std/src/thread/mod.rs:557:30
[INFO] [stdout]   40:     0x58f17d5a78ea - core::ops::function::FnOnce::call_once{{vtable.shim}}::h048ce291ad4f62bf
[INFO] [stdout]                                at /rustc/6067b36314ab5eb2eb47cecc464545ba58e1ad24/library/core/src/ops/function.rs:250:5
[INFO] [stdout]   41:     0x58f17d933f9b - <alloc::boxed::Box<F,A> as core::ops::function::FnOnce<Args>>::call_once::ha52bedf99a3b4981
[INFO] [stdout]                                at /rustc/6067b36314ab5eb2eb47cecc464545ba58e1ad24/library/alloc/src/boxed.rs:2013:9
[INFO] [stdout]   42:     0x58f17d933f9b - <alloc::boxed::Box<F,A> as core::ops::function::FnOnce<Args>>::call_once::h567748934d80ccf8
[INFO] [stdout]                                at /rustc/6067b36314ab5eb2eb47cecc464545ba58e1ad24/library/alloc/src/boxed.rs:2013:9
[INFO] [stdout]   43:     0x58f17d933f9b - std::sys::pal::unix::thread::Thread::new::thread_start::h2d970728ae887adc
[INFO] [stdout]                                at /rustc/6067b36314ab5eb2eb47cecc464545ba58e1ad24/library/std/src/sys/pal/unix/thread.rs:106:17
[INFO] [stdout]   44:     0x787e0f54fac3 - <unknown>
[INFO] [stdout]   45:     0x787e0f5e0a04 - clone
[INFO] [stdout]   46:                0x0 - <unknown>
[INFO] [stdout] 
[INFO] [stdout] ---- tx::tests::tx_verification_p2sh stdout ----
[INFO] [stdout] 
[INFO] [stdout] thread 'tx::tests::tx_verification_p2sh' panicked at src/tx.rs:720:14:
[INFO] [stdout] called `Result::unwrap()` on an `Err` value: HttpError(RequestError(Transport(Transport { kind: Dns, message: Some("resolve dns name 'blockstream.info:443'"), url: Some(Url { scheme: "https", cannot_be_a_base: false, username: "", password: None, host: Some(Domain("blockstream.info")), port: None, path: "/api/tx/46df1a9484d0a81d03ce0ee543ab6e1a23ed06175c104a178268fad381216c2b/hex", query: None, fragment: None }), source: Some(Custom { kind: Uncategorized, error: "failed to lookup address information: Temporary failure in name resolution" }) })))
[INFO] [stdout] stack backtrace:
[INFO] [stdout]    0:     0x58f17d92e0ba - std::backtrace_rs::backtrace::libunwind::trace::hb059275cfc8d6126
[INFO] [stdout]                                at /rustc/6067b36314ab5eb2eb47cecc464545ba58e1ad24/library/std/src/../../backtrace/src/backtrace/libunwind.rs:116:5
[INFO] [stdout]    1:     0x58f17d92e0ba - std::backtrace_rs::backtrace::trace_unsynchronized::h2da071e4327ce3ee
[INFO] [stdout]                                at /rustc/6067b36314ab5eb2eb47cecc464545ba58e1ad24/library/std/src/../../backtrace/src/backtrace/mod.rs:66:5
[INFO] [stdout]    2:     0x58f17d92e0ba - std::sys::backtrace::_print_fmt::h842a1474e6f8d23f
[INFO] [stdout]                                at /rustc/6067b36314ab5eb2eb47cecc464545ba58e1ad24/library/std/src/sys/backtrace.rs:66:9
[INFO] [stdout]    3:     0x58f17d92e0ba - <std::sys::backtrace::BacktraceLock::print::DisplayBacktrace as core::fmt::Display>::fmt::h71a62eb3b9696b12
[INFO] [stdout]                                at /rustc/6067b36314ab5eb2eb47cecc464545ba58e1ad24/library/std/src/sys/backtrace.rs:39:26
[INFO] [stdout]    4:     0x58f17d959913 - core::fmt::rt::Argument::fmt::hdb6b616786b41dc1
[INFO] [stdout]                                at /rustc/6067b36314ab5eb2eb47cecc464545ba58e1ad24/library/core/src/fmt/rt.rs:177:76
[INFO] [stdout]    5:     0x58f17d959913 - core::fmt::write::h2cc1698af7e2d686
[INFO] [stdout]                                at /rustc/6067b36314ab5eb2eb47cecc464545ba58e1ad24/library/core/src/fmt/mod.rs:1440:21
[INFO] [stdout]    6:     0x58f17d929b53 - std::io::Write::write_fmt::hab1b4cd059a79022
[INFO] [stdout]                                at /rustc/6067b36314ab5eb2eb47cecc464545ba58e1ad24/library/std/src/io/mod.rs:1887:15
[INFO] [stdout]    7:     0x58f17d92df02 - std::sys::backtrace::BacktraceLock::print::h147fe35b4ea13b08
[INFO] [stdout]                                at /rustc/6067b36314ab5eb2eb47cecc464545ba58e1ad24/library/std/src/sys/backtrace.rs:42:9
[INFO] [stdout]    8:     0x58f17d92f4df - std::panicking::default_hook::{{closure}}::hbd44223dbdc0d208
[INFO] [stdout]                                at /rustc/6067b36314ab5eb2eb47cecc464545ba58e1ad24/library/std/src/panicking.rs:298:22
[INFO] [stdout]    9:     0x58f17d92f2f8 - std::panicking::default_hook::h20f81eb0576efcec
[INFO] [stdout]                                at /rustc/6067b36314ab5eb2eb47cecc464545ba58e1ad24/library/std/src/panicking.rs:322:9
[INFO] [stdout]   10:     0x58f17d5dc893 - <alloc::boxed::Box<F,A> as core::ops::function::Fn<Args>>::call::hdb53814c496a4d34
[INFO] [stdout]                                at /rustc/6067b36314ab5eb2eb47cecc464545ba58e1ad24/library/alloc/src/boxed.rs:2027:9
[INFO] [stdout]   11:     0x58f17d5dc893 - test::test_main::{{closure}}::hc0a4963c59427c24
[INFO] [stdout]                                at /rustc/6067b36314ab5eb2eb47cecc464545ba58e1ad24/library/test/src/lib.rs:134:21
[INFO] [stdout]   12:     0x58f17d92ffd3 - <alloc::boxed::Box<F,A> as core::ops::function::Fn<Args>>::call::h591b2225413a77e9
[INFO] [stdout]                                at /rustc/6067b36314ab5eb2eb47cecc464545ba58e1ad24/library/alloc/src/boxed.rs:2027:9
[INFO] [stdout]   13:     0x58f17d92ffd3 - std::panicking::rust_panic_with_hook::h625eea43051b2edc
[INFO] [stdout]                                at /rustc/6067b36314ab5eb2eb47cecc464545ba58e1ad24/library/std/src/panicking.rs:839:13
[INFO] [stdout]   14:     0x58f17d92fc8a - std::panicking::begin_panic_handler::{{closure}}::h4f9159cfbc3f6bd3
[INFO] [stdout]                                at /rustc/6067b36314ab5eb2eb47cecc464545ba58e1ad24/library/std/src/panicking.rs:704:13
[INFO] [stdout]   15:     0x58f17d92e5b9 - std::sys::backtrace::__rust_end_short_backtrace::h0390abce48353151
[INFO] [stdout]                                at /rustc/6067b36314ab5eb2eb47cecc464545ba58e1ad24/library/std/src/sys/backtrace.rs:168:18
[INFO] [stdout]   16:     0x58f17d92f91d - rust_begin_unwind
[INFO] [stdout]                                at /rustc/6067b36314ab5eb2eb47cecc464545ba58e1ad24/library/std/src/panicking.rs:695:5
[INFO] [stdout]   17:     0x58f17d957620 - core::panicking::panic_fmt::h9e7c637e9e5f29c9
[INFO] [stdout]                                at /rustc/6067b36314ab5eb2eb47cecc464545ba58e1ad24/library/core/src/panicking.rs:75:14
[INFO] [stdout]   18:     0x58f17d957a96 - core::result::unwrap_failed::h7979f09313fe1849
[INFO] [stdout]                                at /rustc/6067b36314ab5eb2eb47cecc464545ba58e1ad24/library/core/src/result.rs:1704:5
[INFO] [stdout]   19:     0x58f17d2f7962 - core::result::Result<T,E>::unwrap::had28cc0064c66bd6
[INFO] [stdout]                                at /rustc/6067b36314ab5eb2eb47cecc464545ba58e1ad24/library/core/src/result.rs:1109:23
[INFO] [stdout]   20:     0x58f17d2f7962 - bitlib::tx::tests::tx_verification_p2sh::he8cd877fb76fb21d
[INFO] [stdout]                                at /opt/rustwide/workdir/src/tx.rs:716:18
[INFO] [stdout]   21:     0x58f17d2f7837 - bitlib::tx::tests::tx_verification_p2sh::{{closure}}::h4439cb353c1f64ed
[INFO] [stdout]                                at /opt/rustwide/workdir/src/tx.rs:711:30
[INFO] [stdout]   22:     0x58f17d300056 - core::ops::function::FnOnce::call_once::h6efd2b08c1279548
[INFO] [stdout]                                at /rustc/6067b36314ab5eb2eb47cecc464545ba58e1ad24/library/core/src/ops/function.rs:250:5
[INFO] [stdout]   23:     0x58f17d5e1feb - core::ops::function::FnOnce::call_once::he27718dfdd183f43
[INFO] [stdout]                                at /rustc/6067b36314ab5eb2eb47cecc464545ba58e1ad24/library/core/src/ops/function.rs:250:5
[INFO] [stdout]   24:     0x58f17d5e1feb - test::__rust_begin_short_backtrace::h4e84902998457a5d
[INFO] [stdout]                                at /rustc/6067b36314ab5eb2eb47cecc464545ba58e1ad24/library/test/src/lib.rs:632:18
[INFO] [stdout]   25:     0x58f17d5e0f23 - test::run_test_in_process::{{closure}}::h7176fd18fc1feca0
[INFO] [stdout]                                at /rustc/6067b36314ab5eb2eb47cecc464545ba58e1ad24/library/test/src/lib.rs:655:60
[INFO] [stdout]   26:     0x58f17d5e0f23 - <core::panic::unwind_safe::AssertUnwindSafe<F> as core::ops::function::FnOnce<()>>::call_once::hf79cff2a624d8cf7
[INFO] [stdout]                                at /rustc/6067b36314ab5eb2eb47cecc464545ba58e1ad24/library/core/src/panic/unwind_safe.rs:272:9
[INFO] [stdout]   27:     0x58f17d5e0f23 - std::panicking::try::do_call::h3da0561d9ab99c25
[INFO] [stdout]                                at /rustc/6067b36314ab5eb2eb47cecc464545ba58e1ad24/library/std/src/panicking.rs:587:40
[INFO] [stdout]   28:     0x58f17d5e0f23 - std::panicking::try::h41c9fa508bc61df6
[INFO] [stdout]                                at /rustc/6067b36314ab5eb2eb47cecc464545ba58e1ad24/library/std/src/panicking.rs:550:19
[INFO] [stdout]   29:     0x58f17d5e0f23 - std::panic::catch_unwind::h6b3ff07bb5afad93
[INFO] [stdout]                                at /rustc/6067b36314ab5eb2eb47cecc464545ba58e1ad24/library/std/src/panic.rs:358:14
[INFO] [stdout]   30:     0x58f17d5e0f23 - test::run_test_in_process::hc7253dd11b39b9f4
[INFO] [stdout]                                at /rustc/6067b36314ab5eb2eb47cecc464545ba58e1ad24/library/test/src/lib.rs:655:27
[INFO] [stdout]   31:     0x58f17d5e0f23 - test::run_test::{{closure}}::hfb2007f8649c30bb
[INFO] [stdout]                                at /rustc/6067b36314ab5eb2eb47cecc464545ba58e1ad24/library/test/src/lib.rs:576:43
[INFO] [stdout]   32:     0x58f17d5a4005 - test::run_test::{{closure}}::h56a17aa7a282a9f4
[INFO] [stdout]                                at /rustc/6067b36314ab5eb2eb47cecc464545ba58e1ad24/library/test/src/lib.rs:606:41
[INFO] [stdout]   33:     0x58f17d5a4005 - std::sys::backtrace::__rust_begin_short_backtrace::hd2d2d2fb8e8c6aac
[INFO] [stdout]                                at /rustc/6067b36314ab5eb2eb47cecc464545ba58e1ad24/library/std/src/sys/backtrace.rs:152:18
[INFO] [stdout]   34:     0x58f17d5a78ea - std::thread::Builder::spawn_unchecked_::{{closure}}::{{closure}}::h4faa3f9db6133423
[INFO] [stdout]                                at /rustc/6067b36314ab5eb2eb47cecc464545ba58e1ad24/library/std/src/thread/mod.rs:559:17
[INFO] [stdout]   35:     0x58f17d5a78ea - <core::panic::unwind_safe::AssertUnwindSafe<F> as core::ops::function::FnOnce<()>>::call_once::hf2e855a36a4ea846
[INFO] [stdout]                                at /rustc/6067b36314ab5eb2eb47cecc464545ba58e1ad24/library/core/src/panic/unwind_safe.rs:272:9
[INFO] [stdout]   36:     0x58f17d5a78ea - std::panicking::try::do_call::h2f73af3616c35465
[INFO] [stdout]                                at /rustc/6067b36314ab5eb2eb47cecc464545ba58e1ad24/library/std/src/panicking.rs:587:40
[INFO] [stdout]   37:     0x58f17d5a78ea - std::panicking::try::hd1660ce9efadef5a
[INFO] [stdout]                                at /rustc/6067b36314ab5eb2eb47cecc464545ba58e1ad24/library/std/src/panicking.rs:550:19
[INFO] [stdout]   38:     0x58f17d5a78ea - std::panic::catch_unwind::h5ee8d7823b8ca744
[INFO] [stdout]                                at /rustc/6067b36314ab5eb2eb47cecc464545ba58e1ad24/library/std/src/panic.rs:358:14
[INFO] [stdout]   39:     0x58f17d5a78ea - std::thread::Builder::spawn_unchecked_::{{closure}}::h53c3a1894dce8407
[INFO] [stdout]                                at /rustc/6067b36314ab5eb2eb47cecc464545ba58e1ad24/library/std/src/thread/mod.rs:557:30
[INFO] [stdout]   40:     0x58f17d5a78ea - core::ops::function::FnOnce::call_once{{vtable.shim}}::h048ce291ad4f62bf
[INFO] [stdout]                                at /rustc/6067b36314ab5eb2eb47cecc464545ba58e1ad24/library/core/src/ops/function.rs:250:5
[INFO] [stdout]   41:     0x58f17d933f9b - <alloc::boxed::Box<F,A> as core::ops::function::FnOnce<Args>>::call_once::ha52bedf99a3b4981
[INFO] [stdout]                                at /rustc/6067b36314ab5eb2eb47cecc464545ba58e1ad24/library/alloc/src/boxed.rs:2013:9
[INFO] [stdout]   42:     0x58f17d933f9b - <alloc::boxed::Box<F,A> as core::ops::function::FnOnce<Args>>::call_once::h567748934d80ccf8
[INFO] [stdout]                                at /rustc/6067b36314ab5eb2eb47cecc464545ba58e1ad24/library/alloc/src/boxed.rs:2013:9
[INFO] [stdout]   43:     0x58f17d933f9b - std::sys::pal::unix::thread::Thread::new::thread_start::h2d970728ae887adc
[INFO] [stdout]                                at /rustc/6067b36314ab5eb2eb47cecc464545ba58e1ad24/library/std/src/sys/pal/unix/thread.rs:106:17
[INFO] [stdout]   44:     0x787e0f54fac3 - <unknown>
[INFO] [stdout]   45:     0x787e0f5e0a04 - clone
[INFO] [stdout]   46:                0x0 - <unknown>
[INFO] [stdout] 
[INFO] [stdout] 
[INFO] [stdout] failures:
[INFO] [stdout]     http::tests::fetch_genesis
[INFO] [stdout]     tx::tests::tx_verification_p2sh
[INFO] [stdout] 
[INFO] [stdout] test result: FAILED. 71 passed; 2 failed; 0 ignored; 0 measured; 0 filtered out; finished in 18.75s
[INFO] [stdout] 
[INFO] [stderr] error: test failed, to rerun pass `--lib`
[INFO] running `Command { std: "docker" "inspect" "a28f27012ded5c04628be4a3c40633921372a73a88ad1cd7be2c0212589e9e48", kill_on_drop: false }`
[INFO] running `Command { std: "docker" "rm" "-f" "a28f27012ded5c04628be4a3c40633921372a73a88ad1cd7be2c0212589e9e48", kill_on_drop: false }`
[INFO] [stdout] a28f27012ded5c04628be4a3c40633921372a73a88ad1cd7be2c0212589e9e48
