[INFO] cloning repository https://github.com/nstringham/eecs280-2024-rust
[INFO] running `Command { std: "git" "-c" "credential.helper=" "-c" "credential.helper=/workspace/cargo-home/bin/git-credential-null" "clone" "--bare" "https://github.com/nstringham/eecs280-2024-rust" "/workspace/cache/git-repos/https%3A%2F%2Fgithub.com%2Fnstringham%2Feecs280-2024-rust", kill_on_drop: false }`
[INFO] [stderr] Cloning into bare repository '/workspace/cache/git-repos/https%3A%2F%2Fgithub.com%2Fnstringham%2Feecs280-2024-rust'...
[INFO] running `Command { std: "git" "rev-parse" "HEAD", kill_on_drop: false }`
[INFO] [stdout] 5b0154338548269592e8b13acf400dd84d6c8f70
[INFO] testing nstringham/eecs280-2024-rust against nightly-2025-01-18 for randomize-layout-2
[INFO] running `Command { std: "git" "clone" "/workspace/cache/git-repos/https%3A%2F%2Fgithub.com%2Fnstringham%2Feecs280-2024-rust" "/workspace/builds/worker-2-tc1/source", kill_on_drop: false }`
[INFO] [stderr] Cloning into '/workspace/builds/worker-2-tc1/source'...
[INFO] [stderr] done.
[INFO] validating manifest of git repo https://github.com/nstringham/eecs280-2024-rust on toolchain nightly-2025-01-18
[INFO] running `Command { std: CARGO_HOME="/workspace/cargo-home" RUSTUP_HOME="/workspace/rustup-home" "/workspace/cargo-home/bin/cargo" "+nightly-2025-01-18" "metadata" "--manifest-path" "Cargo.toml" "--no-deps", kill_on_drop: false }`
[INFO] started tweaking git repo https://github.com/nstringham/eecs280-2024-rust
[INFO] finished tweaking git repo https://github.com/nstringham/eecs280-2024-rust
[INFO] tweaked toml for git repo https://github.com/nstringham/eecs280-2024-rust written to /workspace/builds/worker-2-tc1/source/Cargo.toml
[INFO] crate git repo https://github.com/nstringham/eecs280-2024-rust already has a lockfile, it will not be regenerated
[INFO] running `Command { std: CARGO_HOME="/workspace/cargo-home" RUSTUP_HOME="/workspace/rustup-home" "/workspace/cargo-home/bin/cargo" "+nightly-2025-01-18" "fetch" "--manifest-path" "Cargo.toml", kill_on_drop: false }`
[INFO] running `Command { std: "docker" "create" "-v" "/var/lib/crater-agent-workspace/builds/worker-2-tc1/target:/opt/rustwide/target:rw,Z" "-v" "/var/lib/crater-agent-workspace/builds/worker-2-tc1/source:/opt/rustwide/workdir:ro,Z" "-v" "/var/lib/crater-agent-workspace/cargo-home:/opt/rustwide/cargo-home:ro,Z" "-v" "/var/lib/crater-agent-workspace/rustup-home:/opt/rustwide/rustup-home:ro,Z" "-e" "SOURCE_DIR=/opt/rustwide/workdir" "-e" "CARGO_TARGET_DIR=/opt/rustwide/target" "-e" "CARGO_HOME=/opt/rustwide/cargo-home" "-e" "RUSTUP_HOME=/opt/rustwide/rustup-home" "-w" "/opt/rustwide/workdir" "-m" "1610612736" "--user" "0:0" "--network" "none" "ghcr.io/rust-lang/crates-build-env/linux@sha256:819108c5571ea2e421544af4d832f968d213c87fbe3707a016657f43d2f853bc" "/opt/rustwide/cargo-home/bin/cargo" "+nightly-2025-01-18" "metadata" "--no-deps" "--format-version=1", kill_on_drop: false }`
[INFO] [stdout] b13ea67a18867d71c8b1c37aa9eb2d44c2c86220eff6709001c62181cdbda695
[INFO] running `Command { std: "docker" "start" "-a" "b13ea67a18867d71c8b1c37aa9eb2d44c2c86220eff6709001c62181cdbda695", kill_on_drop: false }`
[INFO] running `Command { std: "docker" "inspect" "b13ea67a18867d71c8b1c37aa9eb2d44c2c86220eff6709001c62181cdbda695", kill_on_drop: false }`
[INFO] running `Command { std: "docker" "rm" "-f" "b13ea67a18867d71c8b1c37aa9eb2d44c2c86220eff6709001c62181cdbda695", kill_on_drop: false }`
[INFO] [stdout] b13ea67a18867d71c8b1c37aa9eb2d44c2c86220eff6709001c62181cdbda695
[INFO] running `Command { std: "docker" "create" "-v" "/var/lib/crater-agent-workspace/builds/worker-2-tc1/target:/opt/rustwide/target:rw,Z" "-v" "/var/lib/crater-agent-workspace/builds/worker-2-tc1/source:/opt/rustwide/workdir:ro,Z" "-v" "/var/lib/crater-agent-workspace/cargo-home:/opt/rustwide/cargo-home:ro,Z" "-v" "/var/lib/crater-agent-workspace/rustup-home:/opt/rustwide/rustup-home:ro,Z" "-e" "SOURCE_DIR=/opt/rustwide/workdir" "-e" "CARGO_TARGET_DIR=/opt/rustwide/target" "-e" "CARGO_INCREMENTAL=0" "-e" "RUST_BACKTRACE=full" "-e" "RUSTFLAGS=--cap-lints=forbid" "-e" "RUSTDOCFLAGS=--cap-lints=forbid" "-e" "CARGO_HOME=/opt/rustwide/cargo-home" "-e" "RUSTUP_HOME=/opt/rustwide/rustup-home" "-w" "/opt/rustwide/workdir" "-m" "1610612736" "--user" "0:0" "--network" "none" "ghcr.io/rust-lang/crates-build-env/linux@sha256:819108c5571ea2e421544af4d832f968d213c87fbe3707a016657f43d2f853bc" "/opt/rustwide/cargo-home/bin/cargo" "+nightly-2025-01-18" "build" "--frozen" "--message-format=json", kill_on_drop: false }`
[INFO] [stdout] affdb1bfc8c920868ffb3507b184cc8b55626da8454503508f1fabd977ffc35c
[INFO] running `Command { std: "docker" "start" "-a" "affdb1bfc8c920868ffb3507b184cc8b55626da8454503508f1fabd977ffc35c", kill_on_drop: false }`
[INFO] [stderr]    Compiling proc-macro2 v1.0.86
[INFO] [stderr]    Compiling libc v0.2.158
[INFO] [stderr]    Compiling byteorder v1.5.0
[INFO] [stderr]    Compiling serde v1.0.209
[INFO] [stderr]    Compiling memchr v2.7.4
[INFO] [stderr]    Compiling csv-core v0.1.11
[INFO] [stderr]    Compiling quote v1.0.37
[INFO] [stderr]    Compiling syn v2.0.77
[INFO] [stderr]    Compiling getrandom v0.2.15
[INFO] [stderr]    Compiling rand_core v0.6.4
[INFO] [stderr]    Compiling zerocopy-derive v0.7.35
[INFO] [stderr]    Compiling csv v1.3.0
[INFO] [stderr]    Compiling zerocopy v0.7.35
[INFO] [stderr]    Compiling ppv-lite86 v0.2.20
[INFO] [stderr]    Compiling rand_chacha v0.3.1
[INFO] [stderr]    Compiling rand v0.8.5
[INFO] [stderr]    Compiling eecs280-2024-rust v0.1.0 (/opt/rustwide/workdir)
[INFO] [stdout] warning: unused variable: `v`
[INFO] [stdout]  --> src/project_1/stats.rs:2:14
[INFO] [stdout]   |
[INFO] [stdout] 2 | pub fn count(v: &[f64]) -> usize {
[INFO] [stdout]   |              ^ help: if this is intentional, prefix it with an underscore: `_v`
[INFO] [stdout]   |
[INFO] [stdout]   = note: `#[warn(unused_variables)]` on by default
[INFO] [stdout] 
[INFO] [stdout] 
[INFO] [stdout] warning: unused variable: `v`
[INFO] [stdout]  --> src/project_1/stats.rs:7:12
[INFO] [stdout]   |
[INFO] [stdout] 7 | pub fn sum(v: &[f64]) -> f64 {
[INFO] [stdout]   |            ^ help: if this is intentional, prefix it with an underscore: `_v`
[INFO] [stdout] 
[INFO] [stdout] 
[INFO] [stdout] warning: unused variable: `v`
[INFO] [stdout]   --> src/project_1/stats.rs:13:13
[INFO] [stdout]    |
[INFO] [stdout] 13 | pub fn mean(v: &[f64]) -> f64 {
[INFO] [stdout]    |             ^ help: if this is intentional, prefix it with an underscore: `_v`
[INFO] [stdout] 
[INFO] [stdout] 
[INFO] [stdout] warning: unused variable: `v`
[INFO] [stdout]   --> src/project_1/stats.rs:19:15
[INFO] [stdout]    |
[INFO] [stdout] 19 | pub fn median(v: &[f64]) -> f64 {
[INFO] [stdout]    |               ^ help: if this is intentional, prefix it with an underscore: `_v`
[INFO] [stdout] 
[INFO] [stdout] 
[INFO] [stdout] warning: unused variable: `v`
[INFO] [stdout]   --> src/project_1/stats.rs:24:12
[INFO] [stdout]    |
[INFO] [stdout] 24 | pub fn min(v: &[f64]) -> f64 {
[INFO] [stdout]    |            ^ help: if this is intentional, prefix it with an underscore: `_v`
[INFO] [stdout] 
[INFO] [stdout] 
[INFO] [stdout] warning: unused variable: `v`
[INFO] [stdout]   --> src/project_1/stats.rs:29:12
[INFO] [stdout]    |
[INFO] [stdout] 29 | pub fn max(v: &[f64]) -> f64 {
[INFO] [stdout]    |            ^ help: if this is intentional, prefix it with an underscore: `_v`
[INFO] [stdout] 
[INFO] [stdout] 
[INFO] [stdout] warning: unused variable: `v`
[INFO] [stdout]   --> src/project_1/stats.rs:35:14
[INFO] [stdout]    |
[INFO] [stdout] 35 | pub fn stdev(v: &[f64]) -> f64 {
[INFO] [stdout]    |              ^ help: if this is intentional, prefix it with an underscore: `_v`
[INFO] [stdout] 
[INFO] [stdout] 
[INFO] [stdout] warning: unused variable: `v`
[INFO] [stdout]   --> src/project_1/stats.rs:43:19
[INFO] [stdout]    |
[INFO] [stdout] 43 | pub fn percentile(v: &[f64], p: f64) -> f64 {
[INFO] [stdout]    |                   ^ help: if this is intentional, prefix it with an underscore: `_v`
[INFO] [stdout] 
[INFO] [stdout] 
[INFO] [stdout] warning: unused variable: `p`
[INFO] [stdout]   --> src/project_1/stats.rs:43:30
[INFO] [stdout]    |
[INFO] [stdout] 43 | pub fn percentile(v: &[f64], p: f64) -> f64 {
[INFO] [stdout]    |                              ^ help: if this is intentional, prefix it with an underscore: `_p`
[INFO] [stdout] 
[INFO] [stdout] 
[INFO] [stdout] warning: unused variable: `v`
[INFO] [stdout]   --> src/project_1/stats.rs:51:15
[INFO] [stdout]    |
[INFO] [stdout] 51 | pub fn filter(v: &[f64], criteria: &[f64], target: f64) -> Vec<f64> {
[INFO] [stdout]    |               ^ help: if this is intentional, prefix it with an underscore: `_v`
[INFO] [stdout] 
[INFO] [stdout] 
[INFO] [stdout] warning: unused variable: `criteria`
[INFO] [stdout]   --> src/project_1/stats.rs:51:26
[INFO] [stdout]    |
[INFO] [stdout] 51 | pub fn filter(v: &[f64], criteria: &[f64], target: f64) -> Vec<f64> {
[INFO] [stdout]    |                          ^^^^^^^^ help: if this is intentional, prefix it with an underscore: `_criteria`
[INFO] [stdout] 
[INFO] [stdout] 
[INFO] [stdout] warning: unused variable: `target`
[INFO] [stdout]   --> src/project_1/stats.rs:51:44
[INFO] [stdout]    |
[INFO] [stdout] 51 | pub fn filter(v: &[f64], criteria: &[f64], target: f64) -> Vec<f64> {
[INFO] [stdout]    |                                            ^^^^^^ help: if this is intentional, prefix it with an underscore: `_target`
[INFO] [stdout] 
[INFO] [stdout] 
[INFO] [stdout] warning: unused variable: `data`
[INFO] [stdout]   --> src/project_1/two_sample.rs:10:28
[INFO] [stdout]    |
[INFO] [stdout] 10 | fn print_descriptive_stats(data: &[f64]) {
[INFO] [stdout]    |                            ^^^^ help: if this is intentional, prefix it with an underscore: `_data`
[INFO] [stdout] 
[INFO] [stdout] 
[INFO] [stdout] warning: unused variable: `data_a`
[INFO] [stdout]   --> src/project_1/two_sample.rs:18:36
[INFO] [stdout]    |
[INFO] [stdout] 18 | fn mean_diff_sampling_distribution(data_a: &[f64], data_b: &[f64]) -> Vec<f64> {
[INFO] [stdout]    |                                    ^^^^^^ help: if this is intentional, prefix it with an underscore: `_data_a`
[INFO] [stdout] 
[INFO] [stdout] 
[INFO] [stdout] warning: unused variable: `data_b`
[INFO] [stdout]   --> src/project_1/two_sample.rs:18:52
[INFO] [stdout]    |
[INFO] [stdout] 18 | fn mean_diff_sampling_distribution(data_a: &[f64], data_b: &[f64]) -> Vec<f64> {
[INFO] [stdout]    |                                                    ^^^^^^ help: if this is intentional, prefix it with an underscore: `_data_b`
[INFO] [stdout] 
[INFO] [stdout] 
[INFO] [stdout] warning: unused variable: `v`
[INFO] [stdout]   --> src/project_1/two_sample.rs:26:24
[INFO] [stdout]    |
[INFO] [stdout] 26 | fn confidence_interval(v: &[f64], width: f64) -> (f64, f64) {
[INFO] [stdout]    |                        ^ help: if this is intentional, prefix it with an underscore: `_v`
[INFO] [stdout] 
[INFO] [stdout] 
[INFO] [stdout] warning: unused variable: `width`
[INFO] [stdout]   --> src/project_1/two_sample.rs:26:35
[INFO] [stdout]    |
[INFO] [stdout] 26 | fn confidence_interval(v: &[f64], width: f64) -> (f64, f64) {
[INFO] [stdout]    |                                   ^^^^^ help: if this is intentional, prefix it with an underscore: `_width`
[INFO] [stdout] 
[INFO] [stdout] 
[INFO] [stdout] warning: function `bootstrap_resample` is never used
[INFO] [stdout]   --> src/project_1/p1_library.rs:48:8
[INFO] [stdout]    |
[INFO] [stdout] 48 | pub fn bootstrap_resample(mut data: Vec<f64>, sample_num: usize) -> Vec<f64> {
[INFO] [stdout]    |        ^^^^^^^^^^^^^^^^^^
[INFO] [stdout]    |
[INFO] [stdout]    = note: `#[warn(dead_code)]` on by default
[INFO] [stdout] 
[INFO] [stdout] 
[INFO] [stdout] warning: function `count` is never used
[INFO] [stdout]  --> src/project_1/stats.rs:2:8
[INFO] [stdout]   |
[INFO] [stdout] 2 | pub fn count(v: &[f64]) -> usize {
[INFO] [stdout]   |        ^^^^^
[INFO] [stdout] 
[INFO] [stdout] 
[INFO] [stdout] warning: function `sum` is never used
[INFO] [stdout]  --> src/project_1/stats.rs:7:8
[INFO] [stdout]   |
[INFO] [stdout] 7 | pub fn sum(v: &[f64]) -> f64 {
[INFO] [stdout]   |        ^^^
[INFO] [stdout] 
[INFO] [stdout] 
[INFO] [stdout] warning: function `mean` is never used
[INFO] [stdout]   --> src/project_1/stats.rs:13:8
[INFO] [stdout]    |
[INFO] [stdout] 13 | pub fn mean(v: &[f64]) -> f64 {
[INFO] [stdout]    |        ^^^^
[INFO] [stdout] 
[INFO] [stdout] 
[INFO] [stdout] warning: function `median` is never used
[INFO] [stdout]   --> src/project_1/stats.rs:19:8
[INFO] [stdout]    |
[INFO] [stdout] 19 | pub fn median(v: &[f64]) -> f64 {
[INFO] [stdout]    |        ^^^^^^
[INFO] [stdout] 
[INFO] [stdout] 
[INFO] [stdout] warning: function `min` is never used
[INFO] [stdout]   --> src/project_1/stats.rs:24:8
[INFO] [stdout]    |
[INFO] [stdout] 24 | pub fn min(v: &[f64]) -> f64 {
[INFO] [stdout]    |        ^^^
[INFO] [stdout] 
[INFO] [stdout] 
[INFO] [stdout] warning: function `max` is never used
[INFO] [stdout]   --> src/project_1/stats.rs:29:8
[INFO] [stdout]    |
[INFO] [stdout] 29 | pub fn max(v: &[f64]) -> f64 {
[INFO] [stdout]    |        ^^^
[INFO] [stdout] 
[INFO] [stdout] 
[INFO] [stdout] warning: function `stdev` is never used
[INFO] [stdout]   --> src/project_1/stats.rs:35:8
[INFO] [stdout]    |
[INFO] [stdout] 35 | pub fn stdev(v: &[f64]) -> f64 {
[INFO] [stdout]    |        ^^^^^
[INFO] [stdout] 
[INFO] [stdout] 
[INFO] [stdout] warning: function `percentile` is never used
[INFO] [stdout]   --> src/project_1/stats.rs:43:8
[INFO] [stdout]    |
[INFO] [stdout] 43 | pub fn percentile(v: &[f64], p: f64) -> f64 {
[INFO] [stdout]    |        ^^^^^^^^^^
[INFO] [stdout] 
[INFO] [stdout] 
[INFO] [stderr]     Finished `dev` profile [unoptimized + debuginfo] target(s) in 12.83s
[INFO] running `Command { std: "docker" "inspect" "affdb1bfc8c920868ffb3507b184cc8b55626da8454503508f1fabd977ffc35c", kill_on_drop: false }`
[INFO] running `Command { std: "docker" "rm" "-f" "affdb1bfc8c920868ffb3507b184cc8b55626da8454503508f1fabd977ffc35c", kill_on_drop: false }`
[INFO] [stdout] affdb1bfc8c920868ffb3507b184cc8b55626da8454503508f1fabd977ffc35c
[INFO] running `Command { std: "docker" "create" "-v" "/var/lib/crater-agent-workspace/builds/worker-2-tc1/target:/opt/rustwide/target:rw,Z" "-v" "/var/lib/crater-agent-workspace/builds/worker-2-tc1/source:/opt/rustwide/workdir:ro,Z" "-v" "/var/lib/crater-agent-workspace/cargo-home:/opt/rustwide/cargo-home:ro,Z" "-v" "/var/lib/crater-agent-workspace/rustup-home:/opt/rustwide/rustup-home:ro,Z" "-e" "SOURCE_DIR=/opt/rustwide/workdir" "-e" "CARGO_TARGET_DIR=/opt/rustwide/target" "-e" "CARGO_INCREMENTAL=0" "-e" "RUST_BACKTRACE=full" "-e" "RUSTFLAGS=--cap-lints=forbid" "-e" "RUSTDOCFLAGS=--cap-lints=forbid" "-e" "CARGO_HOME=/opt/rustwide/cargo-home" "-e" "RUSTUP_HOME=/opt/rustwide/rustup-home" "-w" "/opt/rustwide/workdir" "-m" "1610612736" "--user" "0:0" "--network" "none" "ghcr.io/rust-lang/crates-build-env/linux@sha256:819108c5571ea2e421544af4d832f968d213c87fbe3707a016657f43d2f853bc" "/opt/rustwide/cargo-home/bin/cargo" "+nightly-2025-01-18" "test" "--frozen" "--no-run" "--message-format=json", kill_on_drop: false }`
[INFO] [stdout] 0a6a1fd0578add8b071de8537f5f4a75d0f5b5f9d760a1e8ca76f807cfeef619
[INFO] running `Command { std: "docker" "start" "-a" "0a6a1fd0578add8b071de8537f5f4a75d0f5b5f9d760a1e8ca76f807cfeef619", kill_on_drop: false }`
[INFO] [stderr]    Compiling eecs280-2024-rust v0.1.0 (/opt/rustwide/workdir)
[INFO] [stdout] warning: unused variable: `v`
[INFO] [stdout]  --> src/project_1/stats.rs:2:14
[INFO] [stdout]   |
[INFO] [stdout] 2 | pub fn count(v: &[f64]) -> usize {
[INFO] [stdout]   |              ^ help: if this is intentional, prefix it with an underscore: `_v`
[INFO] [stdout]   |
[INFO] [stdout]   = note: `#[warn(unused_variables)]` on by default
[INFO] [stdout] 
[INFO] [stdout] 
[INFO] [stdout] warning: unused variable: `v`
[INFO] [stdout]  --> src/project_1/stats.rs:7:12
[INFO] [stdout]   |
[INFO] [stdout] 7 | pub fn sum(v: &[f64]) -> f64 {
[INFO] [stdout]   |            ^ help: if this is intentional, prefix it with an underscore: `_v`
[INFO] [stdout] 
[INFO] [stdout] 
[INFO] [stdout] warning: unused variable: `v`
[INFO] [stdout]   --> src/project_1/stats.rs:13:13
[INFO] [stdout]    |
[INFO] [stdout] 13 | pub fn mean(v: &[f64]) -> f64 {
[INFO] [stdout]    |             ^ help: if this is intentional, prefix it with an underscore: `_v`
[INFO] [stdout] 
[INFO] [stdout] 
[INFO] [stdout] warning: unused variable: `v`
[INFO] [stdout]   --> src/project_1/stats.rs:19:15
[INFO] [stdout]    |
[INFO] [stdout] 19 | pub fn median(v: &[f64]) -> f64 {
[INFO] [stdout]    |               ^ help: if this is intentional, prefix it with an underscore: `_v`
[INFO] [stdout] 
[INFO] [stdout] 
[INFO] [stdout] warning: unused variable: `v`
[INFO] [stdout]   --> src/project_1/stats.rs:24:12
[INFO] [stdout]    |
[INFO] [stdout] 24 | pub fn min(v: &[f64]) -> f64 {
[INFO] [stdout]    |            ^ help: if this is intentional, prefix it with an underscore: `_v`
[INFO] [stdout] 
[INFO] [stdout] 
[INFO] [stdout] warning: unused variable: `v`
[INFO] [stdout]   --> src/project_1/stats.rs:29:12
[INFO] [stdout]    |
[INFO] [stdout] 29 | pub fn max(v: &[f64]) -> f64 {
[INFO] [stdout]    |            ^ help: if this is intentional, prefix it with an underscore: `_v`
[INFO] [stdout] 
[INFO] [stdout] 
[INFO] [stdout] warning: unused variable: `v`
[INFO] [stdout]   --> src/project_1/stats.rs:35:14
[INFO] [stdout]    |
[INFO] [stdout] 35 | pub fn stdev(v: &[f64]) -> f64 {
[INFO] [stdout]    |              ^ help: if this is intentional, prefix it with an underscore: `_v`
[INFO] [stdout] 
[INFO] [stdout] 
[INFO] [stdout] warning: unused variable: `v`
[INFO] [stdout]   --> src/project_1/stats.rs:43:19
[INFO] [stdout]    |
[INFO] [stdout] 43 | pub fn percentile(v: &[f64], p: f64) -> f64 {
[INFO] [stdout]    |                   ^ help: if this is intentional, prefix it with an underscore: `_v`
[INFO] [stdout] 
[INFO] [stdout] 
[INFO] [stdout] warning: unused variable: `p`
[INFO] [stdout]   --> src/project_1/stats.rs:43:30
[INFO] [stdout]    |
[INFO] [stdout] 43 | pub fn percentile(v: &[f64], p: f64) -> f64 {
[INFO] [stdout]    |                              ^ help: if this is intentional, prefix it with an underscore: `_p`
[INFO] [stdout] 
[INFO] [stdout] 
[INFO] [stdout] warning: unused variable: `v`
[INFO] [stdout]   --> src/project_1/stats.rs:51:15
[INFO] [stdout]    |
[INFO] [stdout] 51 | pub fn filter(v: &[f64], criteria: &[f64], target: f64) -> Vec<f64> {
[INFO] [stdout]    |               ^ help: if this is intentional, prefix it with an underscore: `_v`
[INFO] [stdout] 
[INFO] [stdout] 
[INFO] [stdout] warning: unused variable: `criteria`
[INFO] [stdout]   --> src/project_1/stats.rs:51:26
[INFO] [stdout]    |
[INFO] [stdout] 51 | pub fn filter(v: &[f64], criteria: &[f64], target: f64) -> Vec<f64> {
[INFO] [stdout]    |                          ^^^^^^^^ help: if this is intentional, prefix it with an underscore: `_criteria`
[INFO] [stdout] 
[INFO] [stdout] 
[INFO] [stdout] warning: unused variable: `target`
[INFO] [stdout]   --> src/project_1/stats.rs:51:44
[INFO] [stdout]    |
[INFO] [stdout] 51 | pub fn filter(v: &[f64], criteria: &[f64], target: f64) -> Vec<f64> {
[INFO] [stdout]    |                                            ^^^^^^ help: if this is intentional, prefix it with an underscore: `_target`
[INFO] [stdout] 
[INFO] [stdout] 
[INFO] [stdout] warning: unused variable: `data`
[INFO] [stdout]   --> src/project_1/two_sample.rs:10:28
[INFO] [stdout]    |
[INFO] [stdout] 10 | fn print_descriptive_stats(data: &[f64]) {
[INFO] [stdout]    |                            ^^^^ help: if this is intentional, prefix it with an underscore: `_data`
[INFO] [stdout] 
[INFO] [stdout] 
[INFO] [stdout] warning: unused variable: `data_a`
[INFO] [stdout]   --> src/project_1/two_sample.rs:18:36
[INFO] [stdout]    |
[INFO] [stdout] 18 | fn mean_diff_sampling_distribution(data_a: &[f64], data_b: &[f64]) -> Vec<f64> {
[INFO] [stdout]    |                                    ^^^^^^ help: if this is intentional, prefix it with an underscore: `_data_a`
[INFO] [stdout] 
[INFO] [stdout] 
[INFO] [stdout] warning: unused variable: `data_b`
[INFO] [stdout]   --> src/project_1/two_sample.rs:18:52
[INFO] [stdout]    |
[INFO] [stdout] 18 | fn mean_diff_sampling_distribution(data_a: &[f64], data_b: &[f64]) -> Vec<f64> {
[INFO] [stdout]    |                                                    ^^^^^^ help: if this is intentional, prefix it with an underscore: `_data_b`
[INFO] [stdout] 
[INFO] [stdout] 
[INFO] [stdout] warning: unused variable: `v`
[INFO] [stdout]   --> src/project_1/two_sample.rs:26:24
[INFO] [stdout]    |
[INFO] [stdout] 26 | fn confidence_interval(v: &[f64], width: f64) -> (f64, f64) {
[INFO] [stdout]    |                        ^ help: if this is intentional, prefix it with an underscore: `_v`
[INFO] [stdout] 
[INFO] [stdout] 
[INFO] [stdout] warning: unused variable: `width`
[INFO] [stdout]   --> src/project_1/two_sample.rs:26:35
[INFO] [stdout]    |
[INFO] [stdout] 26 | fn confidence_interval(v: &[f64], width: f64) -> (f64, f64) {
[INFO] [stdout]    |                                   ^^^^^ help: if this is intentional, prefix it with an underscore: `_width`
[INFO] [stdout] 
[INFO] [stdout] 
[INFO] [stdout] warning: function `bootstrap_resample` is never used
[INFO] [stdout]   --> src/project_1/p1_library.rs:48:8
[INFO] [stdout]    |
[INFO] [stdout] 48 | pub fn bootstrap_resample(mut data: Vec<f64>, sample_num: usize) -> Vec<f64> {
[INFO] [stdout]    |        ^^^^^^^^^^^^^^^^^^
[INFO] [stdout]    |
[INFO] [stdout]    = note: `#[warn(dead_code)]` on by default
[INFO] [stdout] 
[INFO] [stdout] 
[INFO] [stderr]     Finished `test` profile [unoptimized + debuginfo] target(s) in 0.47s
[INFO] running `Command { std: "docker" "inspect" "0a6a1fd0578add8b071de8537f5f4a75d0f5b5f9d760a1e8ca76f807cfeef619", kill_on_drop: false }`
[INFO] running `Command { std: "docker" "rm" "-f" "0a6a1fd0578add8b071de8537f5f4a75d0f5b5f9d760a1e8ca76f807cfeef619", kill_on_drop: false }`
[INFO] [stdout] 0a6a1fd0578add8b071de8537f5f4a75d0f5b5f9d760a1e8ca76f807cfeef619
[INFO] running `Command { std: "docker" "create" "-v" "/var/lib/crater-agent-workspace/builds/worker-2-tc1/target:/opt/rustwide/target:rw,Z" "-v" "/var/lib/crater-agent-workspace/builds/worker-2-tc1/source:/opt/rustwide/workdir:ro,Z" "-v" "/var/lib/crater-agent-workspace/cargo-home:/opt/rustwide/cargo-home:ro,Z" "-v" "/var/lib/crater-agent-workspace/rustup-home:/opt/rustwide/rustup-home:ro,Z" "-e" "SOURCE_DIR=/opt/rustwide/workdir" "-e" "CARGO_TARGET_DIR=/opt/rustwide/target" "-e" "CARGO_INCREMENTAL=0" "-e" "RUST_BACKTRACE=full" "-e" "RUSTFLAGS=--cap-lints=forbid" "-e" "RUSTDOCFLAGS=--cap-lints=forbid" "-e" "CARGO_HOME=/opt/rustwide/cargo-home" "-e" "RUSTUP_HOME=/opt/rustwide/rustup-home" "-w" "/opt/rustwide/workdir" "-m" "1610612736" "--user" "0:0" "--network" "none" "ghcr.io/rust-lang/crates-build-env/linux@sha256:819108c5571ea2e421544af4d832f968d213c87fbe3707a016657f43d2f853bc" "/opt/rustwide/cargo-home/bin/cargo" "+nightly-2025-01-18" "test" "--frozen", kill_on_drop: false }`
[INFO] [stdout] af3f8e2ba75772ba2eb69145505c25065bb208846c28aa70f4e689fc5c07403e
[INFO] running `Command { std: "docker" "start" "-a" "af3f8e2ba75772ba2eb69145505c25065bb208846c28aa70f4e689fc5c07403e", kill_on_drop: false }`
[INFO] [stderr] warning: unused variable: `v`
[INFO] [stderr]  --> src/project_1/stats.rs:2:14
[INFO] [stderr]   |
[INFO] [stderr] 2 | pub fn count(v: &[f64]) -> usize {
[INFO] [stderr]   |              ^ help: if this is intentional, prefix it with an underscore: `_v`
[INFO] [stderr]   |
[INFO] [stderr]   = note: `#[warn(unused_variables)]` on by default
[INFO] [stderr] 
[INFO] [stderr] warning: unused variable: `v`
[INFO] [stderr]  --> src/project_1/stats.rs:7:12
[INFO] [stderr]   |
[INFO] [stderr] 7 | pub fn sum(v: &[f64]) -> f64 {
[INFO] [stderr]   |            ^ help: if this is intentional, prefix it with an underscore: `_v`
[INFO] [stderr] 
[INFO] [stderr] warning: unused variable: `v`
[INFO] [stderr]   --> src/project_1/stats.rs:13:13
[INFO] [stderr]    |
[INFO] [stderr] 13 | pub fn mean(v: &[f64]) -> f64 {
[INFO] [stderr]    |             ^ help: if this is intentional, prefix it with an underscore: `_v`
[INFO] [stderr] 
[INFO] [stderr] warning: unused variable: `v`
[INFO] [stderr]   --> src/project_1/stats.rs:19:15
[INFO] [stderr]    |
[INFO] [stderr] 19 | pub fn median(v: &[f64]) -> f64 {
[INFO] [stderr]    |               ^ help: if this is intentional, prefix it with an underscore: `_v`
[INFO] [stderr] 
[INFO] [stderr] warning: unused variable: `v`
[INFO] [stderr]   --> src/project_1/stats.rs:24:12
[INFO] [stderr]    |
[INFO] [stderr] 24 | pub fn min(v: &[f64]) -> f64 {
[INFO] [stderr]    |            ^ help: if this is intentional, prefix it with an underscore: `_v`
[INFO] [stderr] 
[INFO] [stderr] warning: unused variable: `v`
[INFO] [stderr]   --> src/project_1/stats.rs:29:12
[INFO] [stderr]    |
[INFO] [stderr] 29 | pub fn max(v: &[f64]) -> f64 {
[INFO] [stderr]    |            ^ help: if this is intentional, prefix it with an underscore: `_v`
[INFO] [stderr] 
[INFO] [stderr] warning: unused variable: `v`
[INFO] [stderr]   --> src/project_1/stats.rs:35:14
[INFO] [stderr]    |
[INFO] [stderr] 35 | pub fn stdev(v: &[f64]) -> f64 {
[INFO] [stderr]    |              ^ help: if this is intentional, prefix it with an underscore: `_v`
[INFO] [stderr] 
[INFO] [stderr] warning: unused variable: `v`
[INFO] [stderr]   --> src/project_1/stats.rs:43:19
[INFO] [stderr]    |
[INFO] [stderr] 43 | pub fn percentile(v: &[f64], p: f64) -> f64 {
[INFO] [stderr]    |                   ^ help: if this is intentional, prefix it with an underscore: `_v`
[INFO] [stderr] 
[INFO] [stderr] warning: unused variable: `p`
[INFO] [stderr]   --> src/project_1/stats.rs:43:30
[INFO] [stderr]    |
[INFO] [stderr] 43 | pub fn percentile(v: &[f64], p: f64) -> f64 {
[INFO] [stderr]    |                              ^ help: if this is intentional, prefix it with an underscore: `_p`
[INFO] [stderr] 
[INFO] [stderr] warning: unused variable: `v`
[INFO] [stderr]   --> src/project_1/stats.rs:51:15
[INFO] [stderr]    |
[INFO] [stderr] 51 | pub fn filter(v: &[f64], criteria: &[f64], target: f64) -> Vec<f64> {
[INFO] [stderr]    |               ^ help: if this is intentional, prefix it with an underscore: `_v`
[INFO] [stderr] 
[INFO] [stderr] warning: unused variable: `criteria`
[INFO] [stderr]   --> src/project_1/stats.rs:51:26
[INFO] [stderr]    |
[INFO] [stderr] 51 | pub fn filter(v: &[f64], criteria: &[f64], target: f64) -> Vec<f64> {
[INFO] [stderr]    |                          ^^^^^^^^ help: if this is intentional, prefix it with an underscore: `_criteria`
[INFO] [stderr] 
[INFO] [stderr] warning: unused variable: `target`
[INFO] [stderr]   --> src/project_1/stats.rs:51:44
[INFO] [stderr]    |
[INFO] [stderr] 51 | pub fn filter(v: &[f64], criteria: &[f64], target: f64) -> Vec<f64> {
[INFO] [stderr]    |                                            ^^^^^^ help: if this is intentional, prefix it with an underscore: `_target`
[INFO] [stderr] 
[INFO] [stderr] warning: unused variable: `data`
[INFO] [stderr]   --> src/project_1/two_sample.rs:10:28
[INFO] [stderr]    |
[INFO] [stderr] 10 | fn print_descriptive_stats(data: &[f64]) {
[INFO] [stderr]    |                            ^^^^ help: if this is intentional, prefix it with an underscore: `_data`
[INFO] [stderr] 
[INFO] [stderr] warning: unused variable: `data_a`
[INFO] [stderr]   --> src/project_1/two_sample.rs:18:36
[INFO] [stderr]    |
[INFO] [stderr] 18 | fn mean_diff_sampling_distribution(data_a: &[f64], data_b: &[f64]) -> Vec<f64> {
[INFO] [stderr]    |                                    ^^^^^^ help: if this is intentional, prefix it with an underscore: `_data_a`
[INFO] [stderr] 
[INFO] [stderr] warning: unused variable: `data_b`
[INFO] [stderr]   --> src/project_1/two_sample.rs:18:52
[INFO] [stderr]    |
[INFO] [stderr] 18 | fn mean_diff_sampling_distribution(data_a: &[f64], data_b: &[f64]) -> Vec<f64> {
[INFO] [stderr]    |                                                    ^^^^^^ help: if this is intentional, prefix it with an underscore: `_data_b`
[INFO] [stderr] 
[INFO] [stderr] warning: unused variable: `v`
[INFO] [stderr]   --> src/project_1/two_sample.rs:26:24
[INFO] [stderr]    |
[INFO] [stderr] 26 | fn confidence_interval(v: &[f64], width: f64) -> (f64, f64) {
[INFO] [stderr]    |                        ^ help: if this is intentional, prefix it with an underscore: `_v`
[INFO] [stderr] 
[INFO] [stderr] warning: unused variable: `width`
[INFO] [stderr]   --> src/project_1/two_sample.rs:26:35
[INFO] [stderr]    |
[INFO] [stderr] 26 | fn confidence_interval(v: &[f64], width: f64) -> (f64, f64) {
[INFO] [stderr]    |                                   ^^^^^ help: if this is intentional, prefix it with an underscore: `_width`
[INFO] [stderr] 
[INFO] [stderr] warning: function `bootstrap_resample` is never used
[INFO] [stderr]   --> src/project_1/p1_library.rs:48:8
[INFO] [stderr]    |
[INFO] [stderr] 48 | pub fn bootstrap_resample(mut data: Vec<f64>, sample_num: usize) -> Vec<f64> {
[INFO] [stderr]    |        ^^^^^^^^^^^^^^^^^^
[INFO] [stderr]    |
[INFO] [stderr]    = note: `#[warn(dead_code)]` on by default
[INFO] [stderr] 
[INFO] [stderr] warning: `eecs280-2024-rust` (bin "two_sample" test) generated 18 warnings
[INFO] [stderr]     Finished `test` profile [unoptimized + debuginfo] target(s) in 0.04s
[INFO] [stderr]      Running unittests src/project_1/two_sample.rs (/opt/rustwide/target/debug/deps/two_sample-41f8f2ca0d09222b)
[INFO] [stdout] 
[INFO] [stdout] running 2 tests
[INFO] [stdout] test stats::tests::public_tests ... FAILED
[INFO] [stdout] test stats::tests::test_sum_small_data_set ... FAILED
[INFO] [stdout] 
[INFO] [stdout] failures:
[INFO] [stdout] 
[INFO] [stdout] ---- stats::tests::public_tests stdout ----
[INFO] [stdout] 
[INFO] [stdout] thread 'stats::tests::public_tests' panicked at src/project_1/stats.rs:3:5:
[INFO] [stdout] not yet implemented
[INFO] [stdout] stack backtrace:
[INFO] [stdout]    0:     0x5a6f08df483a - std::backtrace_rs::backtrace::libunwind::trace::hb059275cfc8d6126
[INFO] [stdout]                                at /rustc/6067b36314ab5eb2eb47cecc464545ba58e1ad24/library/std/src/../../backtrace/src/backtrace/libunwind.rs:116:5
[INFO] [stdout]    1:     0x5a6f08df483a - std::backtrace_rs::backtrace::trace_unsynchronized::h2da071e4327ce3ee
[INFO] [stdout]                                at /rustc/6067b36314ab5eb2eb47cecc464545ba58e1ad24/library/std/src/../../backtrace/src/backtrace/mod.rs:66:5
[INFO] [stdout]    2:     0x5a6f08df483a - std::sys::backtrace::_print_fmt::h842a1474e6f8d23f
[INFO] [stdout]                                at /rustc/6067b36314ab5eb2eb47cecc464545ba58e1ad24/library/std/src/sys/backtrace.rs:66:9
[INFO] [stdout]    3:     0x5a6f08df483a - <std::sys::backtrace::BacktraceLock::print::DisplayBacktrace as core::fmt::Display>::fmt::h71a62eb3b9696b12
[INFO] [stdout]                                at /rustc/6067b36314ab5eb2eb47cecc464545ba58e1ad24/library/std/src/sys/backtrace.rs:39:26
[INFO] [stdout]    4:     0x5a6f08e1c183 - core::fmt::rt::Argument::fmt::hdb6b616786b41dc1
[INFO] [stdout]                                at /rustc/6067b36314ab5eb2eb47cecc464545ba58e1ad24/library/core/src/fmt/rt.rs:177:76
[INFO] [stdout]    5:     0x5a6f08e1c183 - core::fmt::write::h2cc1698af7e2d686
[INFO] [stdout]                                at /rustc/6067b36314ab5eb2eb47cecc464545ba58e1ad24/library/core/src/fmt/mod.rs:1440:21
[INFO] [stdout]    6:     0x5a6f08df1393 - std::io::Write::write_fmt::hab1b4cd059a79022
[INFO] [stdout]                                at /rustc/6067b36314ab5eb2eb47cecc464545ba58e1ad24/library/std/src/io/mod.rs:1887:15
[INFO] [stdout]    7:     0x5a6f08df4682 - std::sys::backtrace::BacktraceLock::print::h147fe35b4ea13b08
[INFO] [stdout]                                at /rustc/6067b36314ab5eb2eb47cecc464545ba58e1ad24/library/std/src/sys/backtrace.rs:42:9
[INFO] [stdout]    8:     0x5a6f08df5c5f - std::panicking::default_hook::{{closure}}::hbd44223dbdc0d208
[INFO] [stdout]                                at /rustc/6067b36314ab5eb2eb47cecc464545ba58e1ad24/library/std/src/panicking.rs:298:22
[INFO] [stdout]    9:     0x5a6f08df5a78 - std::panicking::default_hook::h20f81eb0576efcec
[INFO] [stdout]                                at /rustc/6067b36314ab5eb2eb47cecc464545ba58e1ad24/library/std/src/panicking.rs:322:9
[INFO] [stdout]   10:     0x5a6f08dbe713 - <alloc::boxed::Box<F,A> as core::ops::function::Fn<Args>>::call::hdb53814c496a4d34
[INFO] [stdout]                                at /rustc/6067b36314ab5eb2eb47cecc464545ba58e1ad24/library/alloc/src/boxed.rs:2027:9
[INFO] [stdout]   11:     0x5a6f08dbe713 - test::test_main::{{closure}}::hc0a4963c59427c24
[INFO] [stdout]                                at /rustc/6067b36314ab5eb2eb47cecc464545ba58e1ad24/library/test/src/lib.rs:134:21
[INFO] [stdout]   12:     0x5a6f08df6753 - <alloc::boxed::Box<F,A> as core::ops::function::Fn<Args>>::call::h591b2225413a77e9
[INFO] [stdout]                                at /rustc/6067b36314ab5eb2eb47cecc464545ba58e1ad24/library/alloc/src/boxed.rs:2027:9
[INFO] [stdout]   13:     0x5a6f08df6753 - std::panicking::rust_panic_with_hook::h625eea43051b2edc
[INFO] [stdout]                                at /rustc/6067b36314ab5eb2eb47cecc464545ba58e1ad24/library/std/src/panicking.rs:839:13
[INFO] [stdout]   14:     0x5a6f08df63d6 - std::panicking::begin_panic_handler::{{closure}}::h4f9159cfbc3f6bd3
[INFO] [stdout]                                at /rustc/6067b36314ab5eb2eb47cecc464545ba58e1ad24/library/std/src/panicking.rs:697:13
[INFO] [stdout]   15:     0x5a6f08df4d39 - std::sys::backtrace::__rust_end_short_backtrace::h0390abce48353151
[INFO] [stdout]                                at /rustc/6067b36314ab5eb2eb47cecc464545ba58e1ad24/library/std/src/sys/backtrace.rs:168:18
[INFO] [stdout]   16:     0x5a6f08df609d - rust_begin_unwind
[INFO] [stdout]                                at /rustc/6067b36314ab5eb2eb47cecc464545ba58e1ad24/library/std/src/panicking.rs:695:5
[INFO] [stdout]   17:     0x5a6f08e1a850 - core::panicking::panic_fmt::h9e7c637e9e5f29c9
[INFO] [stdout]                                at /rustc/6067b36314ab5eb2eb47cecc464545ba58e1ad24/library/core/src/panicking.rs:75:14
[INFO] [stdout]   18:     0x5a6f08e1a8dc - core::panicking::panic::haa3255ea20181a33
[INFO] [stdout]                                at /rustc/6067b36314ab5eb2eb47cecc464545ba58e1ad24/library/core/src/panicking.rs:145:5
[INFO] [stdout]   19:     0x5a6f08d83eea - two_sample::stats::count::h4a45696ce7476fe0
[INFO] [stdout]                                at /opt/rustwide/workdir/src/project_1/stats.rs:3:5
[INFO] [stdout]   20:     0x5a6f08d84117 - two_sample::stats::tests::public_tests::h53681d2567a87cab
[INFO] [stdout]                                at /opt/rustwide/workdir/src/project_1/stats.rs:69:20
[INFO] [stdout]   21:     0x5a6f08d840d7 - two_sample::stats::tests::public_tests::{{closure}}::h795b21508b872c1a
[INFO] [stdout]                                at /opt/rustwide/workdir/src/project_1/stats.rs:66:22
[INFO] [stdout]   22:     0x5a6f08d83306 - core::ops::function::FnOnce::call_once::hf93e8fc478c37d9f
[INFO] [stdout]                                at /rustc/6067b36314ab5eb2eb47cecc464545ba58e1ad24/library/core/src/ops/function.rs:250:5
[INFO] [stdout]   23:     0x5a6f08dc3e6b - core::ops::function::FnOnce::call_once::he27718dfdd183f43
[INFO] [stdout]                                at /rustc/6067b36314ab5eb2eb47cecc464545ba58e1ad24/library/core/src/ops/function.rs:250:5
[INFO] [stdout]   24:     0x5a6f08dc3e6b - test::__rust_begin_short_backtrace::h4e84902998457a5d
[INFO] [stdout]                                at /rustc/6067b36314ab5eb2eb47cecc464545ba58e1ad24/library/test/src/lib.rs:632:18
[INFO] [stdout]   25:     0x5a6f08dc2da3 - test::run_test_in_process::{{closure}}::h7176fd18fc1feca0
[INFO] [stdout]                                at /rustc/6067b36314ab5eb2eb47cecc464545ba58e1ad24/library/test/src/lib.rs:655:60
[INFO] [stdout]   26:     0x5a6f08dc2da3 - <core::panic::unwind_safe::AssertUnwindSafe<F> as core::ops::function::FnOnce<()>>::call_once::hf79cff2a624d8cf7
[INFO] [stdout]                                at /rustc/6067b36314ab5eb2eb47cecc464545ba58e1ad24/library/core/src/panic/unwind_safe.rs:272:9
[INFO] [stdout]   27:     0x5a6f08dc2da3 - std::panicking::try::do_call::h3da0561d9ab99c25
[INFO] [stdout]                                at /rustc/6067b36314ab5eb2eb47cecc464545ba58e1ad24/library/std/src/panicking.rs:587:40
[INFO] [stdout]   28:     0x5a6f08dc2da3 - std::panicking::try::h41c9fa508bc61df6
[INFO] [stdout]                                at /rustc/6067b36314ab5eb2eb47cecc464545ba58e1ad24/library/std/src/panicking.rs:550:19
[INFO] [stdout]   29:     0x5a6f08dc2da3 - std::panic::catch_unwind::h6b3ff07bb5afad93
[INFO] [stdout]                                at /rustc/6067b36314ab5eb2eb47cecc464545ba58e1ad24/library/std/src/panic.rs:358:14
[INFO] [stdout]   30:     0x5a6f08dc2da3 - test::run_test_in_process::hc7253dd11b39b9f4
[INFO] [stdout]                                at /rustc/6067b36314ab5eb2eb47cecc464545ba58e1ad24/library/test/src/lib.rs:655:27
[INFO] [stdout]   31:     0x5a6f08dc2da3 - test::run_test::{{closure}}::hfb2007f8649c30bb
[INFO] [stdout]                                at /rustc/6067b36314ab5eb2eb47cecc464545ba58e1ad24/library/test/src/lib.rs:576:43
[INFO] [stdout]   32:     0x5a6f08d85e85 - test::run_test::{{closure}}::h56a17aa7a282a9f4
[INFO] [stdout]                                at /rustc/6067b36314ab5eb2eb47cecc464545ba58e1ad24/library/test/src/lib.rs:606:41
[INFO] [stdout]   33:     0x5a6f08d85e85 - std::sys::backtrace::__rust_begin_short_backtrace::hd2d2d2fb8e8c6aac
[INFO] [stdout]                                at /rustc/6067b36314ab5eb2eb47cecc464545ba58e1ad24/library/std/src/sys/backtrace.rs:152:18
[INFO] [stdout]   34:     0x5a6f08d8976a - std::thread::Builder::spawn_unchecked_::{{closure}}::{{closure}}::h4faa3f9db6133423
[INFO] [stdout]                                at /rustc/6067b36314ab5eb2eb47cecc464545ba58e1ad24/library/std/src/thread/mod.rs:559:17
[INFO] [stdout]   35:     0x5a6f08d8976a - <core::panic::unwind_safe::AssertUnwindSafe<F> as core::ops::function::FnOnce<()>>::call_once::hf2e855a36a4ea846
[INFO] [stdout]                                at /rustc/6067b36314ab5eb2eb47cecc464545ba58e1ad24/library/core/src/panic/unwind_safe.rs:272:9
[INFO] [stdout]   36:     0x5a6f08d8976a - std::panicking::try::do_call::h2f73af3616c35465
[INFO] [stdout]                                at /rustc/6067b36314ab5eb2eb47cecc464545ba58e1ad24/library/std/src/panicking.rs:587:40
[INFO] [stdout]   37:     0x5a6f08d8976a - std::panicking::try::hd1660ce9efadef5a
[INFO] [stdout]                                at /rustc/6067b36314ab5eb2eb47cecc464545ba58e1ad24/library/std/src/panicking.rs:550:19
[INFO] [stdout]   38:     0x5a6f08d8976a - std::panic::catch_unwind::h5ee8d7823b8ca744
[INFO] [stdout]                                at /rustc/6067b36314ab5eb2eb47cecc464545ba58e1ad24/library/std/src/panic.rs:358:14
[INFO] [stdout]   39:     0x5a6f08d8976a - std::thread::Builder::spawn_unchecked_::{{closure}}::h53c3a1894dce8407
[INFO] [stdout]                                at /rustc/6067b36314ab5eb2eb47cecc464545ba58e1ad24/library/std/src/thread/mod.rs:557:30
[INFO] [stdout]   40:     0x5a6f08d8976a - core::ops::function::FnOnce::call_once{{vtable.shim}}::h048ce291ad4f62bf
[INFO] [stdout]                                at /rustc/6067b36314ab5eb2eb47cecc464545ba58e1ad24/library/core/src/ops/function.rs:250:5
[INFO] [stdout]   41:     0x5a6f08dfa68b - <alloc::boxed::Box<F,A> as core::ops::function::FnOnce<Args>>::call_once::ha52bedf99a3b4981
[INFO] [stdout]                                at /rustc/6067b36314ab5eb2eb47cecc464545ba58e1ad24/library/alloc/src/boxed.rs:2013:9
[INFO] [stdout]   42:     0x5a6f08dfa68b - <alloc::boxed::Box<F,A> as core::ops::function::FnOnce<Args>>::call_once::h567748934d80ccf8
[INFO] [stdout]                                at /rustc/6067b36314ab5eb2eb47cecc464545ba58e1ad24/library/alloc/src/boxed.rs:2013:9
[INFO] [stdout]   43:     0x5a6f08dfa68b - std::sys::pal::unix::thread::Thread::new::thread_start::h2d970728ae887adc
[INFO] [stdout]                                at /rustc/6067b36314ab5eb2eb47cecc464545ba58e1ad24/library/std/src/sys/pal/unix/thread.rs:106:17
[INFO] [stdout]   44:     0x7a616e01dac3 - <unknown>
[INFO] [stdout]   45:     0x7a616e0aea04 - clone
[INFO] [stdout]   46:                0x0 - <unknown>
[INFO] [stdout] 
[INFO] [stdout] ---- stats::tests::test_sum_small_data_set stdout ----
[INFO] [stdout] 
[INFO] [stdout] thread 'stats::tests::test_sum_small_data_set' panicked at src/project_1/stats.rs:8:5:
[INFO] [stdout] not yet implemented
[INFO] [stdout] stack backtrace:
[INFO] [stdout]    0:     0x5a6f08df483a - std::backtrace_rs::backtrace::libunwind::trace::hb059275cfc8d6126
[INFO] [stdout]                                at /rustc/6067b36314ab5eb2eb47cecc464545ba58e1ad24/library/std/src/../../backtrace/src/backtrace/libunwind.rs:116:5
[INFO] [stdout]    1:     0x5a6f08df483a - std::backtrace_rs::backtrace::trace_unsynchronized::h2da071e4327ce3ee
[INFO] [stdout]                                at /rustc/6067b36314ab5eb2eb47cecc464545ba58e1ad24/library/std/src/../../backtrace/src/backtrace/mod.rs:66:5
[INFO] [stdout]    2:     0x5a6f08df483a - std::sys::backtrace::_print_fmt::h842a1474e6f8d23f
[INFO] [stdout]                                at /rustc/6067b36314ab5eb2eb47cecc464545ba58e1ad24/library/std/src/sys/backtrace.rs:66:9
[INFO] [stdout]    3:     0x5a6f08df483a - <std::sys::backtrace::BacktraceLock::print::DisplayBacktrace as core::fmt::Display>::fmt::h71a62eb3b9696b12
[INFO] [stdout]                                at /rustc/6067b36314ab5eb2eb47cecc464545ba58e1ad24/library/std/src/sys/backtrace.rs:39:26
[INFO] [stdout]    4:     0x5a6f08e1c183 - core::fmt::rt::Argument::fmt::hdb6b616786b41dc1
[INFO] [stdout]                                at /rustc/6067b36314ab5eb2eb47cecc464545ba58e1ad24/library/core/src/fmt/rt.rs:177:76
[INFO] [stdout]    5:     0x5a6f08e1c183 - core::fmt::write::h2cc1698af7e2d686
[INFO] [stdout]                                at /rustc/6067b36314ab5eb2eb47cecc464545ba58e1ad24/library/core/src/fmt/mod.rs:1440:21
[INFO] [stdout]    6:     0x5a6f08df1393 - std::io::Write::write_fmt::hab1b4cd059a79022
[INFO] [stdout]                                at /rustc/6067b36314ab5eb2eb47cecc464545ba58e1ad24/library/std/src/io/mod.rs:1887:15
[INFO] [stdout]    7:     0x5a6f08df4682 - std::sys::backtrace::BacktraceLock::print::h147fe35b4ea13b08
[INFO] [stdout]                                at /rustc/6067b36314ab5eb2eb47cecc464545ba58e1ad24/library/std/src/sys/backtrace.rs:42:9
[INFO] [stdout]    8:     0x5a6f08df5c5f - std::panicking::default_hook::{{closure}}::hbd44223dbdc0d208
[INFO] [stdout]                                at /rustc/6067b36314ab5eb2eb47cecc464545ba58e1ad24/library/std/src/panicking.rs:298:22
[INFO] [stdout]    9:     0x5a6f08df5a78 - std::panicking::default_hook::h20f81eb0576efcec
[INFO] [stdout]                                at /rustc/6067b36314ab5eb2eb47cecc464545ba58e1ad24/library/std/src/panicking.rs:322:9
[INFO] [stdout]   10:     0x5a6f08dbe713 - <alloc::boxed::Box<F,A> as core::ops::function::Fn<Args>>::call::hdb53814c496a4d34
[INFO] [stdout]                                at /rustc/6067b36314ab5eb2eb47cecc464545ba58e1ad24/library/alloc/src/boxed.rs:2027:9
[INFO] [stdout]   11:     0x5a6f08dbe713 - test::test_main::{{closure}}::hc0a4963c59427c24
[INFO] [stdout]                                at /rustc/6067b36314ab5eb2eb47cecc464545ba58e1ad24/library/test/src/lib.rs:134:21
[INFO] [stdout]   12:     0x5a6f08df6753 - <alloc::boxed::Box<F,A> as core::ops::function::Fn<Args>>::call::h591b2225413a77e9
[INFO] [stdout]                                at /rustc/6067b36314ab5eb2eb47cecc464545ba58e1ad24/library/alloc/src/boxed.rs:2027:9
[INFO] [stdout]   13:     0x5a6f08df6753 - std::panicking::rust_panic_with_hook::h625eea43051b2edc
[INFO] [stdout]                                at /rustc/6067b36314ab5eb2eb47cecc464545ba58e1ad24/library/std/src/panicking.rs:839:13
[INFO] [stdout]   14:     0x5a6f08df63d6 - std::panicking::begin_panic_handler::{{closure}}::h4f9159cfbc3f6bd3
[INFO] [stdout]                                at /rustc/6067b36314ab5eb2eb47cecc464545ba58e1ad24/library/std/src/panicking.rs:697:13
[INFO] [stdout]   15:     0x5a6f08df4d39 - std::sys::backtrace::__rust_end_short_backtrace::h0390abce48353151
[INFO] [stdout]                                at /rustc/6067b36314ab5eb2eb47cecc464545ba58e1ad24/library/std/src/sys/backtrace.rs:168:18
[INFO] [stdout]   16:     0x5a6f08df609d - rust_begin_unwind
[INFO] [stdout]                                at /rustc/6067b36314ab5eb2eb47cecc464545ba58e1ad24/library/std/src/panicking.rs:695:5
[INFO] [stdout]   17:     0x5a6f08e1a850 - core::panicking::panic_fmt::h9e7c637e9e5f29c9
[INFO] [stdout]                                at /rustc/6067b36314ab5eb2eb47cecc464545ba58e1ad24/library/core/src/panicking.rs:75:14
[INFO] [stdout]   18:     0x5a6f08e1a8dc - core::panicking::panic::haa3255ea20181a33
[INFO] [stdout]                                at /rustc/6067b36314ab5eb2eb47cecc464545ba58e1ad24/library/core/src/panicking.rs:145:5
[INFO] [stdout]   19:     0x5a6f08d83f1a - two_sample::stats::sum::haf8e6306b5d85d32
[INFO] [stdout]                                at /opt/rustwide/workdir/src/project_1/stats.rs:8:5
[INFO] [stdout]   20:     0x5a6f08d845b1 - two_sample::stats::tests::test_sum_small_data_set::h0ba7ae063ce10def
[INFO] [stdout]                                at /opt/rustwide/workdir/src/project_1/stats.rs:86:20
[INFO] [stdout]   21:     0x5a6f08d84577 - two_sample::stats::tests::test_sum_small_data_set::{{closure}}::hdd5f6349253dfb73
[INFO] [stdout]                                at /opt/rustwide/workdir/src/project_1/stats.rs:83:33
[INFO] [stdout]   22:     0x5a6f08d832c6 - core::ops::function::FnOnce::call_once::h78511e50b00b2459
[INFO] [stdout]                                at /rustc/6067b36314ab5eb2eb47cecc464545ba58e1ad24/library/core/src/ops/function.rs:250:5
[INFO] [stdout]   23:     0x5a6f08dc3e6b - core::ops::function::FnOnce::call_once::he27718dfdd183f43
[INFO] [stdout]                                at /rustc/6067b36314ab5eb2eb47cecc464545ba58e1ad24/library/core/src/ops/function.rs:250:5
[INFO] [stdout]   24:     0x5a6f08dc3e6b - test::__rust_begin_short_backtrace::h4e84902998457a5d
[INFO] [stdout]                                at /rustc/6067b36314ab5eb2eb47cecc464545ba58e1ad24/library/test/src/lib.rs:632:18
[INFO] [stdout]   25:     0x5a6f08dc2da3 - test::run_test_in_process::{{closure}}::h7176fd18fc1feca0
[INFO] [stdout]                                at /rustc/6067b36314ab5eb2eb47cecc464545ba58e1ad24/library/test/src/lib.rs:655:60
[INFO] [stdout]   26:     0x5a6f08dc2da3 - <core::panic::unwind_safe::AssertUnwindSafe<F> as core::ops::function::FnOnce<()>>::call_once::hf79cff2a624d8cf7
[INFO] [stdout]                                at /rustc/6067b36314ab5eb2eb47cecc464545ba58e1ad24/library/core/src/panic/unwind_safe.rs:272:9
[INFO] [stdout]   27:     0x5a6f08dc2da3 - std::panicking::try::do_call::h3da0561d9ab99c25
[INFO] [stdout]                                at /rustc/6067b36314ab5eb2eb47cecc464545ba58e1ad24/library/std/src/panicking.rs:587:40
[INFO] [stdout]   28:     0x5a6f08dc2da3 - std::panicking::try::h41c9fa508bc61df6
[INFO] [stdout]                                at /rustc/6067b36314ab5eb2eb47cecc464545ba58e1ad24/library/std/src/panicking.rs:550:19
[INFO] [stdout]   29:     0x5a6f08dc2da3 - std::panic::catch_unwind::h6b3ff07bb5afad93
[INFO] [stdout]                                at /rustc/6067b36314ab5eb2eb47cecc464545ba58e1ad24/library/std/src/panic.rs:358:14
[INFO] [stdout]   30:     0x5a6f08dc2da3 - test::run_test_in_process::hc7253dd11b39b9f4
[INFO] [stdout]                                at /rustc/6067b36314ab5eb2eb47cecc464545ba58e1ad24/library/test/src/lib.rs:655:27
[INFO] [stdout]   31:     0x5a6f08dc2da3 - test::run_test::{{closure}}::hfb2007f8649c30bb
[INFO] [stdout]                                at /rustc/6067b36314ab5eb2eb47cecc464545ba58e1ad24/library/test/src/lib.rs:576:43
[INFO] [stdout]   32:     0x5a6f08d85e85 - test::run_test::{{closure}}::h56a17aa7a282a9f4
[INFO] [stdout]                                at /rustc/6067b36314ab5eb2eb47cecc464545ba58e1ad24/library/test/src/lib.rs:606:41
[INFO] [stdout]   33:     0x5a6f08d85e85 - std::sys::backtrace::__rust_begin_short_backtrace::hd2d2d2fb8e8c6aac
[INFO] [stdout]                                at /rustc/6067b36314ab5eb2eb47cecc464545ba58e1ad24/library/std/src/sys/backtrace.rs:152:18
[INFO] [stdout]   34:     0x5a6f08d8976a - std::thread::Builder::spawn_unchecked_::{{closure}}::{{closure}}::h4faa3f9db6133423
[INFO] [stdout]                                at /rustc/6067b36314ab5eb2eb47cecc464545ba58e1ad24/library/std/src/thread/mod.rs:559:17
[INFO] [stdout]   35:     0x5a6f08d8976a - <core::panic::unwind_safe::AssertUnwindSafe<F> as core::ops::function::FnOnce<()>>::call_once::hf2e855a36a4ea846
[INFO] [stdout]                                at /rustc/6067b36314ab5eb2eb47cecc464545ba58e1ad24/library/core/src/panic/unwind_safe.rs:272:9
[INFO] [stdout]   36:     0x5a6f08d8976a - std::panicking::try::do_call::h2f73af3616c35465
[INFO] [stdout]                                at /rustc/6067b36314ab5eb2eb47cecc464545ba58e1ad24/library/std/src/panicking.rs:587:40
[INFO] [stdout]   37:     0x5a6f08d8976a - std::panicking::try::hd1660ce9efadef5a
[INFO] [stdout]                                at /rustc/6067b36314ab5eb2eb47cecc464545ba58e1ad24/library/std/src/panicking.rs:550:19
[INFO] [stdout]   38:     0x5a6f08d8976a - std::panic::catch_unwind::h5ee8d7823b8ca744
[INFO] [stdout]                                at /rustc/6067b36314ab5eb2eb47cecc464545ba58e1ad24/library/std/src/panic.rs:358:14
[INFO] [stdout]   39:     0x5a6f08d8976a - std::thread::Builder::spawn_unchecked_::{{closure}}::h53c3a1894dce8407
[INFO] [stdout]                                at /rustc/6067b36314ab5eb2eb47cecc464545ba58e1ad24/library/std/src/thread/mod.rs:557:30
[INFO] [stdout]   40:     0x5a6f08d8976a - core::ops::function::FnOnce::call_once{{vtable.shim}}::h048ce291ad4f62bf
[INFO] [stdout]                                at /rustc/6067b36314ab5eb2eb47cecc464545ba58e1ad24/library/core/src/ops/function.rs:250:5
[INFO] [stdout]   41:     0x5a6f08dfa68b - <alloc::boxed::Box<F,A> as core::ops::function::FnOnce<Args>>::call_once::ha52bedf99a3b4981
[INFO] [stdout]                                at /rustc/6067b36314ab5eb2eb47cecc464545ba58e1ad24/library/alloc/src/boxed.rs:2013:9
[INFO] [stdout]   42:     0x5a6f08dfa68b - <alloc::boxed::Box<F,A> as core::ops::function::FnOnce<Args>>::call_once::h567748934d80ccf8
[INFO] [stdout]                                at /rustc/6067b36314ab5eb2eb47cecc464545ba58e1ad24/library/alloc/src/boxed.rs:2013:9
[INFO] [stdout]   43:     0x5a6f08dfa68b - std::sys::pal::unix::thread::Thread::new::thread_start::h2d970728ae887adc
[INFO] [stdout]                                at /rustc/6067b36314ab5eb2eb47cecc464545ba58e1ad24/library/std/src/sys/pal/unix/thread.rs:106:17
[INFO] [stdout]   44:     0x7a616e01dac3 - <unknown>
[INFO] [stdout]   45:     0x7a616e0aea04 - clone
[INFO] [stdout]   46:                0x0 - <unknown>
[INFO] [stdout] 
[INFO] [stdout] 
[INFO] [stdout] failures:
[INFO] [stdout]     stats::tests::public_tests
[INFO] [stdout]     stats::tests::test_sum_small_data_set
[INFO] [stdout] 
[INFO] [stdout] test result: FAILED. 0 passed; 2 failed; 0 ignored; 0 measured; 0 filtered out; finished in 0.02s
[INFO] [stdout] 
[INFO] [stderr] error: test failed, to rerun pass `--bin two_sample`
[INFO] running `Command { std: "docker" "inspect" "af3f8e2ba75772ba2eb69145505c25065bb208846c28aa70f4e689fc5c07403e", kill_on_drop: false }`
[INFO] running `Command { std: "docker" "rm" "-f" "af3f8e2ba75772ba2eb69145505c25065bb208846c28aa70f4e689fc5c07403e", kill_on_drop: false }`
[INFO] [stdout] af3f8e2ba75772ba2eb69145505c25065bb208846c28aa70f4e689fc5c07403e
