[INFO] cloning repository https://github.com/nsaritzky/my-sqlite
[INFO] running `Command { std: "git" "-c" "credential.helper=" "-c" "credential.helper=/workspace/cargo-home/bin/git-credential-null" "clone" "--bare" "https://github.com/nsaritzky/my-sqlite" "/workspace/cache/git-repos/https%3A%2F%2Fgithub.com%2Fnsaritzky%2Fmy-sqlite", kill_on_drop: false }`
[INFO] [stderr] Cloning into bare repository '/workspace/cache/git-repos/https%3A%2F%2Fgithub.com%2Fnsaritzky%2Fmy-sqlite'...
[INFO] running `Command { std: "git" "rev-parse" "HEAD", kill_on_drop: false }`
[INFO] [stdout] 45c08b66a7cd9c6e7c6ffe49ab0040a568cb2d36
[INFO] testing nsaritzky/my-sqlite against nightly-2025-01-18+rustflags=-Zrandomize-layout for randomize-layout-2
[INFO] running `Command { std: "git" "clone" "/workspace/cache/git-repos/https%3A%2F%2Fgithub.com%2Fnsaritzky%2Fmy-sqlite" "/workspace/builds/worker-2-tc2/source", kill_on_drop: false }`
[INFO] [stderr] Cloning into '/workspace/builds/worker-2-tc2/source'...
[INFO] [stderr] done.
[INFO] validating manifest of git repo https://github.com/nsaritzky/my-sqlite on toolchain nightly-2025-01-18
[INFO] running `Command { std: CARGO_HOME="/workspace/cargo-home" RUSTUP_HOME="/workspace/rustup-home" "/workspace/cargo-home/bin/cargo" "+nightly-2025-01-18" "metadata" "--manifest-path" "Cargo.toml" "--no-deps", kill_on_drop: false }`
[INFO] started tweaking git repo https://github.com/nsaritzky/my-sqlite
[INFO] finished tweaking git repo https://github.com/nsaritzky/my-sqlite
[INFO] tweaked toml for git repo https://github.com/nsaritzky/my-sqlite written to /workspace/builds/worker-2-tc2/source/Cargo.toml
[INFO] crate git repo https://github.com/nsaritzky/my-sqlite already has a lockfile, it will not be regenerated
[INFO] running `Command { std: CARGO_HOME="/workspace/cargo-home" RUSTUP_HOME="/workspace/rustup-home" "/workspace/cargo-home/bin/cargo" "+nightly-2025-01-18" "fetch" "--manifest-path" "Cargo.toml", kill_on_drop: false }`
[INFO] running `Command { std: "docker" "create" "-v" "/var/lib/crater-agent-workspace/builds/worker-2-tc2/target:/opt/rustwide/target:rw,Z" "-v" "/var/lib/crater-agent-workspace/builds/worker-2-tc2/source:/opt/rustwide/workdir:ro,Z" "-v" "/var/lib/crater-agent-workspace/cargo-home:/opt/rustwide/cargo-home:ro,Z" "-v" "/var/lib/crater-agent-workspace/rustup-home:/opt/rustwide/rustup-home:ro,Z" "-e" "SOURCE_DIR=/opt/rustwide/workdir" "-e" "CARGO_TARGET_DIR=/opt/rustwide/target" "-e" "CARGO_HOME=/opt/rustwide/cargo-home" "-e" "RUSTUP_HOME=/opt/rustwide/rustup-home" "-w" "/opt/rustwide/workdir" "-m" "1610612736" "--user" "0:0" "--network" "none" "ghcr.io/rust-lang/crates-build-env/linux@sha256:819108c5571ea2e421544af4d832f968d213c87fbe3707a016657f43d2f853bc" "/opt/rustwide/cargo-home/bin/cargo" "+nightly-2025-01-18" "metadata" "--no-deps" "--format-version=1", kill_on_drop: false }`
[INFO] [stdout] 91239bb35b22e6a944269d9993636a2d7feb9fe0cb404abc759d7434eb51e13d
[INFO] running `Command { std: "docker" "start" "-a" "91239bb35b22e6a944269d9993636a2d7feb9fe0cb404abc759d7434eb51e13d", kill_on_drop: false }`
[INFO] running `Command { std: "docker" "inspect" "91239bb35b22e6a944269d9993636a2d7feb9fe0cb404abc759d7434eb51e13d", kill_on_drop: false }`
[INFO] running `Command { std: "docker" "rm" "-f" "91239bb35b22e6a944269d9993636a2d7feb9fe0cb404abc759d7434eb51e13d", kill_on_drop: false }`
[INFO] [stdout] 91239bb35b22e6a944269d9993636a2d7feb9fe0cb404abc759d7434eb51e13d
[INFO] running `Command { std: "docker" "create" "-v" "/var/lib/crater-agent-workspace/builds/worker-2-tc2/target:/opt/rustwide/target:rw,Z" "-v" "/var/lib/crater-agent-workspace/builds/worker-2-tc2/source:/opt/rustwide/workdir:ro,Z" "-v" "/var/lib/crater-agent-workspace/cargo-home:/opt/rustwide/cargo-home:ro,Z" "-v" "/var/lib/crater-agent-workspace/rustup-home:/opt/rustwide/rustup-home:ro,Z" "-e" "SOURCE_DIR=/opt/rustwide/workdir" "-e" "CARGO_TARGET_DIR=/opt/rustwide/target" "-e" "CARGO_INCREMENTAL=0" "-e" "RUST_BACKTRACE=full" "-e" "RUSTFLAGS=--cap-lints=forbid -Zrandomize-layout" "-e" "RUSTDOCFLAGS=--cap-lints=forbid" "-e" "CARGO_HOME=/opt/rustwide/cargo-home" "-e" "RUSTUP_HOME=/opt/rustwide/rustup-home" "-w" "/opt/rustwide/workdir" "-m" "1610612736" "--user" "0:0" "--network" "none" "ghcr.io/rust-lang/crates-build-env/linux@sha256:819108c5571ea2e421544af4d832f968d213c87fbe3707a016657f43d2f853bc" "/opt/rustwide/cargo-home/bin/cargo" "+nightly-2025-01-18" "build" "--frozen" "--message-format=json", kill_on_drop: false }`
[INFO] [stdout] 494c7ae8ec4dee77776870b6f2424fe546e164d9f517d5b253a9445622eea576
[INFO] running `Command { std: "docker" "start" "-a" "494c7ae8ec4dee77776870b6f2424fe546e164d9f517d5b253a9445622eea576", kill_on_drop: false }`
[INFO] [stderr]    Compiling proc-macro2 v1.0.29
[INFO] [stderr]    Compiling memchr v2.4.1
[INFO] [stderr]    Compiling syn v1.0.80
[INFO] [stderr]    Compiling version_check v0.9.3
[INFO] [stderr]    Compiling anyhow v1.0.59
[INFO] [stderr]    Compiling peg-runtime v0.7.0
[INFO] [stderr]    Compiling minimal-lexical v0.1.3
[INFO] [stderr]    Compiling itertools v0.10.3
[INFO] [stderr]    Compiling nom v7.0.0
[INFO] [stderr]    Compiling aho-corasick v0.7.18
[INFO] [stderr]    Compiling quote v1.0.9
[INFO] [stderr]    Compiling peg-macros v0.7.0
[INFO] [stderr]    Compiling regex v1.5.4
[INFO] [stderr]    Compiling peg v0.7.0
[INFO] [stderr]    Compiling thiserror-impl v1.0.32
[INFO] [stderr]    Compiling thiserror v1.0.32
[INFO] [stderr]    Compiling sqlite-starter-rust v0.1.0 (/opt/rustwide/workdir)
[INFO] [stdout] warning: unused import: `std::cell::RefCell`
[INFO] [stdout]  --> src/data.rs:6:5
[INFO] [stdout]   |
[INFO] [stdout] 6 | use std::cell::RefCell;
[INFO] [stdout]   |     ^^^^^^^^^^^^^^^^^^
[INFO] [stdout]   |
[INFO] [stdout]   = note: `#[warn(unused_imports)]` on by default
[INFO] [stdout] 
[INFO] [stdout] 
[INFO] [stdout] warning: multiple fields are never read
[INFO] [stdout]   --> src/parser.rs:25:9
[INFO] [stdout]    |
[INFO] [stdout] 24 | pub struct Header {
[INFO] [stdout]    |            ------ fields in this struct
[INFO] [stdout] 25 |     pub magic: String,
[INFO] [stdout]    |         ^^^^^
[INFO] [stdout] 26 |     pub page_size: u16,
[INFO] [stdout] 27 |     pub file_format_write_version: u8,
[INFO] [stdout]    |         ^^^^^^^^^^^^^^^^^^^^^^^^^
[INFO] [stdout] 28 |     pub file_format_read_version: u8,
[INFO] [stdout]    |         ^^^^^^^^^^^^^^^^^^^^^^^^
[INFO] [stdout] 29 |     pub bytes_reserved_at_end_of_each_page: u8,
[INFO] [stdout]    |         ^^^^^^^^^^^^^^^^^^^^^^^^^^^^^^^^^^
[INFO] [stdout] 30 |     pub max_embedded_payload_fraction: u8,
[INFO] [stdout]    |         ^^^^^^^^^^^^^^^^^^^^^^^^^^^^^
[INFO] [stdout] 31 |     pub min_embedded_payload_fraction: u8,
[INFO] [stdout]    |         ^^^^^^^^^^^^^^^^^^^^^^^^^^^^^
[INFO] [stdout] 32 |     pub leaf_payload_fraction: u8,
[INFO] [stdout]    |         ^^^^^^^^^^^^^^^^^^^^^
[INFO] [stdout] 33 |     pub file_change_counter: u32,
[INFO] [stdout]    |         ^^^^^^^^^^^^^^^^^^^
[INFO] [stdout] 34 |     pub database_size_in_pages: u32,
[INFO] [stdout]    |         ^^^^^^^^^^^^^^^^^^^^^^
[INFO] [stdout] 35 |     pub first_freelist_page: u32,
[INFO] [stdout]    |         ^^^^^^^^^^^^^^^^^^^
[INFO] [stdout] 36 |     pub number_of_freelist_pages: u32,
[INFO] [stdout]    |         ^^^^^^^^^^^^^^^^^^^^^^^^
[INFO] [stdout] 37 |     pub schema_cookie: u32,
[INFO] [stdout]    |         ^^^^^^^^^^^^^
[INFO] [stdout] 38 |     pub schema_format_number: u32,
[INFO] [stdout]    |         ^^^^^^^^^^^^^^^^^^^^
[INFO] [stdout] 39 |     pub default_page_cache_size: u32,
[INFO] [stdout]    |         ^^^^^^^^^^^^^^^^^^^^^^^
[INFO] [stdout] 40 |     pub largest_root_btree_page_number: u32,
[INFO] [stdout]    |         ^^^^^^^^^^^^^^^^^^^^^^^^^^^^^^
[INFO] [stdout] 41 |     pub text_encoding: u32,
[INFO] [stdout]    |         ^^^^^^^^^^^^^
[INFO] [stdout] 42 |     pub user_version: u32,
[INFO] [stdout]    |         ^^^^^^^^^^^^
[INFO] [stdout] 43 |     pub incremental_vacuum_mode: u32,
[INFO] [stdout]    |         ^^^^^^^^^^^^^^^^^^^^^^^
[INFO] [stdout] 44 |     pub application_id: u32,
[INFO] [stdout]    |         ^^^^^^^^^^^^^^
[INFO] [stdout] 45 |     pub version_valid_for: u32,
[INFO] [stdout]    |         ^^^^^^^^^^^^^^^^^
[INFO] [stdout] 46 |     pub sqlite_version_number: u32,
[INFO] [stdout]    |         ^^^^^^^^^^^^^^^^^^^^^
[INFO] [stdout]    |
[INFO] [stdout]    = note: `Header` has derived impls for the traits `Clone` and `Debug`, but these are intentionally ignored during dead code analysis
[INFO] [stdout]    = note: `#[warn(dead_code)]` on by default
[INFO] [stdout] 
[INFO] [stdout] 
[INFO] [stdout] warning: fields `first_freeblock_offset`, `cell_content_area_offset`, and `fragmented_free_bytes` are never read
[INFO] [stdout]    --> src/parser.rs:117:9
[INFO] [stdout]     |
[INFO] [stdout] 115 | pub struct PageHeader {
[INFO] [stdout]     |            ---------- fields in this struct
[INFO] [stdout] 116 |     pub page_type: PageType,
[INFO] [stdout] 117 |     pub first_freeblock_offset: u16,
[INFO] [stdout]     |         ^^^^^^^^^^^^^^^^^^^^^^
[INFO] [stdout] 118 |     pub number_of_cells: u16,
[INFO] [stdout] 119 |     pub cell_content_area_offset: u16,
[INFO] [stdout]     |         ^^^^^^^^^^^^^^^^^^^^^^^^
[INFO] [stdout] 120 |     pub fragmented_free_bytes: u8,
[INFO] [stdout]     |         ^^^^^^^^^^^^^^^^^^^^^
[INFO] [stdout]     |
[INFO] [stdout]     = note: `PageHeader` has a derived impl for the trait `Debug`, but this is intentionally ignored during dead code analysis
[INFO] [stdout] 
[INFO] [stdout] 
[INFO] [stdout] warning: field `overflow_page` is never read
[INFO] [stdout]    --> src/parser.rs:225:9
[INFO] [stdout]     |
[INFO] [stdout] 222 | pub struct TableLeafCell {
[INFO] [stdout]     |            ------------- field in this struct
[INFO] [stdout] ...
[INFO] [stdout] 225 |     pub overflow_page: Option<u32>,
[INFO] [stdout]     |         ^^^^^^^^^^^^^
[INFO] [stdout]     |
[INFO] [stdout]     = note: `TableLeafCell` has a derived impl for the trait `Debug`, but this is intentionally ignored during dead code analysis
[INFO] [stdout] 
[INFO] [stdout] 
[INFO] [stderr]     Finished `dev` profile [unoptimized + debuginfo] target(s) in 7.16s
[INFO] running `Command { std: "docker" "inspect" "494c7ae8ec4dee77776870b6f2424fe546e164d9f517d5b253a9445622eea576", kill_on_drop: false }`
[INFO] running `Command { std: "docker" "rm" "-f" "494c7ae8ec4dee77776870b6f2424fe546e164d9f517d5b253a9445622eea576", kill_on_drop: false }`
[INFO] [stdout] 494c7ae8ec4dee77776870b6f2424fe546e164d9f517d5b253a9445622eea576
[INFO] running `Command { std: "docker" "create" "-v" "/var/lib/crater-agent-workspace/builds/worker-2-tc2/target:/opt/rustwide/target:rw,Z" "-v" "/var/lib/crater-agent-workspace/builds/worker-2-tc2/source:/opt/rustwide/workdir:ro,Z" "-v" "/var/lib/crater-agent-workspace/cargo-home:/opt/rustwide/cargo-home:ro,Z" "-v" "/var/lib/crater-agent-workspace/rustup-home:/opt/rustwide/rustup-home:ro,Z" "-e" "SOURCE_DIR=/opt/rustwide/workdir" "-e" "CARGO_TARGET_DIR=/opt/rustwide/target" "-e" "CARGO_INCREMENTAL=0" "-e" "RUST_BACKTRACE=full" "-e" "RUSTFLAGS=--cap-lints=forbid -Zrandomize-layout" "-e" "RUSTDOCFLAGS=--cap-lints=forbid" "-e" "CARGO_HOME=/opt/rustwide/cargo-home" "-e" "RUSTUP_HOME=/opt/rustwide/rustup-home" "-w" "/opt/rustwide/workdir" "-m" "1610612736" "--user" "0:0" "--network" "none" "ghcr.io/rust-lang/crates-build-env/linux@sha256:819108c5571ea2e421544af4d832f968d213c87fbe3707a016657f43d2f853bc" "/opt/rustwide/cargo-home/bin/cargo" "+nightly-2025-01-18" "test" "--frozen" "--no-run" "--message-format=json", kill_on_drop: false }`
[INFO] [stdout] ebdfb1e6f79395ff1cc685dee8d3a0479e09a61160572777f1078eda725c90a4
[INFO] running `Command { std: "docker" "start" "-a" "ebdfb1e6f79395ff1cc685dee8d3a0479e09a61160572777f1078eda725c90a4", kill_on_drop: false }`
[INFO] [stderr]    Compiling sqlite-starter-rust v0.1.0 (/opt/rustwide/workdir)
[INFO] [stdout] warning: unused import: `std::cell::RefCell`
[INFO] [stdout]  --> src/data.rs:6:5
[INFO] [stdout]   |
[INFO] [stdout] 6 | use std::cell::RefCell;
[INFO] [stdout]   |     ^^^^^^^^^^^^^^^^^^
[INFO] [stdout]   |
[INFO] [stdout]   = note: `#[warn(unused_imports)]` on by default
[INFO] [stdout] 
[INFO] [stdout] 
[INFO] [stdout] warning: unused import: `UnspecializedInput`
[INFO] [stdout]    --> src/parser.rs:640:51
[INFO] [stdout]     |
[INFO] [stdout] 640 |     use nom::{character::complete::alphanumeric1, UnspecializedInput};
[INFO] [stdout]     |                                                   ^^^^^^^^^^^^^^^^^^
[INFO] [stdout] 
[INFO] [stdout] 
[INFO] [stdout] warning: multiple fields are never read
[INFO] [stdout]   --> src/parser.rs:25:9
[INFO] [stdout]    |
[INFO] [stdout] 24 | pub struct Header {
[INFO] [stdout]    |            ------ fields in this struct
[INFO] [stdout] 25 |     pub magic: String,
[INFO] [stdout]    |         ^^^^^
[INFO] [stdout] 26 |     pub page_size: u16,
[INFO] [stdout] 27 |     pub file_format_write_version: u8,
[INFO] [stdout]    |         ^^^^^^^^^^^^^^^^^^^^^^^^^
[INFO] [stdout] 28 |     pub file_format_read_version: u8,
[INFO] [stdout]    |         ^^^^^^^^^^^^^^^^^^^^^^^^
[INFO] [stdout] 29 |     pub bytes_reserved_at_end_of_each_page: u8,
[INFO] [stdout]    |         ^^^^^^^^^^^^^^^^^^^^^^^^^^^^^^^^^^
[INFO] [stdout] 30 |     pub max_embedded_payload_fraction: u8,
[INFO] [stdout]    |         ^^^^^^^^^^^^^^^^^^^^^^^^^^^^^
[INFO] [stdout] 31 |     pub min_embedded_payload_fraction: u8,
[INFO] [stdout]    |         ^^^^^^^^^^^^^^^^^^^^^^^^^^^^^
[INFO] [stdout] 32 |     pub leaf_payload_fraction: u8,
[INFO] [stdout]    |         ^^^^^^^^^^^^^^^^^^^^^
[INFO] [stdout] 33 |     pub file_change_counter: u32,
[INFO] [stdout]    |         ^^^^^^^^^^^^^^^^^^^
[INFO] [stdout] 34 |     pub database_size_in_pages: u32,
[INFO] [stdout]    |         ^^^^^^^^^^^^^^^^^^^^^^
[INFO] [stdout] 35 |     pub first_freelist_page: u32,
[INFO] [stdout]    |         ^^^^^^^^^^^^^^^^^^^
[INFO] [stdout] 36 |     pub number_of_freelist_pages: u32,
[INFO] [stdout]    |         ^^^^^^^^^^^^^^^^^^^^^^^^
[INFO] [stdout] 37 |     pub schema_cookie: u32,
[INFO] [stdout]    |         ^^^^^^^^^^^^^
[INFO] [stdout] 38 |     pub schema_format_number: u32,
[INFO] [stdout]    |         ^^^^^^^^^^^^^^^^^^^^
[INFO] [stdout] 39 |     pub default_page_cache_size: u32,
[INFO] [stdout]    |         ^^^^^^^^^^^^^^^^^^^^^^^
[INFO] [stdout] 40 |     pub largest_root_btree_page_number: u32,
[INFO] [stdout]    |         ^^^^^^^^^^^^^^^^^^^^^^^^^^^^^^
[INFO] [stdout] 41 |     pub text_encoding: u32,
[INFO] [stdout]    |         ^^^^^^^^^^^^^
[INFO] [stdout] 42 |     pub user_version: u32,
[INFO] [stdout]    |         ^^^^^^^^^^^^
[INFO] [stdout] 43 |     pub incremental_vacuum_mode: u32,
[INFO] [stdout]    |         ^^^^^^^^^^^^^^^^^^^^^^^
[INFO] [stdout] 44 |     pub application_id: u32,
[INFO] [stdout]    |         ^^^^^^^^^^^^^^
[INFO] [stdout] 45 |     pub version_valid_for: u32,
[INFO] [stdout]    |         ^^^^^^^^^^^^^^^^^
[INFO] [stdout] 46 |     pub sqlite_version_number: u32,
[INFO] [stdout]    |         ^^^^^^^^^^^^^^^^^^^^^
[INFO] [stdout]    |
[INFO] [stdout]    = note: `Header` has derived impls for the traits `Clone` and `Debug`, but these are intentionally ignored during dead code analysis
[INFO] [stdout]    = note: `#[warn(dead_code)]` on by default
[INFO] [stdout] 
[INFO] [stdout] 
[INFO] [stdout] warning: fields `first_freeblock_offset`, `cell_content_area_offset`, and `fragmented_free_bytes` are never read
[INFO] [stdout]    --> src/parser.rs:117:9
[INFO] [stdout]     |
[INFO] [stdout] 115 | pub struct PageHeader {
[INFO] [stdout]     |            ---------- fields in this struct
[INFO] [stdout] 116 |     pub page_type: PageType,
[INFO] [stdout] 117 |     pub first_freeblock_offset: u16,
[INFO] [stdout]     |         ^^^^^^^^^^^^^^^^^^^^^^
[INFO] [stdout] 118 |     pub number_of_cells: u16,
[INFO] [stdout] 119 |     pub cell_content_area_offset: u16,
[INFO] [stdout]     |         ^^^^^^^^^^^^^^^^^^^^^^^^
[INFO] [stdout] 120 |     pub fragmented_free_bytes: u8,
[INFO] [stdout]     |         ^^^^^^^^^^^^^^^^^^^^^
[INFO] [stdout]     |
[INFO] [stdout]     = note: `PageHeader` has a derived impl for the trait `Debug`, but this is intentionally ignored during dead code analysis
[INFO] [stdout] 
[INFO] [stdout] 
[INFO] [stdout] warning: field `overflow_page` is never read
[INFO] [stdout]    --> src/parser.rs:225:9
[INFO] [stdout]     |
[INFO] [stdout] 222 | pub struct TableLeafCell {
[INFO] [stdout]     |            ------------- field in this struct
[INFO] [stdout] ...
[INFO] [stdout] 225 |     pub overflow_page: Option<u32>,
[INFO] [stdout]     |         ^^^^^^^^^^^^^
[INFO] [stdout]     |
[INFO] [stdout]     = note: `TableLeafCell` has a derived impl for the trait `Debug`, but this is intentionally ignored during dead code analysis
[INFO] [stdout] 
[INFO] [stdout] 
[INFO] [stderr]     Finished `test` profile [unoptimized + debuginfo] target(s) in 0.75s
[INFO] running `Command { std: "docker" "inspect" "ebdfb1e6f79395ff1cc685dee8d3a0479e09a61160572777f1078eda725c90a4", kill_on_drop: false }`
[INFO] running `Command { std: "docker" "rm" "-f" "ebdfb1e6f79395ff1cc685dee8d3a0479e09a61160572777f1078eda725c90a4", kill_on_drop: false }`
[INFO] [stdout] ebdfb1e6f79395ff1cc685dee8d3a0479e09a61160572777f1078eda725c90a4
[INFO] running `Command { std: "docker" "create" "-v" "/var/lib/crater-agent-workspace/builds/worker-2-tc2/target:/opt/rustwide/target:rw,Z" "-v" "/var/lib/crater-agent-workspace/builds/worker-2-tc2/source:/opt/rustwide/workdir:ro,Z" "-v" "/var/lib/crater-agent-workspace/cargo-home:/opt/rustwide/cargo-home:ro,Z" "-v" "/var/lib/crater-agent-workspace/rustup-home:/opt/rustwide/rustup-home:ro,Z" "-e" "SOURCE_DIR=/opt/rustwide/workdir" "-e" "CARGO_TARGET_DIR=/opt/rustwide/target" "-e" "CARGO_INCREMENTAL=0" "-e" "RUST_BACKTRACE=full" "-e" "RUSTFLAGS=--cap-lints=forbid -Zrandomize-layout" "-e" "RUSTDOCFLAGS=--cap-lints=forbid" "-e" "CARGO_HOME=/opt/rustwide/cargo-home" "-e" "RUSTUP_HOME=/opt/rustwide/rustup-home" "-w" "/opt/rustwide/workdir" "-m" "1610612736" "--user" "0:0" "--network" "none" "ghcr.io/rust-lang/crates-build-env/linux@sha256:819108c5571ea2e421544af4d832f968d213c87fbe3707a016657f43d2f853bc" "/opt/rustwide/cargo-home/bin/cargo" "+nightly-2025-01-18" "test" "--frozen", kill_on_drop: false }`
[INFO] [stdout] 60ee71d5a63f9250e5f862b4edf488b05064bc080fe2ecd61d79564894dc149b
[INFO] running `Command { std: "docker" "start" "-a" "60ee71d5a63f9250e5f862b4edf488b05064bc080fe2ecd61d79564894dc149b", kill_on_drop: false }`
[INFO] [stderr] warning: unused import: `std::cell::RefCell`
[INFO] [stderr]  --> src/data.rs:6:5
[INFO] [stderr]   |
[INFO] [stderr] 6 | use std::cell::RefCell;
[INFO] [stderr]   |     ^^^^^^^^^^^^^^^^^^
[INFO] [stderr]   |
[INFO] [stderr]   = note: `#[warn(unused_imports)]` on by default
[INFO] [stderr] 
[INFO] [stderr] warning: unused import: `UnspecializedInput`
[INFO] [stderr]    --> src/parser.rs:640:51
[INFO] [stderr]     |
[INFO] [stderr] 640 |     use nom::{character::complete::alphanumeric1, UnspecializedInput};
[INFO] [stderr]     |                                                   ^^^^^^^^^^^^^^^^^^
[INFO] [stderr] 
[INFO] [stderr] warning: multiple fields are never read
[INFO] [stderr]   --> src/parser.rs:25:9
[INFO] [stderr]    |
[INFO] [stderr] 24 | pub struct Header {
[INFO] [stderr]    |            ------ fields in this struct
[INFO] [stderr] 25 |     pub magic: String,
[INFO] [stderr]    |         ^^^^^
[INFO] [stderr] 26 |     pub page_size: u16,
[INFO] [stderr] 27 |     pub file_format_write_version: u8,
[INFO] [stderr]    |         ^^^^^^^^^^^^^^^^^^^^^^^^^
[INFO] [stderr] 28 |     pub file_format_read_version: u8,
[INFO] [stderr]    |         ^^^^^^^^^^^^^^^^^^^^^^^^
[INFO] [stderr] 29 |     pub bytes_reserved_at_end_of_each_page: u8,
[INFO] [stderr]    |         ^^^^^^^^^^^^^^^^^^^^^^^^^^^^^^^^^^
[INFO] [stderr] 30 |     pub max_embedded_payload_fraction: u8,
[INFO] [stderr]    |         ^^^^^^^^^^^^^^^^^^^^^^^^^^^^^
[INFO] [stderr] 31 |     pub min_embedded_payload_fraction: u8,
[INFO] [stderr]    |         ^^^^^^^^^^^^^^^^^^^^^^^^^^^^^
[INFO] [stderr] 32 |     pub leaf_payload_fraction: u8,
[INFO] [stderr]    |         ^^^^^^^^^^^^^^^^^^^^^
[INFO] [stderr] 33 |     pub file_change_counter: u32,
[INFO] [stderr]    |         ^^^^^^^^^^^^^^^^^^^
[INFO] [stderr] 34 |     pub database_size_in_pages: u32,
[INFO] [stderr]    |         ^^^^^^^^^^^^^^^^^^^^^^
[INFO] [stderr] 35 |     pub first_freelist_page: u32,
[INFO] [stderr]    |         ^^^^^^^^^^^^^^^^^^^
[INFO] [stderr] 36 |     pub number_of_freelist_pages: u32,
[INFO] [stderr]    |         ^^^^^^^^^^^^^^^^^^^^^^^^
[INFO] [stderr] 37 |     pub schema_cookie: u32,
[INFO] [stderr]    |         ^^^^^^^^^^^^^
[INFO] [stderr] 38 |     pub schema_format_number: u32,
[INFO] [stderr]    |         ^^^^^^^^^^^^^^^^^^^^
[INFO] [stderr] 39 |     pub default_page_cache_size: u32,
[INFO] [stderr]    |         ^^^^^^^^^^^^^^^^^^^^^^^
[INFO] [stderr] 40 |     pub largest_root_btree_page_number: u32,
[INFO] [stderr]    |         ^^^^^^^^^^^^^^^^^^^^^^^^^^^^^^
[INFO] [stderr] 41 |     pub text_encoding: u32,
[INFO] [stderr]    |         ^^^^^^^^^^^^^
[INFO] [stderr] 42 |     pub user_version: u32,
[INFO] [stderr]    |         ^^^^^^^^^^^^
[INFO] [stderr] 43 |     pub incremental_vacuum_mode: u32,
[INFO] [stderr]    |         ^^^^^^^^^^^^^^^^^^^^^^^
[INFO] [stderr] 44 |     pub application_id: u32,
[INFO] [stderr]    |         ^^^^^^^^^^^^^^
[INFO] [stderr] 45 |     pub version_valid_for: u32,
[INFO] [stderr]    |         ^^^^^^^^^^^^^^^^^
[INFO] [stderr] 46 |     pub sqlite_version_number: u32,
[INFO] [stderr]    |         ^^^^^^^^^^^^^^^^^^^^^
[INFO] [stderr]    |
[INFO] [stderr]    = note: `Header` has derived impls for the traits `Clone` and `Debug`, but these are intentionally ignored during dead code analysis
[INFO] [stderr]    = note: `#[warn(dead_code)]` on by default
[INFO] [stderr] 
[INFO] [stderr] warning: fields `first_freeblock_offset`, `cell_content_area_offset`, and `fragmented_free_bytes` are never read
[INFO] [stderr]    --> src/parser.rs:117:9
[INFO] [stderr]     |
[INFO] [stderr] 115 | pub struct PageHeader {
[INFO] [stderr]     |            ---------- fields in this struct
[INFO] [stderr] 116 |     pub page_type: PageType,
[INFO] [stderr] 117 |     pub first_freeblock_offset: u16,
[INFO] [stderr]     |         ^^^^^^^^^^^^^^^^^^^^^^
[INFO] [stderr] 118 |     pub number_of_cells: u16,
[INFO] [stderr] 119 |     pub cell_content_area_offset: u16,
[INFO] [stderr]     |         ^^^^^^^^^^^^^^^^^^^^^^^^
[INFO] [stderr] 120 |     pub fragmented_free_bytes: u8,
[INFO] [stderr]     |         ^^^^^^^^^^^^^^^^^^^^^
[INFO] [stderr]     |
[INFO] [stderr]     = note: `PageHeader` has a derived impl for the trait `Debug`, but this is intentionally ignored during dead code analysis
[INFO] [stderr] 
[INFO] [stderr] warning: field `overflow_page` is never read
[INFO] [stderr]    --> src/parser.rs:225:9
[INFO] [stderr]     |
[INFO] [stderr] 222 | pub struct TableLeafCell {
[INFO] [stderr]     |            ------------- field in this struct
[INFO] [stderr] ...
[INFO] [stderr] 225 |     pub overflow_page: Option<u32>,
[INFO] [stderr]     |         ^^^^^^^^^^^^^
[INFO] [stderr]     |
[INFO] [stderr]     = note: `TableLeafCell` has a derived impl for the trait `Debug`, but this is intentionally ignored during dead code analysis
[INFO] [stderr] 
[INFO] [stderr] warning: `sqlite-starter-rust` (bin "sqlite-starter-rust" test) generated 5 warnings (run `cargo fix --bin "sqlite-starter-rust" --tests` to apply 2 suggestions)
[INFO] [stderr]     Finished `test` profile [unoptimized + debuginfo] target(s) in 0.02s
[INFO] [stderr]      Running unittests src/main.rs (/opt/rustwide/target/debug/deps/sqlite_starter_rust-c7c8d1ca93172d9a)
[INFO] [stdout] 
[INFO] [stdout] running 7 tests
[INFO] [stdout] test parser::tests::test_identifier ... ok
[INFO] [stdout] test parser::tests::test_varint ... ok
[INFO] [stdout] test parser::tests::test ... ok
[INFO] [stdout] test parser::tests::test_where ... ok
[INFO] [stdout] test parser::tests::test_ws_identifier ... ok
[INFO] [stdout] test parser::tests::test_create_table ... ok
[INFO] [stdout] test parser::tests::test_select ... FAILED
[INFO] [stdout] 
[INFO] [stdout] failures:
[INFO] [stdout] 
[INFO] [stdout] ---- parser::tests::test_select stdout ----
[INFO] [stdout] Ok(("", (["id", "name", "eye_color"], "superheroes", Some(WhereClause { column: "eye_color", operator: Eq, value: "Pink Eyes" }))))
[INFO] [stdout] 
[INFO] [stdout] thread 'parser::tests::test_select' panicked at src/parser.rs:710:9:
[INFO] [stdout] assertion `left == right` failed
[INFO] [stdout]   left: Ok(("", (["id", "name", "eye_color"], "superheroes", Some(WhereClause { column: "eye_color", operator: Eq, value: "Pink Eyes" }))))
[INFO] [stdout]  right: Ok(("", (["id", "name"], "foo", Some(WhereClause { column: "name", operator: Eq, value: "hello" }))))
[INFO] [stdout] stack backtrace:
[INFO] [stdout]    0:     0x57dec9c97eaa - std::backtrace_rs::backtrace::libunwind::trace::hb059275cfc8d6126
[INFO] [stdout]                                at /rustc/6067b36314ab5eb2eb47cecc464545ba58e1ad24/library/std/src/../../backtrace/src/backtrace/libunwind.rs:116:5
[INFO] [stdout]    1:     0x57dec9c97eaa - std::backtrace_rs::backtrace::trace_unsynchronized::h2da071e4327ce3ee
[INFO] [stdout]                                at /rustc/6067b36314ab5eb2eb47cecc464545ba58e1ad24/library/std/src/../../backtrace/src/backtrace/mod.rs:66:5
[INFO] [stdout]    2:     0x57dec9c97eaa - std::sys::backtrace::_print_fmt::h842a1474e6f8d23f
[INFO] [stdout]                                at /rustc/6067b36314ab5eb2eb47cecc464545ba58e1ad24/library/std/src/sys/backtrace.rs:66:9
[INFO] [stdout]    3:     0x57dec9c97eaa - <std::sys::backtrace::BacktraceLock::print::DisplayBacktrace as core::fmt::Display>::fmt::h71a62eb3b9696b12
[INFO] [stdout]                                at /rustc/6067b36314ab5eb2eb47cecc464545ba58e1ad24/library/std/src/sys/backtrace.rs:39:26
[INFO] [stdout]    4:     0x57dec9cbfd23 - core::fmt::rt::Argument::fmt::hdb6b616786b41dc1
[INFO] [stdout]                                at /rustc/6067b36314ab5eb2eb47cecc464545ba58e1ad24/library/core/src/fmt/rt.rs:177:76
[INFO] [stdout]    5:     0x57dec9cbfd23 - core::fmt::write::h2cc1698af7e2d686
[INFO] [stdout]                                at /rustc/6067b36314ab5eb2eb47cecc464545ba58e1ad24/library/core/src/fmt/mod.rs:1440:21
[INFO] [stdout]    6:     0x57dec9c94a03 - std::io::Write::write_fmt::hab1b4cd059a79022
[INFO] [stdout]                                at /rustc/6067b36314ab5eb2eb47cecc464545ba58e1ad24/library/std/src/io/mod.rs:1887:15
[INFO] [stdout]    7:     0x57dec9c97cf2 - std::sys::backtrace::BacktraceLock::print::h147fe35b4ea13b08
[INFO] [stdout]                                at /rustc/6067b36314ab5eb2eb47cecc464545ba58e1ad24/library/std/src/sys/backtrace.rs:42:9
[INFO] [stdout]    8:     0x57dec9c992cf - std::panicking::default_hook::{{closure}}::hbd44223dbdc0d208
[INFO] [stdout]                                at /rustc/6067b36314ab5eb2eb47cecc464545ba58e1ad24/library/std/src/panicking.rs:298:22
[INFO] [stdout]    9:     0x57dec9c990e8 - std::panicking::default_hook::h20f81eb0576efcec
[INFO] [stdout]                                at /rustc/6067b36314ab5eb2eb47cecc464545ba58e1ad24/library/std/src/panicking.rs:322:9
[INFO] [stdout]   10:     0x57dec9b34813 - <alloc::boxed::Box<F,A> as core::ops::function::Fn<Args>>::call::hdb53814c496a4d34
[INFO] [stdout]                                at /rustc/6067b36314ab5eb2eb47cecc464545ba58e1ad24/library/alloc/src/boxed.rs:2027:9
[INFO] [stdout]   11:     0x57dec9b34813 - test::test_main::{{closure}}::hc0a4963c59427c24
[INFO] [stdout]                                at /rustc/6067b36314ab5eb2eb47cecc464545ba58e1ad24/library/test/src/lib.rs:134:21
[INFO] [stdout]   12:     0x57dec9c99dc3 - <alloc::boxed::Box<F,A> as core::ops::function::Fn<Args>>::call::h591b2225413a77e9
[INFO] [stdout]                                at /rustc/6067b36314ab5eb2eb47cecc464545ba58e1ad24/library/alloc/src/boxed.rs:2027:9
[INFO] [stdout]   13:     0x57dec9c99dc3 - std::panicking::rust_panic_with_hook::h625eea43051b2edc
[INFO] [stdout]                                at /rustc/6067b36314ab5eb2eb47cecc464545ba58e1ad24/library/std/src/panicking.rs:839:13
[INFO] [stdout]   14:     0x57dec9c99a7a - std::panicking::begin_panic_handler::{{closure}}::h4f9159cfbc3f6bd3
[INFO] [stdout]                                at /rustc/6067b36314ab5eb2eb47cecc464545ba58e1ad24/library/std/src/panicking.rs:704:13
[INFO] [stdout]   15:     0x57dec9c983a9 - std::sys::backtrace::__rust_end_short_backtrace::h0390abce48353151
[INFO] [stdout]                                at /rustc/6067b36314ab5eb2eb47cecc464545ba58e1ad24/library/std/src/sys/backtrace.rs:168:18
[INFO] [stdout]   16:     0x57dec9c9970d - rust_begin_unwind
[INFO] [stdout]                                at /rustc/6067b36314ab5eb2eb47cecc464545ba58e1ad24/library/std/src/panicking.rs:695:5
[INFO] [stdout]   17:     0x57dec9cbe700 - core::panicking::panic_fmt::h9e7c637e9e5f29c9
[INFO] [stdout]                                at /rustc/6067b36314ab5eb2eb47cecc464545ba58e1ad24/library/core/src/panicking.rs:75:14
[INFO] [stdout]   18:     0x57dec9cbeaf2 - core::panicking::assert_failed_inner::h538bec7c1374cd9c
[INFO] [stdout]   19:     0x57dec9af70d1 - core::panicking::assert_failed::hb86e445db880284f
[INFO] [stdout]                                at /rustc/6067b36314ab5eb2eb47cecc464545ba58e1ad24/library/core/src/panicking.rs:364:5
[INFO] [stdout]   20:     0x57dec9af42e0 - sqlite_starter_rust::parser::tests::test_select::hdf300fac270ffff3
[INFO] [stdout]                                at /opt/rustwide/workdir/src/parser.rs:710:9
[INFO] [stdout]   21:     0x57dec9af3e77 - sqlite_starter_rust::parser::tests::test_select::{{closure}}::h2a1c1b031d2d3326
[INFO] [stdout]                                at /opt/rustwide/workdir/src/parser.rs:706:21
[INFO] [stdout]   22:     0x57dec9af5706 - core::ops::function::FnOnce::call_once::h37ab20caa854f4f8
[INFO] [stdout]                                at /rustc/6067b36314ab5eb2eb47cecc464545ba58e1ad24/library/core/src/ops/function.rs:250:5
[INFO] [stdout]   23:     0x57dec9b39f6b - core::ops::function::FnOnce::call_once::he27718dfdd183f43
[INFO] [stdout]                                at /rustc/6067b36314ab5eb2eb47cecc464545ba58e1ad24/library/core/src/ops/function.rs:250:5
[INFO] [stdout]   24:     0x57dec9b39f6b - test::__rust_begin_short_backtrace::h4e84902998457a5d
[INFO] [stdout]                                at /rustc/6067b36314ab5eb2eb47cecc464545ba58e1ad24/library/test/src/lib.rs:632:18
[INFO] [stdout]   25:     0x57dec9b38ea3 - test::run_test_in_process::{{closure}}::h7176fd18fc1feca0
[INFO] [stdout]                                at /rustc/6067b36314ab5eb2eb47cecc464545ba58e1ad24/library/test/src/lib.rs:655:60
[INFO] [stdout]   26:     0x57dec9b38ea3 - <core::panic::unwind_safe::AssertUnwindSafe<F> as core::ops::function::FnOnce<()>>::call_once::hf79cff2a624d8cf7
[INFO] [stdout]                                at /rustc/6067b36314ab5eb2eb47cecc464545ba58e1ad24/library/core/src/panic/unwind_safe.rs:272:9
[INFO] [stdout]   27:     0x57dec9b38ea3 - std::panicking::try::do_call::h3da0561d9ab99c25
[INFO] [stdout]                                at /rustc/6067b36314ab5eb2eb47cecc464545ba58e1ad24/library/std/src/panicking.rs:587:40
[INFO] [stdout]   28:     0x57dec9b38ea3 - std::panicking::try::h41c9fa508bc61df6
[INFO] [stdout]                                at /rustc/6067b36314ab5eb2eb47cecc464545ba58e1ad24/library/std/src/panicking.rs:550:19
[INFO] [stdout]   29:     0x57dec9b38ea3 - std::panic::catch_unwind::h6b3ff07bb5afad93
[INFO] [stdout]                                at /rustc/6067b36314ab5eb2eb47cecc464545ba58e1ad24/library/std/src/panic.rs:358:14
[INFO] [stdout]   30:     0x57dec9b38ea3 - test::run_test_in_process::hc7253dd11b39b9f4
[INFO] [stdout]                                at /rustc/6067b36314ab5eb2eb47cecc464545ba58e1ad24/library/test/src/lib.rs:655:27
[INFO] [stdout]   31:     0x57dec9b38ea3 - test::run_test::{{closure}}::hfb2007f8649c30bb
[INFO] [stdout]                                at /rustc/6067b36314ab5eb2eb47cecc464545ba58e1ad24/library/test/src/lib.rs:576:43
[INFO] [stdout]   32:     0x57dec9afbf85 - test::run_test::{{closure}}::h56a17aa7a282a9f4
[INFO] [stdout]                                at /rustc/6067b36314ab5eb2eb47cecc464545ba58e1ad24/library/test/src/lib.rs:606:41
[INFO] [stdout]   33:     0x57dec9afbf85 - std::sys::backtrace::__rust_begin_short_backtrace::hd2d2d2fb8e8c6aac
[INFO] [stdout]                                at /rustc/6067b36314ab5eb2eb47cecc464545ba58e1ad24/library/std/src/sys/backtrace.rs:152:18
[INFO] [stdout]   34:     0x57dec9aff86a - std::thread::Builder::spawn_unchecked_::{{closure}}::{{closure}}::h4faa3f9db6133423
[INFO] [stdout]                                at /rustc/6067b36314ab5eb2eb47cecc464545ba58e1ad24/library/std/src/thread/mod.rs:559:17
[INFO] [stdout]   35:     0x57dec9aff86a - <core::panic::unwind_safe::AssertUnwindSafe<F> as core::ops::function::FnOnce<()>>::call_once::hf2e855a36a4ea846
[INFO] [stdout]                                at /rustc/6067b36314ab5eb2eb47cecc464545ba58e1ad24/library/core/src/panic/unwind_safe.rs:272:9
[INFO] [stdout]   36:     0x57dec9aff86a - std::panicking::try::do_call::h2f73af3616c35465
[INFO] [stdout]                                at /rustc/6067b36314ab5eb2eb47cecc464545ba58e1ad24/library/std/src/panicking.rs:587:40
[INFO] [stdout]   37:     0x57dec9aff86a - std::panicking::try::hd1660ce9efadef5a
[INFO] [stdout]                                at /rustc/6067b36314ab5eb2eb47cecc464545ba58e1ad24/library/std/src/panicking.rs:550:19
[INFO] [stdout]   38:     0x57dec9aff86a - std::panic::catch_unwind::h5ee8d7823b8ca744
[INFO] [stdout]                                at /rustc/6067b36314ab5eb2eb47cecc464545ba58e1ad24/library/std/src/panic.rs:358:14
[INFO] [stdout]   39:     0x57dec9aff86a - std::thread::Builder::spawn_unchecked_::{{closure}}::h53c3a1894dce8407
[INFO] [stdout]                                at /rustc/6067b36314ab5eb2eb47cecc464545ba58e1ad24/library/std/src/thread/mod.rs:557:30
[INFO] [stdout]   40:     0x57dec9aff86a - core::ops::function::FnOnce::call_once{{vtable.shim}}::h048ce291ad4f62bf
[INFO] [stdout]                                at /rustc/6067b36314ab5eb2eb47cecc464545ba58e1ad24/library/core/src/ops/function.rs:250:5
[INFO] [stdout]   41:     0x57dec9c9dcfb - <alloc::boxed::Box<F,A> as core::ops::function::FnOnce<Args>>::call_once::ha52bedf99a3b4981
[INFO] [stdout]                                at /rustc/6067b36314ab5eb2eb47cecc464545ba58e1ad24/library/alloc/src/boxed.rs:2013:9
[INFO] [stdout]   42:     0x57dec9c9dcfb - <alloc::boxed::Box<F,A> as core::ops::function::FnOnce<Args>>::call_once::h567748934d80ccf8
[INFO] [stdout]                                at /rustc/6067b36314ab5eb2eb47cecc464545ba58e1ad24/library/alloc/src/boxed.rs:2013:9
[INFO] [stdout]   43:     0x57dec9c9dcfb - std::sys::pal::unix::thread::Thread::new::thread_start::h2d970728ae887adc
[INFO] [stdout]                                at /rustc/6067b36314ab5eb2eb47cecc464545ba58e1ad24/library/std/src/sys/pal/unix/thread.rs:106:17
[INFO] [stdout]   44:     0x7a73c45ffac3 - <unknown>
[INFO] [stdout]   45:     0x7a73c4690a04 - clone
[INFO] [stdout]   46:                0x0 - <unknown>
[INFO] [stdout] 
[INFO] [stdout] 
[INFO] [stdout] failures:
[INFO] [stdout]     parser::tests::test_select
[INFO] [stdout] 
[INFO] [stdout] test result: FAILED. 6 passed; 1 failed; 0 ignored; 0 measured; 0 filtered out; finished in 0.02s
[INFO] [stdout] 
[INFO] [stderr] error: test failed, to rerun pass `--bin sqlite-starter-rust`
[INFO] running `Command { std: "docker" "inspect" "60ee71d5a63f9250e5f862b4edf488b05064bc080fe2ecd61d79564894dc149b", kill_on_drop: false }`
[INFO] running `Command { std: "docker" "rm" "-f" "60ee71d5a63f9250e5f862b4edf488b05064bc080fe2ecd61d79564894dc149b", kill_on_drop: false }`
[INFO] [stdout] 60ee71d5a63f9250e5f862b4edf488b05064bc080fe2ecd61d79564894dc149b
